{"id":2388,"date":"2023-04-20T11:42:29","date_gmt":"2023-04-20T14:42:29","guid":{"rendered":"https:\/\/atividademapa.com\/?post_type=product&#038;p=2388"},"modified":"2025-07-09T07:09:40","modified_gmt":"2025-07-09T10:09:40","slug":"mapa-conceitos-de-administracao-e-etica-empresarial-51-2023","status":"publish","type":"product","link":"https:\/\/atividademapa.com\/?product=mapa-conceitos-de-administracao-e-etica-empresarial-51-2023","title":{"rendered":"MAPA Conceitos de Administra\u00e7\u00e3o e \u00c9tica Empresarial 51\/2023"},"content":{"rendered":"<p>Problematiza\u00e7\u00e3o<\/p>\n<p>A gest\u00e3o de qualquer neg\u00f3cio \u00e9 extremamente complexa, em fun\u00e7\u00e3o da grande quantidade de processos que s\u00e3o necess\u00e1rios para a execu\u00e7\u00e3o das tarefas.<\/p>\n<p>H\u00e1 empresas que t\u00eam v\u00e1rios departamentos, como marketing, administrativo, financeiro, entre outros. Cada se\u00e7\u00e3o ter\u00e1 processos espec\u00edficos e todos eles precisam ser controlados para que se identifique o que \u00e9 eficiente e o que n\u00e3o \u00e9.<\/p>\n<p>Fonte: dispon\u00edvel em: https:\/\/blog.sebraealagoas.com.br\/inovacao\/decisao-baseada-em-dados-o-que-voce-precisa-saber-contamos-aqui\/. Acesso em: 19 jan. 2023.<\/p>\n<p>Tornar os processos eficientes \u00e9 um grande desafio que precisa ser superado para alavancar qualquer tipo de neg\u00f3cio. Esse \u00e9 um desafio recorrente em todos os tamanhos de empresas, organiza\u00e7\u00f5es e tipos de neg\u00f3cios. Voc\u00ea, como futuro profissional, desejar\u00e1 atuar com efici\u00eancia e obter assim bons resultados.<\/p>\n<p>Signific\u00e2ncia<\/p>\n<p>A nossa disciplina de Conceitos da Administra\u00e7\u00e3o e \u00c9tica Empresarial vem trazer mais significado para a sua futura profiss\u00e3o.<\/p>\n<p>Um dos caminhos para tornar os processos eficientes \u00e9 por meio das \u00e1reas funcionais da administra\u00e7\u00e3o, voc\u00ea se lembra cada uma delas certo? Isso, s\u00e3o elas mesmos:<\/p>\n<p>&#8211; Administra\u00e7\u00e3o de Opera\u00e7\u00f5es e Log\u00edstica;<\/p>\n<p>&#8211; Administra\u00e7\u00e3o de Marketing;<\/p>\n<p>&#8211; Administra\u00e7\u00e3o de Recursos Humanos;<\/p>\n<p>&#8211; Administra\u00e7\u00e3o Financeira.<\/p>\n<p>Sabemos que existem outras \u00e1reas funcionais em uma empresa, essas apresentadas s\u00e3o as principais que aprendemos em nossas aulas e no livro did\u00e1tico, que somado com os seus conhecimentos e viv\u00eancia poder\u00e1 tornar essas \u00e1reas ainda mais eficiente em um neg\u00f3cio.<\/p>\n<p>Experimenta\u00e7\u00e3o<\/p>\n<p>Que tal experimentar um artigo que fornece algumas perguntas para entender e melhorar as \u00e1reas funcionais de um neg\u00f3cio, isso por meio de um diagn\u00f3stico empresarial.<\/p>\n<p>Sendo assim, lhe convido a ler o artigo do link a seguir.<\/p>\n<p>Fonte: dispon\u00edvel em: https:\/\/www.sebraeatende.com.br\/artigo\/qual-importancia-do-diagnostico-empresarial-para-sua-empresa. Acesso em: 19 jan. 2023.<\/p>\n<p>Vamos experimentar esse artigo e aprender!!!<\/p>\n<p>Reflex\u00e3o<\/p>\n<p>Agora voc\u00ea est\u00e1 pronto para mais uma etapa nessa atividade, sendo necess\u00e1ria realizar uma reflex\u00e3o. Sobre esse artigo que voc\u00ea acabou de ler, reflita quais questionamentos voc\u00ea faria para melhor as \u00e1reas funcionais de um neg\u00f3cio. Caso desejar, escreva isso, suas anota\u00e7\u00f5es ser\u00e3o importantes para a etapa de a\u00e7\u00e3o de sua atividade MAPA.<\/p>\n<p>Conceitualiza\u00e7\u00e3o<\/p>\n<p>Em nosso livro did\u00e1tico, trouxemos conceitos e aplica\u00e7\u00f5es de cada uma das principais \u00e1reas funcionais da administra\u00e7\u00e3o, n\u00e3o deixe de conferir e reconferir na unidade 4 do nosso livro did\u00e1tico.<\/p>\n<p>A\u00e7\u00e3o<\/p>\n<p>Chegou o momento mais esperado em sua atividade MAPA, aquele em que voc\u00ea colocar\u00e1 a m\u00e3o na massa, e partir para a A\u00e7\u00e3o.<\/p>\n<p>Nesta a\u00e7\u00e3o, que ser\u00e1 a entrega da sua atividade MAPA, voc\u00ea ter\u00e1 que estruturar as \u00e1reas funcionais para uma determinada empresa que deseja instalar uma sede no Brasil. Voc\u00ea foi convidado hipoteticamente por essa empresa, sendo essa uma empresa brit\u00e2nica que projetou um carro el\u00e9trico movido a \u00e1gua. Isso mesmo, conhe\u00e7a mais sobre o produto e a empresa na reportagem a seguir:<\/p>\n<p>Fonte: dispon\u00edvel em: https:\/\/olhardigital.com.br\/2022\/12\/29\/carros-e-tecnologia\/carro-eletrico-movido-a-agua-possui-autonomia-invejavel\/. Acesso em: 19 jan. 2023.<\/p>\n<p>Interessante, concorda? Pois bem, imaginando que voc\u00ea assuma a administra\u00e7\u00e3o dessa empresa, sua primeira tarefa \u00e9 estruturar como ser\u00e1 as quatro \u00e1reas funcionais administrativas desta empresa.<\/p>\n<p>Vamos ent\u00e3o dividir a sua tarefa nessa atividade MAPA em etapas, sendo que cada etapa ser\u00e1 relacionada com uma \u00e1rea funcional que voc\u00ea estruturar\u00e1 e realizar\u00e1 a entrega nesta atividade.<\/p>\n<p>ETAPA 1 \u2013 Administra\u00e7\u00e3o de Opera\u00e7\u00f5es \u2013 Cadeia de Abastecimento Integrada<\/p>\n<p>Nesta primeira etapa, voc\u00ea dever\u00e1 descrever como ser\u00e1 a cadeia de abastecimento integrada da empresa brit\u00e2nica no Brasil. Alguns itens obrigatoriamente dever\u00e3o constar em sua resposta, s\u00e3o eles:<\/p>\n<p>&#8211; Localiza\u00e7\u00e3o da empresa;<\/p>\n<p>&#8211; Distribui\u00e7\u00e3o f\u00edsica;<\/p>\n<p>&#8211; Administra\u00e7\u00e3o dos estoques;<\/p>\n<p>&#8211; Modo de transporte.<\/p>\n<p>Nesta etapa, voc\u00ea dever\u00e1 buscar o conhecimento que aprendemos na Unidade 4 no t\u00f3pico de Administra\u00e7\u00e3o de Opera\u00e7\u00f5es e Log\u00edstica e aplic\u00e1-lo de uma forma ativa.<\/p>\n<p>ETAPA 2 \u2013 Administra\u00e7\u00e3o de Marketing \u2013 Os 4Ps do Mix de Marketing<\/p>\n<p>Nesta segunda etapa, voc\u00ea dever\u00e1 descrever como ser\u00e1 o marketing da empresa brit\u00e2nica no Brasil e, para isso, voc\u00ea utilizar\u00e1 os 4 Ps do mix de marketing. Obrigatoriamente, voc\u00ea ter\u00e1 que escolher no m\u00ednimo dois itens de detalhamento para cada um dos 4 Ps do mix de marketing, explicado como ocorrer\u00e1 cada item.<\/p>\n<p>&#8211; Produto (escolher no m\u00ednimo dois itens e descrever);<\/p>\n<p>&#8211; Pre\u00e7o (escolher no m\u00ednimo dois itens e descrever);<\/p>\n<p>&#8211; Promo\u00e7\u00e3o (escolher no m\u00ednimo dois itens e descrever);<\/p>\n<p>&#8211; Pra\u00e7a (escolher no m\u00ednimo dois itens e descrever).<\/p>\n<p>Nesta etapa, voc\u00ea dever\u00e1 buscar o conhecimento que aprendemos na Unidade 4 no t\u00f3pico de Administra\u00e7\u00e3o de Marketing e aplic\u00e1-lo de uma forma ativa. A seguir, h\u00e1 uma imagem contendo os itens de cada um dos 4 Ps do mix de marketing para auxili\u00e1-lo na escolha.<\/p>\n<p>Fonte: MENEGASSI, C. H. M. Conceitos da Administra\u00e7\u00e3o e \u00c9tica Empresarial. Maring\u00e1: Unicesumar, 2018.<\/p>\n<p>ETAPA 3 \u2013 Administra\u00e7\u00e3o de Recursos Humanos \u2013 Do Recrutamento ao Treinamento<\/p>\n<p>Nesta terceira etapa, voc\u00ea dever\u00e1 descrever como ser\u00e1 a administra\u00e7\u00e3o de recursos humanos da empresa brit\u00e2nica no Brasil. Alguns itens obrigatoriamente dever\u00e3o constar em sua resposta, sendo eles:<\/p>\n<p>&#8211; Recrutamento;<\/p>\n<p>&#8211; Sele\u00e7\u00e3o;<\/p>\n<p>&#8211; Avalia\u00e7\u00e3o;<\/p>\n<p>&#8211; Treinamento.<\/p>\n<p>Nesta etapa, voc\u00ea dever\u00e1 buscar o conhecimento que aprendemos na Unidade 4 no t\u00f3pico de Administra\u00e7\u00e3o de Recursos Humanos e aplic\u00e1-lo de uma forma ativa.<\/p>\n<p>ETAPA 4 \u2013 Administra\u00e7\u00e3o Financeira \u2013 Tipo de Recurso e Relat\u00f3rios<\/p>\n<p>Nesta quarta etapa, voc\u00ea dever\u00e1 descrever como ser\u00e1 a administra\u00e7\u00e3o financeira da empresa brit\u00e2nica no Brasil. Alguns itens obrigatoriamente dever\u00e3o constar em sua resposta, sendo eles:<\/p>\n<p>&#8211; Tipo de Recursos (justificando a resposta);<\/p>\n<p>&#8211; Relat\u00f3rios financeiros (escolher no m\u00ednimo dois itens e descrever sua justificativa).<\/p>\n<p>Nesta etapa, voc\u00ea dever\u00e1 buscar o conhecimento que aprendemos na Unidade 4 no t\u00f3pico de Administra\u00e7\u00e3o Financeira e aplic\u00e1-lo de uma forma ativa.<\/p>\n<p>ENTREGAS<\/p>\n<p>O seu desafio ser\u00e1 entregar um material com as respostas \u00e0s quest\u00f5es das quatro etapas descritas anteriormente (caso deseje, h\u00e1 um template\/modelo disponibilizado no Material da Disciplina que voc\u00ea pode &#8211; n\u00e3o \u00e9 obrigat\u00f3rio &#8211; utilizar para inser\u00e7\u00e3o das respostas \u00e0s quest\u00f5es). Esse material \u00e9 o que constitui a entrega da atividade Mapa, que deve ser realizado individualmente.<\/p>\n<p>ORIENTA\u00c7\u00d5ES GERAIS<\/p>\n<p>Sobre pl\u00e1gio e outras regras:<\/p>\n<p>\u2022 Trabalhos copiados da internet ou de outros alunos ser\u00e3o zerados.<\/p>\n<p>Passo a passo:<\/p>\n<p>\u2022 Baixe o arquivo MAPA (arquivo no formato .pdf ) que est\u00e1 dispon\u00edvel no Material da Disciplina e que cont\u00e9m todas as descri\u00e7\u00f5es e instru\u00e7\u00f5es para a realiza\u00e7\u00e3o dessa atividade;<\/p>\n<p>\u2022 Baixe o arquivo Template\/Modelo de Resposta MAPA (arquivo .docx) que est\u00e1 dispon\u00edvel no Material da Disciplina e no qual voc\u00ea poder\u00e1 desenvolver seu trabalho. Este modelo foi disponibilizado para ajud\u00e1-lo.<\/p>\n<p>Para acessar esses materiais, l\u00e1 na tela inicial do ambiente da disciplina, voc\u00ea ver\u00e1 no lado direito, abaixo do calend\u00e1rio, o link Material da Disciplina. \u00c9 s\u00f3 clicar nele que a tela com os materiais disponibilizados na disciplina ser\u00e1 aberta.<\/p>\n<p>Sobre o arquivo a ser enviado:<\/p>\n<p>\u2022 SOMENTE UM ARQUIVO PODE SER ANEXADO NO STUDEO. No caso de voc\u00ea ter mais de um arquivo, ser\u00e1 necess\u00e1rio unific\u00e1-los para depois realizar a postagem.<\/p>\n<p>\u2022 O ARQUIVO DEVER\u00c1 ESTAR NO FORMATO DOC \/ DOCX ou PDF. Apenas estes formatos ser\u00e3o aceitos; Se voc\u00ea usa OPEN OFFICE ou MAC, transforme o arquivo em PDF para evitar incompatibilidades;<\/p>\n<p>\u2022 O ARQUIVO DEVE SER ENVIADO \u00daNICA E EXCLUSIVAMENTE PELO SEU STUDEO, NO CAMPO &#8220;M.A.P.A.&#8221; DESTA DISCIPLINA. Toda e qualquer outra forma de entrega n\u00e3o ser\u00e1 considerada.<\/p>\n<p>\u2022 PREENCHA TUDO COM CUIDADO. Explique o que est\u00e1 fazendo, responda as perguntas e mostre sempre o passo a passo das resolu\u00e7\u00f5es e dedu\u00e7\u00f5es. A qualidade do trabalho ser\u00e1 considerada na hora da avalia\u00e7\u00e3o e, portanto, quanto mais completo seu trabalho estiver, melhor!<\/p>\n<p>A equipe de professores mediadores est\u00e1 \u00e0 sua disposi\u00e7\u00e3o para o atendimento das d\u00favidas por meio do \u201cFale com o Mediador\u201d em seu Studeo.\u00a0 Aproveite essa ferramenta!<\/p>\n<p>Bom trabalho!<\/p>\n","protected":false},"excerpt":{"rendered":"<p>Atividade MAPA Conceitos de Administra\u00e7\u00e3o e \u00c9tica Empresarial 51\/2023<\/p>\n","protected":false},"featured_media":2326,"template":"","meta":{"_monsterinsights_skip_tracking":false,"_monsterinsights_sitenote_active":false,"_monsterinsights_sitenote_note":"","_monsterinsights_sitenote_category":0},"product_brand":[],"product_cat":[45],"product_tag":[91],"class_list":{"0":"post-2388","1":"product","2":"type-product","3":"status-publish","4":"has-post-thumbnail","6":"product_cat-engenharias","7":"product_tag-mapa-512023","9":"first","10":"instock","11":"downloadable","12":"virtual","13":"purchasable","14":"product-type-simple"},"yoast_head":"<!-- This site is optimized with the Yoast SEO plugin v27.4 - https:\/\/yoast.com\/product\/yoast-seo-wordpress\/ -->\n<title>MAPA Conceitos de Administra\u00e7\u00e3o e \u00c9tica Empresarial 51\/2023<\/title>\n<meta name=\"description\" content=\"Unicesumar &#8902; Atividade MAPA Conceitos de Administra\u00e7\u00e3o e \u00c9tica Empresarial 51\/2023 | curso Engenharia 1\u00ba semestre\" \/>\n<meta name=\"robots\" content=\"index, follow, max-snippet:-1, max-image-preview:large, max-video-preview:-1\" \/>\n<link rel=\"canonical\" href=\"https:\/\/atividademapa.com\/?product=mapa-conceitos-de-administracao-e-etica-empresarial-51-2023\" \/>\n<meta property=\"og:locale\" content=\"pt_BR\" \/>\n<meta property=\"og:type\" content=\"article\" \/>\n<meta property=\"og:title\" content=\"MAPA Conceitos de Administra\u00e7\u00e3o e \u00c9tica Empresarial 51\/2023\" \/>\n<meta property=\"og:description\" content=\"Unicesumar &#8902; Atividade MAPA Conceitos de Administra\u00e7\u00e3o e \u00c9tica Empresarial 51\/2023 | curso Engenharia 1\u00ba semestre\" \/>\n<meta property=\"og:url\" content=\"https:\/\/atividademapa.com\/?product=mapa-conceitos-de-administracao-e-etica-empresarial-51-2023\" \/>\n<meta property=\"og:site_name\" content=\"Atividade Mapa\" \/>\n<meta property=\"article:modified_time\" content=\"2025-07-09T10:09:40+00:00\" \/>\n<meta property=\"og:image\" content=\"https:\/\/i0.wp.com\/atividademapa.com\/wp-content\/uploads\/2023\/03\/Atividade-M.A.P.A-3.png?fit=300%2C300&ssl=1\" \/>\n\t<meta property=\"og:image:width\" content=\"300\" \/>\n\t<meta property=\"og:image:height\" content=\"300\" \/>\n\t<meta property=\"og:image:type\" content=\"image\/png\" \/>\n<meta name=\"twitter:card\" content=\"summary_large_image\" \/>\n<meta name=\"twitter:label1\" content=\"Est. tempo de leitura\" \/>\n\t<meta name=\"twitter:data1\" content=\"7 minutos\" \/>\n<script type=\"application\/ld+json\" class=\"yoast-schema-graph\">{\"@context\":\"https:\\\/\\\/schema.org\",\"@graph\":[{\"@type\":\"WebPage\",\"@id\":\"https:\\\/\\\/atividademapa.com\\\/?product=mapa-conceitos-de-administracao-e-etica-empresarial-51-2023\",\"url\":\"https:\\\/\\\/atividademapa.com\\\/?product=mapa-conceitos-de-administracao-e-etica-empresarial-51-2023\",\"name\":\"MAPA Conceitos de Administra\u00e7\u00e3o e \u00c9tica Empresarial 51\\\/2023\",\"isPartOf\":{\"@id\":\"https:\\\/\\\/atividademapa.com\\\/#website\"},\"primaryImageOfPage\":{\"@id\":\"https:\\\/\\\/atividademapa.com\\\/?product=mapa-conceitos-de-administracao-e-etica-empresarial-51-2023#primaryimage\"},\"image\":{\"@id\":\"https:\\\/\\\/atividademapa.com\\\/?product=mapa-conceitos-de-administracao-e-etica-empresarial-51-2023#primaryimage\"},\"thumbnailUrl\":\"https:\\\/\\\/i0.wp.com\\\/atividademapa.com\\\/wp-content\\\/uploads\\\/2023\\\/03\\\/Atividade-M.A.P.A-3.png?fit=300%2C300&ssl=1\",\"datePublished\":\"2023-04-20T14:42:29+00:00\",\"dateModified\":\"2025-07-09T10:09:40+00:00\",\"description\":\"Unicesumar &#8902; Atividade MAPA Conceitos de Administra\u00e7\u00e3o e \u00c9tica Empresarial 51\\\/2023 | curso Engenharia 1\u00ba semestre\",\"breadcrumb\":{\"@id\":\"https:\\\/\\\/atividademapa.com\\\/?product=mapa-conceitos-de-administracao-e-etica-empresarial-51-2023#breadcrumb\"},\"inLanguage\":\"pt-BR\",\"potentialAction\":[{\"@type\":\"ReadAction\",\"target\":[\"https:\\\/\\\/atividademapa.com\\\/?product=mapa-conceitos-de-administracao-e-etica-empresarial-51-2023\"]}]},{\"@type\":\"ImageObject\",\"inLanguage\":\"pt-BR\",\"@id\":\"https:\\\/\\\/atividademapa.com\\\/?product=mapa-conceitos-de-administracao-e-etica-empresarial-51-2023#primaryimage\",\"url\":\"https:\\\/\\\/i0.wp.com\\\/atividademapa.com\\\/wp-content\\\/uploads\\\/2023\\\/03\\\/Atividade-M.A.P.A-3.png?fit=300%2C300&ssl=1\",\"contentUrl\":\"https:\\\/\\\/i0.wp.com\\\/atividademapa.com\\\/wp-content\\\/uploads\\\/2023\\\/03\\\/Atividade-M.A.P.A-3.png?fit=300%2C300&ssl=1\",\"width\":300,\"height\":300,\"caption\":\"Mapa Unicesumar Atividade\"},{\"@type\":\"BreadcrumbList\",\"@id\":\"https:\\\/\\\/atividademapa.com\\\/?product=mapa-conceitos-de-administracao-e-etica-empresarial-51-2023#breadcrumb\",\"itemListElement\":[{\"@type\":\"ListItem\",\"position\":1,\"name\":\"In\u00edcio\",\"item\":\"https:\\\/\\\/atividademapa.com\\\/\"},{\"@type\":\"ListItem\",\"position\":2,\"name\":\"MAPAS\",\"item\":\"https:\\\/\\\/atividademapa.com\\\/?page_id=5\"},{\"@type\":\"ListItem\",\"position\":3,\"name\":\"MAPA Conceitos de Administra\u00e7\u00e3o e \u00c9tica Empresarial 51\\\/2023\"}]},{\"@type\":\"WebSite\",\"@id\":\"https:\\\/\\\/atividademapa.com\\\/#website\",\"url\":\"https:\\\/\\\/atividademapa.com\\\/\",\"name\":\"Atividade Mapa\",\"description\":\"StudeO | Unicesumar\",\"publisher\":{\"@id\":\"https:\\\/\\\/atividademapa.com\\\/#organization\"},\"potentialAction\":[{\"@type\":\"SearchAction\",\"target\":{\"@type\":\"EntryPoint\",\"urlTemplate\":\"https:\\\/\\\/atividademapa.com\\\/?s={search_term_string}\"},\"query-input\":{\"@type\":\"PropertyValueSpecification\",\"valueRequired\":true,\"valueName\":\"search_term_string\"}}],\"inLanguage\":\"pt-BR\"},{\"@type\":\"Organization\",\"@id\":\"https:\\\/\\\/atividademapa.com\\\/#organization\",\"name\":\"Atividade MAPA\",\"url\":\"https:\\\/\\\/atividademapa.com\\\/\",\"logo\":{\"@type\":\"ImageObject\",\"inLanguage\":\"pt-BR\",\"@id\":\"https:\\\/\\\/atividademapa.com\\\/#\\\/schema\\\/logo\\\/image\\\/\",\"url\":\"https:\\\/\\\/i0.wp.com\\\/atividademapa.com\\\/wp-content\\\/uploads\\\/2023\\\/02\\\/ATIVIDADE.png?fit=600%2C300&ssl=1\",\"contentUrl\":\"https:\\\/\\\/i0.wp.com\\\/atividademapa.com\\\/wp-content\\\/uploads\\\/2023\\\/02\\\/ATIVIDADE.png?fit=600%2C300&ssl=1\",\"width\":600,\"height\":300,\"caption\":\"Atividade MAPA\"},\"image\":{\"@id\":\"https:\\\/\\\/atividademapa.com\\\/#\\\/schema\\\/logo\\\/image\\\/\"}}]}<\/script>\n<!-- \/ Yoast SEO plugin. -->","yoast_head_json":{"title":"MAPA Conceitos de Administra\u00e7\u00e3o e \u00c9tica Empresarial 51\/2023","description":"Unicesumar &#8902; Atividade MAPA Conceitos de Administra\u00e7\u00e3o e \u00c9tica Empresarial 51\/2023 | curso Engenharia 1\u00ba semestre","robots":{"index":"index","follow":"follow","max-snippet":"max-snippet:-1","max-image-preview":"max-image-preview:large","max-video-preview":"max-video-preview:-1"},"canonical":"https:\/\/atividademapa.com\/?product=mapa-conceitos-de-administracao-e-etica-empresarial-51-2023","og_locale":"pt_BR","og_type":"article","og_title":"MAPA Conceitos de Administra\u00e7\u00e3o e \u00c9tica Empresarial 51\/2023","og_description":"Unicesumar &#8902; Atividade MAPA Conceitos de Administra\u00e7\u00e3o e \u00c9tica Empresarial 51\/2023 | curso Engenharia 1\u00ba semestre","og_url":"https:\/\/atividademapa.com\/?product=mapa-conceitos-de-administracao-e-etica-empresarial-51-2023","og_site_name":"Atividade Mapa","article_modified_time":"2025-07-09T10:09:40+00:00","og_image":[{"width":300,"height":300,"url":"https:\/\/i0.wp.com\/atividademapa.com\/wp-content\/uploads\/2023\/03\/Atividade-M.A.P.A-3.png?fit=300%2C300&ssl=1","type":"image\/png"}],"twitter_card":"summary_large_image","twitter_misc":{"Est. tempo de leitura":"7 minutos"},"schema":{"@context":"https:\/\/schema.org","@graph":[{"@type":"WebPage","@id":"https:\/\/atividademapa.com\/?product=mapa-conceitos-de-administracao-e-etica-empresarial-51-2023","url":"https:\/\/atividademapa.com\/?product=mapa-conceitos-de-administracao-e-etica-empresarial-51-2023","name":"MAPA Conceitos de Administra\u00e7\u00e3o e \u00c9tica Empresarial 51\/2023","isPartOf":{"@id":"https:\/\/atividademapa.com\/#website"},"primaryImageOfPage":{"@id":"https:\/\/atividademapa.com\/?product=mapa-conceitos-de-administracao-e-etica-empresarial-51-2023#primaryimage"},"image":{"@id":"https:\/\/atividademapa.com\/?product=mapa-conceitos-de-administracao-e-etica-empresarial-51-2023#primaryimage"},"thumbnailUrl":"https:\/\/i0.wp.com\/atividademapa.com\/wp-content\/uploads\/2023\/03\/Atividade-M.A.P.A-3.png?fit=300%2C300&ssl=1","datePublished":"2023-04-20T14:42:29+00:00","dateModified":"2025-07-09T10:09:40+00:00","description":"Unicesumar &#8902; Atividade MAPA Conceitos de Administra\u00e7\u00e3o e \u00c9tica Empresarial 51\/2023 | curso Engenharia 1\u00ba semestre","breadcrumb":{"@id":"https:\/\/atividademapa.com\/?product=mapa-conceitos-de-administracao-e-etica-empresarial-51-2023#breadcrumb"},"inLanguage":"pt-BR","potentialAction":[{"@type":"ReadAction","target":["https:\/\/atividademapa.com\/?product=mapa-conceitos-de-administracao-e-etica-empresarial-51-2023"]}]},{"@type":"ImageObject","inLanguage":"pt-BR","@id":"https:\/\/atividademapa.com\/?product=mapa-conceitos-de-administracao-e-etica-empresarial-51-2023#primaryimage","url":"https:\/\/i0.wp.com\/atividademapa.com\/wp-content\/uploads\/2023\/03\/Atividade-M.A.P.A-3.png?fit=300%2C300&ssl=1","contentUrl":"https:\/\/i0.wp.com\/atividademapa.com\/wp-content\/uploads\/2023\/03\/Atividade-M.A.P.A-3.png?fit=300%2C300&ssl=1","width":300,"height":300,"caption":"Mapa Unicesumar Atividade"},{"@type":"BreadcrumbList","@id":"https:\/\/atividademapa.com\/?product=mapa-conceitos-de-administracao-e-etica-empresarial-51-2023#breadcrumb","itemListElement":[{"@type":"ListItem","position":1,"name":"In\u00edcio","item":"https:\/\/atividademapa.com\/"},{"@type":"ListItem","position":2,"name":"MAPAS","item":"https:\/\/atividademapa.com\/?page_id=5"},{"@type":"ListItem","position":3,"name":"MAPA Conceitos de Administra\u00e7\u00e3o e \u00c9tica Empresarial 51\/2023"}]},{"@type":"WebSite","@id":"https:\/\/atividademapa.com\/#website","url":"https:\/\/atividademapa.com\/","name":"Atividade Mapa","description":"StudeO | Unicesumar","publisher":{"@id":"https:\/\/atividademapa.com\/#organization"},"potentialAction":[{"@type":"SearchAction","target":{"@type":"EntryPoint","urlTemplate":"https:\/\/atividademapa.com\/?s={search_term_string}"},"query-input":{"@type":"PropertyValueSpecification","valueRequired":true,"valueName":"search_term_string"}}],"inLanguage":"pt-BR"},{"@type":"Organization","@id":"https:\/\/atividademapa.com\/#organization","name":"Atividade MAPA","url":"https:\/\/atividademapa.com\/","logo":{"@type":"ImageObject","inLanguage":"pt-BR","@id":"https:\/\/atividademapa.com\/#\/schema\/logo\/image\/","url":"https:\/\/i0.wp.com\/atividademapa.com\/wp-content\/uploads\/2023\/02\/ATIVIDADE.png?fit=600%2C300&ssl=1","contentUrl":"https:\/\/i0.wp.com\/atividademapa.com\/wp-content\/uploads\/2023\/02\/ATIVIDADE.png?fit=600%2C300&ssl=1","width":600,"height":300,"caption":"Atividade MAPA"},"image":{"@id":"https:\/\/atividademapa.com\/#\/schema\/logo\/image\/"}}]}},"_links":{"self":[{"href":"https:\/\/atividademapa.com\/index.php?rest_route=\/wp\/v2\/product\/2388","targetHints":{"allow":["GET"]}}],"collection":[{"href":"https:\/\/atividademapa.com\/index.php?rest_route=\/wp\/v2\/product"}],"about":[{"href":"https:\/\/atividademapa.com\/index.php?rest_route=\/wp\/v2\/types\/product"}],"version-history":[{"count":2,"href":"https:\/\/atividademapa.com\/index.php?rest_route=\/wp\/v2\/product\/2388\/revisions"}],"predecessor-version":[{"id":6124,"href":"https:\/\/atividademapa.com\/index.php?rest_route=\/wp\/v2\/product\/2388\/revisions\/6124"}],"wp:featuredmedia":[{"embeddable":true,"href":"https:\/\/atividademapa.com\/index.php?rest_route=\/wp\/v2\/media\/2326"}],"wp:attachment":[{"href":"https:\/\/atividademapa.com\/index.php?rest_route=%2Fwp%2Fv2%2Fmedia&parent=2388"}],"wp:term":[{"taxonomy":"product_brand","embeddable":true,"href":"https:\/\/atividademapa.com\/index.php?rest_route=%2Fwp%2Fv2%2Fproduct_brand&post=2388"},{"taxonomy":"product_cat","embeddable":true,"href":"https:\/\/atividademapa.com\/index.php?rest_route=%2Fwp%2Fv2%2Fproduct_cat&post=2388"},{"taxonomy":"product_tag","embeddable":true,"href":"https:\/\/atividademapa.com\/index.php?rest_route=%2Fwp%2Fv2%2Fproduct_tag&post=2388"}],"curies":[{"name":"wp","href":"https:\/\/api.w.org\/{rel}","templated":true}]}}