{"id":2488,"date":"2023-05-31T16:38:13","date_gmt":"2023-05-31T19:38:13","guid":{"rendered":"https:\/\/atividademapa.com\/?post_type=product&#038;p=2488"},"modified":"2023-06-22T19:44:14","modified_gmt":"2023-06-22T22:44:14","slug":"mapa-bioestatistica-e-epidemiologia-52-2023","status":"publish","type":"product","link":"https:\/\/atividademapa.com\/?product=mapa-bioestatistica-e-epidemiologia-52-2023","title":{"rendered":"MAPA Bioestat\u00edstica e Epidemiologia 52\/2023"},"content":{"rendered":"<p>MAPA \u2013 Material de Avalia\u00e7\u00e3o Pr\u00e1tica da Aprendizagem<\/p>\n<p>Acad\u00eamico: R.A.<br \/>\nCurso:<br \/>\nDisciplina: Bioestat\u00edstica e Epidemiologia<br \/>\nValor da atividade: Prazo:<\/p>\n<p>Instru\u00e7\u00f5es para Realiza\u00e7\u00e3o da Atividade<br \/>\n1. Todos os campos acima dever\u00e3o ser devidamente preenchidos;<br \/>\n2. \u00c9 obrigat\u00f3ria a utiliza\u00e7\u00e3o deste formul\u00e1rio para a realiza\u00e7\u00e3o do MAPA;<br \/>\n3. Esta \u00e9 uma atividade individual. Caso identificado c\u00f3pia de colegas, o trabalho de ambos sofrer\u00e1 decr\u00e9scimo de nota;<br \/>\n4. Utilizando este formul\u00e1rio, realize sua atividade, salve em seu computador, renomeie e envie em forma de anexo;<br \/>\n5. Formata\u00e7\u00e3o exigida para esta atividade: documento Word, Fonte Arial ou Times New Roman tamanho 12, Espa\u00e7amento entre linhas 1,5, texto justificado;<br \/>\n6. Ao utilizar quaisquer materiais de pesquisa referencie conforme as normas da ABNT;<br \/>\n7. Na Sala do Caf\u00e9 do ambiente virtual da disciplina voc\u00ea encontrar\u00e1 orienta\u00e7\u00f5es importantes para elabora\u00e7\u00e3o desta atividade (V\u00eddeo Explicativo). Confira!<br \/>\n8. Crit\u00e9rios de avalia\u00e7\u00e3o: Utiliza\u00e7\u00e3o do template; Atendimento ao Tema; Constitui\u00e7\u00e3o dos argumentos e organiza\u00e7\u00e3o das Ideias; Corre\u00e7\u00e3o Gramatical e atendimento \u00e0s Normas ABNT.<br \/>\n9. Procure argumentar de forma clara e objetiva, de acordo com o conte\u00fado da disciplina.<br \/>\n10. As escritas em vermelho podem ser apagadas, dando lugar as respostas do Mapa.<br \/>\n11. O formato da atividade a ser enviada pode ser em pdf ou docx.<\/p>\n<p>Em caso de d\u00favidas, entre em contato com seu Professor Mediador.<\/p>\n<p>Bons estudos!<\/p>\n<p>&nbsp;<\/p>\n<p>Voc\u00ea j\u00e1 parou para pensar como \u00e9 importante a coleta de dados e pesquisa na \u00e1rea da sa\u00fade?<br \/>\nPois bem, o planejamento de uma pesquisa na \u00e1rea da sa\u00fade, bem como a coleta de dados, \u00e9 importante na \u00e1rea da sa\u00fade, al\u00e9m da apresenta\u00e7\u00e3o de resultados em tabelas e gr\u00e1ficos. Tenho certeza que voc\u00ea j\u00e1 experimentou fazer uma pesquisa simples, seja para comparar pre\u00e7os em um supermercado, para comparar as notas, para ter uma lista com uma vari\u00e1vel que te interessa. Fonte: a autora.<\/p>\n<p>Para realizar nosso mapa, vamos trazer o contexto de uma pesquisa voltada para \u00e1rea de Epidemiologia, para isso, fa\u00e7a a leitura do texto a seguir: Monitoramento dos casos de arboviroses at\u00e9 a semana epidemiol\u00f3gica 51 de 2022 As informa\u00e7\u00f5es sobre dengue e chikungunya apresentadas neste boletim s\u00e3o referentes \u00e0s notifica\u00e7\u00f5es ocorridas entre as semanas epidemiol\u00f3gicas (SE) 1 a 51 (2\/1\/2022 a 26\/12\/2022), dispon\u00edveis no Sinan On-line.<\/p>\n<p>Os dados de zika foram consultados no Sinan Net at\u00e9 a SE 48 (2\/1\/2022 a 3\/12\/2022). Situa\u00e7\u00e3o epidemiol\u00f3gica de 2022 Dengue At\u00e9 a SE 51 de 2022 ocorreram 1.423.614 casos prov\u00e1veis de dengue (taxa de incid\u00eancia de 667,4 casos por 100 mil hab.) no Brasil. Em compara\u00e7\u00e3o com o ano de 2019, houve redu\u00e7\u00e3o de 7,6% de casos registrados para o mesmo per\u00edodo analisado. Sabemos que a dengue \u00e9 um problema recorrente no Brasil. Fonte: Dispon\u00edvel em: Boletim Epidemiol\u00f3gico Vol.53 N\u00ba48 \u2014 Minist\u00e9rio da Sa\u00fade (www.gov.br)<\/p>\n<p>Diante desse contexto, voc\u00ea precisar\u00e1 entender como funciona as pesquisas e as fontes de dados fidedignos. Para isso, voc\u00ea precisar\u00e1 acessar o Google e buscar pela frase \u201cPlataforma Integrada de Vigil\u00e2ncia em Sa\u00fade &#8211; IVIS\u201d. Ao acessar a plataforma voc\u00ea dever\u00e1 selecionar a op\u00e7\u00e3o \u201cCidades\u201d. Em seguida, na \u201cAbrang\u00eancia\u201d, selecione o munic\u00edpio, em &#8220;unidade de Federa\u00e7\u00e3o&#8221; insira o seu Estado e em &#8220;Munic\u00edpio&#8221;, insira a sua cidade. Depois clique em \u201cAtualizar\u201d. Agora para saber os dados referentes a dengue, voc\u00ea vai descer com o cursor e clicar na aba \u201cDengue\u201d e l\u00e1 ter\u00e1 as informa\u00e7\u00f5es que vamos trabalhar.<\/p>\n<p>CAMPO DE RESPOSTAS DA ATIVIDADE<br \/>\na- Com a base de dados, insira os dados tabela do formul\u00e1rio padr\u00e3o do Mapa, dos valores encontrados (da Cidade) em todos os indicadores.<\/p>\n<p>Casos Fi<br \/>\nN\u00famero de casos confirmados de dengue<br \/>\nN\u00famero de casos prov\u00e1veis de dengue<br \/>\nN\u00famero de casos confirmados de dengue grave<br \/>\nN\u00famero de casos confirmados de dengue com sinais de alarme<br \/>\nTaxa de incid\u00eancia de dengue<br \/>\nTaxa de mortalidade de dengue<br \/>\nN\u00famero de \u00f3bitos de Dengue<\/p>\n<p>b- Compare os dados do Estado em rela\u00e7\u00e3o \u00e0 Cidade, e explique as possibilidades do n\u00famero de casos prov\u00e1veis ser maior que o n\u00famero de casos confirm\u00e1veis.<\/p>\n<p>c- Voc\u00ea ver\u00e1 que nessa pesquisa tem a taxa de incid\u00eancia, explique com base nos conceitos da disciplina de Bioestat\u00edstica e Epidemiologia descreva o conceito de \u201ctaxa de incid\u00eancia\u201d.<\/p>\n<p>d) Explique o que \u00e9 taxa de mortalidade e como minimizar os problemas causados pela dengue.<\/p>\n<p>e) Explique como a Bioestat\u00edstica e a Epidemiologia est\u00e3o relacionadas<\/p>\n<p>f) Finalize sua atividade explicando como as ferramentas de pesquisa estudadas na disciplina de Bioestat\u00edstica podem te ajudar em uma pesquisa Epidemiol\u00f3gica. Justifique sua resposta.<\/p>\n<p>Referencias utilizadas:<br \/>\nDEMARCHI, Izabel Galhardo; CHATALOV, Renata Cristina de Souza. Bioestat\u00edstica e Epidemiologia. Maring\u00e1 \u2013 PR.: Unicesumar, 2021.<\/p>\n<p>&nbsp;<\/p>\n<p>&nbsp;<\/p>\n<p>&nbsp;<\/p>\n<p>&nbsp;<\/p>\n","protected":false},"excerpt":{"rendered":"<p>MAPA \u2013 Material de Avalia\u00e7\u00e3o Pr\u00e1tica da Aprendizagem Acad\u00eamico: R.A. Curso: Disciplina: Bioestat\u00edstica e Epidemiologia Valor da atividade: Prazo: Instru\u00e7\u00f5es<\/p>\n","protected":false},"featured_media":2326,"template":"","meta":{"_monsterinsights_skip_tracking":false,"_monsterinsights_sitenote_active":false,"_monsterinsights_sitenote_note":"","_monsterinsights_sitenote_category":0},"product_brand":[],"product_cat":[98],"product_tag":[],"class_list":{"0":"post-2488","1":"product","2":"type-product","3":"status-publish","4":"has-post-thumbnail","6":"product_cat-fisioterapia","8":"first","9":"instock","10":"downloadable","11":"virtual","12":"purchasable","13":"product-type-simple"},"yoast_head":"<!-- This site is optimized with the Yoast SEO plugin v27.4 - https:\/\/yoast.com\/product\/yoast-seo-wordpress\/ -->\n<title>MAPA Bioestat\u00edstica e Epidemiologia 52\/2023<\/title>\n<meta name=\"description\" content=\"Unicesumar &#8902; Atividade MAPA Bioestat\u00edstica e Epidemiologia 52\/2023 Casos de Dengue,\" \/>\n<meta name=\"robots\" content=\"index, follow, max-snippet:-1, max-image-preview:large, max-video-preview:-1\" \/>\n<link rel=\"canonical\" href=\"https:\/\/atividademapa.com\/?product=mapa-bioestatistica-e-epidemiologia-52-2023\" \/>\n<meta property=\"og:locale\" content=\"pt_BR\" \/>\n<meta property=\"og:type\" content=\"article\" \/>\n<meta property=\"og:title\" content=\"MAPA Bioestat\u00edstica e Epidemiologia 52\/2023\" \/>\n<meta property=\"og:description\" content=\"Unicesumar &#8902; Atividade MAPA Bioestat\u00edstica e Epidemiologia 52\/2023 Casos de Dengue,\" \/>\n<meta property=\"og:url\" content=\"https:\/\/atividademapa.com\/?product=mapa-bioestatistica-e-epidemiologia-52-2023\" \/>\n<meta property=\"og:site_name\" content=\"Atividade Mapa\" \/>\n<meta property=\"article:modified_time\" content=\"2023-06-22T22:44:14+00:00\" \/>\n<meta property=\"og:image\" content=\"https:\/\/i0.wp.com\/atividademapa.com\/wp-content\/uploads\/2023\/03\/Atividade-M.A.P.A-3.png?fit=300%2C300&ssl=1\" \/>\n\t<meta property=\"og:image:width\" content=\"300\" \/>\n\t<meta property=\"og:image:height\" content=\"300\" \/>\n\t<meta property=\"og:image:type\" content=\"image\/png\" \/>\n<meta name=\"twitter:card\" content=\"summary_large_image\" \/>\n<meta name=\"twitter:label1\" content=\"Est. tempo de leitura\" \/>\n\t<meta name=\"twitter:data1\" content=\"4 minutos\" \/>\n<script type=\"application\/ld+json\" class=\"yoast-schema-graph\">{\"@context\":\"https:\\\/\\\/schema.org\",\"@graph\":[{\"@type\":\"WebPage\",\"@id\":\"https:\\\/\\\/atividademapa.com\\\/?product=mapa-bioestatistica-e-epidemiologia-52-2023\",\"url\":\"https:\\\/\\\/atividademapa.com\\\/?product=mapa-bioestatistica-e-epidemiologia-52-2023\",\"name\":\"MAPA Bioestat\u00edstica e Epidemiologia 52\\\/2023\",\"isPartOf\":{\"@id\":\"https:\\\/\\\/atividademapa.com\\\/#website\"},\"primaryImageOfPage\":{\"@id\":\"https:\\\/\\\/atividademapa.com\\\/?product=mapa-bioestatistica-e-epidemiologia-52-2023#primaryimage\"},\"image\":{\"@id\":\"https:\\\/\\\/atividademapa.com\\\/?product=mapa-bioestatistica-e-epidemiologia-52-2023#primaryimage\"},\"thumbnailUrl\":\"https:\\\/\\\/i0.wp.com\\\/atividademapa.com\\\/wp-content\\\/uploads\\\/2023\\\/03\\\/Atividade-M.A.P.A-3.png?fit=300%2C300&ssl=1\",\"datePublished\":\"2023-05-31T19:38:13+00:00\",\"dateModified\":\"2023-06-22T22:44:14+00:00\",\"description\":\"Unicesumar &#8902; Atividade MAPA Bioestat\u00edstica e Epidemiologia 52\\\/2023 Casos de Dengue,\",\"breadcrumb\":{\"@id\":\"https:\\\/\\\/atividademapa.com\\\/?product=mapa-bioestatistica-e-epidemiologia-52-2023#breadcrumb\"},\"inLanguage\":\"pt-BR\",\"potentialAction\":[{\"@type\":\"ReadAction\",\"target\":[\"https:\\\/\\\/atividademapa.com\\\/?product=mapa-bioestatistica-e-epidemiologia-52-2023\"]}]},{\"@type\":\"ImageObject\",\"inLanguage\":\"pt-BR\",\"@id\":\"https:\\\/\\\/atividademapa.com\\\/?product=mapa-bioestatistica-e-epidemiologia-52-2023#primaryimage\",\"url\":\"https:\\\/\\\/i0.wp.com\\\/atividademapa.com\\\/wp-content\\\/uploads\\\/2023\\\/03\\\/Atividade-M.A.P.A-3.png?fit=300%2C300&ssl=1\",\"contentUrl\":\"https:\\\/\\\/i0.wp.com\\\/atividademapa.com\\\/wp-content\\\/uploads\\\/2023\\\/03\\\/Atividade-M.A.P.A-3.png?fit=300%2C300&ssl=1\",\"width\":300,\"height\":300,\"caption\":\"Mapa Unicesumar Atividade\"},{\"@type\":\"BreadcrumbList\",\"@id\":\"https:\\\/\\\/atividademapa.com\\\/?product=mapa-bioestatistica-e-epidemiologia-52-2023#breadcrumb\",\"itemListElement\":[{\"@type\":\"ListItem\",\"position\":1,\"name\":\"In\u00edcio\",\"item\":\"https:\\\/\\\/atividademapa.com\\\/\"},{\"@type\":\"ListItem\",\"position\":2,\"name\":\"MAPAS\",\"item\":\"https:\\\/\\\/atividademapa.com\\\/?page_id=5\"},{\"@type\":\"ListItem\",\"position\":3,\"name\":\"MAPA Bioestat\u00edstica e Epidemiologia 52\\\/2023\"}]},{\"@type\":\"WebSite\",\"@id\":\"https:\\\/\\\/atividademapa.com\\\/#website\",\"url\":\"https:\\\/\\\/atividademapa.com\\\/\",\"name\":\"Atividade Mapa\",\"description\":\"StudeO | Unicesumar\",\"publisher\":{\"@id\":\"https:\\\/\\\/atividademapa.com\\\/#organization\"},\"potentialAction\":[{\"@type\":\"SearchAction\",\"target\":{\"@type\":\"EntryPoint\",\"urlTemplate\":\"https:\\\/\\\/atividademapa.com\\\/?s={search_term_string}\"},\"query-input\":{\"@type\":\"PropertyValueSpecification\",\"valueRequired\":true,\"valueName\":\"search_term_string\"}}],\"inLanguage\":\"pt-BR\"},{\"@type\":\"Organization\",\"@id\":\"https:\\\/\\\/atividademapa.com\\\/#organization\",\"name\":\"Atividade MAPA\",\"url\":\"https:\\\/\\\/atividademapa.com\\\/\",\"logo\":{\"@type\":\"ImageObject\",\"inLanguage\":\"pt-BR\",\"@id\":\"https:\\\/\\\/atividademapa.com\\\/#\\\/schema\\\/logo\\\/image\\\/\",\"url\":\"https:\\\/\\\/i0.wp.com\\\/atividademapa.com\\\/wp-content\\\/uploads\\\/2023\\\/02\\\/ATIVIDADE.png?fit=600%2C300&ssl=1\",\"contentUrl\":\"https:\\\/\\\/i0.wp.com\\\/atividademapa.com\\\/wp-content\\\/uploads\\\/2023\\\/02\\\/ATIVIDADE.png?fit=600%2C300&ssl=1\",\"width\":600,\"height\":300,\"caption\":\"Atividade MAPA\"},\"image\":{\"@id\":\"https:\\\/\\\/atividademapa.com\\\/#\\\/schema\\\/logo\\\/image\\\/\"}}]}<\/script>\n<!-- \/ Yoast SEO plugin. -->","yoast_head_json":{"title":"MAPA Bioestat\u00edstica e Epidemiologia 52\/2023","description":"Unicesumar &#8902; Atividade MAPA Bioestat\u00edstica e Epidemiologia 52\/2023 Casos de Dengue,","robots":{"index":"index","follow":"follow","max-snippet":"max-snippet:-1","max-image-preview":"max-image-preview:large","max-video-preview":"max-video-preview:-1"},"canonical":"https:\/\/atividademapa.com\/?product=mapa-bioestatistica-e-epidemiologia-52-2023","og_locale":"pt_BR","og_type":"article","og_title":"MAPA Bioestat\u00edstica e Epidemiologia 52\/2023","og_description":"Unicesumar &#8902; Atividade MAPA Bioestat\u00edstica e Epidemiologia 52\/2023 Casos de Dengue,","og_url":"https:\/\/atividademapa.com\/?product=mapa-bioestatistica-e-epidemiologia-52-2023","og_site_name":"Atividade Mapa","article_modified_time":"2023-06-22T22:44:14+00:00","og_image":[{"width":300,"height":300,"url":"https:\/\/i0.wp.com\/atividademapa.com\/wp-content\/uploads\/2023\/03\/Atividade-M.A.P.A-3.png?fit=300%2C300&ssl=1","type":"image\/png"}],"twitter_card":"summary_large_image","twitter_misc":{"Est. tempo de leitura":"4 minutos"},"schema":{"@context":"https:\/\/schema.org","@graph":[{"@type":"WebPage","@id":"https:\/\/atividademapa.com\/?product=mapa-bioestatistica-e-epidemiologia-52-2023","url":"https:\/\/atividademapa.com\/?product=mapa-bioestatistica-e-epidemiologia-52-2023","name":"MAPA Bioestat\u00edstica e Epidemiologia 52\/2023","isPartOf":{"@id":"https:\/\/atividademapa.com\/#website"},"primaryImageOfPage":{"@id":"https:\/\/atividademapa.com\/?product=mapa-bioestatistica-e-epidemiologia-52-2023#primaryimage"},"image":{"@id":"https:\/\/atividademapa.com\/?product=mapa-bioestatistica-e-epidemiologia-52-2023#primaryimage"},"thumbnailUrl":"https:\/\/i0.wp.com\/atividademapa.com\/wp-content\/uploads\/2023\/03\/Atividade-M.A.P.A-3.png?fit=300%2C300&ssl=1","datePublished":"2023-05-31T19:38:13+00:00","dateModified":"2023-06-22T22:44:14+00:00","description":"Unicesumar &#8902; Atividade MAPA Bioestat\u00edstica e Epidemiologia 52\/2023 Casos de Dengue,","breadcrumb":{"@id":"https:\/\/atividademapa.com\/?product=mapa-bioestatistica-e-epidemiologia-52-2023#breadcrumb"},"inLanguage":"pt-BR","potentialAction":[{"@type":"ReadAction","target":["https:\/\/atividademapa.com\/?product=mapa-bioestatistica-e-epidemiologia-52-2023"]}]},{"@type":"ImageObject","inLanguage":"pt-BR","@id":"https:\/\/atividademapa.com\/?product=mapa-bioestatistica-e-epidemiologia-52-2023#primaryimage","url":"https:\/\/i0.wp.com\/atividademapa.com\/wp-content\/uploads\/2023\/03\/Atividade-M.A.P.A-3.png?fit=300%2C300&ssl=1","contentUrl":"https:\/\/i0.wp.com\/atividademapa.com\/wp-content\/uploads\/2023\/03\/Atividade-M.A.P.A-3.png?fit=300%2C300&ssl=1","width":300,"height":300,"caption":"Mapa Unicesumar Atividade"},{"@type":"BreadcrumbList","@id":"https:\/\/atividademapa.com\/?product=mapa-bioestatistica-e-epidemiologia-52-2023#breadcrumb","itemListElement":[{"@type":"ListItem","position":1,"name":"In\u00edcio","item":"https:\/\/atividademapa.com\/"},{"@type":"ListItem","position":2,"name":"MAPAS","item":"https:\/\/atividademapa.com\/?page_id=5"},{"@type":"ListItem","position":3,"name":"MAPA Bioestat\u00edstica e Epidemiologia 52\/2023"}]},{"@type":"WebSite","@id":"https:\/\/atividademapa.com\/#website","url":"https:\/\/atividademapa.com\/","name":"Atividade Mapa","description":"StudeO | Unicesumar","publisher":{"@id":"https:\/\/atividademapa.com\/#organization"},"potentialAction":[{"@type":"SearchAction","target":{"@type":"EntryPoint","urlTemplate":"https:\/\/atividademapa.com\/?s={search_term_string}"},"query-input":{"@type":"PropertyValueSpecification","valueRequired":true,"valueName":"search_term_string"}}],"inLanguage":"pt-BR"},{"@type":"Organization","@id":"https:\/\/atividademapa.com\/#organization","name":"Atividade MAPA","url":"https:\/\/atividademapa.com\/","logo":{"@type":"ImageObject","inLanguage":"pt-BR","@id":"https:\/\/atividademapa.com\/#\/schema\/logo\/image\/","url":"https:\/\/i0.wp.com\/atividademapa.com\/wp-content\/uploads\/2023\/02\/ATIVIDADE.png?fit=600%2C300&ssl=1","contentUrl":"https:\/\/i0.wp.com\/atividademapa.com\/wp-content\/uploads\/2023\/02\/ATIVIDADE.png?fit=600%2C300&ssl=1","width":600,"height":300,"caption":"Atividade MAPA"},"image":{"@id":"https:\/\/atividademapa.com\/#\/schema\/logo\/image\/"}}]}},"_links":{"self":[{"href":"https:\/\/atividademapa.com\/index.php?rest_route=\/wp\/v2\/product\/2488","targetHints":{"allow":["GET"]}}],"collection":[{"href":"https:\/\/atividademapa.com\/index.php?rest_route=\/wp\/v2\/product"}],"about":[{"href":"https:\/\/atividademapa.com\/index.php?rest_route=\/wp\/v2\/types\/product"}],"version-history":[{"count":1,"href":"https:\/\/atividademapa.com\/index.php?rest_route=\/wp\/v2\/product\/2488\/revisions"}],"predecessor-version":[{"id":2490,"href":"https:\/\/atividademapa.com\/index.php?rest_route=\/wp\/v2\/product\/2488\/revisions\/2490"}],"wp:featuredmedia":[{"embeddable":true,"href":"https:\/\/atividademapa.com\/index.php?rest_route=\/wp\/v2\/media\/2326"}],"wp:attachment":[{"href":"https:\/\/atividademapa.com\/index.php?rest_route=%2Fwp%2Fv2%2Fmedia&parent=2488"}],"wp:term":[{"taxonomy":"product_brand","embeddable":true,"href":"https:\/\/atividademapa.com\/index.php?rest_route=%2Fwp%2Fv2%2Fproduct_brand&post=2488"},{"taxonomy":"product_cat","embeddable":true,"href":"https:\/\/atividademapa.com\/index.php?rest_route=%2Fwp%2Fv2%2Fproduct_cat&post=2488"},{"taxonomy":"product_tag","embeddable":true,"href":"https:\/\/atividademapa.com\/index.php?rest_route=%2Fwp%2Fv2%2Fproduct_tag&post=2488"}],"curies":[{"name":"wp","href":"https:\/\/api.w.org\/{rel}","templated":true}]}}