{"id":2567,"date":"2023-06-18T16:07:26","date_gmt":"2023-06-18T19:07:26","guid":{"rendered":"https:\/\/atividademapa.com\/?post_type=product&#038;p=2567"},"modified":"2023-06-22T19:44:13","modified_gmt":"2023-06-22T22:44:13","slug":"mapa-fundamentos-e-praticas-em-gestao-de-pessoas-52-2023","status":"publish","type":"product","link":"https:\/\/atividademapa.com\/?product=mapa-fundamentos-e-praticas-em-gestao-de-pessoas-52-2023","title":{"rendered":"MAPA Fundamentos e Pr\u00e1ticas em Gest\u00e3o de Pessoas 52\/2023"},"content":{"rendered":"<p>MAPA Fundamentos e Pr\u00e1ticas em Gest\u00e3o de Pessoas 52\/2023<\/p>\n<p>MAPA &#8211; Material de Avalia\u00e7\u00e3o Pr\u00e1tica da Aprendizagem<\/p>\n<p>Acad\u00eamico: R.A.<br \/>\nCurso: Tecn\u00f3logo em Gest\u00e3o de Recursos Humanos<br \/>\nDisciplina: Fundamentos e Pr\u00e1ticas em Gest\u00e3o de Pessoas<\/p>\n<p>Instru\u00e7\u00f5es para Realiza\u00e7\u00e3o da Atividade<br \/>\n1. Todos os campos acima dever\u00e3o ser devidamente preenchidos;<br \/>\n2. \u00c9 obrigat\u00f3ria a utiliza\u00e7\u00e3o deste formul\u00e1rio para a realiza\u00e7\u00e3o do MAPA;<br \/>\n3. Esta \u00e9 uma atividade individual. Caso identificado c\u00f3pia de colegas, o trabalho de ambos sofrer\u00e1 decr\u00e9scimo de nota;<br \/>\n4. Utilizando este formul\u00e1rio, realize sua atividade, salve em seu computador, renomeie e envie em forma de anexo;<br \/>\n5. Formata\u00e7\u00e3o exigida para esta atividade: documento Word, Fonte Arial ou Times New Roman tamanho 12, Espa\u00e7amento entre linhas 1,5, texto justificado;<br \/>\n6. Ao utilizar quaisquer materiais de pesquisa referencie conforme as normas da ABNT na \u00faltima p\u00e1gina deste formul\u00e1rio;<br \/>\n7. No ambiente virtual da disciplina voc\u00ea encontrar\u00e1 orienta\u00e7\u00f5es importantes para elabora\u00e7\u00e3o desta atividade. Confira!<br \/>\n8. Crit\u00e9rios de avalia\u00e7\u00e3o: Utiliza\u00e7\u00e3o do template; Atendimento ao Tema; Constitui\u00e7\u00e3o dos argumentos e organiza\u00e7\u00e3o das Ideias; Atendimento \u00e0s normas da ABNT e corre\u00e7\u00e3o ortogr\u00e1fica.<br \/>\n9. Procure argumentar de forma clara e objetiva, de acordo com o conte\u00fado da disciplina.<\/p>\n<p><span style=\"color: #333333;\"><a style=\"color: #333333;\" href=\"https:\/\/atividademapa.com\">Mapa Unicesumar<\/a><\/span><\/p>\n<p>ORIENTA\u00c7\u00d5ES IMPORTANTES:<br \/>\nAssista ao v\u00eddeo de orienta\u00e7\u00f5es da atividade MAPA<br \/>\n\u2022 Copie e cole no seu navegador: https:\/\/www.youtube.com\/watch?v=lb2eBAZnMWw<\/p>\n<p>Sobre pl\u00e1gio e outras regras:<br \/>\n\u2022 Trabalhos copiados da internet ou copiados de outros alunos ser\u00e3o zerados;<\/p>\n<p>Passo a passo:<br \/>\n\u2022 A entrega de sua atividade MAPA deve ser realizada por meio do FORMUL\u00c1RIO PADR\u00c3O DO MAPA.<br \/>\n\u2022 Para acessar o FORMUL\u00c1RIO PADR\u00c3O DO MAPA, acesse a tela inicial do ambiente da disciplina, voc\u00ea ver\u00e1 no lado direito, abaixo do calend\u00e1rio, o link Material da Disciplina. \u00c9 s\u00f3 clicar nele que a tela com os materiais disponibilizados na disciplina ser\u00e1 aberta.<\/p>\n<p>\u2022 Baixe o arquivo FORMUL\u00c1RIO PADR\u00c3O DO MAPA dispon\u00edvel no Material da Disciplina, ele cont\u00e9m todas as descri\u00e7\u00f5es e instru\u00e7\u00f5es para a realiza\u00e7\u00e3o dessa atividade.<\/p>\n<p>\u2022 Insira suas respostas no arquivo de FORMUL\u00c1RIO PADR\u00c3O DO MAPA.<br \/>\nSobre o arquivo a ser enviado:<br \/>\n\u2022 O arquivo do FORMUL\u00c1RIO PADR\u00c3O DO MAPA, contendo suas respostas, dever\u00e1 estar no formato DOC (Microsoft Word).<br \/>\n\u2022 O arquivo deve ser enviado \u00fanica e exclusivamente pelo seu Studeo, no campo &#8220;M.A.P.A.&#8221; desta disciplina. Toda e qualquer outra forma de entrega n\u00e3o ser\u00e1 considerada.<\/p>\n<p>\u2022 Somente um arquivo pode ser anexado no Studeo.<\/p>\n<p>D\u00favidas?<\/p>\n<p>A equipe de professores mediadores est\u00e1 \u00e0 sua disposi\u00e7\u00e3o para o atendimento das d\u00favidas por meio do \u201cFale com o Mediador\u201d em seu Studeo. Aproveite essa ferramenta!<\/p>\n<p>ENUNCIADO DA ATIVIDADE M.A.PA.<\/p>\n<p>PRIMEIRA ETAPA:<br \/>\nLeitura do texto de apoio:<br \/>\nA valoriza\u00e7\u00e3o do fator humano no campo do trabalho vem passando por grandes mudan\u00e7as ao longo das \u00faltimas d\u00e9cadas e, apesar de n\u00e3o ocorrer uniformemente em todos os contextos, vem trazendo o ser humano e as suas necessidades para o centro das preocupa\u00e7\u00f5es. Embora essas mudan\u00e7as possam parecer, por vezes, algo natural, deve-se salientar que elas decorrem de constru\u00e7\u00f5es coletivas, marcadas por eventos cruciais que possibilitaram a evolu\u00e7\u00e3o na perspectiva da import\u00e2ncia do fator humano nas organiza\u00e7\u00f5es.<br \/>\nFonte: COSTA, W. S. da; SILVA, P. R. da. Fundamentos e Pr\u00e1ticas em Gest\u00e3o de Pessoas. Maring\u00e1 &#8211; PR.: UniCesumar, 2021.<br \/>\nO v\u00ednculo entre a gest\u00e3o de recursos humanos e a sustentabilidade convida-nos a refletir sobre como as fun\u00e7\u00f5es e pr\u00e1ticas da gest\u00e3o de recursos humanos apoiam as organiza\u00e7\u00f5es para atingir as metas de sustentabilidade.<br \/>\nFonte: https:\/\/www.scielo.br\/j\/rae\/a\/XQfNvccByQGcQ369PSypPLs\/?lang=pt. Acesso em: 15 abr. 2023.<\/p>\n<p>SEGUNDA ETAPA:<br \/>\nLeitura da situa\u00e7\u00e3o problema da atividade Considerando os textos apresentados, sabemos que cada indiv\u00edduo possui suas particularidades e objetivos que devem ser considerados pelas empresas na hora de criar mecanismos de motiva\u00e7\u00e3o e, principalmente, criar meios para harmonizar os objetivos organizacionais com os individuais. Neste contexto, vejamos o seguinte caso: Taila \u00e9 a criadora e gestora principal de sua empresa do ramo de cosm\u00e9ticos. A organiza\u00e7\u00e3o foi criada h\u00e1 4 anos e nos \u00faltimos 2 anos e vem crescendo 3% ao ano. Em seu primeiro ano a empresa passou por grandes desafios e dificuldades, pois Taila passou por um longo per\u00edodo de turnover e com isso n\u00e3o conseguiu treinar e capacitar com efici\u00eancia seus colaboradores. A partir do segundo ano de exist\u00eancia, Taila decidiu contratar uma empresa de consultoria voltada ao mentoring, que mediante um estudo detalhado vislumbrou estrat\u00e9gias para expans\u00e3o da empresa atrav\u00e9s do mercado internacional e fortalecimento da marca.<\/p>\n<p>TERCEIRA ETAPA:<br \/>\nRealize e Envie a atividade solicitada Considerando a situa\u00e7\u00e3o apresentada, juntamente com os estudos realizados na disciplina, sua tarefa para essa atividade MAPA ser\u00e1 pensar como um consultor de Recursos Humanos e criar uma proposta de valor para a empresa da Taila considerando a cultura que ela dever\u00e1 criar para atingir o t\u00e3o sonhado mercado internacional. Para tal siga os passos:<\/p>\n<p>1. Descreva como criar uma cultura voltada a motiva\u00e7\u00e3o dos funcion\u00e1rios e harmoniz\u00e1-la com os objetivos organizacionais.<br \/>\nInsira aqui a sua resposta<\/p>\n<p>2. Em sua opini\u00e3o como a empresa pode utilizar a diversidade para diferencia\u00e7\u00e3o de mercado?<br \/>\nInsira aqui a sua resposta<\/p>\n<p>3. Descreva como manter uma sustentabilidade no turnover da empresa.<br \/>\nInsira aqui a sua resposta<\/p>\n<p>REFER\u00caNCIAS<\/p>\n","protected":false},"excerpt":{"rendered":"<p>MAPA Fundamentos e Pr\u00e1ticas em Gest\u00e3o de Pessoas 52\/2023<\/p>\n<p>1. Descreva como criar uma cultura voltada a motiva\u00e7\u00e3o dos funcion\u00e1rios e harmoniz\u00e1-la com os objetivos organizacionais.<\/p>\n<p>2. Em sua opini\u00e3o como a empresa pode utilizar a diversidade para diferencia\u00e7\u00e3o de mercado?<\/p>\n<p>3. Descreva como manter uma sustentabilidade no turnover da empresa.<br \/>\nInsira aqui a sua resposta<\/p>\n","protected":false},"featured_media":2326,"template":"","meta":{"_monsterinsights_skip_tracking":false,"_monsterinsights_sitenote_active":false,"_monsterinsights_sitenote_note":"","_monsterinsights_sitenote_category":0},"product_brand":[],"product_cat":[59],"product_tag":[],"class_list":{"0":"post-2567","1":"product","2":"type-product","3":"status-publish","4":"has-post-thumbnail","6":"product_cat-recursos-humanos","8":"first","9":"instock","10":"downloadable","11":"virtual","12":"purchasable","13":"product-type-simple"},"yoast_head":"<!-- This site is optimized with the Yoast SEO plugin v27.4 - https:\/\/yoast.com\/product\/yoast-seo-wordpress\/ -->\n<title>MAPA Fundamentos e Pr\u00e1ticas em Gest\u00e3o de Pessoas 52\/2023<\/title>\n<meta name=\"description\" content=\"Unicesumar &#8902; Atividade MAPA Fundamentos e Pr\u00e1ticas em Gest\u00e3o de Pessoas 52\/2023 Gest\u00e3o em Recursos Humanos.\" \/>\n<meta name=\"robots\" content=\"index, follow, max-snippet:-1, max-image-preview:large, max-video-preview:-1\" \/>\n<link rel=\"canonical\" href=\"https:\/\/atividademapa.com\/?product=mapa-fundamentos-e-praticas-em-gestao-de-pessoas-52-2023\" \/>\n<meta property=\"og:locale\" content=\"pt_BR\" \/>\n<meta property=\"og:type\" content=\"article\" \/>\n<meta property=\"og:title\" content=\"MAPA Fundamentos e Pr\u00e1ticas em Gest\u00e3o de Pessoas 52\/2023\" \/>\n<meta property=\"og:description\" content=\"Unicesumar &#8902; Atividade MAPA Fundamentos e Pr\u00e1ticas em Gest\u00e3o de Pessoas 52\/2023 Gest\u00e3o em Recursos Humanos.\" \/>\n<meta property=\"og:url\" content=\"https:\/\/atividademapa.com\/?product=mapa-fundamentos-e-praticas-em-gestao-de-pessoas-52-2023\" \/>\n<meta property=\"og:site_name\" content=\"Atividade Mapa\" \/>\n<meta property=\"article:modified_time\" content=\"2023-06-22T22:44:13+00:00\" \/>\n<meta property=\"og:image\" content=\"https:\/\/i0.wp.com\/atividademapa.com\/wp-content\/uploads\/2023\/03\/Atividade-M.A.P.A-3.png?fit=300%2C300&ssl=1\" \/>\n\t<meta property=\"og:image:width\" content=\"300\" \/>\n\t<meta property=\"og:image:height\" content=\"300\" \/>\n\t<meta property=\"og:image:type\" content=\"image\/png\" \/>\n<meta name=\"twitter:card\" content=\"summary_large_image\" \/>\n<meta name=\"twitter:label1\" content=\"Est. tempo de leitura\" \/>\n\t<meta name=\"twitter:data1\" content=\"5 minutos\" \/>\n<script type=\"application\/ld+json\" class=\"yoast-schema-graph\">{\"@context\":\"https:\\\/\\\/schema.org\",\"@graph\":[{\"@type\":\"WebPage\",\"@id\":\"https:\\\/\\\/atividademapa.com\\\/?product=mapa-fundamentos-e-praticas-em-gestao-de-pessoas-52-2023\",\"url\":\"https:\\\/\\\/atividademapa.com\\\/?product=mapa-fundamentos-e-praticas-em-gestao-de-pessoas-52-2023\",\"name\":\"MAPA Fundamentos e Pr\u00e1ticas em Gest\u00e3o de Pessoas 52\\\/2023\",\"isPartOf\":{\"@id\":\"https:\\\/\\\/atividademapa.com\\\/#website\"},\"primaryImageOfPage\":{\"@id\":\"https:\\\/\\\/atividademapa.com\\\/?product=mapa-fundamentos-e-praticas-em-gestao-de-pessoas-52-2023#primaryimage\"},\"image\":{\"@id\":\"https:\\\/\\\/atividademapa.com\\\/?product=mapa-fundamentos-e-praticas-em-gestao-de-pessoas-52-2023#primaryimage\"},\"thumbnailUrl\":\"https:\\\/\\\/i0.wp.com\\\/atividademapa.com\\\/wp-content\\\/uploads\\\/2023\\\/03\\\/Atividade-M.A.P.A-3.png?fit=300%2C300&ssl=1\",\"datePublished\":\"2023-06-18T19:07:26+00:00\",\"dateModified\":\"2023-06-22T22:44:13+00:00\",\"description\":\"Unicesumar &#8902; Atividade MAPA Fundamentos e Pr\u00e1ticas em Gest\u00e3o de Pessoas 52\\\/2023 Gest\u00e3o em Recursos Humanos.\",\"breadcrumb\":{\"@id\":\"https:\\\/\\\/atividademapa.com\\\/?product=mapa-fundamentos-e-praticas-em-gestao-de-pessoas-52-2023#breadcrumb\"},\"inLanguage\":\"pt-BR\",\"potentialAction\":[{\"@type\":\"ReadAction\",\"target\":[\"https:\\\/\\\/atividademapa.com\\\/?product=mapa-fundamentos-e-praticas-em-gestao-de-pessoas-52-2023\"]}]},{\"@type\":\"ImageObject\",\"inLanguage\":\"pt-BR\",\"@id\":\"https:\\\/\\\/atividademapa.com\\\/?product=mapa-fundamentos-e-praticas-em-gestao-de-pessoas-52-2023#primaryimage\",\"url\":\"https:\\\/\\\/i0.wp.com\\\/atividademapa.com\\\/wp-content\\\/uploads\\\/2023\\\/03\\\/Atividade-M.A.P.A-3.png?fit=300%2C300&ssl=1\",\"contentUrl\":\"https:\\\/\\\/i0.wp.com\\\/atividademapa.com\\\/wp-content\\\/uploads\\\/2023\\\/03\\\/Atividade-M.A.P.A-3.png?fit=300%2C300&ssl=1\",\"width\":300,\"height\":300,\"caption\":\"Mapa Unicesumar Atividade\"},{\"@type\":\"BreadcrumbList\",\"@id\":\"https:\\\/\\\/atividademapa.com\\\/?product=mapa-fundamentos-e-praticas-em-gestao-de-pessoas-52-2023#breadcrumb\",\"itemListElement\":[{\"@type\":\"ListItem\",\"position\":1,\"name\":\"In\u00edcio\",\"item\":\"https:\\\/\\\/atividademapa.com\\\/\"},{\"@type\":\"ListItem\",\"position\":2,\"name\":\"MAPAS\",\"item\":\"https:\\\/\\\/atividademapa.com\\\/?page_id=5\"},{\"@type\":\"ListItem\",\"position\":3,\"name\":\"MAPA Fundamentos e Pr\u00e1ticas em Gest\u00e3o de Pessoas 52\\\/2023\"}]},{\"@type\":\"WebSite\",\"@id\":\"https:\\\/\\\/atividademapa.com\\\/#website\",\"url\":\"https:\\\/\\\/atividademapa.com\\\/\",\"name\":\"Atividade Mapa\",\"description\":\"StudeO | Unicesumar\",\"publisher\":{\"@id\":\"https:\\\/\\\/atividademapa.com\\\/#organization\"},\"potentialAction\":[{\"@type\":\"SearchAction\",\"target\":{\"@type\":\"EntryPoint\",\"urlTemplate\":\"https:\\\/\\\/atividademapa.com\\\/?s={search_term_string}\"},\"query-input\":{\"@type\":\"PropertyValueSpecification\",\"valueRequired\":true,\"valueName\":\"search_term_string\"}}],\"inLanguage\":\"pt-BR\"},{\"@type\":\"Organization\",\"@id\":\"https:\\\/\\\/atividademapa.com\\\/#organization\",\"name\":\"Atividade MAPA\",\"url\":\"https:\\\/\\\/atividademapa.com\\\/\",\"logo\":{\"@type\":\"ImageObject\",\"inLanguage\":\"pt-BR\",\"@id\":\"https:\\\/\\\/atividademapa.com\\\/#\\\/schema\\\/logo\\\/image\\\/\",\"url\":\"https:\\\/\\\/i0.wp.com\\\/atividademapa.com\\\/wp-content\\\/uploads\\\/2023\\\/02\\\/ATIVIDADE.png?fit=600%2C300&ssl=1\",\"contentUrl\":\"https:\\\/\\\/i0.wp.com\\\/atividademapa.com\\\/wp-content\\\/uploads\\\/2023\\\/02\\\/ATIVIDADE.png?fit=600%2C300&ssl=1\",\"width\":600,\"height\":300,\"caption\":\"Atividade MAPA\"},\"image\":{\"@id\":\"https:\\\/\\\/atividademapa.com\\\/#\\\/schema\\\/logo\\\/image\\\/\"}}]}<\/script>\n<!-- \/ Yoast SEO plugin. -->","yoast_head_json":{"title":"MAPA Fundamentos e Pr\u00e1ticas em Gest\u00e3o de Pessoas 52\/2023","description":"Unicesumar &#8902; Atividade MAPA Fundamentos e Pr\u00e1ticas em Gest\u00e3o de Pessoas 52\/2023 Gest\u00e3o em Recursos Humanos.","robots":{"index":"index","follow":"follow","max-snippet":"max-snippet:-1","max-image-preview":"max-image-preview:large","max-video-preview":"max-video-preview:-1"},"canonical":"https:\/\/atividademapa.com\/?product=mapa-fundamentos-e-praticas-em-gestao-de-pessoas-52-2023","og_locale":"pt_BR","og_type":"article","og_title":"MAPA Fundamentos e Pr\u00e1ticas em Gest\u00e3o de Pessoas 52\/2023","og_description":"Unicesumar &#8902; Atividade MAPA Fundamentos e Pr\u00e1ticas em Gest\u00e3o de Pessoas 52\/2023 Gest\u00e3o em Recursos Humanos.","og_url":"https:\/\/atividademapa.com\/?product=mapa-fundamentos-e-praticas-em-gestao-de-pessoas-52-2023","og_site_name":"Atividade Mapa","article_modified_time":"2023-06-22T22:44:13+00:00","og_image":[{"width":300,"height":300,"url":"https:\/\/i0.wp.com\/atividademapa.com\/wp-content\/uploads\/2023\/03\/Atividade-M.A.P.A-3.png?fit=300%2C300&ssl=1","type":"image\/png"}],"twitter_card":"summary_large_image","twitter_misc":{"Est. tempo de leitura":"5 minutos"},"schema":{"@context":"https:\/\/schema.org","@graph":[{"@type":"WebPage","@id":"https:\/\/atividademapa.com\/?product=mapa-fundamentos-e-praticas-em-gestao-de-pessoas-52-2023","url":"https:\/\/atividademapa.com\/?product=mapa-fundamentos-e-praticas-em-gestao-de-pessoas-52-2023","name":"MAPA Fundamentos e Pr\u00e1ticas em Gest\u00e3o de Pessoas 52\/2023","isPartOf":{"@id":"https:\/\/atividademapa.com\/#website"},"primaryImageOfPage":{"@id":"https:\/\/atividademapa.com\/?product=mapa-fundamentos-e-praticas-em-gestao-de-pessoas-52-2023#primaryimage"},"image":{"@id":"https:\/\/atividademapa.com\/?product=mapa-fundamentos-e-praticas-em-gestao-de-pessoas-52-2023#primaryimage"},"thumbnailUrl":"https:\/\/i0.wp.com\/atividademapa.com\/wp-content\/uploads\/2023\/03\/Atividade-M.A.P.A-3.png?fit=300%2C300&ssl=1","datePublished":"2023-06-18T19:07:26+00:00","dateModified":"2023-06-22T22:44:13+00:00","description":"Unicesumar &#8902; Atividade MAPA Fundamentos e Pr\u00e1ticas em Gest\u00e3o de Pessoas 52\/2023 Gest\u00e3o em Recursos Humanos.","breadcrumb":{"@id":"https:\/\/atividademapa.com\/?product=mapa-fundamentos-e-praticas-em-gestao-de-pessoas-52-2023#breadcrumb"},"inLanguage":"pt-BR","potentialAction":[{"@type":"ReadAction","target":["https:\/\/atividademapa.com\/?product=mapa-fundamentos-e-praticas-em-gestao-de-pessoas-52-2023"]}]},{"@type":"ImageObject","inLanguage":"pt-BR","@id":"https:\/\/atividademapa.com\/?product=mapa-fundamentos-e-praticas-em-gestao-de-pessoas-52-2023#primaryimage","url":"https:\/\/i0.wp.com\/atividademapa.com\/wp-content\/uploads\/2023\/03\/Atividade-M.A.P.A-3.png?fit=300%2C300&ssl=1","contentUrl":"https:\/\/i0.wp.com\/atividademapa.com\/wp-content\/uploads\/2023\/03\/Atividade-M.A.P.A-3.png?fit=300%2C300&ssl=1","width":300,"height":300,"caption":"Mapa Unicesumar Atividade"},{"@type":"BreadcrumbList","@id":"https:\/\/atividademapa.com\/?product=mapa-fundamentos-e-praticas-em-gestao-de-pessoas-52-2023#breadcrumb","itemListElement":[{"@type":"ListItem","position":1,"name":"In\u00edcio","item":"https:\/\/atividademapa.com\/"},{"@type":"ListItem","position":2,"name":"MAPAS","item":"https:\/\/atividademapa.com\/?page_id=5"},{"@type":"ListItem","position":3,"name":"MAPA Fundamentos e Pr\u00e1ticas em Gest\u00e3o de Pessoas 52\/2023"}]},{"@type":"WebSite","@id":"https:\/\/atividademapa.com\/#website","url":"https:\/\/atividademapa.com\/","name":"Atividade Mapa","description":"StudeO | Unicesumar","publisher":{"@id":"https:\/\/atividademapa.com\/#organization"},"potentialAction":[{"@type":"SearchAction","target":{"@type":"EntryPoint","urlTemplate":"https:\/\/atividademapa.com\/?s={search_term_string}"},"query-input":{"@type":"PropertyValueSpecification","valueRequired":true,"valueName":"search_term_string"}}],"inLanguage":"pt-BR"},{"@type":"Organization","@id":"https:\/\/atividademapa.com\/#organization","name":"Atividade MAPA","url":"https:\/\/atividademapa.com\/","logo":{"@type":"ImageObject","inLanguage":"pt-BR","@id":"https:\/\/atividademapa.com\/#\/schema\/logo\/image\/","url":"https:\/\/i0.wp.com\/atividademapa.com\/wp-content\/uploads\/2023\/02\/ATIVIDADE.png?fit=600%2C300&ssl=1","contentUrl":"https:\/\/i0.wp.com\/atividademapa.com\/wp-content\/uploads\/2023\/02\/ATIVIDADE.png?fit=600%2C300&ssl=1","width":600,"height":300,"caption":"Atividade MAPA"},"image":{"@id":"https:\/\/atividademapa.com\/#\/schema\/logo\/image\/"}}]}},"_links":{"self":[{"href":"https:\/\/atividademapa.com\/index.php?rest_route=\/wp\/v2\/product\/2567","targetHints":{"allow":["GET"]}}],"collection":[{"href":"https:\/\/atividademapa.com\/index.php?rest_route=\/wp\/v2\/product"}],"about":[{"href":"https:\/\/atividademapa.com\/index.php?rest_route=\/wp\/v2\/types\/product"}],"version-history":[{"count":1,"href":"https:\/\/atividademapa.com\/index.php?rest_route=\/wp\/v2\/product\/2567\/revisions"}],"predecessor-version":[{"id":2569,"href":"https:\/\/atividademapa.com\/index.php?rest_route=\/wp\/v2\/product\/2567\/revisions\/2569"}],"wp:featuredmedia":[{"embeddable":true,"href":"https:\/\/atividademapa.com\/index.php?rest_route=\/wp\/v2\/media\/2326"}],"wp:attachment":[{"href":"https:\/\/atividademapa.com\/index.php?rest_route=%2Fwp%2Fv2%2Fmedia&parent=2567"}],"wp:term":[{"taxonomy":"product_brand","embeddable":true,"href":"https:\/\/atividademapa.com\/index.php?rest_route=%2Fwp%2Fv2%2Fproduct_brand&post=2567"},{"taxonomy":"product_cat","embeddable":true,"href":"https:\/\/atividademapa.com\/index.php?rest_route=%2Fwp%2Fv2%2Fproduct_cat&post=2567"},{"taxonomy":"product_tag","embeddable":true,"href":"https:\/\/atividademapa.com\/index.php?rest_route=%2Fwp%2Fv2%2Fproduct_tag&post=2567"}],"curies":[{"name":"wp","href":"https:\/\/api.w.org\/{rel}","templated":true}]}}