{"id":2585,"date":"2023-06-27T14:11:35","date_gmt":"2023-06-27T17:11:35","guid":{"rendered":"https:\/\/atividademapa.com\/?post_type=product&#038;p=2585"},"modified":"2023-06-27T14:11:36","modified_gmt":"2023-06-27T17:11:36","slug":"mapa-gfin-analise-de-investimentos-e-viabilidade-52-2023","status":"publish","type":"product","link":"https:\/\/atividademapa.com\/?product=mapa-gfin-analise-de-investimentos-e-viabilidade-52-2023","title":{"rendered":"MAPA GFIN An\u00e1lise de Investimentos e Viabilidade 52\/2023"},"content":{"rendered":"<p>MAPA &#8211; GFIN &#8211; AN\u00c1LISE DE INVESTIMENTOS E VIABILIDADE &#8211; 52\/2023<\/p>\n<p>Chegou o momento de explorar, de forma PR\u00c1TICA, os conte\u00fados aprendidos na nossa disciplina. Para realizar a atividade MAPA, voc\u00ea precisa cumprir duas etapas, a saber:<\/p>\n<p><strong>(1) PRIMEIRA ETAPA: an\u00e1lise da situa\u00e7\u00e3o-problema<\/strong><br \/>\n&#8220;<strong>Heineken vai investir R$ 1,5 bilh\u00e3o em f\u00e1bricas no Nordeste<\/strong><\/p>\n<p><strong>\u00a0<\/strong>A Heineken anunciou nesta quinta-feira (4) um investimento de R$ 1,5 bilh\u00e3o nos estados de Pernambuco e Bahia. Segundo o governo de Pernambuco, cerca de R$ 1,2 bilh\u00e3o ser\u00e3o investidos na cervejaria de Igarassu (PE) e o restante ser\u00e1 aplicado na sede de Alagoinhas (BA).<br \/>\nCom o aporte em Igarassu, a expectativa da capacidade produtiva das marcas Amstel e Devassa ir\u00e1 triplicar. J\u00e1 a cervejaria de Alagoinhas recebe recursos para ampliar em 60% a produ\u00e7\u00e3o da marca Heineken.<br \/>\nA cervejaria vai direcionar parte dos recursos para instalar tecnologias que tornar\u00e3o a unidade de Igarassu mais eficiente em rela\u00e7\u00e3o \u00e0 efici\u00eancia h\u00eddrica, com uma redu\u00e7\u00e3o de aproximadamente 30% do consumo de \u00e1gua utilizada na produ\u00e7\u00e3o, em at\u00e9 tr\u00eas anos, atrav\u00e9s de parcerias com outras empresas instaladas na regi\u00e3o&#8221;.<\/p>\n<p>Fonte: <a href=\"https:\/\/www.bahianoticias.com.br\/noticia\/279867-heineken-vai-investir-rdollar-15-bilhao-em-fabricas-no-nordeste\">https:\/\/www.bahianoticias.com.br\/noticia\/279867-heineken-vai-investir-rdollar-15-bilhao-em-fabricas-no-nordeste<\/a>. Acesso em: 8 maio 2023.<\/p>\n<p><strong>(2) SEGUNDA ETAPA: realiza\u00e7\u00e3o da atividade<\/strong><br \/>\nAgora, com base no exposto e nos conhecimentos adquiridos ao longo da disciplina, chegou a hora de voc\u00ea resolver sua atividade MAPA. Vamos l\u00e1?!<br \/>\n<strong>Situa\u00e7\u00e3o hipot\u00e9tica:<\/strong> suponha que voc\u00ea, diretor(a) financeiro(a) da Heineken, considerando a pol\u00edtica de expans\u00e3o da empresa, est\u00e1 avaliando possibilidades de expans\u00e3o na capacidade produtiva, tamb\u00e9m, das unidades de Cuiab\u00e1-MT e\/ou Manaus-AM. Para isso, projeta-se o aporte financeiro de 1.029 milh\u00f5es de reais em investimentos para atender a essa nova demanda projetada. Sabendo da import\u00e2ncia de tal decis\u00e3o para o futuro das a\u00e7\u00f5es estrat\u00e9gicas da Heineken, voc\u00ea est\u00e1 realizando, junto \u00e0 sua equipe, um minucioso plano de neg\u00f3cios, que contemplar\u00e1 ferramentas de viabilidade de projetos e investimentos, considerando como custo de oportunidade uma taxa de juros de 13,75% a.a., conforme fluxos de caixa demonstrados a seguir em um horizonte de cinco anos.<\/p>\n<table>\n<tbody>\n<tr>\n<td colspan=\"2\" width=\"268\"><strong><u>Cuiab\u00e1 &#8211; MT<\/u><\/strong><\/td>\n<td rowspan=\"8\" width=\"23\">&nbsp;<\/td>\n<td colspan=\"2\" width=\"310\"><strong><u>Manaus &#8211; AM<\/u><\/strong><\/td>\n<\/tr>\n<tr>\n<td width=\"177\"><strong>ANO<\/strong><\/td>\n<td width=\"91\"><strong>VALOR<\/strong><\/td>\n<td width=\"185\"><strong>ANO<\/strong><\/td>\n<td width=\"125\"><strong>VALOR<\/strong><\/td>\n<\/tr>\n<tr>\n<td width=\"177\">Investimento Inicial<\/td>\n<td width=\"91\">1.029<\/td>\n<td width=\"185\">Investimento Inicial<\/td>\n<td width=\"125\">1.029<\/td>\n<\/tr>\n<tr>\n<td width=\"177\">Fluxo de Caixa 2023<\/td>\n<td width=\"91\">345<\/td>\n<td width=\"185\">Fluxo de Caixa 2023<\/td>\n<td width=\"125\">360<\/td>\n<\/tr>\n<tr>\n<td width=\"177\">Fluxo de Caixa 2024<\/td>\n<td width=\"91\">395<\/td>\n<td width=\"185\">Fluxo de Caixa 2024<\/td>\n<td width=\"125\">510<\/td>\n<\/tr>\n<tr>\n<td width=\"177\">Fluxo de Caixa 2025<\/td>\n<td width=\"91\">235<\/td>\n<td width=\"185\">Fluxo de Caixa 2025<\/td>\n<td width=\"125\">285<\/td>\n<\/tr>\n<tr>\n<td width=\"177\">Fluxo de Caixa 2026<\/td>\n<td width=\"91\">310<\/td>\n<td width=\"185\">Fluxo de Caixa 2026<\/td>\n<td width=\"125\">360<\/td>\n<\/tr>\n<tr>\n<td width=\"177\">Fluxo de Caixa 2027<\/td>\n<td width=\"91\">410<\/td>\n<td width=\"185\">Fluxo de Caixa 2027<\/td>\n<td width=\"125\">490<\/td>\n<\/tr>\n<\/tbody>\n<\/table>\n<p>Quadro 1 &#8211; Fluxos de caixa, valores em milh\u00f5es de reais<br \/>\nFonte: o autor.<\/p>\n<p>Agora, com base nessas informa\u00e7\u00f5es, voc\u00ea dever\u00e1 terminar essa an\u00e1lise de investimento, respondendo aos seguintes itens e apresentando a <u>resolu\u00e7\u00e3o dos c\u00e1lculos:<\/u><\/p>\n<p>1. Calcule o Valor Presente L\u00edquido (VPL) e a Taxa Interna de Retorno (TIR) caso todo o investimento seja aplicado em Cuiab\u00e1-MT.<\/p>\n<p>2. Calcule o Valor Presente L\u00edquido (VPL) e a Taxa Interna de Retorno (TIR) caso todo o investimento seja aplicado em Manaus-AM.<\/p>\n<p>3. Calcule o \u00cdndice de Lucratividade (IL) para os projetos das unidades de Cuiab\u00e1-MT e Manaus-AM .<\/p>\n<p>4. Calcule o <em>Payback <\/em>Descontado para as unidades de Cuiab\u00e1-MT e Manaus-AM .<\/p>\n<p>5. Com base nos valores encontrados nos itens 1 e 2, ambos os projetos s\u00e3o economicamente vi\u00e1veis? Justifique a sua resposta (uma a duas linhas).<\/p>\n<p>6. Qual decis\u00e3o a Heineken deveria tomar supondo que a empresa apresenta restri\u00e7\u00e3o de capital ou financiamento limitado (projetos mutuamente excludentes)? Justifique sua resposta (duas a quatro linhas).<\/p>\n<p><strong><u>Seguem crit\u00e9rios do MAPA:<\/u><\/strong><br \/>\nPara maior facilidade na execu\u00e7\u00e3o desta atividade, a seguir, apresentam-se mais detalhes sobre a realiza\u00e7\u00e3o dela:<br \/>\n&#8211; No F\u00f3rum Avisos Gerais, ser\u00e1 disponibilizado um link com um v\u00eddeo tutorial para ajud\u00e1-lo(a) nesse processo de cria\u00e7\u00e3o e desenvolvimento.<br \/>\n&#8211; Realize uma cuidadosa corre\u00e7\u00e3o ortogr\u00e1fica em seu texto e o copie no <em>template<\/em> (formul\u00e1rio padr\u00e3o) dispon\u00edvel na pasta <u>Material da Disciplina<\/u>.<br \/>\n&#8211; Anexe o arquivo na atividade, clicando sobre o bot\u00e3o <u>Selecionar arquivo<\/u>.<br \/>\n&#8211; Ap\u00f3s anexar o trabalho, <u>certifique-se de que se trata do arquivo correto<\/u>, clique no bot\u00e3o <u>Responder<\/u> e, posteriormente, em <u>Finalizar Question\u00e1rio<\/u> \u2014 ap\u00f3s &#8220;Finalizar o Question\u00e1rio&#8221;, n\u00e3o ser\u00e1 poss\u00edvel reenviar a atividade ou realizar qualquer modifica\u00e7\u00e3o no arquivo enviado.<\/p>\n<p>Lembre-se de que evid\u00eancias de c\u00f3pias de materiais, incluindo de outros acad\u00eamicos, sem devidas refer\u00eancias, ser\u00e3o inquestionavelmente desconsideradas e a atividade ser\u00e1 zerada. As cita\u00e7\u00f5es e refer\u00eancias, mesmo que do livro da disciplina, devem ser realizadas conforme normas da Institui\u00e7\u00e3o de Ensino.<\/p>\n<p>Em caso de d\u00favidas, entre em contato com o seu mediador.<\/p>\n<p>Bons estudos!<\/p>\n","protected":false},"excerpt":{"rendered":"<p>MAPA &#8211; GFIN &#8211; AN\u00c1LISE DE INVESTIMENTOS E VIABILIDADE &#8211; 52\/2023 Chegou o momento de explorar, de forma PR\u00c1TICA, os<\/p>\n","protected":false},"featured_media":2326,"template":"","meta":{"_monsterinsights_skip_tracking":false,"_monsterinsights_sitenote_active":false,"_monsterinsights_sitenote_note":"","_monsterinsights_sitenote_category":0},"product_brand":[],"product_cat":[70],"product_tag":[94],"class_list":{"0":"post-2585","1":"product","2":"type-product","3":"status-publish","4":"has-post-thumbnail","6":"product_cat-cst-em-gestao-financeira","7":"product_tag-mapa-52-2023-unicesumar","9":"first","10":"instock","11":"downloadable","12":"virtual","13":"purchasable","14":"product-type-simple"},"yoast_head":"<!-- This site is optimized with the Yoast SEO plugin v27.4 - https:\/\/yoast.com\/product\/yoast-seo-wordpress\/ -->\n<title>MAPA GFIN An\u00e1lise de Investimentos e Viabilidade 52\/2023<\/title>\n<meta name=\"description\" content=\"Unicesumar &#8902; Atividade MAPA GFIN An\u00e1lise de Investimentos e Viabilidade 52\/2023 Investimentos da Heineken em Cuiaba e Manaus VPL, TIR, Payback descontado.\" \/>\n<meta name=\"robots\" content=\"index, follow, max-snippet:-1, max-image-preview:large, max-video-preview:-1\" \/>\n<link rel=\"canonical\" href=\"https:\/\/atividademapa.com\/?product=mapa-gfin-analise-de-investimentos-e-viabilidade-52-2023\" \/>\n<meta property=\"og:locale\" content=\"pt_BR\" \/>\n<meta property=\"og:type\" content=\"article\" \/>\n<meta property=\"og:title\" content=\"MAPA GFIN An\u00e1lise de Investimentos e Viabilidade 52\/2023\" \/>\n<meta property=\"og:description\" content=\"Unicesumar &#8902; Atividade MAPA GFIN An\u00e1lise de Investimentos e Viabilidade 52\/2023 Investimentos da Heineken em Cuiaba e Manaus VPL, TIR, Payback descontado.\" \/>\n<meta property=\"og:url\" content=\"https:\/\/atividademapa.com\/?product=mapa-gfin-analise-de-investimentos-e-viabilidade-52-2023\" \/>\n<meta property=\"og:site_name\" content=\"Atividade Mapa\" \/>\n<meta property=\"article:modified_time\" content=\"2023-06-27T17:11:36+00:00\" \/>\n<meta property=\"og:image\" content=\"https:\/\/i0.wp.com\/atividademapa.com\/wp-content\/uploads\/2023\/03\/Atividade-M.A.P.A-3.png?fit=300%2C300&ssl=1\" \/>\n\t<meta property=\"og:image:width\" content=\"300\" \/>\n\t<meta property=\"og:image:height\" content=\"300\" \/>\n\t<meta property=\"og:image:type\" content=\"image\/png\" \/>\n<meta name=\"twitter:card\" content=\"summary_large_image\" \/>\n<meta name=\"twitter:label1\" content=\"Est. tempo de leitura\" \/>\n\t<meta name=\"twitter:data1\" content=\"4 minutos\" \/>\n<script type=\"application\/ld+json\" class=\"yoast-schema-graph\">{\"@context\":\"https:\\\/\\\/schema.org\",\"@graph\":[{\"@type\":\"WebPage\",\"@id\":\"https:\\\/\\\/atividademapa.com\\\/?product=mapa-gfin-analise-de-investimentos-e-viabilidade-52-2023\",\"url\":\"https:\\\/\\\/atividademapa.com\\\/?product=mapa-gfin-analise-de-investimentos-e-viabilidade-52-2023\",\"name\":\"MAPA GFIN An\u00e1lise de Investimentos e Viabilidade 52\\\/2023\",\"isPartOf\":{\"@id\":\"https:\\\/\\\/atividademapa.com\\\/#website\"},\"primaryImageOfPage\":{\"@id\":\"https:\\\/\\\/atividademapa.com\\\/?product=mapa-gfin-analise-de-investimentos-e-viabilidade-52-2023#primaryimage\"},\"image\":{\"@id\":\"https:\\\/\\\/atividademapa.com\\\/?product=mapa-gfin-analise-de-investimentos-e-viabilidade-52-2023#primaryimage\"},\"thumbnailUrl\":\"https:\\\/\\\/i0.wp.com\\\/atividademapa.com\\\/wp-content\\\/uploads\\\/2023\\\/03\\\/Atividade-M.A.P.A-3.png?fit=300%2C300&ssl=1\",\"datePublished\":\"2023-06-27T17:11:35+00:00\",\"dateModified\":\"2023-06-27T17:11:36+00:00\",\"description\":\"Unicesumar &#8902; Atividade MAPA GFIN An\u00e1lise de Investimentos e Viabilidade 52\\\/2023 Investimentos da Heineken em Cuiaba e Manaus VPL, TIR, Payback descontado.\",\"breadcrumb\":{\"@id\":\"https:\\\/\\\/atividademapa.com\\\/?product=mapa-gfin-analise-de-investimentos-e-viabilidade-52-2023#breadcrumb\"},\"inLanguage\":\"pt-BR\",\"potentialAction\":[{\"@type\":\"ReadAction\",\"target\":[\"https:\\\/\\\/atividademapa.com\\\/?product=mapa-gfin-analise-de-investimentos-e-viabilidade-52-2023\"]}]},{\"@type\":\"ImageObject\",\"inLanguage\":\"pt-BR\",\"@id\":\"https:\\\/\\\/atividademapa.com\\\/?product=mapa-gfin-analise-de-investimentos-e-viabilidade-52-2023#primaryimage\",\"url\":\"https:\\\/\\\/i0.wp.com\\\/atividademapa.com\\\/wp-content\\\/uploads\\\/2023\\\/03\\\/Atividade-M.A.P.A-3.png?fit=300%2C300&ssl=1\",\"contentUrl\":\"https:\\\/\\\/i0.wp.com\\\/atividademapa.com\\\/wp-content\\\/uploads\\\/2023\\\/03\\\/Atividade-M.A.P.A-3.png?fit=300%2C300&ssl=1\",\"width\":300,\"height\":300,\"caption\":\"Mapa Unicesumar Atividade\"},{\"@type\":\"BreadcrumbList\",\"@id\":\"https:\\\/\\\/atividademapa.com\\\/?product=mapa-gfin-analise-de-investimentos-e-viabilidade-52-2023#breadcrumb\",\"itemListElement\":[{\"@type\":\"ListItem\",\"position\":1,\"name\":\"In\u00edcio\",\"item\":\"https:\\\/\\\/atividademapa.com\\\/\"},{\"@type\":\"ListItem\",\"position\":2,\"name\":\"MAPAS\",\"item\":\"https:\\\/\\\/atividademapa.com\\\/?page_id=5\"},{\"@type\":\"ListItem\",\"position\":3,\"name\":\"MAPA GFIN An\u00e1lise de Investimentos e Viabilidade 52\\\/2023\"}]},{\"@type\":\"WebSite\",\"@id\":\"https:\\\/\\\/atividademapa.com\\\/#website\",\"url\":\"https:\\\/\\\/atividademapa.com\\\/\",\"name\":\"Atividade Mapa\",\"description\":\"StudeO | Unicesumar\",\"publisher\":{\"@id\":\"https:\\\/\\\/atividademapa.com\\\/#organization\"},\"potentialAction\":[{\"@type\":\"SearchAction\",\"target\":{\"@type\":\"EntryPoint\",\"urlTemplate\":\"https:\\\/\\\/atividademapa.com\\\/?s={search_term_string}\"},\"query-input\":{\"@type\":\"PropertyValueSpecification\",\"valueRequired\":true,\"valueName\":\"search_term_string\"}}],\"inLanguage\":\"pt-BR\"},{\"@type\":\"Organization\",\"@id\":\"https:\\\/\\\/atividademapa.com\\\/#organization\",\"name\":\"Atividade MAPA\",\"url\":\"https:\\\/\\\/atividademapa.com\\\/\",\"logo\":{\"@type\":\"ImageObject\",\"inLanguage\":\"pt-BR\",\"@id\":\"https:\\\/\\\/atividademapa.com\\\/#\\\/schema\\\/logo\\\/image\\\/\",\"url\":\"https:\\\/\\\/i0.wp.com\\\/atividademapa.com\\\/wp-content\\\/uploads\\\/2023\\\/02\\\/ATIVIDADE.png?fit=600%2C300&ssl=1\",\"contentUrl\":\"https:\\\/\\\/i0.wp.com\\\/atividademapa.com\\\/wp-content\\\/uploads\\\/2023\\\/02\\\/ATIVIDADE.png?fit=600%2C300&ssl=1\",\"width\":600,\"height\":300,\"caption\":\"Atividade MAPA\"},\"image\":{\"@id\":\"https:\\\/\\\/atividademapa.com\\\/#\\\/schema\\\/logo\\\/image\\\/\"}}]}<\/script>\n<!-- \/ Yoast SEO plugin. -->","yoast_head_json":{"title":"MAPA GFIN An\u00e1lise de Investimentos e Viabilidade 52\/2023","description":"Unicesumar &#8902; Atividade MAPA GFIN An\u00e1lise de Investimentos e Viabilidade 52\/2023 Investimentos da Heineken em Cuiaba e Manaus VPL, TIR, Payback descontado.","robots":{"index":"index","follow":"follow","max-snippet":"max-snippet:-1","max-image-preview":"max-image-preview:large","max-video-preview":"max-video-preview:-1"},"canonical":"https:\/\/atividademapa.com\/?product=mapa-gfin-analise-de-investimentos-e-viabilidade-52-2023","og_locale":"pt_BR","og_type":"article","og_title":"MAPA GFIN An\u00e1lise de Investimentos e Viabilidade 52\/2023","og_description":"Unicesumar &#8902; Atividade MAPA GFIN An\u00e1lise de Investimentos e Viabilidade 52\/2023 Investimentos da Heineken em Cuiaba e Manaus VPL, TIR, Payback descontado.","og_url":"https:\/\/atividademapa.com\/?product=mapa-gfin-analise-de-investimentos-e-viabilidade-52-2023","og_site_name":"Atividade Mapa","article_modified_time":"2023-06-27T17:11:36+00:00","og_image":[{"width":300,"height":300,"url":"https:\/\/i0.wp.com\/atividademapa.com\/wp-content\/uploads\/2023\/03\/Atividade-M.A.P.A-3.png?fit=300%2C300&ssl=1","type":"image\/png"}],"twitter_card":"summary_large_image","twitter_misc":{"Est. tempo de leitura":"4 minutos"},"schema":{"@context":"https:\/\/schema.org","@graph":[{"@type":"WebPage","@id":"https:\/\/atividademapa.com\/?product=mapa-gfin-analise-de-investimentos-e-viabilidade-52-2023","url":"https:\/\/atividademapa.com\/?product=mapa-gfin-analise-de-investimentos-e-viabilidade-52-2023","name":"MAPA GFIN An\u00e1lise de Investimentos e Viabilidade 52\/2023","isPartOf":{"@id":"https:\/\/atividademapa.com\/#website"},"primaryImageOfPage":{"@id":"https:\/\/atividademapa.com\/?product=mapa-gfin-analise-de-investimentos-e-viabilidade-52-2023#primaryimage"},"image":{"@id":"https:\/\/atividademapa.com\/?product=mapa-gfin-analise-de-investimentos-e-viabilidade-52-2023#primaryimage"},"thumbnailUrl":"https:\/\/i0.wp.com\/atividademapa.com\/wp-content\/uploads\/2023\/03\/Atividade-M.A.P.A-3.png?fit=300%2C300&ssl=1","datePublished":"2023-06-27T17:11:35+00:00","dateModified":"2023-06-27T17:11:36+00:00","description":"Unicesumar &#8902; Atividade MAPA GFIN An\u00e1lise de Investimentos e Viabilidade 52\/2023 Investimentos da Heineken em Cuiaba e Manaus VPL, TIR, Payback descontado.","breadcrumb":{"@id":"https:\/\/atividademapa.com\/?product=mapa-gfin-analise-de-investimentos-e-viabilidade-52-2023#breadcrumb"},"inLanguage":"pt-BR","potentialAction":[{"@type":"ReadAction","target":["https:\/\/atividademapa.com\/?product=mapa-gfin-analise-de-investimentos-e-viabilidade-52-2023"]}]},{"@type":"ImageObject","inLanguage":"pt-BR","@id":"https:\/\/atividademapa.com\/?product=mapa-gfin-analise-de-investimentos-e-viabilidade-52-2023#primaryimage","url":"https:\/\/i0.wp.com\/atividademapa.com\/wp-content\/uploads\/2023\/03\/Atividade-M.A.P.A-3.png?fit=300%2C300&ssl=1","contentUrl":"https:\/\/i0.wp.com\/atividademapa.com\/wp-content\/uploads\/2023\/03\/Atividade-M.A.P.A-3.png?fit=300%2C300&ssl=1","width":300,"height":300,"caption":"Mapa Unicesumar Atividade"},{"@type":"BreadcrumbList","@id":"https:\/\/atividademapa.com\/?product=mapa-gfin-analise-de-investimentos-e-viabilidade-52-2023#breadcrumb","itemListElement":[{"@type":"ListItem","position":1,"name":"In\u00edcio","item":"https:\/\/atividademapa.com\/"},{"@type":"ListItem","position":2,"name":"MAPAS","item":"https:\/\/atividademapa.com\/?page_id=5"},{"@type":"ListItem","position":3,"name":"MAPA GFIN An\u00e1lise de Investimentos e Viabilidade 52\/2023"}]},{"@type":"WebSite","@id":"https:\/\/atividademapa.com\/#website","url":"https:\/\/atividademapa.com\/","name":"Atividade Mapa","description":"StudeO | Unicesumar","publisher":{"@id":"https:\/\/atividademapa.com\/#organization"},"potentialAction":[{"@type":"SearchAction","target":{"@type":"EntryPoint","urlTemplate":"https:\/\/atividademapa.com\/?s={search_term_string}"},"query-input":{"@type":"PropertyValueSpecification","valueRequired":true,"valueName":"search_term_string"}}],"inLanguage":"pt-BR"},{"@type":"Organization","@id":"https:\/\/atividademapa.com\/#organization","name":"Atividade MAPA","url":"https:\/\/atividademapa.com\/","logo":{"@type":"ImageObject","inLanguage":"pt-BR","@id":"https:\/\/atividademapa.com\/#\/schema\/logo\/image\/","url":"https:\/\/i0.wp.com\/atividademapa.com\/wp-content\/uploads\/2023\/02\/ATIVIDADE.png?fit=600%2C300&ssl=1","contentUrl":"https:\/\/i0.wp.com\/atividademapa.com\/wp-content\/uploads\/2023\/02\/ATIVIDADE.png?fit=600%2C300&ssl=1","width":600,"height":300,"caption":"Atividade MAPA"},"image":{"@id":"https:\/\/atividademapa.com\/#\/schema\/logo\/image\/"}}]}},"_links":{"self":[{"href":"https:\/\/atividademapa.com\/index.php?rest_route=\/wp\/v2\/product\/2585","targetHints":{"allow":["GET"]}}],"collection":[{"href":"https:\/\/atividademapa.com\/index.php?rest_route=\/wp\/v2\/product"}],"about":[{"href":"https:\/\/atividademapa.com\/index.php?rest_route=\/wp\/v2\/types\/product"}],"version-history":[{"count":1,"href":"https:\/\/atividademapa.com\/index.php?rest_route=\/wp\/v2\/product\/2585\/revisions"}],"predecessor-version":[{"id":2587,"href":"https:\/\/atividademapa.com\/index.php?rest_route=\/wp\/v2\/product\/2585\/revisions\/2587"}],"wp:featuredmedia":[{"embeddable":true,"href":"https:\/\/atividademapa.com\/index.php?rest_route=\/wp\/v2\/media\/2326"}],"wp:attachment":[{"href":"https:\/\/atividademapa.com\/index.php?rest_route=%2Fwp%2Fv2%2Fmedia&parent=2585"}],"wp:term":[{"taxonomy":"product_brand","embeddable":true,"href":"https:\/\/atividademapa.com\/index.php?rest_route=%2Fwp%2Fv2%2Fproduct_brand&post=2585"},{"taxonomy":"product_cat","embeddable":true,"href":"https:\/\/atividademapa.com\/index.php?rest_route=%2Fwp%2Fv2%2Fproduct_cat&post=2585"},{"taxonomy":"product_tag","embeddable":true,"href":"https:\/\/atividademapa.com\/index.php?rest_route=%2Fwp%2Fv2%2Fproduct_tag&post=2585"}],"curies":[{"name":"wp","href":"https:\/\/api.w.org\/{rel}","templated":true}]}}