{"id":2690,"date":"2023-07-17T09:38:31","date_gmt":"2023-07-17T12:38:31","guid":{"rendered":"https:\/\/atividademapa.com\/?post_type=product&#038;p=2690"},"modified":"2024-07-16T12:54:17","modified_gmt":"2024-07-16T15:54:17","slug":"mapa-producao-de-conhecimento-cientifico-53-2023","status":"publish","type":"product","link":"https:\/\/atividademapa.com\/?product=mapa-producao-de-conhecimento-cientifico-53-2023","title":{"rendered":"Mapa Produ\u00e7\u00e3o de Conhecimento Cient\u00edfico 53\/2024"},"content":{"rendered":"<h1>Produ\u00e7\u00e3o de Conhecimento Cient\u00edfico, Tecnol\u00f3gico e Disrup\u00e7\u00e3o 53\/2024<\/h1>\n<p>Ol\u00e1, estudante!<br \/>\nPara realiza\u00e7\u00e3o da atividade MAPA da disciplina Produ\u00e7\u00e3o de Conhecimento Cient\u00edfico, Tecnol\u00f3gico e Disruptivo, proponho considerar a aprendizagem e discuss\u00f5es realizadas ao longo dos conte\u00fados. Nesta atividade voc\u00ea ter\u00e1 o desafio de elaborar um Projeto de Pesquisa relacionado com a sua \u00e1rea de atua\u00e7\u00e3o. Para isso, voc\u00ea dever\u00e1: ler atentamente o contexto inicial, pensar em um tema e em um problema de pesquisa na sua \u00e1rea e, por fim, realizar e enviar a atividade solicitada<\/p>\n<p><strong>Leitura do contexto:<\/strong><br \/>\nConversamos em nossos encontros sobre a import\u00e2ncia da pesquisa cient\u00edfica para o desenvolvimento pessoal e profissional dos acad\u00eamicos, pois ela favorece uma postura curiosa, criativa, cr\u00edtica e investigativa. \u00c9 preciso lembrar que o processo de elabora\u00e7\u00e3o da problematiza\u00e7\u00e3o da pesquisa n\u00e3o nasce de repente, \u00e9 preciso\u00a0imers\u00e3o do pesquisador no tema escolhido. Esse processo \u00e9 cient\u00edfico, exige organiza\u00e7\u00e3o e disciplina para materializar as ideias e assim definir o problema de pesquisa, at\u00e9 a defini\u00e7\u00e3o das estrat\u00e9gias a serem adotadas.<br \/>\nA pesquisa cient\u00edfica \u00e9 um processo que come\u00e7a com a escolha de um tema, seguida pela formula\u00e7\u00e3o de um problema, com base no racioc\u00ednio cient\u00edfico e na compreens\u00e3o do estado da arte sobre esse problema. Este conhecimento inicial surge a partir do estudo e verifica\u00e7\u00e3o de pesquisas j\u00e1 existentes relacionadas ao mesmo tema.<br \/>\nO tema \u00e9 uma escolha muito pessoal, pois \u00e9 sobre este que o pesquisador vai se debru\u00e7ar, fazendo leituras, se aprofundando, escrevendo, discutindo e apresentando seus trabalhos. A problematiza\u00e7\u00e3o \u00e9 expressa em forma de uma pergunta, que se torna o problema central de pesquisa e que busca responder algo que se relaciona intimamente com o tema escolhido.<\/p>\n<p><strong>Atividade:<\/strong><br \/>\nAp\u00f3s ler os conte\u00fados dispon\u00edveis na \u00faltima unidade do livro\u00a0e refletir sobre a pesquisa em sua \u00e1rea, vamos colocar as m\u00e3os na massa: agora que voc\u00ea j\u00e1 se inteirou sobre o assunto, pense em um tema e um problema de pesquisa dentro de sua \u00e1rea.<\/p>\n<p>a) Escreva, em dois par\u00e1grafos (m\u00ednimo de 10 linhas), o contexto deste tema escolhido, explicando como este tema se encontra contemporaneamente.<br \/>\nb) Ap\u00f3s isso, dentro deste contexto que voc\u00ea escreveu, apresente uma pergunta de pesquisa, ou seja, um problema de pesquisa.<br \/>\nc) Explique a import\u00e2ncia de seu problema de pesquisa para o contexto que voc\u00ea apresentou.<\/p>\n<p><span style=\"color: #ffffff;\"><a style=\"color: #ffffff;\" href=\"http:\/\/eadcolaborar.com\/\">Projeto de extens\u00e3o<\/a><\/span><\/p>\n","protected":false},"excerpt":{"rendered":"<p><span style=\"color: #ff0000;\"><strong>RECEBA 2 MODELOS\u00a0 DE MAPAS RESOLVIDOS!<\/strong><\/span><\/p>\n<p>Atividade Resolvida | MAPA Produ\u00e7\u00e3o de Conhecimento Cient\u00edfico, Tecnol\u00f3gico e Disrup\u00e7\u00e3o 53\/2024<\/p>\n","protected":false},"featured_media":2326,"template":"","meta":{"_monsterinsights_skip_tracking":false,"_monsterinsights_sitenote_active":false,"_monsterinsights_sitenote_note":"","_monsterinsights_sitenote_category":0},"product_brand":[],"product_cat":[22,58,37,32,59],"product_tag":[],"class_list":{"0":"post-2690","1":"product","2":"type-product","3":"status-publish","4":"has-post-thumbnail","6":"product_cat-administracao","7":"product_cat-biomedicina","8":"product_cat-gestao-da-producao-industrial","9":"product_cat-logistica","10":"product_cat-recursos-humanos","12":"first","13":"instock","14":"sale","15":"featured","16":"downloadable","17":"virtual","18":"purchasable","19":"product-type-simple"},"yoast_head":"<!-- This site is optimized with the Yoast SEO plugin v27.4 - https:\/\/yoast.com\/product\/yoast-seo-wordpress\/ -->\n<title>Mapa Produ\u00e7\u00e3o de Conhecimento Cient\u00edfico 53\/2024<\/title>\n<meta name=\"description\" content=\"Unicesumar &#8902; Atividade MAPA Produ\u00e7\u00e3o de Conhecimento Cient\u00edfico, Tecnol\u00f3gico e Disrup\u00e7\u00e3o\u00a0| M\u00f3dulo 53\/2024, Tema, Pergunta da Pesquisa e Import\u00e2ncia\" \/>\n<meta name=\"robots\" content=\"index, follow, max-snippet:-1, max-image-preview:large, max-video-preview:-1\" \/>\n<link rel=\"canonical\" href=\"https:\/\/atividademapa.com\/?product=mapa-producao-de-conhecimento-cientifico-53-2023\" \/>\n<meta property=\"og:locale\" content=\"pt_BR\" \/>\n<meta property=\"og:type\" content=\"article\" \/>\n<meta property=\"og:title\" content=\"Mapa Produ\u00e7\u00e3o de Conhecimento Cient\u00edfico 53\/2024\" \/>\n<meta property=\"og:description\" content=\"Unicesumar &#8902; Atividade MAPA Produ\u00e7\u00e3o de Conhecimento Cient\u00edfico, Tecnol\u00f3gico e Disrup\u00e7\u00e3o\u00a0| M\u00f3dulo 53\/2024, Tema, Pergunta da Pesquisa e Import\u00e2ncia\" \/>\n<meta property=\"og:url\" content=\"https:\/\/atividademapa.com\/?product=mapa-producao-de-conhecimento-cientifico-53-2023\" \/>\n<meta property=\"og:site_name\" content=\"Atividade Mapa\" \/>\n<meta property=\"article:modified_time\" content=\"2024-07-16T15:54:17+00:00\" \/>\n<meta property=\"og:image\" content=\"https:\/\/i0.wp.com\/atividademapa.com\/wp-content\/uploads\/2023\/03\/Atividade-M.A.P.A-3.png?fit=300%2C300&ssl=1\" \/>\n\t<meta property=\"og:image:width\" content=\"300\" \/>\n\t<meta property=\"og:image:height\" content=\"300\" \/>\n\t<meta property=\"og:image:type\" content=\"image\/png\" \/>\n<meta name=\"twitter:card\" content=\"summary_large_image\" \/>\n<meta name=\"twitter:label1\" content=\"Est. tempo de leitura\" \/>\n\t<meta name=\"twitter:data1\" content=\"2 minutos\" \/>\n<script type=\"application\/ld+json\" class=\"yoast-schema-graph\">{\"@context\":\"https:\\\/\\\/schema.org\",\"@graph\":[{\"@type\":\"WebPage\",\"@id\":\"https:\\\/\\\/atividademapa.com\\\/?product=mapa-producao-de-conhecimento-cientifico-53-2023\",\"url\":\"https:\\\/\\\/atividademapa.com\\\/?product=mapa-producao-de-conhecimento-cientifico-53-2023\",\"name\":\"Mapa Produ\u00e7\u00e3o de Conhecimento Cient\u00edfico 53\\\/2024\",\"isPartOf\":{\"@id\":\"https:\\\/\\\/atividademapa.com\\\/#website\"},\"primaryImageOfPage\":{\"@id\":\"https:\\\/\\\/atividademapa.com\\\/?product=mapa-producao-de-conhecimento-cientifico-53-2023#primaryimage\"},\"image\":{\"@id\":\"https:\\\/\\\/atividademapa.com\\\/?product=mapa-producao-de-conhecimento-cientifico-53-2023#primaryimage\"},\"thumbnailUrl\":\"https:\\\/\\\/i0.wp.com\\\/atividademapa.com\\\/wp-content\\\/uploads\\\/2023\\\/03\\\/Atividade-M.A.P.A-3.png?fit=300%2C300&ssl=1\",\"datePublished\":\"2023-07-17T12:38:31+00:00\",\"dateModified\":\"2024-07-16T15:54:17+00:00\",\"description\":\"Unicesumar &#8902; Atividade MAPA Produ\u00e7\u00e3o de Conhecimento Cient\u00edfico, Tecnol\u00f3gico e Disrup\u00e7\u00e3o\u00a0| M\u00f3dulo 53\\\/2024, Tema, Pergunta da Pesquisa e Import\u00e2ncia\",\"breadcrumb\":{\"@id\":\"https:\\\/\\\/atividademapa.com\\\/?product=mapa-producao-de-conhecimento-cientifico-53-2023#breadcrumb\"},\"inLanguage\":\"pt-BR\",\"potentialAction\":[{\"@type\":\"ReadAction\",\"target\":[\"https:\\\/\\\/atividademapa.com\\\/?product=mapa-producao-de-conhecimento-cientifico-53-2023\"]}]},{\"@type\":\"ImageObject\",\"inLanguage\":\"pt-BR\",\"@id\":\"https:\\\/\\\/atividademapa.com\\\/?product=mapa-producao-de-conhecimento-cientifico-53-2023#primaryimage\",\"url\":\"https:\\\/\\\/i0.wp.com\\\/atividademapa.com\\\/wp-content\\\/uploads\\\/2023\\\/03\\\/Atividade-M.A.P.A-3.png?fit=300%2C300&ssl=1\",\"contentUrl\":\"https:\\\/\\\/i0.wp.com\\\/atividademapa.com\\\/wp-content\\\/uploads\\\/2023\\\/03\\\/Atividade-M.A.P.A-3.png?fit=300%2C300&ssl=1\",\"width\":300,\"height\":300,\"caption\":\"Mapa Unicesumar Atividade\"},{\"@type\":\"BreadcrumbList\",\"@id\":\"https:\\\/\\\/atividademapa.com\\\/?product=mapa-producao-de-conhecimento-cientifico-53-2023#breadcrumb\",\"itemListElement\":[{\"@type\":\"ListItem\",\"position\":1,\"name\":\"In\u00edcio\",\"item\":\"https:\\\/\\\/atividademapa.com\\\/\"},{\"@type\":\"ListItem\",\"position\":2,\"name\":\"MAPAS\",\"item\":\"https:\\\/\\\/atividademapa.com\\\/?page_id=5\"},{\"@type\":\"ListItem\",\"position\":3,\"name\":\"Mapa Produ\u00e7\u00e3o de Conhecimento Cient\u00edfico 53\\\/2024\"}]},{\"@type\":\"WebSite\",\"@id\":\"https:\\\/\\\/atividademapa.com\\\/#website\",\"url\":\"https:\\\/\\\/atividademapa.com\\\/\",\"name\":\"Atividade Mapa\",\"description\":\"StudeO | Unicesumar\",\"publisher\":{\"@id\":\"https:\\\/\\\/atividademapa.com\\\/#organization\"},\"potentialAction\":[{\"@type\":\"SearchAction\",\"target\":{\"@type\":\"EntryPoint\",\"urlTemplate\":\"https:\\\/\\\/atividademapa.com\\\/?s={search_term_string}\"},\"query-input\":{\"@type\":\"PropertyValueSpecification\",\"valueRequired\":true,\"valueName\":\"search_term_string\"}}],\"inLanguage\":\"pt-BR\"},{\"@type\":\"Organization\",\"@id\":\"https:\\\/\\\/atividademapa.com\\\/#organization\",\"name\":\"Atividade MAPA\",\"url\":\"https:\\\/\\\/atividademapa.com\\\/\",\"logo\":{\"@type\":\"ImageObject\",\"inLanguage\":\"pt-BR\",\"@id\":\"https:\\\/\\\/atividademapa.com\\\/#\\\/schema\\\/logo\\\/image\\\/\",\"url\":\"https:\\\/\\\/i0.wp.com\\\/atividademapa.com\\\/wp-content\\\/uploads\\\/2023\\\/02\\\/ATIVIDADE.png?fit=600%2C300&ssl=1\",\"contentUrl\":\"https:\\\/\\\/i0.wp.com\\\/atividademapa.com\\\/wp-content\\\/uploads\\\/2023\\\/02\\\/ATIVIDADE.png?fit=600%2C300&ssl=1\",\"width\":600,\"height\":300,\"caption\":\"Atividade MAPA\"},\"image\":{\"@id\":\"https:\\\/\\\/atividademapa.com\\\/#\\\/schema\\\/logo\\\/image\\\/\"}}]}<\/script>\n<!-- \/ Yoast SEO plugin. -->","yoast_head_json":{"title":"Mapa Produ\u00e7\u00e3o de Conhecimento Cient\u00edfico 53\/2024","description":"Unicesumar &#8902; Atividade MAPA Produ\u00e7\u00e3o de Conhecimento Cient\u00edfico, Tecnol\u00f3gico e Disrup\u00e7\u00e3o\u00a0| M\u00f3dulo 53\/2024, Tema, Pergunta da Pesquisa e Import\u00e2ncia","robots":{"index":"index","follow":"follow","max-snippet":"max-snippet:-1","max-image-preview":"max-image-preview:large","max-video-preview":"max-video-preview:-1"},"canonical":"https:\/\/atividademapa.com\/?product=mapa-producao-de-conhecimento-cientifico-53-2023","og_locale":"pt_BR","og_type":"article","og_title":"Mapa Produ\u00e7\u00e3o de Conhecimento Cient\u00edfico 53\/2024","og_description":"Unicesumar &#8902; Atividade MAPA Produ\u00e7\u00e3o de Conhecimento Cient\u00edfico, Tecnol\u00f3gico e Disrup\u00e7\u00e3o\u00a0| M\u00f3dulo 53\/2024, Tema, Pergunta da Pesquisa e Import\u00e2ncia","og_url":"https:\/\/atividademapa.com\/?product=mapa-producao-de-conhecimento-cientifico-53-2023","og_site_name":"Atividade Mapa","article_modified_time":"2024-07-16T15:54:17+00:00","og_image":[{"width":300,"height":300,"url":"https:\/\/i0.wp.com\/atividademapa.com\/wp-content\/uploads\/2023\/03\/Atividade-M.A.P.A-3.png?fit=300%2C300&ssl=1","type":"image\/png"}],"twitter_card":"summary_large_image","twitter_misc":{"Est. tempo de leitura":"2 minutos"},"schema":{"@context":"https:\/\/schema.org","@graph":[{"@type":"WebPage","@id":"https:\/\/atividademapa.com\/?product=mapa-producao-de-conhecimento-cientifico-53-2023","url":"https:\/\/atividademapa.com\/?product=mapa-producao-de-conhecimento-cientifico-53-2023","name":"Mapa Produ\u00e7\u00e3o de Conhecimento Cient\u00edfico 53\/2024","isPartOf":{"@id":"https:\/\/atividademapa.com\/#website"},"primaryImageOfPage":{"@id":"https:\/\/atividademapa.com\/?product=mapa-producao-de-conhecimento-cientifico-53-2023#primaryimage"},"image":{"@id":"https:\/\/atividademapa.com\/?product=mapa-producao-de-conhecimento-cientifico-53-2023#primaryimage"},"thumbnailUrl":"https:\/\/i0.wp.com\/atividademapa.com\/wp-content\/uploads\/2023\/03\/Atividade-M.A.P.A-3.png?fit=300%2C300&ssl=1","datePublished":"2023-07-17T12:38:31+00:00","dateModified":"2024-07-16T15:54:17+00:00","description":"Unicesumar &#8902; Atividade MAPA Produ\u00e7\u00e3o de Conhecimento Cient\u00edfico, Tecnol\u00f3gico e Disrup\u00e7\u00e3o\u00a0| M\u00f3dulo 53\/2024, Tema, Pergunta da Pesquisa e Import\u00e2ncia","breadcrumb":{"@id":"https:\/\/atividademapa.com\/?product=mapa-producao-de-conhecimento-cientifico-53-2023#breadcrumb"},"inLanguage":"pt-BR","potentialAction":[{"@type":"ReadAction","target":["https:\/\/atividademapa.com\/?product=mapa-producao-de-conhecimento-cientifico-53-2023"]}]},{"@type":"ImageObject","inLanguage":"pt-BR","@id":"https:\/\/atividademapa.com\/?product=mapa-producao-de-conhecimento-cientifico-53-2023#primaryimage","url":"https:\/\/i0.wp.com\/atividademapa.com\/wp-content\/uploads\/2023\/03\/Atividade-M.A.P.A-3.png?fit=300%2C300&ssl=1","contentUrl":"https:\/\/i0.wp.com\/atividademapa.com\/wp-content\/uploads\/2023\/03\/Atividade-M.A.P.A-3.png?fit=300%2C300&ssl=1","width":300,"height":300,"caption":"Mapa Unicesumar Atividade"},{"@type":"BreadcrumbList","@id":"https:\/\/atividademapa.com\/?product=mapa-producao-de-conhecimento-cientifico-53-2023#breadcrumb","itemListElement":[{"@type":"ListItem","position":1,"name":"In\u00edcio","item":"https:\/\/atividademapa.com\/"},{"@type":"ListItem","position":2,"name":"MAPAS","item":"https:\/\/atividademapa.com\/?page_id=5"},{"@type":"ListItem","position":3,"name":"Mapa Produ\u00e7\u00e3o de Conhecimento Cient\u00edfico 53\/2024"}]},{"@type":"WebSite","@id":"https:\/\/atividademapa.com\/#website","url":"https:\/\/atividademapa.com\/","name":"Atividade Mapa","description":"StudeO | Unicesumar","publisher":{"@id":"https:\/\/atividademapa.com\/#organization"},"potentialAction":[{"@type":"SearchAction","target":{"@type":"EntryPoint","urlTemplate":"https:\/\/atividademapa.com\/?s={search_term_string}"},"query-input":{"@type":"PropertyValueSpecification","valueRequired":true,"valueName":"search_term_string"}}],"inLanguage":"pt-BR"},{"@type":"Organization","@id":"https:\/\/atividademapa.com\/#organization","name":"Atividade MAPA","url":"https:\/\/atividademapa.com\/","logo":{"@type":"ImageObject","inLanguage":"pt-BR","@id":"https:\/\/atividademapa.com\/#\/schema\/logo\/image\/","url":"https:\/\/i0.wp.com\/atividademapa.com\/wp-content\/uploads\/2023\/02\/ATIVIDADE.png?fit=600%2C300&ssl=1","contentUrl":"https:\/\/i0.wp.com\/atividademapa.com\/wp-content\/uploads\/2023\/02\/ATIVIDADE.png?fit=600%2C300&ssl=1","width":600,"height":300,"caption":"Atividade MAPA"},"image":{"@id":"https:\/\/atividademapa.com\/#\/schema\/logo\/image\/"}}]}},"_links":{"self":[{"href":"https:\/\/atividademapa.com\/index.php?rest_route=\/wp\/v2\/product\/2690","targetHints":{"allow":["GET"]}}],"collection":[{"href":"https:\/\/atividademapa.com\/index.php?rest_route=\/wp\/v2\/product"}],"about":[{"href":"https:\/\/atividademapa.com\/index.php?rest_route=\/wp\/v2\/types\/product"}],"version-history":[{"count":8,"href":"https:\/\/atividademapa.com\/index.php?rest_route=\/wp\/v2\/product\/2690\/revisions"}],"predecessor-version":[{"id":4415,"href":"https:\/\/atividademapa.com\/index.php?rest_route=\/wp\/v2\/product\/2690\/revisions\/4415"}],"wp:featuredmedia":[{"embeddable":true,"href":"https:\/\/atividademapa.com\/index.php?rest_route=\/wp\/v2\/media\/2326"}],"wp:attachment":[{"href":"https:\/\/atividademapa.com\/index.php?rest_route=%2Fwp%2Fv2%2Fmedia&parent=2690"}],"wp:term":[{"taxonomy":"product_brand","embeddable":true,"href":"https:\/\/atividademapa.com\/index.php?rest_route=%2Fwp%2Fv2%2Fproduct_brand&post=2690"},{"taxonomy":"product_cat","embeddable":true,"href":"https:\/\/atividademapa.com\/index.php?rest_route=%2Fwp%2Fv2%2Fproduct_cat&post=2690"},{"taxonomy":"product_tag","embeddable":true,"href":"https:\/\/atividademapa.com\/index.php?rest_route=%2Fwp%2Fv2%2Fproduct_tag&post=2690"}],"curies":[{"name":"wp","href":"https:\/\/api.w.org\/{rel}","templated":true}]}}