{"id":2910,"date":"2023-09-10T10:30:21","date_gmt":"2023-09-10T13:30:21","guid":{"rendered":"https:\/\/atividademapa.com\/?post_type=product&#038;p=2910"},"modified":"2023-11-02T14:12:06","modified_gmt":"2023-11-02T17:12:06","slug":"mapa-fisiologia-humana-54-2023","status":"publish","type":"product","link":"https:\/\/atividademapa.com\/?product=mapa-fisiologia-humana-54-2023","title":{"rendered":"MAPA Fisiologia Humana 54\/2023"},"content":{"rendered":"<p>MAPA Fisiologia Humana M\u00f3dulo 54\/2023<\/p>\n<p>CARO(A) ESTUDANTE!<\/p>\n<p>Seja bem-vindo(a) \u00e0 atividade de MAPA (Material de Avalia\u00e7\u00e3o Pr\u00e1tica de Aprendizagem) da disciplina de Fisiologia Humana.<\/p>\n<p>Instru\u00e7\u00f5es iniciais:<br \/>\nUtilize o modelo de MAPA padr\u00e3o para realizar esta atividade. Ele se encontra em &#8220;Material da Disciplina&#8221;. Siga todas as instru\u00e7\u00f5es constantes nesse modelo. Assista ao v\u00eddeo com as instru\u00e7\u00f5es para a realiza\u00e7\u00e3o do MAPA, que estar\u00e1 na &#8220;Sala do Caf\u00e9&#8221;.<\/p>\n<p>CONTEXTUALIZA\u00c7\u00c3O<br \/>\nDurante um est\u00e1gio supervisionado obrigat\u00f3rio do curso de gradua\u00e7\u00e3o, voc\u00ea e seus colegas foram direcionados para diferentes alas de um hospital. Voc\u00ea est\u00e1 no grupo que ficou respons\u00e1vel por observa\u00e7\u00f5es no setor de cardiologia. Os respons\u00e1veis pela supervis\u00e3o do est\u00e1gio submeteram voc\u00eas a tr\u00eas diferentes casos, que est\u00e3o descritos a seguir:<\/p>\n<p>CASO 1: entendendo a press\u00e3o arterial<br \/>\nUm paciente do sexo masculino de 62 anos, ao passar pela triagem no hospital, apresentou press\u00e3o arterial de 150 mmhg \/ 100 mmHg. Al\u00e9m disso, relatou sentir palpita\u00e7\u00f5es e vis\u00e3o emba\u00e7ada, e que esses sintomas s\u00e3o comuns, e costumam aparecer quase diariamente. Outro ponto relatado pelo paciente \u00e9 que ele possui aparelho de press\u00e3o arterial, e que sua press\u00e3o \u00e9 constante em 140 mmHg\/ 90 mmHg.<\/p>\n<p>CASO 2: aterosclerose e risco cardiovascular<br \/>\nUm paciente em processo de infarto com hist\u00f3rico de aterosclerose est\u00e1 internado para uma interven\u00e7\u00e3o cir\u00fargica. O tipo de interven\u00e7\u00e3o, coloca\u00e7\u00e3o de Stent ou ponte de safena, ser\u00e1 discutido pela equipe de cardiologistas de acordo com o que for melhor para o paciente e para a situa\u00e7\u00e3o.<br \/>\nPara entender como ocorre o processo de aterosclerose e como esse pode causar o infarto do mioc\u00e1rdio, o seu supervisor disponibilizou um artigo com o t\u00edtulo \u201cAlimenta\u00e7\u00e3o e aterosclerose: um artigo informativo\u201d e um v\u00eddeo \u201cAtaque card\u00edaco devido \u00e0 aterosclerose\u201d, dispon\u00edveis nos links a seguir:<br \/>\nLink do artigo: https:\/\/www.rbone.com.br\/index.php\/rbone\/article\/view\/633\/501<br \/>\nLink do v\u00eddeo: https:\/\/www.youtube.com\/watch?v=5qG-K546AJM&amp;t=11s&amp;ab_channel=NucleusMedicalMedia<br \/>\nCASO 3: regula\u00e7\u00e3o do ritmo card\u00edaco<br \/>\nUm paciente com arritmia card\u00edaca (arritmia sinusal) irresponsiva a tratamento farmacol\u00f3gico deu entrada no pronto-socorro. O seu eletrocardiograma (ECG) est\u00e1 apresentado a seguir:<\/p>\n<p><img data-recalc-dims=\"1\" loading=\"lazy\" decoding=\"async\" class=\"alignnone wp-image-3093\" src=\"https:\/\/i0.wp.com\/atividademapa.com\/wp-content\/uploads\/2023\/09\/Eletro1.jpg?resize=503%2C124&#038;ssl=1\" alt=\"Fisiologia Humana\" width=\"503\" height=\"124\" srcset=\"https:\/\/i0.wp.com\/atividademapa.com\/wp-content\/uploads\/2023\/09\/Eletro1.jpg?resize=300%2C74&amp;ssl=1 300w, https:\/\/i0.wp.com\/atividademapa.com\/wp-content\/uploads\/2023\/09\/Eletro1.jpg?resize=150%2C37&amp;ssl=1 150w, https:\/\/i0.wp.com\/atividademapa.com\/wp-content\/uploads\/2023\/09\/Eletro1.jpg?w=567&amp;ssl=1 567w\" sizes=\"auto, (max-width: 503px) 100vw, 503px\" \/><\/p>\n<p>Fonte: https:\/\/www.msdmanuals.com\/pt\/casa\/dist%C3%BArbios-do-cora%C3%A7%C3%A3o-e-dos-vasos-sangu%C3%ADneos\/arritmias-card%C3%ADacas\/considera%C3%A7%C3%B5es-gerais-sobre-arritmias-card%C3%ADacas. Acesso em: 21 set. 2023<a href=\"https:\/\/lavoisier.com.br\/saude\/blog\/eletrocardiograma#:~:text=O%20Eletrocardiograma%20tamb%C3%A9m%20%C3%A9%20chamado,n%C3%BAmero%20de%20batimentos%20por%20minuto.\">.<\/a><\/p>\n<p>A fim de compreender o batimento card\u00edaco normal e interpretar o eletrocardiograma do paciente, o supervisor de est\u00e1gio lhes entregou a seguinte figura:<\/p>\n<p><a href=\"https:\/\/atividademapa.com\"><img data-recalc-dims=\"1\" loading=\"lazy\" decoding=\"async\" class=\"alignnone wp-image-3094\" src=\"https:\/\/i0.wp.com\/atividademapa.com\/wp-content\/uploads\/2023\/09\/eletro2.png?resize=508%2C361&#038;ssl=1\" alt=\"MAPA Fisiologia Humana M\u00f3dulo 54\/2023\" width=\"508\" height=\"361\" srcset=\"https:\/\/i0.wp.com\/atividademapa.com\/wp-content\/uploads\/2023\/09\/eletro2.png?resize=300%2C213&amp;ssl=1 300w, https:\/\/i0.wp.com\/atividademapa.com\/wp-content\/uploads\/2023\/09\/eletro2.png?resize=150%2C106&amp;ssl=1 150w, https:\/\/i0.wp.com\/atividademapa.com\/wp-content\/uploads\/2023\/09\/eletro2.png?w=563&amp;ssl=1 563w\" sizes=\"auto, (max-width: 508px) 100vw, 508px\" \/><\/a><br \/>\nAl\u00e9m da figura, o supervisor enviou um link explicativo para retomada da interpreta\u00e7\u00e3o do eletrocardiograma. O link para assistir ao v\u00eddeo est\u00e1 a seguir:<br \/>\nLink: https:\/\/www.youtube.com\/watch?v=PIyfkR7RNa4&amp;ab_channel=AlilaMedicalMediaemPortugu%C3%AAs<\/p>\n<p>Seu supervisor disse que, em caso de arritmias, pode-se utilizar tratamentos n\u00e3o farmacol\u00f3gicos. Logo ap\u00f3s essa fala, ele disponibilizou o artigo \u201cOrienta\u00e7\u00f5es a respeito das interfer\u00eancias sobre marcapassos card\u00edacos\u201d.<\/p>\n<p>DESENVOLVENDO A ATIVIDADE:<\/p>\n<p>CASO 1:<br \/>\n1- Quais s\u00e3o os valores normais para press\u00e3o arterial para homens e mulheres?<br \/>\n2- Dos valores de press\u00e3o arterial apresentados pelo paciente, qual \u00e9 a S\u00cdSTOLE e qual \u00e9 a DI\u00c1STOLE? EXPLIQUE o que \u00e9 cada um destes termos.<br \/>\n3- Levando em considera\u00e7\u00e3o suas respostas anteriores, qual o pr\u00e9-diagn\u00f3stico com rela\u00e7\u00e3o ao paciente: hipertens\u00e3o, hipotens\u00e3o ou press\u00e3o arterial normal? JUSTIFIQUE sua resposta.<\/p>\n<p>CASO 2:<br \/>\n4- Sobre o paciente do caso 2, EXPLIQUE quais os mecanismos fisiol\u00f3gicos da aterosclerose. N\u00e3o esque\u00e7a de mencionar a forma\u00e7\u00e3o de ateromas (placas).<br \/>\n5- De acordo com o mal que acomete o paciente, EXPLIQUE de forma resumida e objetiva como a aterosclerose contribui para ocorrer o infarto.<\/p>\n<p>OBS.: para auxiliar na resposta do questionamentos, o seu supervisor disponibilizou o seguinte artigo: \u201cAlimenta\u00e7\u00e3o e aterosclerose: um artigo informativo\u201d.<br \/>\nAl\u00e9m do artigo, foi disponibilizado o v\u00eddeo com t\u00edtulo \u201cAtaque card\u00edaco devido \u00e0 aterosclerose\u201d, dispon\u00edve\u00eds nos links:<\/p>\n<p>Link do artigo: http:\/\/www.rbone.com.br\/index.php\/rbone\/article\/view\/633\/501<br \/>\nLink do v\u00eddeo: https:\/\/www.youtube.com\/watch?v=5qG-K546AJM&amp;t=11s&amp;ab_channel=NucleusMedicalMedia<\/p>\n<p>CASO 3<br \/>\n6- Sabendo que o caso do paciente 3 est\u00e1 sendo causado por uma condu\u00e7\u00e3o el\u00e9trica anormal no cora\u00e7\u00e3o, descreva a fisiologia do sistema de condu\u00e7\u00e3o el\u00e9trica normal do cora\u00e7\u00e3o.<br \/>\n7- Como o paciente n\u00e3o tem resposta ao tratamento farmacol\u00f3gico, os m\u00e9dicos decidem que ser\u00e1 necess\u00e1rio um tratamento n\u00e3o farmacol\u00f3gico com estimula\u00e7\u00e3o card\u00edaca artificial. Sabendo disso, qual ser\u00e1 o tratamento n\u00e3o farmacol\u00f3gico adotado pelos m\u00e9dicos e, de forma objetiva e reduzida, como ele atua?<br \/>\nOBS.: para responder a esse questionamento, utilize o material disponibilizado pelo supervisor, que foi o artigo com o t\u00edtulo \u201cOrienta\u00e7\u00f5es a respeito das interfer\u00eancias sobre marcapassos card\u00edacos\u201d.<br \/>\nLink do artigo: http:\/\/publicacoes.cardiol.br\/abc\/1997\/6802\/68020013.pdf<\/p>\n<p>OBS.: todos os artigos est\u00e3o dispon\u00edveis junto \u00e0 atividade MAPA e dispon\u00edveis na sala do caf\u00e9. Al\u00e9m dos artigos, utilize seu livro de Fisiologia Humana. Voc\u00ea tamb\u00e9m pode complementar seus estudos com os v\u00eddeos disponibilizados nos links e outros livros de fisiologia humana, ou, ainda, artigos cient\u00edficos.<\/p>\n<p>BOM TRABALHO!!!<\/p>\n<p>ORIENTA\u00c7\u00d5ES FINAIS<\/p>\n<p>Sobre o arquivo a ser enviado:<br \/>\nO arquivo deve ser enviado \u00fanica e exclusivamente pelo seu Studeo, no campo &#8220;M.A.P.A.&#8221; desta disciplina. Toda e qualquer outra forma de entrega deste Modelo de Resposta MAPA n\u00e3o \u00e9 considerada. Apenas o formato de PDF ser\u00e1 aceito.<br \/>\nSOMENTE UM ARQUIVO PODE SER ANEXADO NO STUDEO.<br \/>\nA qualidade do trabalho ser\u00e1 considerada na hora da avalia\u00e7\u00e3o, ent\u00e3o fa\u00e7a tudo com cuidado, responda \u00e0 demanda adequadamente e mostre sempre o seu racioc\u00ednio de modo claro e direto.<br \/>\nProblemas frequentes a evitar:<br \/>\n\u2192 Coloque um nome simples no seu arquivo. Se o nome tiver caracteres estranhos (principalmente pontos) ou for muito grande, a equipe de corre\u00e7\u00e3o pode n\u00e3o conseguir<br \/>\nabrir o seu trabalho, e ele pode ser zerado.<br \/>\n\u2192 Se voc\u00ea usa OPEN OFFICE ou MAC, transforme o arquivo em .pdf para evitar incompatibilidades.<br \/>\n\u2192 Verifique se voc\u00ea est\u00e1 enviando o arquivo correto! Identifique o arquivo com o seu primeiro e \u00faltimo nome e a disciplina, para evitar que voc\u00ea troque o arquivo na hora de anexar. Exemplo: MAPA_FISIOLOGIAHUMANA_CarlosAraujo.pdf.<br \/>\nComo enviar o seu arquivo: MAPA Fisiologia Humana M\u00f3dulo 54\/2023<br \/>\n\u2192 Ao final do enunciado desta atividade, no Studeo, tem uma caixa de envio de arquivo. Basta clicar e selecionar sua atividade, ou arrastar o arquivo at\u00e9 ela.<br \/>\n\u2192Ap\u00f3s anexar o arquivo, certificar-se de que se trata do arquivo correto, clique no bot\u00e3o Responder e, posteriormente, em Finalizar Question\u00e1rio (ap\u00f3s &#8220;Finalizar o Question\u00e1rio&#8221;, n\u00e3o ser\u00e1 poss\u00edvel reenviar a atividade ou realizar qualquer modifica\u00e7\u00e3o no arquivo enviado). Sugerimos que voc\u00ea clique no link gerado da sua atividade e fa\u00e7a o download para conferir.<br \/>\n\u2192 Tendo d\u00favidas, n\u00e3o deixe de encaminh\u00e1-las por meio do &#8220;Fale com o Mediador&#8221;.<\/p>\n","protected":false},"excerpt":{"rendered":"<p>MAPA Fisiologia Humana M\u00f3dulo 54\/2023<\/p>\n","protected":false},"featured_media":2326,"template":"","meta":{"_monsterinsights_skip_tracking":false,"_monsterinsights_sitenote_active":false,"_monsterinsights_sitenote_note":"","_monsterinsights_sitenote_category":0},"product_brand":[],"product_cat":[58,35,107,109],"product_tag":[],"class_list":{"0":"post-2910","1":"product","2":"type-product","3":"status-publish","4":"has-post-thumbnail","6":"product_cat-biomedicina","7":"product_cat-enfermagem","8":"product_cat-modulo-54-2023","9":"product_cat-terapia-ocupacional","11":"first","12":"instock","13":"downloadable","14":"virtual","15":"purchasable","16":"product-type-simple"},"yoast_head":"<!-- This site is optimized with the Yoast SEO plugin v27.4 - https:\/\/yoast.com\/product\/yoast-seo-wordpress\/ -->\n<title>MAPA Fisiologia Humana 54\/2023<\/title>\n<meta name=\"description\" content=\"Unicesumar | Atividade MAPA Fisiologia Humana M\u00f3dulo 54\/2023. Biomedicina, Enfermagem, Terapia Ocupacional. Baixe um modelo resolvido agora !\" \/>\n<meta name=\"robots\" content=\"index, follow, max-snippet:-1, max-image-preview:large, max-video-preview:-1\" \/>\n<link rel=\"canonical\" href=\"https:\/\/atividademapa.com\/?product=mapa-fisiologia-humana-54-2023\" \/>\n<meta property=\"og:locale\" content=\"pt_BR\" \/>\n<meta property=\"og:type\" content=\"article\" \/>\n<meta property=\"og:title\" content=\"MAPA Fisiologia Humana 54\/2023\" \/>\n<meta property=\"og:description\" content=\"Unicesumar | Atividade MAPA Fisiologia Humana M\u00f3dulo 54\/2023. Biomedicina, Enfermagem, Terapia Ocupacional. Baixe um modelo resolvido agora !\" \/>\n<meta property=\"og:url\" content=\"https:\/\/atividademapa.com\/?product=mapa-fisiologia-humana-54-2023\" \/>\n<meta property=\"og:site_name\" content=\"Atividade Mapa\" \/>\n<meta property=\"article:modified_time\" content=\"2023-11-02T17:12:06+00:00\" \/>\n<meta property=\"og:image\" content=\"https:\/\/i0.wp.com\/atividademapa.com\/wp-content\/uploads\/2023\/03\/Atividade-M.A.P.A-3.png?fit=300%2C300&ssl=1\" \/>\n\t<meta property=\"og:image:width\" content=\"300\" \/>\n\t<meta property=\"og:image:height\" content=\"300\" \/>\n\t<meta property=\"og:image:type\" content=\"image\/png\" \/>\n<meta name=\"twitter:card\" content=\"summary_large_image\" \/>\n<meta name=\"twitter:label1\" content=\"Est. tempo de leitura\" \/>\n\t<meta name=\"twitter:data1\" content=\"6 minutos\" \/>\n<script type=\"application\/ld+json\" class=\"yoast-schema-graph\">{\"@context\":\"https:\\\/\\\/schema.org\",\"@graph\":[{\"@type\":\"WebPage\",\"@id\":\"https:\\\/\\\/atividademapa.com\\\/?product=mapa-fisiologia-humana-54-2023\",\"url\":\"https:\\\/\\\/atividademapa.com\\\/?product=mapa-fisiologia-humana-54-2023\",\"name\":\"MAPA Fisiologia Humana 54\\\/2023\",\"isPartOf\":{\"@id\":\"https:\\\/\\\/atividademapa.com\\\/#website\"},\"primaryImageOfPage\":{\"@id\":\"https:\\\/\\\/atividademapa.com\\\/?product=mapa-fisiologia-humana-54-2023#primaryimage\"},\"image\":{\"@id\":\"https:\\\/\\\/atividademapa.com\\\/?product=mapa-fisiologia-humana-54-2023#primaryimage\"},\"thumbnailUrl\":\"https:\\\/\\\/i0.wp.com\\\/atividademapa.com\\\/wp-content\\\/uploads\\\/2023\\\/03\\\/Atividade-M.A.P.A-3.png?fit=300%2C300&ssl=1\",\"datePublished\":\"2023-09-10T13:30:21+00:00\",\"dateModified\":\"2023-11-02T17:12:06+00:00\",\"description\":\"Unicesumar | Atividade MAPA Fisiologia Humana M\u00f3dulo 54\\\/2023. Biomedicina, Enfermagem, Terapia Ocupacional. Baixe um modelo resolvido agora !\",\"breadcrumb\":{\"@id\":\"https:\\\/\\\/atividademapa.com\\\/?product=mapa-fisiologia-humana-54-2023#breadcrumb\"},\"inLanguage\":\"pt-BR\",\"potentialAction\":[{\"@type\":\"ReadAction\",\"target\":[\"https:\\\/\\\/atividademapa.com\\\/?product=mapa-fisiologia-humana-54-2023\"]}]},{\"@type\":\"ImageObject\",\"inLanguage\":\"pt-BR\",\"@id\":\"https:\\\/\\\/atividademapa.com\\\/?product=mapa-fisiologia-humana-54-2023#primaryimage\",\"url\":\"https:\\\/\\\/i0.wp.com\\\/atividademapa.com\\\/wp-content\\\/uploads\\\/2023\\\/03\\\/Atividade-M.A.P.A-3.png?fit=300%2C300&ssl=1\",\"contentUrl\":\"https:\\\/\\\/i0.wp.com\\\/atividademapa.com\\\/wp-content\\\/uploads\\\/2023\\\/03\\\/Atividade-M.A.P.A-3.png?fit=300%2C300&ssl=1\",\"width\":300,\"height\":300,\"caption\":\"Mapa Unicesumar Atividade\"},{\"@type\":\"BreadcrumbList\",\"@id\":\"https:\\\/\\\/atividademapa.com\\\/?product=mapa-fisiologia-humana-54-2023#breadcrumb\",\"itemListElement\":[{\"@type\":\"ListItem\",\"position\":1,\"name\":\"In\u00edcio\",\"item\":\"https:\\\/\\\/atividademapa.com\\\/\"},{\"@type\":\"ListItem\",\"position\":2,\"name\":\"MAPAS\",\"item\":\"https:\\\/\\\/atividademapa.com\\\/?page_id=5\"},{\"@type\":\"ListItem\",\"position\":3,\"name\":\"MAPA Fisiologia Humana 54\\\/2023\"}]},{\"@type\":\"WebSite\",\"@id\":\"https:\\\/\\\/atividademapa.com\\\/#website\",\"url\":\"https:\\\/\\\/atividademapa.com\\\/\",\"name\":\"Atividade Mapa\",\"description\":\"StudeO | Unicesumar\",\"publisher\":{\"@id\":\"https:\\\/\\\/atividademapa.com\\\/#organization\"},\"potentialAction\":[{\"@type\":\"SearchAction\",\"target\":{\"@type\":\"EntryPoint\",\"urlTemplate\":\"https:\\\/\\\/atividademapa.com\\\/?s={search_term_string}\"},\"query-input\":{\"@type\":\"PropertyValueSpecification\",\"valueRequired\":true,\"valueName\":\"search_term_string\"}}],\"inLanguage\":\"pt-BR\"},{\"@type\":\"Organization\",\"@id\":\"https:\\\/\\\/atividademapa.com\\\/#organization\",\"name\":\"Atividade MAPA\",\"url\":\"https:\\\/\\\/atividademapa.com\\\/\",\"logo\":{\"@type\":\"ImageObject\",\"inLanguage\":\"pt-BR\",\"@id\":\"https:\\\/\\\/atividademapa.com\\\/#\\\/schema\\\/logo\\\/image\\\/\",\"url\":\"https:\\\/\\\/i0.wp.com\\\/atividademapa.com\\\/wp-content\\\/uploads\\\/2023\\\/02\\\/ATIVIDADE.png?fit=600%2C300&ssl=1\",\"contentUrl\":\"https:\\\/\\\/i0.wp.com\\\/atividademapa.com\\\/wp-content\\\/uploads\\\/2023\\\/02\\\/ATIVIDADE.png?fit=600%2C300&ssl=1\",\"width\":600,\"height\":300,\"caption\":\"Atividade MAPA\"},\"image\":{\"@id\":\"https:\\\/\\\/atividademapa.com\\\/#\\\/schema\\\/logo\\\/image\\\/\"}}]}<\/script>\n<!-- \/ Yoast SEO plugin. -->","yoast_head_json":{"title":"MAPA Fisiologia Humana 54\/2023","description":"Unicesumar | Atividade MAPA Fisiologia Humana M\u00f3dulo 54\/2023. Biomedicina, Enfermagem, Terapia Ocupacional. Baixe um modelo resolvido agora !","robots":{"index":"index","follow":"follow","max-snippet":"max-snippet:-1","max-image-preview":"max-image-preview:large","max-video-preview":"max-video-preview:-1"},"canonical":"https:\/\/atividademapa.com\/?product=mapa-fisiologia-humana-54-2023","og_locale":"pt_BR","og_type":"article","og_title":"MAPA Fisiologia Humana 54\/2023","og_description":"Unicesumar | Atividade MAPA Fisiologia Humana M\u00f3dulo 54\/2023. Biomedicina, Enfermagem, Terapia Ocupacional. Baixe um modelo resolvido agora !","og_url":"https:\/\/atividademapa.com\/?product=mapa-fisiologia-humana-54-2023","og_site_name":"Atividade Mapa","article_modified_time":"2023-11-02T17:12:06+00:00","og_image":[{"width":300,"height":300,"url":"https:\/\/i0.wp.com\/atividademapa.com\/wp-content\/uploads\/2023\/03\/Atividade-M.A.P.A-3.png?fit=300%2C300&ssl=1","type":"image\/png"}],"twitter_card":"summary_large_image","twitter_misc":{"Est. tempo de leitura":"6 minutos"},"schema":{"@context":"https:\/\/schema.org","@graph":[{"@type":"WebPage","@id":"https:\/\/atividademapa.com\/?product=mapa-fisiologia-humana-54-2023","url":"https:\/\/atividademapa.com\/?product=mapa-fisiologia-humana-54-2023","name":"MAPA Fisiologia Humana 54\/2023","isPartOf":{"@id":"https:\/\/atividademapa.com\/#website"},"primaryImageOfPage":{"@id":"https:\/\/atividademapa.com\/?product=mapa-fisiologia-humana-54-2023#primaryimage"},"image":{"@id":"https:\/\/atividademapa.com\/?product=mapa-fisiologia-humana-54-2023#primaryimage"},"thumbnailUrl":"https:\/\/i0.wp.com\/atividademapa.com\/wp-content\/uploads\/2023\/03\/Atividade-M.A.P.A-3.png?fit=300%2C300&ssl=1","datePublished":"2023-09-10T13:30:21+00:00","dateModified":"2023-11-02T17:12:06+00:00","description":"Unicesumar | Atividade MAPA Fisiologia Humana M\u00f3dulo 54\/2023. Biomedicina, Enfermagem, Terapia Ocupacional. Baixe um modelo resolvido agora !","breadcrumb":{"@id":"https:\/\/atividademapa.com\/?product=mapa-fisiologia-humana-54-2023#breadcrumb"},"inLanguage":"pt-BR","potentialAction":[{"@type":"ReadAction","target":["https:\/\/atividademapa.com\/?product=mapa-fisiologia-humana-54-2023"]}]},{"@type":"ImageObject","inLanguage":"pt-BR","@id":"https:\/\/atividademapa.com\/?product=mapa-fisiologia-humana-54-2023#primaryimage","url":"https:\/\/i0.wp.com\/atividademapa.com\/wp-content\/uploads\/2023\/03\/Atividade-M.A.P.A-3.png?fit=300%2C300&ssl=1","contentUrl":"https:\/\/i0.wp.com\/atividademapa.com\/wp-content\/uploads\/2023\/03\/Atividade-M.A.P.A-3.png?fit=300%2C300&ssl=1","width":300,"height":300,"caption":"Mapa Unicesumar Atividade"},{"@type":"BreadcrumbList","@id":"https:\/\/atividademapa.com\/?product=mapa-fisiologia-humana-54-2023#breadcrumb","itemListElement":[{"@type":"ListItem","position":1,"name":"In\u00edcio","item":"https:\/\/atividademapa.com\/"},{"@type":"ListItem","position":2,"name":"MAPAS","item":"https:\/\/atividademapa.com\/?page_id=5"},{"@type":"ListItem","position":3,"name":"MAPA Fisiologia Humana 54\/2023"}]},{"@type":"WebSite","@id":"https:\/\/atividademapa.com\/#website","url":"https:\/\/atividademapa.com\/","name":"Atividade Mapa","description":"StudeO | Unicesumar","publisher":{"@id":"https:\/\/atividademapa.com\/#organization"},"potentialAction":[{"@type":"SearchAction","target":{"@type":"EntryPoint","urlTemplate":"https:\/\/atividademapa.com\/?s={search_term_string}"},"query-input":{"@type":"PropertyValueSpecification","valueRequired":true,"valueName":"search_term_string"}}],"inLanguage":"pt-BR"},{"@type":"Organization","@id":"https:\/\/atividademapa.com\/#organization","name":"Atividade MAPA","url":"https:\/\/atividademapa.com\/","logo":{"@type":"ImageObject","inLanguage":"pt-BR","@id":"https:\/\/atividademapa.com\/#\/schema\/logo\/image\/","url":"https:\/\/i0.wp.com\/atividademapa.com\/wp-content\/uploads\/2023\/02\/ATIVIDADE.png?fit=600%2C300&ssl=1","contentUrl":"https:\/\/i0.wp.com\/atividademapa.com\/wp-content\/uploads\/2023\/02\/ATIVIDADE.png?fit=600%2C300&ssl=1","width":600,"height":300,"caption":"Atividade MAPA"},"image":{"@id":"https:\/\/atividademapa.com\/#\/schema\/logo\/image\/"}}]}},"_links":{"self":[{"href":"https:\/\/atividademapa.com\/index.php?rest_route=\/wp\/v2\/product\/2910","targetHints":{"allow":["GET"]}}],"collection":[{"href":"https:\/\/atividademapa.com\/index.php?rest_route=\/wp\/v2\/product"}],"about":[{"href":"https:\/\/atividademapa.com\/index.php?rest_route=\/wp\/v2\/types\/product"}],"version-history":[{"count":3,"href":"https:\/\/atividademapa.com\/index.php?rest_route=\/wp\/v2\/product\/2910\/revisions"}],"predecessor-version":[{"id":3096,"href":"https:\/\/atividademapa.com\/index.php?rest_route=\/wp\/v2\/product\/2910\/revisions\/3096"}],"wp:featuredmedia":[{"embeddable":true,"href":"https:\/\/atividademapa.com\/index.php?rest_route=\/wp\/v2\/media\/2326"}],"wp:attachment":[{"href":"https:\/\/atividademapa.com\/index.php?rest_route=%2Fwp%2Fv2%2Fmedia&parent=2910"}],"wp:term":[{"taxonomy":"product_brand","embeddable":true,"href":"https:\/\/atividademapa.com\/index.php?rest_route=%2Fwp%2Fv2%2Fproduct_brand&post=2910"},{"taxonomy":"product_cat","embeddable":true,"href":"https:\/\/atividademapa.com\/index.php?rest_route=%2Fwp%2Fv2%2Fproduct_cat&post=2910"},{"taxonomy":"product_tag","embeddable":true,"href":"https:\/\/atividademapa.com\/index.php?rest_route=%2Fwp%2Fv2%2Fproduct_tag&post=2910"}],"curies":[{"name":"wp","href":"https:\/\/api.w.org\/{rel}","templated":true}]}}