{"id":3241,"date":"2023-12-06T11:09:53","date_gmt":"2023-12-06T14:09:53","guid":{"rendered":"https:\/\/atividademapa.com\/?post_type=product&#038;p=3241"},"modified":"2023-12-06T11:09:54","modified_gmt":"2023-12-06T14:09:54","slug":"mapa-gestao-de-projetos-ambientais-54-2023","status":"publish","type":"product","link":"https:\/\/atividademapa.com\/?product=mapa-gestao-de-projetos-ambientais-54-2023","title":{"rendered":"MAPA Gest\u00e3o de Projetos Ambientais 54\/2023"},"content":{"rendered":"<p>MAPA Gest\u00e3o de Projetos Ambientais 54\/2023<\/p>\n<p>Texto 1:<br \/>\nUm projeto surge a partir de um problema, de uma necessidade, como uma resposta a ele. Quando elaboramos um projeto, estamos buscando a solu\u00e7\u00e3o desse problema, obtendo um resultado \u00fanico, na forma de um produto, de uma a\u00e7\u00e3o ou servi\u00e7o. Antes da elabora\u00e7\u00e3o do projeto, \u00e9 necess\u00e1rio o planejamento, para que este seja a ferramenta para a transforma\u00e7\u00e3o de ideias em a\u00e7\u00f5es.<\/p>\n<p>O papel do gerente de projetos \u00e9 garantir que as a\u00e7\u00f5es planejadas sejam executadas conforme o contratado, obedecendo a prazo e custo estipulado, independentemente do tipo de projeto.<\/p>\n<p>Fonte: FURLANETO, S. et al. Gest\u00e3o de Projetos Ambientais. Maring\u00e1: UniCesumar, 2017.<\/p>\n<p>Texto 2:<br \/>\nSegundo a Associa\u00e7\u00e3o Brasileira para Sensibiliza\u00e7\u00e3o, Coleta e Reciclagem de Res\u00edduos de \u00d3leo Comest\u00edvel (Ec\u00f3leo), o Brasil produz 9 bilh\u00f5es de litros de \u00f3leos vegetais por ano, e a ter\u00e7a parte corresponde a \u00f3leos comest\u00edveis, configurando um consumo per capita de 19 litros ao ano, o que resulta em uma produ\u00e7\u00e3o de 3 bilh\u00f5es de litros de \u00f3leo por ano no pa\u00eds. Estimativas apontam que o montante coletado de \u00f3leos vegetais usados no Brasil corresponde a menos de 1% do total produzido, ou seja, 6 milh\u00f5es e meio de litros de \u00f3leos usados.<\/p>\n<p>Fonte: https:\/\/ecoleo.org.br\/reciclagem.htm. Acesso em: 29 set. 2023.<\/p>\n<p>Texto 3:<br \/>\n\u201cA falta de informa\u00e7\u00e3o e de consci\u00eancia da popula\u00e7\u00e3o urbana tem resultado no lan\u00e7amento di\u00e1rio de um volume de \u00f3leo de cozinha frequentemente desconhecido. Obstru\u00e7\u00e3o de tubula\u00e7\u00f5es s\u00e3o problemas associados ao \u00f3leo de cozinha, quando despejado na pia ou no vaso sanit\u00e1rio. E mais: quando alcan\u00e7a os sistemas de tratamento de \u00e1gua das cidades, al\u00e9m de dificultar o tratamento, aumenta em at\u00e9 45% seus custos. Al\u00e9m disso, ao atingir esgotos e \u00e1guas pluviais, esse \u00f3leo pode servir de nutriente para insetos e roedores, estimulando o aumento de suas popula\u00e7\u00f5es.<br \/>\nOutra forma de descarte incorreto \u00e9 o lan\u00e7amento diretamente em corpos h\u00eddricos, como em lagos e rios, pois o \u00f3leo em contato com a \u00e1gua, por ser menos denso, acaba sobrenadando, impedindo a entrada da luz solar e o processo de aera\u00e7\u00e3o, comprometendo as formas de vidas aer\u00f3bicas do ambiente, al\u00e9m de agravar o problema de higiene e do mau cheiro. Em meio aquoso, esse \u00f3leo ir\u00e1 se dissipar de uma forma difusa, dificultando seu controle. Outro modo de se desfazer do \u00f3leo tem sido disp\u00f4-lo juntamente com o lixo, cujo destino prov\u00e1vel s\u00e3o os aterros sanit\u00e1rios. Sua decomposi\u00e7\u00e3o, associada \u00e0 de outras subst\u00e2ncias, resulta num conjunto de subprodutos e em g\u00e1s metano, contribuindo para o aquecimento global.<br \/>\nAl\u00e9m disso, representa um desperd\u00edcio, pois esse material poderia, por exemplo, ser utilizado como mat\u00e9ria-prima energ\u00e9tica e para produtos destinados \u00e0 nutri\u00e7\u00e3o animal. Outro aspecto relevante \u00e9 que, uma vez disposto no solo, entra em contato diretamente com a \u00e1gua, que percola ou escoa superficialmente, podendo migrar e at\u00e9 mesmo atingir mananciais h\u00eddricos e eventualmente o len\u00e7ol fre\u00e1tico, dependendo das caracter\u00edsticas f\u00edsico-qu\u00edmicas do solo, do relevo e do regime clim\u00e1tico.\u201d<\/p>\n<p>Fonte: TOMAZI, K. et al. PERFIL DE CONSUMO E DESCARTE DE \u00d3LEO COMEST\u00cdVEL NO MUNIC\u00cdPIO DE IJU\u00cd-RS. Revista Contexto &amp; Sa\u00fade, v. 14, n. 27, p. 54-64, 2015.<\/p>\n<p>Dessa forma, imagine que voc\u00ea foi contratado para elaborar um projeto de coleta de \u00d3LEO DE COZINHA usado em um munic\u00edpio de 30 mil habitantes. Esse projeto ser\u00e1 enviado \u00e0 c\u00e2mara de vereadores para ser debatida em plen\u00e1rio a viabilidade de implanta\u00e7\u00e3o no munic\u00edpio.<\/p>\n<p>Para a elabora\u00e7\u00e3o deste projeto, o munic\u00edpio j\u00e1 repassou algumas informa\u00e7\u00f5es para facilit\u00e1-la:<\/p>\n<p>INFORMA\u00c7\u00d5ES:<\/p>\n<p>POPULA\u00c7\u00c3O: 30 mil habitantes.<br \/>\nQUANTIDADE DE \u00d3LEO DESCARTADO POR M\u00caS: 1,5 litro por habitante\/m\u00eas.<\/p>\n<p>Dessa forma, podemos come\u00e7ar o nosso projeto ambiental para coleta e destina\u00e7\u00e3o final de \u00f3leo de cozinha usado.<\/p>\n<p>&nbsp;<\/p>\n<p>QUEST\u00d5ES:<\/p>\n<p>1- Como gestor ambiental contratado para elabora\u00e7\u00e3o do projeto de coleta e destina\u00e7\u00e3o final de \u00f3leo de cozinha usado de todo o munic\u00edpio, descreva em at\u00e9 8 linhas qual a justificativa para implementa\u00e7\u00e3o do projeto.<\/p>\n<p>2- Levando em conta a popula\u00e7\u00e3o do munic\u00edpio e a quantidade de res\u00edduos produzidos diariamente, aponte as poss\u00edveis solu\u00e7\u00f5es para os problemas apresentados:<br \/>\n2.1- Qual a quantidade aproximada de \u00f3leo gerada por m\u00eas no munic\u00edpio de 30 mil habitantes?<br \/>\n2.2- De que forma os moradores da cidade armazenar\u00e3o corretamente o \u00f3leo de cozinha para o descarte?<br \/>\n2.3- A coleta destes materiais ser\u00e1 realizada quantas vezes na semana?<br \/>\n2.4- Ser\u00e1 coletado pelo pr\u00f3prio munic\u00edpio, ou empresa terceirizada?<br \/>\n2.5- Cite e descreva qual o destino ambientalmente correto que o \u00f3leo de cozinha usado pode ter? (Cite e descreva pelo menos um exemplo).<\/p>\n<p>3- Na etapa de execu\u00e7\u00e3o do projeto devem ser avaliados alguns fatores, como:<\/p>\n<p>TREINAMENTO: etapa em que deve ser capacitada e treinada a equipe que realizar\u00e1 a coleta e separa\u00e7\u00e3o dos materiais.<br \/>\nCOMUNICA\u00c7\u00c3O: etapa em que ser\u00e1 feita a divulga\u00e7\u00e3o do projeto para haver participa\u00e7\u00e3o e engajamento da popula\u00e7\u00e3o.<br \/>\nLAN\u00c7AMENTO DO PROJETO: etapa em que efetivamente o projeto passa do te\u00f3rico para o pr\u00e1tico.<\/p>\n<p>Assim, como profissional respons\u00e1vel pela elabora\u00e7\u00e3o do projeto, cite e descreva pelo menos uma a\u00e7\u00e3o proposta para execu\u00e7\u00e3o do projeto.<\/p>\n<p>3.1- Treinamento.<br \/>\n3.2- Comunica\u00e7\u00e3o e Lan\u00e7amento do projeto.<\/p>\n<p>4- A etapa de monitoramento do projeto \u00e9 uma das principais etapas, pois a respons\u00e1vel por transformar o projeto em um programa cont\u00ednuo. Assim, devem ser previstas a\u00e7\u00f5es de conscientiza\u00e7\u00e3o da popula\u00e7\u00e3o, avalia\u00e7\u00f5es da efetividade do projeto e a tomada de a\u00e7\u00f5es para o ajuste e bom funcionamento do projeto.<\/p>\n<p>Sabe-se que uma das maiores dificuldades na implanta\u00e7\u00e3o de projetos de coleta seletiva \u00e9 a participa\u00e7\u00e3o da popula\u00e7\u00e3o, visto que muitas pessoas n\u00e3o tomam consci\u00eancia sobre a import\u00e2ncia de separar os materiais recicl\u00e1veis dos res\u00edduos de origem org\u00e2nica e os rejeitos.<\/p>\n<p>4.1- Dessa forma, cite e descreva uma a\u00e7\u00e3o proposta para aumentar a participa\u00e7\u00e3o da popula\u00e7\u00e3o ao projeto de coleta seletiva.<\/p>\n<p>5- Ap\u00f3s a finaliza\u00e7\u00e3o do projeto de coleta seletiva dos res\u00edduos do munic\u00edpio, como gestor ambiental, voc\u00ea deve dar o seu parecer sobre a viabilidade do projeto de coleta de \u00f3leo no seu munic\u00edpio.<br \/>\n5.1- Descreva pelo menos dois pontos positivos sobre a viabilidade de um sistema de coleta de \u00f3leo no munic\u00edpio.<\/p>\n<p>&nbsp;<\/p>\n","protected":false},"excerpt":{"rendered":"<p>MAPA Gest\u00e3o de Projetos Ambientais 54\/2023 Texto 1: Um projeto surge a partir de um problema, de uma necessidade, como<\/p>\n","protected":false},"featured_media":2326,"template":"","meta":{"_monsterinsights_skip_tracking":false,"_monsterinsights_sitenote_active":false,"_monsterinsights_sitenote_note":"","_monsterinsights_sitenote_category":0},"product_brand":[],"product_cat":[57,107],"product_tag":[],"class_list":{"0":"post-3241","1":"product","2":"type-product","3":"status-publish","4":"has-post-thumbnail","6":"product_cat-gestao-ambiental","7":"product_cat-modulo-54-2023","9":"first","10":"instock","11":"downloadable","12":"virtual","13":"purchasable","14":"product-type-simple"},"yoast_head":"<!-- This site is optimized with the Yoast SEO plugin v27.4 - https:\/\/yoast.com\/product\/yoast-seo-wordpress\/ -->\n<title>MAPA Gest\u00e3o de Projetos Ambientais 54\/2023<\/title>\n<meta name=\"description\" content=\"MAPA Gest\u00e3o de Projetos Ambientais 54\/2023 Unicesumar | Atividade MAPA Pronto. Baixe Agora! Projeto de Destina\u00e7\u00e3o Final de Res\u00edduos de \u00d3leo de Cozinha.\" \/>\n<meta name=\"robots\" content=\"index, follow, max-snippet:-1, max-image-preview:large, max-video-preview:-1\" \/>\n<link rel=\"canonical\" href=\"https:\/\/atividademapa.com\/?product=mapa-gestao-de-projetos-ambientais-54-2023\" \/>\n<meta property=\"og:locale\" content=\"pt_BR\" \/>\n<meta property=\"og:type\" content=\"article\" \/>\n<meta property=\"og:title\" content=\"MAPA Gest\u00e3o de Projetos Ambientais 54\/2023\" \/>\n<meta property=\"og:description\" content=\"MAPA Gest\u00e3o de Projetos Ambientais 54\/2023 Unicesumar | Atividade MAPA Pronto. Baixe Agora! Projeto de Destina\u00e7\u00e3o Final de Res\u00edduos de \u00d3leo de Cozinha.\" \/>\n<meta property=\"og:url\" content=\"https:\/\/atividademapa.com\/?product=mapa-gestao-de-projetos-ambientais-54-2023\" \/>\n<meta property=\"og:site_name\" content=\"Atividade Mapa\" \/>\n<meta property=\"article:modified_time\" content=\"2023-12-06T14:09:54+00:00\" \/>\n<meta property=\"og:image\" content=\"https:\/\/i0.wp.com\/atividademapa.com\/wp-content\/uploads\/2023\/03\/Atividade-M.A.P.A-3.png?fit=300%2C300&ssl=1\" \/>\n\t<meta property=\"og:image:width\" content=\"300\" \/>\n\t<meta property=\"og:image:height\" content=\"300\" \/>\n\t<meta property=\"og:image:type\" content=\"image\/png\" \/>\n<meta name=\"twitter:card\" content=\"summary_large_image\" \/>\n<meta name=\"twitter:label1\" content=\"Est. tempo de leitura\" \/>\n\t<meta name=\"twitter:data1\" content=\"6 minutos\" \/>\n<script type=\"application\/ld+json\" class=\"yoast-schema-graph\">{\"@context\":\"https:\\\/\\\/schema.org\",\"@graph\":[{\"@type\":\"WebPage\",\"@id\":\"https:\\\/\\\/atividademapa.com\\\/?product=mapa-gestao-de-projetos-ambientais-54-2023\",\"url\":\"https:\\\/\\\/atividademapa.com\\\/?product=mapa-gestao-de-projetos-ambientais-54-2023\",\"name\":\"MAPA Gest\u00e3o de Projetos Ambientais 54\\\/2023\",\"isPartOf\":{\"@id\":\"https:\\\/\\\/atividademapa.com\\\/#website\"},\"primaryImageOfPage\":{\"@id\":\"https:\\\/\\\/atividademapa.com\\\/?product=mapa-gestao-de-projetos-ambientais-54-2023#primaryimage\"},\"image\":{\"@id\":\"https:\\\/\\\/atividademapa.com\\\/?product=mapa-gestao-de-projetos-ambientais-54-2023#primaryimage\"},\"thumbnailUrl\":\"https:\\\/\\\/i0.wp.com\\\/atividademapa.com\\\/wp-content\\\/uploads\\\/2023\\\/03\\\/Atividade-M.A.P.A-3.png?fit=300%2C300&ssl=1\",\"datePublished\":\"2023-12-06T14:09:53+00:00\",\"dateModified\":\"2023-12-06T14:09:54+00:00\",\"description\":\"MAPA Gest\u00e3o de Projetos Ambientais 54\\\/2023 Unicesumar | Atividade MAPA Pronto. Baixe Agora! Projeto de Destina\u00e7\u00e3o Final de Res\u00edduos de \u00d3leo de Cozinha.\",\"breadcrumb\":{\"@id\":\"https:\\\/\\\/atividademapa.com\\\/?product=mapa-gestao-de-projetos-ambientais-54-2023#breadcrumb\"},\"inLanguage\":\"pt-BR\",\"potentialAction\":[{\"@type\":\"ReadAction\",\"target\":[\"https:\\\/\\\/atividademapa.com\\\/?product=mapa-gestao-de-projetos-ambientais-54-2023\"]}]},{\"@type\":\"ImageObject\",\"inLanguage\":\"pt-BR\",\"@id\":\"https:\\\/\\\/atividademapa.com\\\/?product=mapa-gestao-de-projetos-ambientais-54-2023#primaryimage\",\"url\":\"https:\\\/\\\/i0.wp.com\\\/atividademapa.com\\\/wp-content\\\/uploads\\\/2023\\\/03\\\/Atividade-M.A.P.A-3.png?fit=300%2C300&ssl=1\",\"contentUrl\":\"https:\\\/\\\/i0.wp.com\\\/atividademapa.com\\\/wp-content\\\/uploads\\\/2023\\\/03\\\/Atividade-M.A.P.A-3.png?fit=300%2C300&ssl=1\",\"width\":300,\"height\":300,\"caption\":\"Mapa Unicesumar Atividade\"},{\"@type\":\"BreadcrumbList\",\"@id\":\"https:\\\/\\\/atividademapa.com\\\/?product=mapa-gestao-de-projetos-ambientais-54-2023#breadcrumb\",\"itemListElement\":[{\"@type\":\"ListItem\",\"position\":1,\"name\":\"In\u00edcio\",\"item\":\"https:\\\/\\\/atividademapa.com\\\/\"},{\"@type\":\"ListItem\",\"position\":2,\"name\":\"MAPAS\",\"item\":\"https:\\\/\\\/atividademapa.com\\\/?page_id=5\"},{\"@type\":\"ListItem\",\"position\":3,\"name\":\"MAPA Gest\u00e3o de Projetos Ambientais 54\\\/2023\"}]},{\"@type\":\"WebSite\",\"@id\":\"https:\\\/\\\/atividademapa.com\\\/#website\",\"url\":\"https:\\\/\\\/atividademapa.com\\\/\",\"name\":\"Atividade Mapa\",\"description\":\"StudeO | Unicesumar\",\"publisher\":{\"@id\":\"https:\\\/\\\/atividademapa.com\\\/#organization\"},\"potentialAction\":[{\"@type\":\"SearchAction\",\"target\":{\"@type\":\"EntryPoint\",\"urlTemplate\":\"https:\\\/\\\/atividademapa.com\\\/?s={search_term_string}\"},\"query-input\":{\"@type\":\"PropertyValueSpecification\",\"valueRequired\":true,\"valueName\":\"search_term_string\"}}],\"inLanguage\":\"pt-BR\"},{\"@type\":\"Organization\",\"@id\":\"https:\\\/\\\/atividademapa.com\\\/#organization\",\"name\":\"Atividade MAPA\",\"url\":\"https:\\\/\\\/atividademapa.com\\\/\",\"logo\":{\"@type\":\"ImageObject\",\"inLanguage\":\"pt-BR\",\"@id\":\"https:\\\/\\\/atividademapa.com\\\/#\\\/schema\\\/logo\\\/image\\\/\",\"url\":\"https:\\\/\\\/i0.wp.com\\\/atividademapa.com\\\/wp-content\\\/uploads\\\/2023\\\/02\\\/ATIVIDADE.png?fit=600%2C300&ssl=1\",\"contentUrl\":\"https:\\\/\\\/i0.wp.com\\\/atividademapa.com\\\/wp-content\\\/uploads\\\/2023\\\/02\\\/ATIVIDADE.png?fit=600%2C300&ssl=1\",\"width\":600,\"height\":300,\"caption\":\"Atividade MAPA\"},\"image\":{\"@id\":\"https:\\\/\\\/atividademapa.com\\\/#\\\/schema\\\/logo\\\/image\\\/\"}}]}<\/script>\n<!-- \/ Yoast SEO plugin. -->","yoast_head_json":{"title":"MAPA Gest\u00e3o de Projetos Ambientais 54\/2023","description":"MAPA Gest\u00e3o de Projetos Ambientais 54\/2023 Unicesumar | Atividade MAPA Pronto. Baixe Agora! Projeto de Destina\u00e7\u00e3o Final de Res\u00edduos de \u00d3leo de Cozinha.","robots":{"index":"index","follow":"follow","max-snippet":"max-snippet:-1","max-image-preview":"max-image-preview:large","max-video-preview":"max-video-preview:-1"},"canonical":"https:\/\/atividademapa.com\/?product=mapa-gestao-de-projetos-ambientais-54-2023","og_locale":"pt_BR","og_type":"article","og_title":"MAPA Gest\u00e3o de Projetos Ambientais 54\/2023","og_description":"MAPA Gest\u00e3o de Projetos Ambientais 54\/2023 Unicesumar | Atividade MAPA Pronto. Baixe Agora! Projeto de Destina\u00e7\u00e3o Final de Res\u00edduos de \u00d3leo de Cozinha.","og_url":"https:\/\/atividademapa.com\/?product=mapa-gestao-de-projetos-ambientais-54-2023","og_site_name":"Atividade Mapa","article_modified_time":"2023-12-06T14:09:54+00:00","og_image":[{"width":300,"height":300,"url":"https:\/\/i0.wp.com\/atividademapa.com\/wp-content\/uploads\/2023\/03\/Atividade-M.A.P.A-3.png?fit=300%2C300&ssl=1","type":"image\/png"}],"twitter_card":"summary_large_image","twitter_misc":{"Est. tempo de leitura":"6 minutos"},"schema":{"@context":"https:\/\/schema.org","@graph":[{"@type":"WebPage","@id":"https:\/\/atividademapa.com\/?product=mapa-gestao-de-projetos-ambientais-54-2023","url":"https:\/\/atividademapa.com\/?product=mapa-gestao-de-projetos-ambientais-54-2023","name":"MAPA Gest\u00e3o de Projetos Ambientais 54\/2023","isPartOf":{"@id":"https:\/\/atividademapa.com\/#website"},"primaryImageOfPage":{"@id":"https:\/\/atividademapa.com\/?product=mapa-gestao-de-projetos-ambientais-54-2023#primaryimage"},"image":{"@id":"https:\/\/atividademapa.com\/?product=mapa-gestao-de-projetos-ambientais-54-2023#primaryimage"},"thumbnailUrl":"https:\/\/i0.wp.com\/atividademapa.com\/wp-content\/uploads\/2023\/03\/Atividade-M.A.P.A-3.png?fit=300%2C300&ssl=1","datePublished":"2023-12-06T14:09:53+00:00","dateModified":"2023-12-06T14:09:54+00:00","description":"MAPA Gest\u00e3o de Projetos Ambientais 54\/2023 Unicesumar | Atividade MAPA Pronto. Baixe Agora! Projeto de Destina\u00e7\u00e3o Final de Res\u00edduos de \u00d3leo de Cozinha.","breadcrumb":{"@id":"https:\/\/atividademapa.com\/?product=mapa-gestao-de-projetos-ambientais-54-2023#breadcrumb"},"inLanguage":"pt-BR","potentialAction":[{"@type":"ReadAction","target":["https:\/\/atividademapa.com\/?product=mapa-gestao-de-projetos-ambientais-54-2023"]}]},{"@type":"ImageObject","inLanguage":"pt-BR","@id":"https:\/\/atividademapa.com\/?product=mapa-gestao-de-projetos-ambientais-54-2023#primaryimage","url":"https:\/\/i0.wp.com\/atividademapa.com\/wp-content\/uploads\/2023\/03\/Atividade-M.A.P.A-3.png?fit=300%2C300&ssl=1","contentUrl":"https:\/\/i0.wp.com\/atividademapa.com\/wp-content\/uploads\/2023\/03\/Atividade-M.A.P.A-3.png?fit=300%2C300&ssl=1","width":300,"height":300,"caption":"Mapa Unicesumar Atividade"},{"@type":"BreadcrumbList","@id":"https:\/\/atividademapa.com\/?product=mapa-gestao-de-projetos-ambientais-54-2023#breadcrumb","itemListElement":[{"@type":"ListItem","position":1,"name":"In\u00edcio","item":"https:\/\/atividademapa.com\/"},{"@type":"ListItem","position":2,"name":"MAPAS","item":"https:\/\/atividademapa.com\/?page_id=5"},{"@type":"ListItem","position":3,"name":"MAPA Gest\u00e3o de Projetos Ambientais 54\/2023"}]},{"@type":"WebSite","@id":"https:\/\/atividademapa.com\/#website","url":"https:\/\/atividademapa.com\/","name":"Atividade Mapa","description":"StudeO | Unicesumar","publisher":{"@id":"https:\/\/atividademapa.com\/#organization"},"potentialAction":[{"@type":"SearchAction","target":{"@type":"EntryPoint","urlTemplate":"https:\/\/atividademapa.com\/?s={search_term_string}"},"query-input":{"@type":"PropertyValueSpecification","valueRequired":true,"valueName":"search_term_string"}}],"inLanguage":"pt-BR"},{"@type":"Organization","@id":"https:\/\/atividademapa.com\/#organization","name":"Atividade MAPA","url":"https:\/\/atividademapa.com\/","logo":{"@type":"ImageObject","inLanguage":"pt-BR","@id":"https:\/\/atividademapa.com\/#\/schema\/logo\/image\/","url":"https:\/\/i0.wp.com\/atividademapa.com\/wp-content\/uploads\/2023\/02\/ATIVIDADE.png?fit=600%2C300&ssl=1","contentUrl":"https:\/\/i0.wp.com\/atividademapa.com\/wp-content\/uploads\/2023\/02\/ATIVIDADE.png?fit=600%2C300&ssl=1","width":600,"height":300,"caption":"Atividade MAPA"},"image":{"@id":"https:\/\/atividademapa.com\/#\/schema\/logo\/image\/"}}]}},"_links":{"self":[{"href":"https:\/\/atividademapa.com\/index.php?rest_route=\/wp\/v2\/product\/3241","targetHints":{"allow":["GET"]}}],"collection":[{"href":"https:\/\/atividademapa.com\/index.php?rest_route=\/wp\/v2\/product"}],"about":[{"href":"https:\/\/atividademapa.com\/index.php?rest_route=\/wp\/v2\/types\/product"}],"version-history":[{"count":1,"href":"https:\/\/atividademapa.com\/index.php?rest_route=\/wp\/v2\/product\/3241\/revisions"}],"predecessor-version":[{"id":3243,"href":"https:\/\/atividademapa.com\/index.php?rest_route=\/wp\/v2\/product\/3241\/revisions\/3243"}],"wp:featuredmedia":[{"embeddable":true,"href":"https:\/\/atividademapa.com\/index.php?rest_route=\/wp\/v2\/media\/2326"}],"wp:attachment":[{"href":"https:\/\/atividademapa.com\/index.php?rest_route=%2Fwp%2Fv2%2Fmedia&parent=3241"}],"wp:term":[{"taxonomy":"product_brand","embeddable":true,"href":"https:\/\/atividademapa.com\/index.php?rest_route=%2Fwp%2Fv2%2Fproduct_brand&post=3241"},{"taxonomy":"product_cat","embeddable":true,"href":"https:\/\/atividademapa.com\/index.php?rest_route=%2Fwp%2Fv2%2Fproduct_cat&post=3241"},{"taxonomy":"product_tag","embeddable":true,"href":"https:\/\/atividademapa.com\/index.php?rest_route=%2Fwp%2Fv2%2Fproduct_tag&post=3241"}],"curies":[{"name":"wp","href":"https:\/\/api.w.org\/{rel}","templated":true}]}}