{"id":3370,"date":"2024-01-24T11:29:30","date_gmt":"2024-01-24T14:29:30","guid":{"rendered":"https:\/\/atividademapa.com\/?post_type=product&#038;p=3370"},"modified":"2024-03-25T21:50:43","modified_gmt":"2024-03-26T00:50:43","slug":"mapa-biologia-e-diversidade-51-2024","status":"publish","type":"product","link":"https:\/\/atividademapa.com\/?product=mapa-biologia-e-diversidade-51-2024","title":{"rendered":"MAPA Biologia e Diversidade 51\/2024"},"content":{"rendered":"<p>MAPA Biologia e Diversidade 51\/2024<\/p>\n<p>Enunciado:<br \/>\nQUEST\u00c3O 1<br \/>\nOl\u00e1, futuro gestor ambiental!<\/p>\n<p>Vamos dar in\u00edcio \u00e0 nossa Atividade MAPA, que lhe proporcionar\u00e1 uma aplica\u00e7\u00e3o pr\u00e1tica sobre o conte\u00fado aprendido na disciplina.<br \/>\nPara realiz\u00e1-la, voc\u00ea utilizar\u00e1 conte\u00fados aprendidos nas aulas, nas ferramentas digitais do Studeo e demais materiais de livre pesquisa, prezando sempre por fontes confi\u00e1veis. Vamos l\u00e1?!<\/p>\n<p>\u200bO termo \u201cbiodiversidade\u201d \u00e9 usado para expressar a riqueza de esp\u00e9cies, ou seja, o n\u00famero de esp\u00e9cies presentes em uma unidade geogr\u00e1fica definida. Al\u00e9m disso, pode ser expressa pela diversidade gen\u00e9tica, que procura conservar subpopula\u00e7\u00f5es e subesp\u00e9cies geneticamente distintas ou, ainda, garantir que as esp\u00e9cies que n\u00e3o possuam parentes pr\u00f3ximos vivos na atualidade recebam prote\u00e7\u00e3o especial, a fim de assegurar a manuten\u00e7\u00e3o da maior variedade poss\u00edvel de linhagens evolutivas da biota mundial. O termo pode tamb\u00e9m incluir o conjunto de tipos de comunidades presentes em uma regi\u00e3o (ecossistemas) \u2013 p\u00e2ntanos, desertos, est\u00e1gios iniciais e finais da sucess\u00e3o de uma floresta e assim por diante (Townsend; Begon; Harper, 2010).<\/p>\n<p>Nessa linha, temos os biomas usados para definir grandes ecossistemas que se diferenciam pelo tipo caracter\u00edstico de vegeta\u00e7\u00e3o e de fauna. Diante deste importante contexto, leia atentamente as solicita\u00e7\u00f5es a seguir, para respond\u00ea-las:<\/p>\n<p>1. Em um breve texto dissertativo, apresente quais s\u00e3o os biomas brasileiros e caracterize-os a partir da vegeta\u00e7\u00e3o predominante, dando exemplos de fauna e flora de cada um deles. Al\u00e9m da parte dissertativa, neste item, insira uma imagem de um mapa dos biomas brasileiros para ilustrar sua resposta apresentando todos os biomas brasileiros. Lembre-se de utilizar fontes de rigor cient\u00edfico e que apresentem informa\u00e7\u00f5es criteriosas, como o IBGE e o Minist\u00e9rio do Meio Ambiente, por exemplo.\u200b<\/p>\n<p>\u200b2. Escreva em qual bioma seu munic\u00edpio est\u00e1 inserido e indique os nomes da cidade e do estado em que voc\u00ea mora.<\/p>\n<p>\u200b3. Para que voc\u00ea possa conhecer de perto a biodiversidade da sua regi\u00e3o, convido voc\u00ea a fazer um passeio ecol\u00f3gico, nas imedia\u00e7\u00f5es com ampla \u00e1rea natural, em sua cidade. Se este passeio for poss\u00edvel para voc\u00ea, em meio a ele, voc\u00ea deve escolher uma dessas a\u00e7\u00f5es: fotografar, desenhar ou descrever as esp\u00e9cies que encontrar. Com estas evid\u00eancias em m\u00e3os (fotos, desenhos ou descri\u00e7\u00f5es), voc\u00ea dever\u00e1 produzir fichas para registr\u00e1-las, montando, assim, um levantamento de acervo de biodiversidade. Nesta ficha, apresente pelo menos 2 esp\u00e9cies de fauna e 2 de flora.<\/p>\n","protected":false},"excerpt":{"rendered":"<p>MAPA Biologia e Diversidade 51\/2024 Enunciado: QUEST\u00c3O 1 Ol\u00e1, futuro gestor ambiental! Vamos dar in\u00edcio \u00e0 nossa Atividade MAPA, que<\/p>\n","protected":false},"featured_media":2326,"template":"","meta":{"_monsterinsights_skip_tracking":false,"_monsterinsights_sitenote_active":false,"_monsterinsights_sitenote_note":"","_monsterinsights_sitenote_category":0},"product_brand":[],"product_cat":[57],"product_tag":[],"class_list":{"0":"post-3370","1":"product","2":"type-product","3":"status-publish","4":"has-post-thumbnail","6":"product_cat-gestao-ambiental","8":"first","9":"instock","10":"downloadable","11":"virtual","12":"purchasable","13":"product-type-simple"},"yoast_head":"<!-- This site is optimized with the Yoast SEO plugin v27.4 - https:\/\/yoast.com\/product\/yoast-seo-wordpress\/ -->\n<title>MAPA Biologia e Diversidade 51\/2024<\/title>\n<meta name=\"description\" content=\"Atividade MAPA Biologia e Diversidade 51\/2024 &#8902; Unicesumar. Baixe agora mesmo um Mapa Pronto resolvido!\" \/>\n<meta name=\"robots\" content=\"index, follow, max-snippet:-1, max-image-preview:large, max-video-preview:-1\" \/>\n<link rel=\"canonical\" href=\"https:\/\/atividademapa.com\/?product=mapa-biologia-e-diversidade-51-2024\" \/>\n<meta property=\"og:locale\" content=\"pt_BR\" \/>\n<meta property=\"og:type\" content=\"article\" \/>\n<meta property=\"og:title\" content=\"MAPA Biologia e Diversidade 51\/2024\" \/>\n<meta property=\"og:description\" content=\"Atividade MAPA Biologia e Diversidade 51\/2024 &#8902; Unicesumar. Baixe agora mesmo um Mapa Pronto resolvido!\" \/>\n<meta property=\"og:url\" content=\"https:\/\/atividademapa.com\/?product=mapa-biologia-e-diversidade-51-2024\" \/>\n<meta property=\"og:site_name\" content=\"Atividade Mapa\" \/>\n<meta property=\"article:modified_time\" content=\"2024-03-26T00:50:43+00:00\" \/>\n<meta property=\"og:image\" content=\"https:\/\/i0.wp.com\/atividademapa.com\/wp-content\/uploads\/2023\/03\/Atividade-M.A.P.A-3.png?fit=300%2C300&ssl=1\" \/>\n\t<meta property=\"og:image:width\" content=\"300\" \/>\n\t<meta property=\"og:image:height\" content=\"300\" \/>\n\t<meta property=\"og:image:type\" content=\"image\/png\" \/>\n<meta name=\"twitter:card\" content=\"summary_large_image\" \/>\n<meta name=\"twitter:label1\" content=\"Est. tempo de leitura\" \/>\n\t<meta name=\"twitter:data1\" content=\"2 minutos\" \/>\n<script type=\"application\/ld+json\" class=\"yoast-schema-graph\">{\"@context\":\"https:\\\/\\\/schema.org\",\"@graph\":[{\"@type\":\"WebPage\",\"@id\":\"https:\\\/\\\/atividademapa.com\\\/?product=mapa-biologia-e-diversidade-51-2024\",\"url\":\"https:\\\/\\\/atividademapa.com\\\/?product=mapa-biologia-e-diversidade-51-2024\",\"name\":\"MAPA Biologia e Diversidade 51\\\/2024\",\"isPartOf\":{\"@id\":\"https:\\\/\\\/atividademapa.com\\\/#website\"},\"primaryImageOfPage\":{\"@id\":\"https:\\\/\\\/atividademapa.com\\\/?product=mapa-biologia-e-diversidade-51-2024#primaryimage\"},\"image\":{\"@id\":\"https:\\\/\\\/atividademapa.com\\\/?product=mapa-biologia-e-diversidade-51-2024#primaryimage\"},\"thumbnailUrl\":\"https:\\\/\\\/i0.wp.com\\\/atividademapa.com\\\/wp-content\\\/uploads\\\/2023\\\/03\\\/Atividade-M.A.P.A-3.png?fit=300%2C300&ssl=1\",\"datePublished\":\"2024-01-24T14:29:30+00:00\",\"dateModified\":\"2024-03-26T00:50:43+00:00\",\"description\":\"Atividade MAPA Biologia e Diversidade 51\\\/2024 &#8902; Unicesumar. Baixe agora mesmo um Mapa Pronto resolvido!\",\"breadcrumb\":{\"@id\":\"https:\\\/\\\/atividademapa.com\\\/?product=mapa-biologia-e-diversidade-51-2024#breadcrumb\"},\"inLanguage\":\"pt-BR\",\"potentialAction\":[{\"@type\":\"ReadAction\",\"target\":[\"https:\\\/\\\/atividademapa.com\\\/?product=mapa-biologia-e-diversidade-51-2024\"]}]},{\"@type\":\"ImageObject\",\"inLanguage\":\"pt-BR\",\"@id\":\"https:\\\/\\\/atividademapa.com\\\/?product=mapa-biologia-e-diversidade-51-2024#primaryimage\",\"url\":\"https:\\\/\\\/i0.wp.com\\\/atividademapa.com\\\/wp-content\\\/uploads\\\/2023\\\/03\\\/Atividade-M.A.P.A-3.png?fit=300%2C300&ssl=1\",\"contentUrl\":\"https:\\\/\\\/i0.wp.com\\\/atividademapa.com\\\/wp-content\\\/uploads\\\/2023\\\/03\\\/Atividade-M.A.P.A-3.png?fit=300%2C300&ssl=1\",\"width\":300,\"height\":300,\"caption\":\"Mapa Unicesumar Atividade\"},{\"@type\":\"BreadcrumbList\",\"@id\":\"https:\\\/\\\/atividademapa.com\\\/?product=mapa-biologia-e-diversidade-51-2024#breadcrumb\",\"itemListElement\":[{\"@type\":\"ListItem\",\"position\":1,\"name\":\"In\u00edcio\",\"item\":\"https:\\\/\\\/atividademapa.com\\\/\"},{\"@type\":\"ListItem\",\"position\":2,\"name\":\"MAPAS\",\"item\":\"https:\\\/\\\/atividademapa.com\\\/?page_id=5\"},{\"@type\":\"ListItem\",\"position\":3,\"name\":\"MAPA Biologia e Diversidade 51\\\/2024\"}]},{\"@type\":\"WebSite\",\"@id\":\"https:\\\/\\\/atividademapa.com\\\/#website\",\"url\":\"https:\\\/\\\/atividademapa.com\\\/\",\"name\":\"Atividade Mapa\",\"description\":\"StudeO | Unicesumar\",\"publisher\":{\"@id\":\"https:\\\/\\\/atividademapa.com\\\/#organization\"},\"potentialAction\":[{\"@type\":\"SearchAction\",\"target\":{\"@type\":\"EntryPoint\",\"urlTemplate\":\"https:\\\/\\\/atividademapa.com\\\/?s={search_term_string}\"},\"query-input\":{\"@type\":\"PropertyValueSpecification\",\"valueRequired\":true,\"valueName\":\"search_term_string\"}}],\"inLanguage\":\"pt-BR\"},{\"@type\":\"Organization\",\"@id\":\"https:\\\/\\\/atividademapa.com\\\/#organization\",\"name\":\"Atividade MAPA\",\"url\":\"https:\\\/\\\/atividademapa.com\\\/\",\"logo\":{\"@type\":\"ImageObject\",\"inLanguage\":\"pt-BR\",\"@id\":\"https:\\\/\\\/atividademapa.com\\\/#\\\/schema\\\/logo\\\/image\\\/\",\"url\":\"https:\\\/\\\/i0.wp.com\\\/atividademapa.com\\\/wp-content\\\/uploads\\\/2023\\\/02\\\/ATIVIDADE.png?fit=600%2C300&ssl=1\",\"contentUrl\":\"https:\\\/\\\/i0.wp.com\\\/atividademapa.com\\\/wp-content\\\/uploads\\\/2023\\\/02\\\/ATIVIDADE.png?fit=600%2C300&ssl=1\",\"width\":600,\"height\":300,\"caption\":\"Atividade MAPA\"},\"image\":{\"@id\":\"https:\\\/\\\/atividademapa.com\\\/#\\\/schema\\\/logo\\\/image\\\/\"}}]}<\/script>\n<!-- \/ Yoast SEO plugin. -->","yoast_head_json":{"title":"MAPA Biologia e Diversidade 51\/2024","description":"Atividade MAPA Biologia e Diversidade 51\/2024 &#8902; Unicesumar. Baixe agora mesmo um Mapa Pronto resolvido!","robots":{"index":"index","follow":"follow","max-snippet":"max-snippet:-1","max-image-preview":"max-image-preview:large","max-video-preview":"max-video-preview:-1"},"canonical":"https:\/\/atividademapa.com\/?product=mapa-biologia-e-diversidade-51-2024","og_locale":"pt_BR","og_type":"article","og_title":"MAPA Biologia e Diversidade 51\/2024","og_description":"Atividade MAPA Biologia e Diversidade 51\/2024 &#8902; Unicesumar. Baixe agora mesmo um Mapa Pronto resolvido!","og_url":"https:\/\/atividademapa.com\/?product=mapa-biologia-e-diversidade-51-2024","og_site_name":"Atividade Mapa","article_modified_time":"2024-03-26T00:50:43+00:00","og_image":[{"width":300,"height":300,"url":"https:\/\/i0.wp.com\/atividademapa.com\/wp-content\/uploads\/2023\/03\/Atividade-M.A.P.A-3.png?fit=300%2C300&ssl=1","type":"image\/png"}],"twitter_card":"summary_large_image","twitter_misc":{"Est. tempo de leitura":"2 minutos"},"schema":{"@context":"https:\/\/schema.org","@graph":[{"@type":"WebPage","@id":"https:\/\/atividademapa.com\/?product=mapa-biologia-e-diversidade-51-2024","url":"https:\/\/atividademapa.com\/?product=mapa-biologia-e-diversidade-51-2024","name":"MAPA Biologia e Diversidade 51\/2024","isPartOf":{"@id":"https:\/\/atividademapa.com\/#website"},"primaryImageOfPage":{"@id":"https:\/\/atividademapa.com\/?product=mapa-biologia-e-diversidade-51-2024#primaryimage"},"image":{"@id":"https:\/\/atividademapa.com\/?product=mapa-biologia-e-diversidade-51-2024#primaryimage"},"thumbnailUrl":"https:\/\/i0.wp.com\/atividademapa.com\/wp-content\/uploads\/2023\/03\/Atividade-M.A.P.A-3.png?fit=300%2C300&ssl=1","datePublished":"2024-01-24T14:29:30+00:00","dateModified":"2024-03-26T00:50:43+00:00","description":"Atividade MAPA Biologia e Diversidade 51\/2024 &#8902; Unicesumar. Baixe agora mesmo um Mapa Pronto resolvido!","breadcrumb":{"@id":"https:\/\/atividademapa.com\/?product=mapa-biologia-e-diversidade-51-2024#breadcrumb"},"inLanguage":"pt-BR","potentialAction":[{"@type":"ReadAction","target":["https:\/\/atividademapa.com\/?product=mapa-biologia-e-diversidade-51-2024"]}]},{"@type":"ImageObject","inLanguage":"pt-BR","@id":"https:\/\/atividademapa.com\/?product=mapa-biologia-e-diversidade-51-2024#primaryimage","url":"https:\/\/i0.wp.com\/atividademapa.com\/wp-content\/uploads\/2023\/03\/Atividade-M.A.P.A-3.png?fit=300%2C300&ssl=1","contentUrl":"https:\/\/i0.wp.com\/atividademapa.com\/wp-content\/uploads\/2023\/03\/Atividade-M.A.P.A-3.png?fit=300%2C300&ssl=1","width":300,"height":300,"caption":"Mapa Unicesumar Atividade"},{"@type":"BreadcrumbList","@id":"https:\/\/atividademapa.com\/?product=mapa-biologia-e-diversidade-51-2024#breadcrumb","itemListElement":[{"@type":"ListItem","position":1,"name":"In\u00edcio","item":"https:\/\/atividademapa.com\/"},{"@type":"ListItem","position":2,"name":"MAPAS","item":"https:\/\/atividademapa.com\/?page_id=5"},{"@type":"ListItem","position":3,"name":"MAPA Biologia e Diversidade 51\/2024"}]},{"@type":"WebSite","@id":"https:\/\/atividademapa.com\/#website","url":"https:\/\/atividademapa.com\/","name":"Atividade Mapa","description":"StudeO | Unicesumar","publisher":{"@id":"https:\/\/atividademapa.com\/#organization"},"potentialAction":[{"@type":"SearchAction","target":{"@type":"EntryPoint","urlTemplate":"https:\/\/atividademapa.com\/?s={search_term_string}"},"query-input":{"@type":"PropertyValueSpecification","valueRequired":true,"valueName":"search_term_string"}}],"inLanguage":"pt-BR"},{"@type":"Organization","@id":"https:\/\/atividademapa.com\/#organization","name":"Atividade MAPA","url":"https:\/\/atividademapa.com\/","logo":{"@type":"ImageObject","inLanguage":"pt-BR","@id":"https:\/\/atividademapa.com\/#\/schema\/logo\/image\/","url":"https:\/\/i0.wp.com\/atividademapa.com\/wp-content\/uploads\/2023\/02\/ATIVIDADE.png?fit=600%2C300&ssl=1","contentUrl":"https:\/\/i0.wp.com\/atividademapa.com\/wp-content\/uploads\/2023\/02\/ATIVIDADE.png?fit=600%2C300&ssl=1","width":600,"height":300,"caption":"Atividade MAPA"},"image":{"@id":"https:\/\/atividademapa.com\/#\/schema\/logo\/image\/"}}]}},"_links":{"self":[{"href":"https:\/\/atividademapa.com\/index.php?rest_route=\/wp\/v2\/product\/3370","targetHints":{"allow":["GET"]}}],"collection":[{"href":"https:\/\/atividademapa.com\/index.php?rest_route=\/wp\/v2\/product"}],"about":[{"href":"https:\/\/atividademapa.com\/index.php?rest_route=\/wp\/v2\/types\/product"}],"version-history":[{"count":3,"href":"https:\/\/atividademapa.com\/index.php?rest_route=\/wp\/v2\/product\/3370\/revisions"}],"predecessor-version":[{"id":3672,"href":"https:\/\/atividademapa.com\/index.php?rest_route=\/wp\/v2\/product\/3370\/revisions\/3672"}],"wp:featuredmedia":[{"embeddable":true,"href":"https:\/\/atividademapa.com\/index.php?rest_route=\/wp\/v2\/media\/2326"}],"wp:attachment":[{"href":"https:\/\/atividademapa.com\/index.php?rest_route=%2Fwp%2Fv2%2Fmedia&parent=3370"}],"wp:term":[{"taxonomy":"product_brand","embeddable":true,"href":"https:\/\/atividademapa.com\/index.php?rest_route=%2Fwp%2Fv2%2Fproduct_brand&post=3370"},{"taxonomy":"product_cat","embeddable":true,"href":"https:\/\/atividademapa.com\/index.php?rest_route=%2Fwp%2Fv2%2Fproduct_cat&post=3370"},{"taxonomy":"product_tag","embeddable":true,"href":"https:\/\/atividademapa.com\/index.php?rest_route=%2Fwp%2Fv2%2Fproduct_tag&post=3370"}],"curies":[{"name":"wp","href":"https:\/\/api.w.org\/{rel}","templated":true}]}}