{"id":3411,"date":"2024-02-22T17:36:06","date_gmt":"2024-02-22T20:36:06","guid":{"rendered":"https:\/\/atividademapa.com\/?post_type=product&#038;p=3411"},"modified":"2024-03-20T09:39:18","modified_gmt":"2024-03-20T12:39:18","slug":"mapa-atividade-fisica-e-qualidade-de-vida-51-2024","status":"publish","type":"product","link":"https:\/\/atividademapa.com\/?product=mapa-atividade-fisica-e-qualidade-de-vida-51-2024","title":{"rendered":"MAPA Atividade F\u00edsica e Qualidade de Vida 51\/2024"},"content":{"rendered":"<p>MAPA Atividade F\u00edsica e Qualidade de Vida 51\/2024<\/p>\n<p>Seu aluno de personal trainer chegou at\u00e9 voc\u00ea e solicitou que prescrevesse um treinamento com enfoque na aptid\u00e3o cardiorrespirat\u00f3ria. Como voc\u00ea estudou sobre a prescri\u00e7\u00e3o de treinamento e as avalia\u00e7\u00f5es necess\u00e1rias para tal, voc\u00ea coletou algumas informa\u00e7\u00f5es descritas abaixo:<\/p>\n<p>Adulto (masculino)<\/p>\n<p>Condi\u00e7\u00e3o de sa\u00fade: saud\u00e1vel<\/p>\n<p>Idade: 32 anos<\/p>\n<p>Dist\u00e2ncia percorrida: 1.770 metros<\/p>\n<p>Peso corporal: 82kg<\/p>\n<p>Estatura: 163cm<\/p>\n<p>Frequ\u00eancia card\u00edaca: 81bpm<\/p>\n<p>Press\u00e3o arterial sist\u00f3lica\/ diast\u00f3lica: 120\/80mmHg<\/p>\n<p>SMIRMAU, B. P. C.; ESTEVES, J. V. D. C. <strong>Atividade F\u00edsica e Qualidade de Vida<\/strong>. Maring\u00e1: UniCesumar, 2022.<\/p>\n<ol>\n<li>Considerando todas as informa\u00e7\u00f5es que voc\u00ea obteve, descritas acima, calcule o IMC e de acordo com o resultado apresente o estado nutricional do seu aluno.<\/li>\n<\/ol>\n<table width=\"576\">\n<tbody>\n<tr>\n<td width=\"576\">Insira aqui a resposta:<\/p>\n<p>&nbsp;<\/td>\n<\/tr>\n<\/tbody>\n<\/table>\n<ol start=\"2\">\n<li>Considerando todas as informa\u00e7\u00f5es que voc\u00ea obteve, descritas acima, sabendo que seu aluno \u00e9 um adulto e saud\u00e1vel, e que voc\u00ea escolheu um teste de campo que seria mais indicado para ele. Qual foi o teste de campo que voc\u00ea aplicou para estimar o VO2m\u00e1x?<\/li>\n<\/ol>\n<table width=\"576\">\n<tbody>\n<tr>\n<td width=\"576\">Insira aqui a resposta:<\/p>\n<p>&nbsp;<\/td>\n<\/tr>\n<\/tbody>\n<\/table>\n<ol start=\"3\">\n<li>Ap\u00f3s a avalia\u00e7\u00e3o, voc\u00ea realizou o c\u00e1lculo utilizando alguns dos dados acima na f\u00f3rmula: VO2m\u00e1x (ml\/kg\/min) = (dist\u00e2ncia em metros -504,09) \/ 44,78. Apresente o c\u00e1lculo que foi realizado para obter o VO2m\u00e1x para o indiv\u00edduo que realizou o teste de campo e o resultado obtido.<\/li>\n<\/ol>\n<table width=\"576\">\n<tbody>\n<tr>\n<td width=\"576\">Insira aqui a resposta:<\/p>\n<p>&nbsp;<\/td>\n<\/tr>\n<\/tbody>\n<\/table>\n<ol start=\"4\">\n<li>Agora, para analisar os resultados obtidos, voc\u00ea ir\u00e1 utilizar a classifica\u00e7\u00e3o do consumo m\u00e1ximo de oxig\u00eanio, de acordo com a refer\u00eancia utilizada pela ACSM (1980). Assim, em qual categoria de classifica\u00e7\u00e3o seu aluno se encaixa?<\/li>\n<\/ol>\n<table width=\"576\">\n<tbody>\n<tr>\n<td width=\"576\">Insira aqui a resposta:<\/p>\n<p>&nbsp;<\/td>\n<\/tr>\n<\/tbody>\n<\/table>\n<p><strong>\u00a0<\/strong><strong>\u00a0<\/strong>\u200bAgora suponha que esse mesmo aluno \u00e9 do sexo feminino, voc\u00ea ir\u00e1 utilizar o resultado para classificar de acordo a refer\u00eancia da ACSM (1980). Em qual categoria de classifica\u00e7\u00e3o sua aluna se encaixaria?<\/p>\n<p>&nbsp;<\/p>\n<table width=\"576\">\n<tbody>\n<tr>\n<td width=\"576\">Insira aqui a resposta:<\/p>\n<p>&nbsp;<\/td>\n<\/tr>\n<\/tbody>\n<\/table>\n<p><strong>TABELA SE ENCONTRA NA P\u00c1GINA ABAIXO<\/strong><\/p>\n<p><img data-recalc-dims=\"1\" loading=\"lazy\" decoding=\"async\" class=\"alignnone wp-image-3414\" src=\"https:\/\/i0.wp.com\/atividademapa.com\/wp-content\/uploads\/2024\/02\/Tabela.jpg?resize=419%2C152&#038;ssl=1\" alt=\"MAPA Atividade F\u00edsica e Qualidade de Vida 51\/2024\" width=\"419\" height=\"152\" srcset=\"https:\/\/i0.wp.com\/atividademapa.com\/wp-content\/uploads\/2024\/02\/Tabela.jpg?resize=300%2C109&amp;ssl=1 300w, https:\/\/i0.wp.com\/atividademapa.com\/wp-content\/uploads\/2024\/02\/Tabela.jpg?resize=1024%2C373&amp;ssl=1 1024w, https:\/\/i0.wp.com\/atividademapa.com\/wp-content\/uploads\/2024\/02\/Tabela.jpg?resize=768%2C280&amp;ssl=1 768w, https:\/\/i0.wp.com\/atividademapa.com\/wp-content\/uploads\/2024\/02\/Tabela.jpg?resize=600%2C218&amp;ssl=1 600w, https:\/\/i0.wp.com\/atividademapa.com\/wp-content\/uploads\/2024\/02\/Tabela.jpg?resize=150%2C55&amp;ssl=1 150w, https:\/\/i0.wp.com\/atividademapa.com\/wp-content\/uploads\/2024\/02\/Tabela.jpg?w=1140&amp;ssl=1 1140w\" sizes=\"auto, (max-width: 419px) 100vw, 419px\" \/><\/p>\n<ol start=\"6\">\n<li>Diante dos resultados obtidos, descreva o que \u00e9 poss\u00edvel observar em rela\u00e7\u00e3o ao VO2m\u00e1x quando comparamos os resultados do sexo feminino com o sexo masculino, tendo como base a classifica\u00e7\u00e3o da tabela do ACSM (1980)?<\/li>\n<\/ol>\n<p>&nbsp;<\/p>\n<table width=\"576\">\n<tbody>\n<tr>\n<td width=\"576\">Insira aqui a resposta:<\/p>\n<p>&nbsp;<\/td>\n<\/tr>\n<\/tbody>\n<\/table>\n<p>&nbsp;<\/p>\n<p><strong>\u00a0<\/strong><\/p>\n","protected":false},"excerpt":{"rendered":"<p>MAPA Atividade F\u00edsica e Qualidade de Vida 51\/2024 Seu aluno de personal trainer chegou at\u00e9 voc\u00ea e solicitou que prescrevesse<\/p>\n","protected":false},"featured_media":2326,"template":"","meta":{"_monsterinsights_skip_tracking":false,"_monsterinsights_sitenote_active":false,"_monsterinsights_sitenote_note":"","_monsterinsights_sitenote_category":0},"product_brand":[],"product_cat":[42],"product_tag":[],"class_list":{"0":"post-3411","1":"product","2":"type-product","3":"status-publish","4":"has-post-thumbnail","6":"product_cat-educacao-fisica","8":"first","9":"instock","10":"downloadable","11":"virtual","12":"purchasable","13":"product-type-simple"},"yoast_head":"<!-- This site is optimized with the Yoast SEO plugin v27.4 - https:\/\/yoast.com\/product\/yoast-seo-wordpress\/ -->\n<title>MAPA Atividade F\u00edsica e Qualidade de Vida 51\/2024<\/title>\n<meta name=\"description\" content=\"MAPA Atividade F\u00edsica e Qualidade de Vida 51\/2024 Unicesumar | Atividade MAPA Pronto. Baixe Agora! Vo2MAX\" \/>\n<meta name=\"robots\" content=\"index, follow, max-snippet:-1, max-image-preview:large, max-video-preview:-1\" \/>\n<link rel=\"canonical\" href=\"https:\/\/atividademapa.com\/?product=mapa-atividade-fisica-e-qualidade-de-vida-51-2024\" \/>\n<meta property=\"og:locale\" content=\"pt_BR\" \/>\n<meta property=\"og:type\" content=\"article\" \/>\n<meta property=\"og:title\" content=\"MAPA Atividade F\u00edsica e Qualidade de Vida 51\/2024\" \/>\n<meta property=\"og:description\" content=\"MAPA Atividade F\u00edsica e Qualidade de Vida 51\/2024 Unicesumar | Atividade MAPA Pronto. Baixe Agora! Vo2MAX\" \/>\n<meta property=\"og:url\" content=\"https:\/\/atividademapa.com\/?product=mapa-atividade-fisica-e-qualidade-de-vida-51-2024\" \/>\n<meta property=\"og:site_name\" content=\"Atividade Mapa\" \/>\n<meta property=\"article:modified_time\" content=\"2024-03-20T12:39:18+00:00\" \/>\n<meta property=\"og:image\" content=\"https:\/\/i0.wp.com\/atividademapa.com\/wp-content\/uploads\/2023\/03\/Atividade-M.A.P.A-3.png?fit=300%2C300&ssl=1\" \/>\n\t<meta property=\"og:image:width\" content=\"300\" \/>\n\t<meta property=\"og:image:height\" content=\"300\" \/>\n\t<meta property=\"og:image:type\" content=\"image\/png\" \/>\n<meta name=\"twitter:card\" content=\"summary_large_image\" \/>\n<meta name=\"twitter:label1\" content=\"Est. tempo de leitura\" \/>\n\t<meta name=\"twitter:data1\" content=\"2 minutos\" \/>\n<script type=\"application\/ld+json\" class=\"yoast-schema-graph\">{\"@context\":\"https:\\\/\\\/schema.org\",\"@graph\":[{\"@type\":\"WebPage\",\"@id\":\"https:\\\/\\\/atividademapa.com\\\/?product=mapa-atividade-fisica-e-qualidade-de-vida-51-2024\",\"url\":\"https:\\\/\\\/atividademapa.com\\\/?product=mapa-atividade-fisica-e-qualidade-de-vida-51-2024\",\"name\":\"MAPA Atividade F\u00edsica e Qualidade de Vida 51\\\/2024\",\"isPartOf\":{\"@id\":\"https:\\\/\\\/atividademapa.com\\\/#website\"},\"primaryImageOfPage\":{\"@id\":\"https:\\\/\\\/atividademapa.com\\\/?product=mapa-atividade-fisica-e-qualidade-de-vida-51-2024#primaryimage\"},\"image\":{\"@id\":\"https:\\\/\\\/atividademapa.com\\\/?product=mapa-atividade-fisica-e-qualidade-de-vida-51-2024#primaryimage\"},\"thumbnailUrl\":\"https:\\\/\\\/i0.wp.com\\\/atividademapa.com\\\/wp-content\\\/uploads\\\/2023\\\/03\\\/Atividade-M.A.P.A-3.png?fit=300%2C300&ssl=1\",\"datePublished\":\"2024-02-22T20:36:06+00:00\",\"dateModified\":\"2024-03-20T12:39:18+00:00\",\"description\":\"MAPA Atividade F\u00edsica e Qualidade de Vida 51\\\/2024 Unicesumar | Atividade MAPA Pronto. Baixe Agora! Vo2MAX\",\"breadcrumb\":{\"@id\":\"https:\\\/\\\/atividademapa.com\\\/?product=mapa-atividade-fisica-e-qualidade-de-vida-51-2024#breadcrumb\"},\"inLanguage\":\"pt-BR\",\"potentialAction\":[{\"@type\":\"ReadAction\",\"target\":[\"https:\\\/\\\/atividademapa.com\\\/?product=mapa-atividade-fisica-e-qualidade-de-vida-51-2024\"]}]},{\"@type\":\"ImageObject\",\"inLanguage\":\"pt-BR\",\"@id\":\"https:\\\/\\\/atividademapa.com\\\/?product=mapa-atividade-fisica-e-qualidade-de-vida-51-2024#primaryimage\",\"url\":\"https:\\\/\\\/i0.wp.com\\\/atividademapa.com\\\/wp-content\\\/uploads\\\/2023\\\/03\\\/Atividade-M.A.P.A-3.png?fit=300%2C300&ssl=1\",\"contentUrl\":\"https:\\\/\\\/i0.wp.com\\\/atividademapa.com\\\/wp-content\\\/uploads\\\/2023\\\/03\\\/Atividade-M.A.P.A-3.png?fit=300%2C300&ssl=1\",\"width\":300,\"height\":300,\"caption\":\"Mapa Unicesumar Atividade\"},{\"@type\":\"BreadcrumbList\",\"@id\":\"https:\\\/\\\/atividademapa.com\\\/?product=mapa-atividade-fisica-e-qualidade-de-vida-51-2024#breadcrumb\",\"itemListElement\":[{\"@type\":\"ListItem\",\"position\":1,\"name\":\"In\u00edcio\",\"item\":\"https:\\\/\\\/atividademapa.com\\\/\"},{\"@type\":\"ListItem\",\"position\":2,\"name\":\"MAPAS\",\"item\":\"https:\\\/\\\/atividademapa.com\\\/?page_id=5\"},{\"@type\":\"ListItem\",\"position\":3,\"name\":\"MAPA Atividade F\u00edsica e Qualidade de Vida 51\\\/2024\"}]},{\"@type\":\"WebSite\",\"@id\":\"https:\\\/\\\/atividademapa.com\\\/#website\",\"url\":\"https:\\\/\\\/atividademapa.com\\\/\",\"name\":\"Atividade Mapa\",\"description\":\"StudeO | Unicesumar\",\"publisher\":{\"@id\":\"https:\\\/\\\/atividademapa.com\\\/#organization\"},\"potentialAction\":[{\"@type\":\"SearchAction\",\"target\":{\"@type\":\"EntryPoint\",\"urlTemplate\":\"https:\\\/\\\/atividademapa.com\\\/?s={search_term_string}\"},\"query-input\":{\"@type\":\"PropertyValueSpecification\",\"valueRequired\":true,\"valueName\":\"search_term_string\"}}],\"inLanguage\":\"pt-BR\"},{\"@type\":\"Organization\",\"@id\":\"https:\\\/\\\/atividademapa.com\\\/#organization\",\"name\":\"Atividade MAPA\",\"url\":\"https:\\\/\\\/atividademapa.com\\\/\",\"logo\":{\"@type\":\"ImageObject\",\"inLanguage\":\"pt-BR\",\"@id\":\"https:\\\/\\\/atividademapa.com\\\/#\\\/schema\\\/logo\\\/image\\\/\",\"url\":\"https:\\\/\\\/i0.wp.com\\\/atividademapa.com\\\/wp-content\\\/uploads\\\/2023\\\/02\\\/ATIVIDADE.png?fit=600%2C300&ssl=1\",\"contentUrl\":\"https:\\\/\\\/i0.wp.com\\\/atividademapa.com\\\/wp-content\\\/uploads\\\/2023\\\/02\\\/ATIVIDADE.png?fit=600%2C300&ssl=1\",\"width\":600,\"height\":300,\"caption\":\"Atividade MAPA\"},\"image\":{\"@id\":\"https:\\\/\\\/atividademapa.com\\\/#\\\/schema\\\/logo\\\/image\\\/\"}}]}<\/script>\n<!-- \/ Yoast SEO plugin. -->","yoast_head_json":{"title":"MAPA Atividade F\u00edsica e Qualidade de Vida 51\/2024","description":"MAPA Atividade F\u00edsica e Qualidade de Vida 51\/2024 Unicesumar | Atividade MAPA Pronto. Baixe Agora! Vo2MAX","robots":{"index":"index","follow":"follow","max-snippet":"max-snippet:-1","max-image-preview":"max-image-preview:large","max-video-preview":"max-video-preview:-1"},"canonical":"https:\/\/atividademapa.com\/?product=mapa-atividade-fisica-e-qualidade-de-vida-51-2024","og_locale":"pt_BR","og_type":"article","og_title":"MAPA Atividade F\u00edsica e Qualidade de Vida 51\/2024","og_description":"MAPA Atividade F\u00edsica e Qualidade de Vida 51\/2024 Unicesumar | Atividade MAPA Pronto. Baixe Agora! Vo2MAX","og_url":"https:\/\/atividademapa.com\/?product=mapa-atividade-fisica-e-qualidade-de-vida-51-2024","og_site_name":"Atividade Mapa","article_modified_time":"2024-03-20T12:39:18+00:00","og_image":[{"width":300,"height":300,"url":"https:\/\/i0.wp.com\/atividademapa.com\/wp-content\/uploads\/2023\/03\/Atividade-M.A.P.A-3.png?fit=300%2C300&ssl=1","type":"image\/png"}],"twitter_card":"summary_large_image","twitter_misc":{"Est. tempo de leitura":"2 minutos"},"schema":{"@context":"https:\/\/schema.org","@graph":[{"@type":"WebPage","@id":"https:\/\/atividademapa.com\/?product=mapa-atividade-fisica-e-qualidade-de-vida-51-2024","url":"https:\/\/atividademapa.com\/?product=mapa-atividade-fisica-e-qualidade-de-vida-51-2024","name":"MAPA Atividade F\u00edsica e Qualidade de Vida 51\/2024","isPartOf":{"@id":"https:\/\/atividademapa.com\/#website"},"primaryImageOfPage":{"@id":"https:\/\/atividademapa.com\/?product=mapa-atividade-fisica-e-qualidade-de-vida-51-2024#primaryimage"},"image":{"@id":"https:\/\/atividademapa.com\/?product=mapa-atividade-fisica-e-qualidade-de-vida-51-2024#primaryimage"},"thumbnailUrl":"https:\/\/i0.wp.com\/atividademapa.com\/wp-content\/uploads\/2023\/03\/Atividade-M.A.P.A-3.png?fit=300%2C300&ssl=1","datePublished":"2024-02-22T20:36:06+00:00","dateModified":"2024-03-20T12:39:18+00:00","description":"MAPA Atividade F\u00edsica e Qualidade de Vida 51\/2024 Unicesumar | Atividade MAPA Pronto. Baixe Agora! Vo2MAX","breadcrumb":{"@id":"https:\/\/atividademapa.com\/?product=mapa-atividade-fisica-e-qualidade-de-vida-51-2024#breadcrumb"},"inLanguage":"pt-BR","potentialAction":[{"@type":"ReadAction","target":["https:\/\/atividademapa.com\/?product=mapa-atividade-fisica-e-qualidade-de-vida-51-2024"]}]},{"@type":"ImageObject","inLanguage":"pt-BR","@id":"https:\/\/atividademapa.com\/?product=mapa-atividade-fisica-e-qualidade-de-vida-51-2024#primaryimage","url":"https:\/\/i0.wp.com\/atividademapa.com\/wp-content\/uploads\/2023\/03\/Atividade-M.A.P.A-3.png?fit=300%2C300&ssl=1","contentUrl":"https:\/\/i0.wp.com\/atividademapa.com\/wp-content\/uploads\/2023\/03\/Atividade-M.A.P.A-3.png?fit=300%2C300&ssl=1","width":300,"height":300,"caption":"Mapa Unicesumar Atividade"},{"@type":"BreadcrumbList","@id":"https:\/\/atividademapa.com\/?product=mapa-atividade-fisica-e-qualidade-de-vida-51-2024#breadcrumb","itemListElement":[{"@type":"ListItem","position":1,"name":"In\u00edcio","item":"https:\/\/atividademapa.com\/"},{"@type":"ListItem","position":2,"name":"MAPAS","item":"https:\/\/atividademapa.com\/?page_id=5"},{"@type":"ListItem","position":3,"name":"MAPA Atividade F\u00edsica e Qualidade de Vida 51\/2024"}]},{"@type":"WebSite","@id":"https:\/\/atividademapa.com\/#website","url":"https:\/\/atividademapa.com\/","name":"Atividade Mapa","description":"StudeO | Unicesumar","publisher":{"@id":"https:\/\/atividademapa.com\/#organization"},"potentialAction":[{"@type":"SearchAction","target":{"@type":"EntryPoint","urlTemplate":"https:\/\/atividademapa.com\/?s={search_term_string}"},"query-input":{"@type":"PropertyValueSpecification","valueRequired":true,"valueName":"search_term_string"}}],"inLanguage":"pt-BR"},{"@type":"Organization","@id":"https:\/\/atividademapa.com\/#organization","name":"Atividade MAPA","url":"https:\/\/atividademapa.com\/","logo":{"@type":"ImageObject","inLanguage":"pt-BR","@id":"https:\/\/atividademapa.com\/#\/schema\/logo\/image\/","url":"https:\/\/i0.wp.com\/atividademapa.com\/wp-content\/uploads\/2023\/02\/ATIVIDADE.png?fit=600%2C300&ssl=1","contentUrl":"https:\/\/i0.wp.com\/atividademapa.com\/wp-content\/uploads\/2023\/02\/ATIVIDADE.png?fit=600%2C300&ssl=1","width":600,"height":300,"caption":"Atividade MAPA"},"image":{"@id":"https:\/\/atividademapa.com\/#\/schema\/logo\/image\/"}}]}},"_links":{"self":[{"href":"https:\/\/atividademapa.com\/index.php?rest_route=\/wp\/v2\/product\/3411","targetHints":{"allow":["GET"]}}],"collection":[{"href":"https:\/\/atividademapa.com\/index.php?rest_route=\/wp\/v2\/product"}],"about":[{"href":"https:\/\/atividademapa.com\/index.php?rest_route=\/wp\/v2\/types\/product"}],"version-history":[{"count":3,"href":"https:\/\/atividademapa.com\/index.php?rest_route=\/wp\/v2\/product\/3411\/revisions"}],"predecessor-version":[{"id":3416,"href":"https:\/\/atividademapa.com\/index.php?rest_route=\/wp\/v2\/product\/3411\/revisions\/3416"}],"wp:featuredmedia":[{"embeddable":true,"href":"https:\/\/atividademapa.com\/index.php?rest_route=\/wp\/v2\/media\/2326"}],"wp:attachment":[{"href":"https:\/\/atividademapa.com\/index.php?rest_route=%2Fwp%2Fv2%2Fmedia&parent=3411"}],"wp:term":[{"taxonomy":"product_brand","embeddable":true,"href":"https:\/\/atividademapa.com\/index.php?rest_route=%2Fwp%2Fv2%2Fproduct_brand&post=3411"},{"taxonomy":"product_cat","embeddable":true,"href":"https:\/\/atividademapa.com\/index.php?rest_route=%2Fwp%2Fv2%2Fproduct_cat&post=3411"},{"taxonomy":"product_tag","embeddable":true,"href":"https:\/\/atividademapa.com\/index.php?rest_route=%2Fwp%2Fv2%2Fproduct_tag&post=3411"}],"curies":[{"name":"wp","href":"https:\/\/api.w.org\/{rel}","templated":true}]}}