{"id":3432,"date":"2024-02-24T12:17:09","date_gmt":"2024-02-24T15:17:09","guid":{"rendered":"https:\/\/atividademapa.com\/?post_type=product&#038;p=3432"},"modified":"2024-03-16T15:15:09","modified_gmt":"2024-03-16T18:15:09","slug":"mapa-hematologia-clinica-51-2024","status":"publish","type":"product","link":"https:\/\/atividademapa.com\/?product=mapa-hematologia-clinica-51-2024","title":{"rendered":"MAPA Hematologia Cl\u00ednica 51\/2024"},"content":{"rendered":"<h1>MAPA Hematologia Cl\u00ednica 51\/2024<\/h1>\n<p><strong>CASO CL\u00cdNICO 1 &#8211; MAPA Hematologia Cl\u00ednica 51\/2024<\/strong><\/p>\n<p>Thiago, 36 anos, procurou atendimento em um laborat\u00f3rio de an\u00e1lises cl\u00ednicas para realizar exames de rotina. Durante a realiza\u00e7\u00e3o da coleta de sangue, devido \u00e0 dificuldade na pun\u00e7\u00e3o sangu\u00ednea, ap\u00f3s o sangue come\u00e7ar a fluir para a seringa, houve demora no procedimento, assim, o garrote permaneceu no bra\u00e7o do paciente por aproximadamente 3 minutos. Ap\u00f3s a pun\u00e7\u00e3o sangu\u00ednea, a amostra foi acondicionada em tubos contendo aditivos espec\u00edficos para cada um dos exames do paciente, por\u00e9m os tubos n\u00e3o foram homogeneizados. Um dia ap\u00f3s a coleta, o laborat\u00f3rio entrou em contato com o paciente informando que havia a necessidade de realizar uma nova coleta, para confirma\u00e7\u00e3o do resultado referente as <span style=\"color: #333333;\"><a style=\"color: #333333;\" href=\"https:\/\/www.msdmanuals.com\/pt-br\/casa\/dist%C3%BArbios-do-sangue\/dist%C3%BArbios-das-plaquetas\/considera%C3%A7%C3%B5es-gerais-sobre-dist%C3%BArbios-plaquet%C3%A1rios#:~:text=As%20plaquetas%20(%C3%A0s%20vezes%20chamadas,inclui%20a%20coagula%C3%A7%C3%A3o%20do%20sangue.\">plaquetas<\/a><\/span> e hamat\u00f3crito (Ht), que estava reduzida e do Ht que estava elevado.<br \/>\nA\u00a0<strong>Figura 1<\/strong>\u00a0pertence ao esfrega\u00e7o sangu\u00edneo realizado com sangue obtido na primeira coleta de sangue, e as estruturas indicadas pelas setas eram encontradas com frequ\u00eancia na amostra.<\/p>\n<p>Figura 1 &#8211; <span style=\"color: #333333;\"><a style=\"color: #333333;\" href=\"https:\/\/atividademapa.com\">Esfrega\u00e7o sangu\u00edneo<\/a><\/span> do paciente Thiago (caso 1)<br \/>\nFonte: a autora.<\/p>\n<p>De acordo com o\u00a0<strong>CASO CL\u00cdNICO 1<\/strong>\u00a0e a\u00a0<strong>FIGURA 1<\/strong>, responda \u00e0s quest\u00f5es a seguir:<\/p>\n<p>1a.\u00a0<strong>IDENTIFIQUE<\/strong>\u00a0as estruturas indicadas pelas setas na FIGURA 1 e\u00a0<strong>EXPLIQUE<\/strong>\u00a0o motivo serem formadas.<\/p>\n<p>1b.\u00a0<strong>RELACIONE<\/strong>\u00a0o Caso 1 com os achados laboratoriais da FIGURA 1,\u00a0<strong>JUSTIFICANDO<\/strong>\u00a0a redu\u00e7\u00e3o no valor das plaquetas.<\/p>\n<p>1c.\u00a0<strong>EXPLIQUE<\/strong>\u00a0como o tempo de garrote pode influenciar o valor do hemat\u00f3crito.<\/p>\n<p>1d.\u00a0<strong>DESCREVA<\/strong>\u00a0a fun\u00e7\u00e3o das plaquetas.<\/p>\n<p><strong>CASO CL\u00cdNICO 2 &#8211; MAPA Hematologia Cl\u00ednica 51\/2024<\/strong><\/p>\n<p>Ana Laura, 18 anos, possui <span style=\"color: #333333;\"><a style=\"color: #333333;\" href=\"https:\/\/bvsms.saude.gov.br\/anemia\/#:~:text=Anemia%20%C3%A9%20definida%20pela%20Organiza%C3%A7%C3%A3o,zinco%2C%20vitamina%20B12%20e%20prote%C3%ADnas.\">anemia<\/a><\/span> severa desde os 6 meses de idade. Devido \u00e0 anemia intensa, apresenta quadros de palidez, icter\u00edcia, fraqueza, sonol\u00eancia, fortes dores nas extremidades dos membros e na regi\u00e3o abdominal e aumento de ba\u00e7o, o que leva a uma eleva\u00e7\u00e3o abdominal. Realiza transfus\u00f5es sangu\u00edneas frequentemente e relata ter parentes pr\u00f3ximos com o mesmo problema. Realiza exames como hemograma, reticul\u00f3citos e bilirrubina frequentemente, por\u00e9m o diagn\u00f3stico da causa da anemia foi realizado atrav\u00e9s de um exame chamado eletroforese de hemoglobina associado aos exames de triagem descritos. Os resultados e as imagens a seguir pertencem ao eritrograma e ao esfrega\u00e7o sangu\u00edneo da paciente. Analise os resultados e as imagens e responda as quest\u00f5es a seguir:<\/p>\n<p>Tabela 1 &#8211; Hemograma completo paciente Ana Laura (caso cl\u00ednico 2)<br \/>\nFonte: a autora.<\/p>\n<p>Figura 2 &#8211; Esfrega\u00e7o sangu\u00edneo da paciente Ana Laura (caso cl\u00ednico 2)<br \/>\nFonte: a autora.<\/p>\n<p>Com rela\u00e7\u00e3o ao\u00a0<strong>CASO CL\u00cdNICO 2<\/strong>, an\u00e1lise o hemograma completo (<strong>Tabela 1<\/strong>) e a\u00a0<strong>Figura 2<\/strong>, para responder \u00e0s quest\u00f5es a seguir:<\/p>\n<p>2a.\u00a0<strong>INDIQUE\u00a0<\/strong>a prov\u00e1vel anemia da paciente,\u00a0<strong>ASSOCIANDO<\/strong>\u00a0com o quadro cl\u00ednico apresentado e a necessidade de transfus\u00e3o sangu\u00ednea.<\/p>\n<p>2b.\u00a0<strong>IDENTIFIQUE\u00a0<\/strong>os poiquil\u00f3citos indicados pelas setas e<strong>\u00a0DESCREVA\u00a0<\/strong>a sua<strong>\u00a0morfologia.<\/strong><\/p>\n<p>2c.\u00a0<strong>EXPLIQUE<\/strong>\u00a0a forma\u00e7\u00e3o dos poiquil\u00f3citos indicados na Figura 2<strong>\u00a0e RELACIONE<\/strong>\u00a0com a redu\u00e7\u00e3o da hemoglobina e com a anemia apresentada pelos familiares.<\/p>\n<p>2d.\u00a0<strong>ESCLARE\u00c7A<\/strong>\u00a0como estar\u00e3o os resultados de bilirrubina e reticul\u00f3cito para essa paciente.<\/p>\n<p>2e.\u00a0<strong>CITE<\/strong>\u00a0o gen\u00f3tipo da paciente.<\/p>\n<p><strong>CASO CL\u00cdNICO 3<\/strong><\/p>\n<p>M\u00f4nica, 23 anos, procurou atendimento m\u00e9dico no hospital da cidade, pois apresentava febre, dor cabe\u00e7a, dor atr\u00e1s dos olhos e em todo corpo. A cidade em que mora est\u00e1 passando por uma epidemia de dengue e, devido \u00e0 rela\u00e7\u00e3o da infec\u00e7\u00e3o viral com os sintomas apresentados pela paciente, o m\u00e9dico solicitou exames como hemograma e sorologia para dengue. A sorologia apresentou-se positiva para a dengue e os resultados do hemograma est\u00e3o descritos a seguir. As imagens mostram alguns dos leuc\u00f3citos encontrados no sangue do paciente. Analise os resultados e as imagens e responda \u00e0s quest\u00f5es a seguir:<\/p>\n<p>Tabela 2 &#8211; Hemograma completo paciente M\u00f4nica (caso cl\u00ednico 3)<br \/>\nFonte: a autora.<\/p>\n<p>Figura 3 &#8211; Esfrega\u00e7o sangu\u00edneo da paciente M\u00f4nica (caso cl\u00ednico 3)<br \/>\nFonte: a autora.<\/p>\n<p>De acordo com o\u00a0<strong>CASO CL\u00cdNICO\u00a03<\/strong>,<strong>\u00a0<\/strong>analise o hemograma completo (<strong>Tabela 2<\/strong>) e a\u00a0<strong>Figura 3<\/strong>\u00a0e responda \u00e0s quest\u00f5es a seguir:<\/p>\n<p>3a.\u00a0<strong>IDENTIFIQUE<\/strong>\u00a0os leuc\u00f3citos da Figura 3 e\u00a0<strong>APRESENTE<\/strong>\u00a0suas caracter\u00edsticas morfol\u00f3gicas.<\/p>\n<p>3b.\u00a0<strong>RELACIONE<\/strong>\u00a0as altera\u00e7\u00f5es dos leuc\u00f3citos totais, das plaquetas e linf\u00f3citos (t\u00edpicos e at\u00edpicos) com a infec\u00e7\u00e3o por dengue apresentada pela paciente.<\/p>\n<p>&nbsp;<\/p>\n<p><strong>BOM TRABALHO!!!<\/strong><\/p>\n<p><strong>Refer\u00eancias:<\/strong><br \/>\nBAIN, B. J.\u00a0<strong>C\u00e9lulas sangu\u00edneas<\/strong>: um guia pr\u00e1tico. 5. ed. Porto Alegre: Artmed, 2016.<br \/>\nHOFFBRAND, A. V.\u00a0<em>et al<\/em>.\u00a0<strong>Fundamentos em hematologia<\/strong>. Porto Alegre: Artmed, 2013.<br \/>\nLORENZI, T. F.\u00a0<strong>Manual de hematologia<\/strong>: proped\u00eautica e cl\u00ednica. 4. ed. [<em>S.l.: s.n.<\/em>], 2006.<br \/>\nSILVA, P. H.\u00a0<em>et al<\/em>.\u00a0<strong>Hematologia laboratorial<\/strong>: teoria e procedimentos. Porto Alegre: Artmed, 2016.<\/p>\n","protected":false},"excerpt":{"rendered":"<p>MAPA Hematologia Cl\u00ednica 51\/2024 CASO CL\u00cdNICO 1 &#8211; MAPA Hematologia Cl\u00ednica 51\/2024 Thiago, 36 anos, procurou atendimento em um laborat\u00f3rio<\/p>\n","protected":false},"featured_media":2326,"template":"","meta":{"_monsterinsights_skip_tracking":false,"_monsterinsights_sitenote_active":false,"_monsterinsights_sitenote_note":"","_monsterinsights_sitenote_category":0},"product_brand":[],"product_cat":[31],"product_tag":[],"class_list":{"0":"post-3432","1":"product","2":"type-product","3":"status-publish","4":"has-post-thumbnail","6":"product_cat-farmacia","8":"first","9":"instock","10":"downloadable","11":"virtual","12":"purchasable","13":"product-type-simple"},"yoast_head":"<!-- This site is optimized with the Yoast SEO plugin v27.4 - https:\/\/yoast.com\/product\/yoast-seo-wordpress\/ -->\n<title>MAPA Hematologia Cl\u00ednica 51\/2024<\/title>\n<meta name=\"description\" content=\"Atividade MAPA Hematologia Cl\u00ednica 51\/2024 &#8902; Unicesumar. Baixe agora mesmo um Mapa Pronto resolvido!\" \/>\n<meta name=\"robots\" content=\"index, follow, max-snippet:-1, max-image-preview:large, max-video-preview:-1\" \/>\n<link rel=\"canonical\" href=\"https:\/\/atividademapa.com\/?product=mapa-hematologia-clinica-51-2024\" \/>\n<meta property=\"og:locale\" content=\"pt_BR\" \/>\n<meta property=\"og:type\" content=\"article\" \/>\n<meta property=\"og:title\" content=\"MAPA Hematologia Cl\u00ednica 51\/2024\" \/>\n<meta property=\"og:description\" content=\"Atividade MAPA Hematologia Cl\u00ednica 51\/2024 &#8902; Unicesumar. Baixe agora mesmo um Mapa Pronto resolvido!\" \/>\n<meta property=\"og:url\" content=\"https:\/\/atividademapa.com\/?product=mapa-hematologia-clinica-51-2024\" \/>\n<meta property=\"og:site_name\" content=\"Atividade Mapa\" \/>\n<meta property=\"article:modified_time\" content=\"2024-03-16T18:15:09+00:00\" \/>\n<meta property=\"og:image\" content=\"https:\/\/i0.wp.com\/atividademapa.com\/wp-content\/uploads\/2023\/03\/Atividade-M.A.P.A-3.png?fit=300%2C300&ssl=1\" \/>\n\t<meta property=\"og:image:width\" content=\"300\" \/>\n\t<meta property=\"og:image:height\" content=\"300\" \/>\n\t<meta property=\"og:image:type\" content=\"image\/png\" \/>\n<meta name=\"twitter:card\" content=\"summary_large_image\" \/>\n<meta name=\"twitter:label1\" content=\"Est. tempo de leitura\" \/>\n\t<meta name=\"twitter:data1\" content=\"4 minutos\" \/>\n<script type=\"application\/ld+json\" class=\"yoast-schema-graph\">{\"@context\":\"https:\\\/\\\/schema.org\",\"@graph\":[{\"@type\":\"WebPage\",\"@id\":\"https:\\\/\\\/atividademapa.com\\\/?product=mapa-hematologia-clinica-51-2024\",\"url\":\"https:\\\/\\\/atividademapa.com\\\/?product=mapa-hematologia-clinica-51-2024\",\"name\":\"MAPA Hematologia Cl\u00ednica 51\\\/2024\",\"isPartOf\":{\"@id\":\"https:\\\/\\\/atividademapa.com\\\/#website\"},\"primaryImageOfPage\":{\"@id\":\"https:\\\/\\\/atividademapa.com\\\/?product=mapa-hematologia-clinica-51-2024#primaryimage\"},\"image\":{\"@id\":\"https:\\\/\\\/atividademapa.com\\\/?product=mapa-hematologia-clinica-51-2024#primaryimage\"},\"thumbnailUrl\":\"https:\\\/\\\/i0.wp.com\\\/atividademapa.com\\\/wp-content\\\/uploads\\\/2023\\\/03\\\/Atividade-M.A.P.A-3.png?fit=300%2C300&ssl=1\",\"datePublished\":\"2024-02-24T15:17:09+00:00\",\"dateModified\":\"2024-03-16T18:15:09+00:00\",\"description\":\"Atividade MAPA Hematologia Cl\u00ednica 51\\\/2024 &#8902; Unicesumar. Baixe agora mesmo um Mapa Pronto resolvido!\",\"breadcrumb\":{\"@id\":\"https:\\\/\\\/atividademapa.com\\\/?product=mapa-hematologia-clinica-51-2024#breadcrumb\"},\"inLanguage\":\"pt-BR\",\"potentialAction\":[{\"@type\":\"ReadAction\",\"target\":[\"https:\\\/\\\/atividademapa.com\\\/?product=mapa-hematologia-clinica-51-2024\"]}]},{\"@type\":\"ImageObject\",\"inLanguage\":\"pt-BR\",\"@id\":\"https:\\\/\\\/atividademapa.com\\\/?product=mapa-hematologia-clinica-51-2024#primaryimage\",\"url\":\"https:\\\/\\\/i0.wp.com\\\/atividademapa.com\\\/wp-content\\\/uploads\\\/2023\\\/03\\\/Atividade-M.A.P.A-3.png?fit=300%2C300&ssl=1\",\"contentUrl\":\"https:\\\/\\\/i0.wp.com\\\/atividademapa.com\\\/wp-content\\\/uploads\\\/2023\\\/03\\\/Atividade-M.A.P.A-3.png?fit=300%2C300&ssl=1\",\"width\":300,\"height\":300,\"caption\":\"Mapa Unicesumar Atividade\"},{\"@type\":\"BreadcrumbList\",\"@id\":\"https:\\\/\\\/atividademapa.com\\\/?product=mapa-hematologia-clinica-51-2024#breadcrumb\",\"itemListElement\":[{\"@type\":\"ListItem\",\"position\":1,\"name\":\"In\u00edcio\",\"item\":\"https:\\\/\\\/atividademapa.com\\\/\"},{\"@type\":\"ListItem\",\"position\":2,\"name\":\"MAPAS\",\"item\":\"https:\\\/\\\/atividademapa.com\\\/?page_id=5\"},{\"@type\":\"ListItem\",\"position\":3,\"name\":\"MAPA Hematologia Cl\u00ednica 51\\\/2024\"}]},{\"@type\":\"WebSite\",\"@id\":\"https:\\\/\\\/atividademapa.com\\\/#website\",\"url\":\"https:\\\/\\\/atividademapa.com\\\/\",\"name\":\"Atividade Mapa\",\"description\":\"StudeO | Unicesumar\",\"publisher\":{\"@id\":\"https:\\\/\\\/atividademapa.com\\\/#organization\"},\"potentialAction\":[{\"@type\":\"SearchAction\",\"target\":{\"@type\":\"EntryPoint\",\"urlTemplate\":\"https:\\\/\\\/atividademapa.com\\\/?s={search_term_string}\"},\"query-input\":{\"@type\":\"PropertyValueSpecification\",\"valueRequired\":true,\"valueName\":\"search_term_string\"}}],\"inLanguage\":\"pt-BR\"},{\"@type\":\"Organization\",\"@id\":\"https:\\\/\\\/atividademapa.com\\\/#organization\",\"name\":\"Atividade MAPA\",\"url\":\"https:\\\/\\\/atividademapa.com\\\/\",\"logo\":{\"@type\":\"ImageObject\",\"inLanguage\":\"pt-BR\",\"@id\":\"https:\\\/\\\/atividademapa.com\\\/#\\\/schema\\\/logo\\\/image\\\/\",\"url\":\"https:\\\/\\\/i0.wp.com\\\/atividademapa.com\\\/wp-content\\\/uploads\\\/2023\\\/02\\\/ATIVIDADE.png?fit=600%2C300&ssl=1\",\"contentUrl\":\"https:\\\/\\\/i0.wp.com\\\/atividademapa.com\\\/wp-content\\\/uploads\\\/2023\\\/02\\\/ATIVIDADE.png?fit=600%2C300&ssl=1\",\"width\":600,\"height\":300,\"caption\":\"Atividade MAPA\"},\"image\":{\"@id\":\"https:\\\/\\\/atividademapa.com\\\/#\\\/schema\\\/logo\\\/image\\\/\"}}]}<\/script>\n<!-- \/ Yoast SEO plugin. -->","yoast_head_json":{"title":"MAPA Hematologia Cl\u00ednica 51\/2024","description":"Atividade MAPA Hematologia Cl\u00ednica 51\/2024 &#8902; Unicesumar. Baixe agora mesmo um Mapa Pronto resolvido!","robots":{"index":"index","follow":"follow","max-snippet":"max-snippet:-1","max-image-preview":"max-image-preview:large","max-video-preview":"max-video-preview:-1"},"canonical":"https:\/\/atividademapa.com\/?product=mapa-hematologia-clinica-51-2024","og_locale":"pt_BR","og_type":"article","og_title":"MAPA Hematologia Cl\u00ednica 51\/2024","og_description":"Atividade MAPA Hematologia Cl\u00ednica 51\/2024 &#8902; Unicesumar. Baixe agora mesmo um Mapa Pronto resolvido!","og_url":"https:\/\/atividademapa.com\/?product=mapa-hematologia-clinica-51-2024","og_site_name":"Atividade Mapa","article_modified_time":"2024-03-16T18:15:09+00:00","og_image":[{"width":300,"height":300,"url":"https:\/\/i0.wp.com\/atividademapa.com\/wp-content\/uploads\/2023\/03\/Atividade-M.A.P.A-3.png?fit=300%2C300&ssl=1","type":"image\/png"}],"twitter_card":"summary_large_image","twitter_misc":{"Est. tempo de leitura":"4 minutos"},"schema":{"@context":"https:\/\/schema.org","@graph":[{"@type":"WebPage","@id":"https:\/\/atividademapa.com\/?product=mapa-hematologia-clinica-51-2024","url":"https:\/\/atividademapa.com\/?product=mapa-hematologia-clinica-51-2024","name":"MAPA Hematologia Cl\u00ednica 51\/2024","isPartOf":{"@id":"https:\/\/atividademapa.com\/#website"},"primaryImageOfPage":{"@id":"https:\/\/atividademapa.com\/?product=mapa-hematologia-clinica-51-2024#primaryimage"},"image":{"@id":"https:\/\/atividademapa.com\/?product=mapa-hematologia-clinica-51-2024#primaryimage"},"thumbnailUrl":"https:\/\/i0.wp.com\/atividademapa.com\/wp-content\/uploads\/2023\/03\/Atividade-M.A.P.A-3.png?fit=300%2C300&ssl=1","datePublished":"2024-02-24T15:17:09+00:00","dateModified":"2024-03-16T18:15:09+00:00","description":"Atividade MAPA Hematologia Cl\u00ednica 51\/2024 &#8902; Unicesumar. Baixe agora mesmo um Mapa Pronto resolvido!","breadcrumb":{"@id":"https:\/\/atividademapa.com\/?product=mapa-hematologia-clinica-51-2024#breadcrumb"},"inLanguage":"pt-BR","potentialAction":[{"@type":"ReadAction","target":["https:\/\/atividademapa.com\/?product=mapa-hematologia-clinica-51-2024"]}]},{"@type":"ImageObject","inLanguage":"pt-BR","@id":"https:\/\/atividademapa.com\/?product=mapa-hematologia-clinica-51-2024#primaryimage","url":"https:\/\/i0.wp.com\/atividademapa.com\/wp-content\/uploads\/2023\/03\/Atividade-M.A.P.A-3.png?fit=300%2C300&ssl=1","contentUrl":"https:\/\/i0.wp.com\/atividademapa.com\/wp-content\/uploads\/2023\/03\/Atividade-M.A.P.A-3.png?fit=300%2C300&ssl=1","width":300,"height":300,"caption":"Mapa Unicesumar Atividade"},{"@type":"BreadcrumbList","@id":"https:\/\/atividademapa.com\/?product=mapa-hematologia-clinica-51-2024#breadcrumb","itemListElement":[{"@type":"ListItem","position":1,"name":"In\u00edcio","item":"https:\/\/atividademapa.com\/"},{"@type":"ListItem","position":2,"name":"MAPAS","item":"https:\/\/atividademapa.com\/?page_id=5"},{"@type":"ListItem","position":3,"name":"MAPA Hematologia Cl\u00ednica 51\/2024"}]},{"@type":"WebSite","@id":"https:\/\/atividademapa.com\/#website","url":"https:\/\/atividademapa.com\/","name":"Atividade Mapa","description":"StudeO | Unicesumar","publisher":{"@id":"https:\/\/atividademapa.com\/#organization"},"potentialAction":[{"@type":"SearchAction","target":{"@type":"EntryPoint","urlTemplate":"https:\/\/atividademapa.com\/?s={search_term_string}"},"query-input":{"@type":"PropertyValueSpecification","valueRequired":true,"valueName":"search_term_string"}}],"inLanguage":"pt-BR"},{"@type":"Organization","@id":"https:\/\/atividademapa.com\/#organization","name":"Atividade MAPA","url":"https:\/\/atividademapa.com\/","logo":{"@type":"ImageObject","inLanguage":"pt-BR","@id":"https:\/\/atividademapa.com\/#\/schema\/logo\/image\/","url":"https:\/\/i0.wp.com\/atividademapa.com\/wp-content\/uploads\/2023\/02\/ATIVIDADE.png?fit=600%2C300&ssl=1","contentUrl":"https:\/\/i0.wp.com\/atividademapa.com\/wp-content\/uploads\/2023\/02\/ATIVIDADE.png?fit=600%2C300&ssl=1","width":600,"height":300,"caption":"Atividade MAPA"},"image":{"@id":"https:\/\/atividademapa.com\/#\/schema\/logo\/image\/"}}]}},"_links":{"self":[{"href":"https:\/\/atividademapa.com\/index.php?rest_route=\/wp\/v2\/product\/3432","targetHints":{"allow":["GET"]}}],"collection":[{"href":"https:\/\/atividademapa.com\/index.php?rest_route=\/wp\/v2\/product"}],"about":[{"href":"https:\/\/atividademapa.com\/index.php?rest_route=\/wp\/v2\/types\/product"}],"version-history":[{"count":3,"href":"https:\/\/atividademapa.com\/index.php?rest_route=\/wp\/v2\/product\/3432\/revisions"}],"predecessor-version":[{"id":3495,"href":"https:\/\/atividademapa.com\/index.php?rest_route=\/wp\/v2\/product\/3432\/revisions\/3495"}],"wp:featuredmedia":[{"embeddable":true,"href":"https:\/\/atividademapa.com\/index.php?rest_route=\/wp\/v2\/media\/2326"}],"wp:attachment":[{"href":"https:\/\/atividademapa.com\/index.php?rest_route=%2Fwp%2Fv2%2Fmedia&parent=3432"}],"wp:term":[{"taxonomy":"product_brand","embeddable":true,"href":"https:\/\/atividademapa.com\/index.php?rest_route=%2Fwp%2Fv2%2Fproduct_brand&post=3432"},{"taxonomy":"product_cat","embeddable":true,"href":"https:\/\/atividademapa.com\/index.php?rest_route=%2Fwp%2Fv2%2Fproduct_cat&post=3432"},{"taxonomy":"product_tag","embeddable":true,"href":"https:\/\/atividademapa.com\/index.php?rest_route=%2Fwp%2Fv2%2Fproduct_tag&post=3432"}],"curies":[{"name":"wp","href":"https:\/\/api.w.org\/{rel}","templated":true}]}}