{"id":3563,"date":"2024-03-16T15:22:28","date_gmt":"2024-03-16T18:22:28","guid":{"rendered":"https:\/\/atividademapa.com\/?post_type=product&#038;p=3563"},"modified":"2024-03-16T15:22:30","modified_gmt":"2024-03-16T18:22:30","slug":"mapa-fundamentos-do-marketing-51-2024","status":"publish","type":"product","link":"https:\/\/atividademapa.com\/?product=mapa-fundamentos-do-marketing-51-2024","title":{"rendered":"Mapa Fundamentos do Marketing 51\/2024"},"content":{"rendered":"<h1>Mapa Fundamentos do Marketing 51\/2024<\/h1>\n<p>O Marketing envolve um conjunto de a\u00e7\u00f5es de relacionamento por parte das organiza\u00e7\u00f5es, com vista\u00a0\u00e0 obten\u00e7\u00e3o de benef\u00edcios \u00e0 empresa e aos seus clientes. Cabe complementar que o Marketing busca atender e satisfazer as necessidades de consumidores, na medida em que se responsabilizam pela conex\u00e3o entre organiza\u00e7\u00f5es, ambiente, clientes e poss\u00edveis clientes, contribuindo, dessa forma, para a identifica\u00e7\u00e3o de comportamentos, percep\u00e7\u00f5es e anseios. Sua aplica\u00e7\u00e3o em sa\u00fade \u00e9 de extrema import\u00e2ncia, j\u00e1 que os servi\u00e7os de sa\u00fade s\u00e3o vistos como intang\u00edveis, insepar\u00e1veis, vari\u00e1veis e perec\u00edveis. Nesse cen\u00e1rio, o Marketing contribui para adequada orienta\u00e7\u00e3o em diferentes organiza\u00e7\u00f5es, sejam elas privadas ou p\u00fablicas, facilitando e ampliando horizontes dos servi\u00e7os.<\/p>\n<p>O uso do Marketing em sa\u00fade assume, ent\u00e3o, grande import\u00e2ncia, tendo em vista que os servi\u00e7os de sa\u00fade apresentam caracter\u00edsticas como intangibilidade \u2014 n\u00e3o podem ser vistos, sentidos, cheirados, ouvidos e nem provados \u2014, inseparabilidade \u2014 s\u00e3o produzidos, entregues e consumidos ao mesmo tempo \u2014, variabilidade \u2014 nunca ser\u00e3o exatamente iguais \u2014 e perecibilidade \u2014 n\u00e3o podem ser estocados. Cabe destacar ainda que o Marketing faz parte da evolu\u00e7\u00e3o da vida em sociedade. Hoje, pode ser definido como uma fun\u00e7\u00e3o organizacional e um conjunto de processos para criar, comunicar e fornecer valor para clientes e para gerenciar as rela\u00e7\u00f5es com clientes, de modo que beneficiem a organiza\u00e7\u00e3o e os principais envolvidos.<\/p>\n<p>Fonte: SAGAZ, S. M.; LUCIETTO, D. A. <strong>Marketing Social Aplicado \u00e0 Sa\u00fade Coletiva: defini\u00e7\u00f5es, usos, aplica\u00e7\u00f5es e indicadores da produ\u00e7\u00e3o cient\u00edfica brasileira.<\/strong> Revista Pensamento Contempor\u00e2neo de Administra\u00e7\u00e3o, v. 10, n. 3, p. 16\u201330, 2016.<\/p>\n<p>Perceba que, diante dos conceitos expostos,\u00a0o Marketing voltado para o mercado de servi\u00e7os \u00e9 mais complexo\u00a0em compara\u00e7\u00e3o com os produtos, j\u00e1 que, em servi\u00e7os, existe a influ\u00eancia da intangibilidade. Nesta atividade, voc\u00ea, como futuro(a) profissional da \u00e1rea da sa\u00fade, precisa entender que o Marketing ocorrer\u00e1 como um conjunto de estrat\u00e9gias que permitir\u00e1 identificar as necessidades do seu p\u00fablico-alvo. Portanto, com base no texto apresentado e no conte\u00fado do livro da disciplina, responda\u00a0a seguir:<\/p>\n<ol>\n<li>a) Cite os seis elementos do \u201cComposto Promocional\u201d.<\/li>\n<li>) Discorra sobre o \u201cMarketing direto&#8221;, segundo Kotler e Armstrong (\u200bKOTLER, P; ARMSTRONG, G. Princ\u00edpios de Marketing. 12. ed. S\u00e3o Paulo: Pearson Prentice Hall, 2007.).<\/li>\n<li><span style=\"font-family: 'Arial',sans-serif;\">c) Descreva a ess\u00eancia e a import\u00e2ncia do elemento \u201cPromo\u00e7\u00e3o\u201d do Composto de Marketing.<\/span><\/li>\n<\/ol>\n","protected":false},"excerpt":{"rendered":"<p>Mapa Fundamentos do Marketing 51\/2024 O Marketing envolve um conjunto de a\u00e7\u00f5es de relacionamento por parte das organiza\u00e7\u00f5es, com vista\u00a0\u00e0<\/p>\n","protected":false},"featured_media":2326,"template":"","meta":{"_monsterinsights_skip_tracking":false,"_monsterinsights_sitenote_active":false,"_monsterinsights_sitenote_note":"","_monsterinsights_sitenote_category":0},"product_brand":[],"product_cat":[124],"product_tag":[],"class_list":{"0":"post-3563","1":"product","2":"type-product","3":"status-publish","4":"has-post-thumbnail","6":"product_cat-estetica-e-cosmetica","8":"first","9":"instock","10":"downloadable","11":"virtual","12":"purchasable","13":"product-type-simple"},"yoast_head":"<!-- This site is optimized with the Yoast SEO plugin v27.4 - https:\/\/yoast.com\/product\/yoast-seo-wordpress\/ -->\n<title>Mapa Fundamentos do Marketing 51\/2024<\/title>\n<meta name=\"description\" content=\"Atividade Mapa Fundamentos do Marketing 51\/2024 &#8902; Unicesumar. Baixe agora mesmo um Mapa Pronto resolvido!\" \/>\n<meta name=\"robots\" content=\"index, follow, max-snippet:-1, max-image-preview:large, max-video-preview:-1\" \/>\n<link rel=\"canonical\" href=\"https:\/\/atividademapa.com\/?product=mapa-fundamentos-do-marketing-51-2024\" \/>\n<meta property=\"og:locale\" content=\"pt_BR\" \/>\n<meta property=\"og:type\" content=\"article\" \/>\n<meta property=\"og:title\" content=\"Mapa Fundamentos do Marketing 51\/2024\" \/>\n<meta property=\"og:description\" content=\"Atividade Mapa Fundamentos do Marketing 51\/2024 &#8902; Unicesumar. Baixe agora mesmo um Mapa Pronto resolvido!\" \/>\n<meta property=\"og:url\" content=\"https:\/\/atividademapa.com\/?product=mapa-fundamentos-do-marketing-51-2024\" \/>\n<meta property=\"og:site_name\" content=\"Atividade Mapa\" \/>\n<meta property=\"article:modified_time\" content=\"2024-03-16T18:22:30+00:00\" \/>\n<meta property=\"og:image\" content=\"https:\/\/i0.wp.com\/atividademapa.com\/wp-content\/uploads\/2023\/03\/Atividade-M.A.P.A-3.png?fit=300%2C300&ssl=1\" \/>\n\t<meta property=\"og:image:width\" content=\"300\" \/>\n\t<meta property=\"og:image:height\" content=\"300\" \/>\n\t<meta property=\"og:image:type\" content=\"image\/png\" \/>\n<meta name=\"twitter:card\" content=\"summary_large_image\" \/>\n<meta name=\"twitter:label1\" content=\"Est. tempo de leitura\" \/>\n\t<meta name=\"twitter:data1\" content=\"2 minutos\" \/>\n<script type=\"application\/ld+json\" class=\"yoast-schema-graph\">{\"@context\":\"https:\\\/\\\/schema.org\",\"@graph\":[{\"@type\":\"WebPage\",\"@id\":\"https:\\\/\\\/atividademapa.com\\\/?product=mapa-fundamentos-do-marketing-51-2024\",\"url\":\"https:\\\/\\\/atividademapa.com\\\/?product=mapa-fundamentos-do-marketing-51-2024\",\"name\":\"Mapa Fundamentos do Marketing 51\\\/2024\",\"isPartOf\":{\"@id\":\"https:\\\/\\\/atividademapa.com\\\/#website\"},\"primaryImageOfPage\":{\"@id\":\"https:\\\/\\\/atividademapa.com\\\/?product=mapa-fundamentos-do-marketing-51-2024#primaryimage\"},\"image\":{\"@id\":\"https:\\\/\\\/atividademapa.com\\\/?product=mapa-fundamentos-do-marketing-51-2024#primaryimage\"},\"thumbnailUrl\":\"https:\\\/\\\/i0.wp.com\\\/atividademapa.com\\\/wp-content\\\/uploads\\\/2023\\\/03\\\/Atividade-M.A.P.A-3.png?fit=300%2C300&ssl=1\",\"datePublished\":\"2024-03-16T18:22:28+00:00\",\"dateModified\":\"2024-03-16T18:22:30+00:00\",\"description\":\"Atividade Mapa Fundamentos do Marketing 51\\\/2024 &#8902; Unicesumar. Baixe agora mesmo um Mapa Pronto resolvido!\",\"breadcrumb\":{\"@id\":\"https:\\\/\\\/atividademapa.com\\\/?product=mapa-fundamentos-do-marketing-51-2024#breadcrumb\"},\"inLanguage\":\"pt-BR\",\"potentialAction\":[{\"@type\":\"ReadAction\",\"target\":[\"https:\\\/\\\/atividademapa.com\\\/?product=mapa-fundamentos-do-marketing-51-2024\"]}]},{\"@type\":\"ImageObject\",\"inLanguage\":\"pt-BR\",\"@id\":\"https:\\\/\\\/atividademapa.com\\\/?product=mapa-fundamentos-do-marketing-51-2024#primaryimage\",\"url\":\"https:\\\/\\\/i0.wp.com\\\/atividademapa.com\\\/wp-content\\\/uploads\\\/2023\\\/03\\\/Atividade-M.A.P.A-3.png?fit=300%2C300&ssl=1\",\"contentUrl\":\"https:\\\/\\\/i0.wp.com\\\/atividademapa.com\\\/wp-content\\\/uploads\\\/2023\\\/03\\\/Atividade-M.A.P.A-3.png?fit=300%2C300&ssl=1\",\"width\":300,\"height\":300,\"caption\":\"Mapa Unicesumar Atividade\"},{\"@type\":\"BreadcrumbList\",\"@id\":\"https:\\\/\\\/atividademapa.com\\\/?product=mapa-fundamentos-do-marketing-51-2024#breadcrumb\",\"itemListElement\":[{\"@type\":\"ListItem\",\"position\":1,\"name\":\"In\u00edcio\",\"item\":\"https:\\\/\\\/atividademapa.com\\\/\"},{\"@type\":\"ListItem\",\"position\":2,\"name\":\"MAPAS\",\"item\":\"https:\\\/\\\/atividademapa.com\\\/?page_id=5\"},{\"@type\":\"ListItem\",\"position\":3,\"name\":\"Mapa Fundamentos do Marketing 51\\\/2024\"}]},{\"@type\":\"WebSite\",\"@id\":\"https:\\\/\\\/atividademapa.com\\\/#website\",\"url\":\"https:\\\/\\\/atividademapa.com\\\/\",\"name\":\"Atividade Mapa\",\"description\":\"StudeO | Unicesumar\",\"publisher\":{\"@id\":\"https:\\\/\\\/atividademapa.com\\\/#organization\"},\"potentialAction\":[{\"@type\":\"SearchAction\",\"target\":{\"@type\":\"EntryPoint\",\"urlTemplate\":\"https:\\\/\\\/atividademapa.com\\\/?s={search_term_string}\"},\"query-input\":{\"@type\":\"PropertyValueSpecification\",\"valueRequired\":true,\"valueName\":\"search_term_string\"}}],\"inLanguage\":\"pt-BR\"},{\"@type\":\"Organization\",\"@id\":\"https:\\\/\\\/atividademapa.com\\\/#organization\",\"name\":\"Atividade MAPA\",\"url\":\"https:\\\/\\\/atividademapa.com\\\/\",\"logo\":{\"@type\":\"ImageObject\",\"inLanguage\":\"pt-BR\",\"@id\":\"https:\\\/\\\/atividademapa.com\\\/#\\\/schema\\\/logo\\\/image\\\/\",\"url\":\"https:\\\/\\\/i0.wp.com\\\/atividademapa.com\\\/wp-content\\\/uploads\\\/2023\\\/02\\\/ATIVIDADE.png?fit=600%2C300&ssl=1\",\"contentUrl\":\"https:\\\/\\\/i0.wp.com\\\/atividademapa.com\\\/wp-content\\\/uploads\\\/2023\\\/02\\\/ATIVIDADE.png?fit=600%2C300&ssl=1\",\"width\":600,\"height\":300,\"caption\":\"Atividade MAPA\"},\"image\":{\"@id\":\"https:\\\/\\\/atividademapa.com\\\/#\\\/schema\\\/logo\\\/image\\\/\"}}]}<\/script>\n<!-- \/ Yoast SEO plugin. -->","yoast_head_json":{"title":"Mapa Fundamentos do Marketing 51\/2024","description":"Atividade Mapa Fundamentos do Marketing 51\/2024 &#8902; Unicesumar. Baixe agora mesmo um Mapa Pronto resolvido!","robots":{"index":"index","follow":"follow","max-snippet":"max-snippet:-1","max-image-preview":"max-image-preview:large","max-video-preview":"max-video-preview:-1"},"canonical":"https:\/\/atividademapa.com\/?product=mapa-fundamentos-do-marketing-51-2024","og_locale":"pt_BR","og_type":"article","og_title":"Mapa Fundamentos do Marketing 51\/2024","og_description":"Atividade Mapa Fundamentos do Marketing 51\/2024 &#8902; Unicesumar. Baixe agora mesmo um Mapa Pronto resolvido!","og_url":"https:\/\/atividademapa.com\/?product=mapa-fundamentos-do-marketing-51-2024","og_site_name":"Atividade Mapa","article_modified_time":"2024-03-16T18:22:30+00:00","og_image":[{"width":300,"height":300,"url":"https:\/\/i0.wp.com\/atividademapa.com\/wp-content\/uploads\/2023\/03\/Atividade-M.A.P.A-3.png?fit=300%2C300&ssl=1","type":"image\/png"}],"twitter_card":"summary_large_image","twitter_misc":{"Est. tempo de leitura":"2 minutos"},"schema":{"@context":"https:\/\/schema.org","@graph":[{"@type":"WebPage","@id":"https:\/\/atividademapa.com\/?product=mapa-fundamentos-do-marketing-51-2024","url":"https:\/\/atividademapa.com\/?product=mapa-fundamentos-do-marketing-51-2024","name":"Mapa Fundamentos do Marketing 51\/2024","isPartOf":{"@id":"https:\/\/atividademapa.com\/#website"},"primaryImageOfPage":{"@id":"https:\/\/atividademapa.com\/?product=mapa-fundamentos-do-marketing-51-2024#primaryimage"},"image":{"@id":"https:\/\/atividademapa.com\/?product=mapa-fundamentos-do-marketing-51-2024#primaryimage"},"thumbnailUrl":"https:\/\/i0.wp.com\/atividademapa.com\/wp-content\/uploads\/2023\/03\/Atividade-M.A.P.A-3.png?fit=300%2C300&ssl=1","datePublished":"2024-03-16T18:22:28+00:00","dateModified":"2024-03-16T18:22:30+00:00","description":"Atividade Mapa Fundamentos do Marketing 51\/2024 &#8902; Unicesumar. Baixe agora mesmo um Mapa Pronto resolvido!","breadcrumb":{"@id":"https:\/\/atividademapa.com\/?product=mapa-fundamentos-do-marketing-51-2024#breadcrumb"},"inLanguage":"pt-BR","potentialAction":[{"@type":"ReadAction","target":["https:\/\/atividademapa.com\/?product=mapa-fundamentos-do-marketing-51-2024"]}]},{"@type":"ImageObject","inLanguage":"pt-BR","@id":"https:\/\/atividademapa.com\/?product=mapa-fundamentos-do-marketing-51-2024#primaryimage","url":"https:\/\/i0.wp.com\/atividademapa.com\/wp-content\/uploads\/2023\/03\/Atividade-M.A.P.A-3.png?fit=300%2C300&ssl=1","contentUrl":"https:\/\/i0.wp.com\/atividademapa.com\/wp-content\/uploads\/2023\/03\/Atividade-M.A.P.A-3.png?fit=300%2C300&ssl=1","width":300,"height":300,"caption":"Mapa Unicesumar Atividade"},{"@type":"BreadcrumbList","@id":"https:\/\/atividademapa.com\/?product=mapa-fundamentos-do-marketing-51-2024#breadcrumb","itemListElement":[{"@type":"ListItem","position":1,"name":"In\u00edcio","item":"https:\/\/atividademapa.com\/"},{"@type":"ListItem","position":2,"name":"MAPAS","item":"https:\/\/atividademapa.com\/?page_id=5"},{"@type":"ListItem","position":3,"name":"Mapa Fundamentos do Marketing 51\/2024"}]},{"@type":"WebSite","@id":"https:\/\/atividademapa.com\/#website","url":"https:\/\/atividademapa.com\/","name":"Atividade Mapa","description":"StudeO | Unicesumar","publisher":{"@id":"https:\/\/atividademapa.com\/#organization"},"potentialAction":[{"@type":"SearchAction","target":{"@type":"EntryPoint","urlTemplate":"https:\/\/atividademapa.com\/?s={search_term_string}"},"query-input":{"@type":"PropertyValueSpecification","valueRequired":true,"valueName":"search_term_string"}}],"inLanguage":"pt-BR"},{"@type":"Organization","@id":"https:\/\/atividademapa.com\/#organization","name":"Atividade MAPA","url":"https:\/\/atividademapa.com\/","logo":{"@type":"ImageObject","inLanguage":"pt-BR","@id":"https:\/\/atividademapa.com\/#\/schema\/logo\/image\/","url":"https:\/\/i0.wp.com\/atividademapa.com\/wp-content\/uploads\/2023\/02\/ATIVIDADE.png?fit=600%2C300&ssl=1","contentUrl":"https:\/\/i0.wp.com\/atividademapa.com\/wp-content\/uploads\/2023\/02\/ATIVIDADE.png?fit=600%2C300&ssl=1","width":600,"height":300,"caption":"Atividade MAPA"},"image":{"@id":"https:\/\/atividademapa.com\/#\/schema\/logo\/image\/"}}]}},"_links":{"self":[{"href":"https:\/\/atividademapa.com\/index.php?rest_route=\/wp\/v2\/product\/3563","targetHints":{"allow":["GET"]}}],"collection":[{"href":"https:\/\/atividademapa.com\/index.php?rest_route=\/wp\/v2\/product"}],"about":[{"href":"https:\/\/atividademapa.com\/index.php?rest_route=\/wp\/v2\/types\/product"}],"version-history":[{"count":1,"href":"https:\/\/atividademapa.com\/index.php?rest_route=\/wp\/v2\/product\/3563\/revisions"}],"predecessor-version":[{"id":3565,"href":"https:\/\/atividademapa.com\/index.php?rest_route=\/wp\/v2\/product\/3563\/revisions\/3565"}],"wp:featuredmedia":[{"embeddable":true,"href":"https:\/\/atividademapa.com\/index.php?rest_route=\/wp\/v2\/media\/2326"}],"wp:attachment":[{"href":"https:\/\/atividademapa.com\/index.php?rest_route=%2Fwp%2Fv2%2Fmedia&parent=3563"}],"wp:term":[{"taxonomy":"product_brand","embeddable":true,"href":"https:\/\/atividademapa.com\/index.php?rest_route=%2Fwp%2Fv2%2Fproduct_brand&post=3563"},{"taxonomy":"product_cat","embeddable":true,"href":"https:\/\/atividademapa.com\/index.php?rest_route=%2Fwp%2Fv2%2Fproduct_cat&post=3563"},{"taxonomy":"product_tag","embeddable":true,"href":"https:\/\/atividademapa.com\/index.php?rest_route=%2Fwp%2Fv2%2Fproduct_tag&post=3563"}],"curies":[{"name":"wp","href":"https:\/\/api.w.org\/{rel}","templated":true}]}}