{"id":3674,"date":"2024-03-27T10:35:53","date_gmt":"2024-03-27T13:35:53","guid":{"rendered":"https:\/\/atividademapa.com\/?post_type=product&#038;p=3674"},"modified":"2024-03-27T15:02:06","modified_gmt":"2024-03-27T18:02:06","slug":"mapa-ccont-contabilidade-introdutoria-51-2024","status":"publish","type":"product","link":"https:\/\/atividademapa.com\/?product=mapa-ccont-contabilidade-introdutoria-51-2024","title":{"rendered":"MAPA &#8211; CCONT &#8211; Contabilidade Introdut\u00f3ria &#8211; 51\/2024"},"content":{"rendered":"<h1>MAPA &#8211; CCONT &#8211; Contabilidade Introdut\u00f3ria &#8211; 51\/2024<\/h1>\n<p>MAPA \u2013 CCONT \u2013 CONTABILIDADE INTRODUT\u00d3RIA \u2013 51\/2024<\/p>\n<p>Ol\u00e1, estudante de <span style=\"color: #333333;\"><a style=\"color: #333333;\" href=\"http:\/\/eadcolaborar.com\">Ci\u00eancias Cont\u00e1beis<\/a><\/span>. Chegou o momento de explorar de forma PR\u00c1TICA os conte\u00fados aprendidos na disciplina de Contabilidade introdut\u00f3ria! Para isso, voc\u00ea precisa cumprir tr\u00eas etapas a saber:<\/p>\n<p><b>Primeira etapa:\u00a0<\/b>LER atentamente o texto de apoio.<\/p>\n<p><b>Segunda etapa:<\/b>\u00a0CONSIDERAR a situa\u00e7\u00e3o-problema e REALIZAR a atividade.<\/p>\n<p><b>Terceira etapa:<\/b>\u00a0ENVIAR a atividade solicitada.<\/p>\n<p><b>PRIMEIRA ETAPA: LEITURA do texto de apoio<\/b><\/p>\n<p><b>COMPRA E VENDA DE MERCADORIAS<\/b><\/p>\n<p>Voc\u00eas sabiam que todas as movimenta\u00e7\u00f5es operacionais de uma empresa precisam ter um documento de origem e serem registradas contabilmente? J\u00e1 teve a curiosidade de entender melhor como funcionam os lan\u00e7amentos cont\u00e1beis de compra e venda nas empresas comerciais?<\/p>\n<p>Bom, para falar sobre isso, primeiramente precisamos contextualizar que, atualmente, os ERP\u2019s (sistemas) cont\u00e1beis s\u00e3o bastante modernos, o que permite a vincula\u00e7\u00e3o da contabiliza\u00e7\u00e3o correta j\u00e1 na origem das movimenta\u00e7\u00f5es, ou seja, nas notas fiscais<span style=\"color: #333333;\"><a style=\"color: #333333;\" href=\"https:\/\/atividademapa.com\">.<\/a><\/span><\/p>\n<p>O que isso significa? De forma sucinta, quando uma empresa lan\u00e7a uma nota fiscal seja ela de compra ou de venda, n\u00e3o est\u00e1 alimentando apenas livros FISCAIS, mas tamb\u00e9m gerando o registro de d\u00e9bitos e cr\u00e9ditos CONT\u00c1BEIS.<\/p>\n<p>Voc\u00ea j\u00e1 pensou em como o trabalho do contabilista evoluiu com o passar do tempo e como seria fazer todos os registros, apura\u00e7\u00f5es e entregas de declara\u00e7\u00f5es assessorias manualmente?<\/p>\n<p>Segundo a legisla\u00e7\u00e3o cont\u00e1bil, o registro das movimenta\u00e7\u00f5es cont\u00e1beis n\u00e3o s\u00e3o opcionais, mas sim impostas. Por conta disso, \u00e9 essencial que o contabilista saiba faz\u00ea-lo com zelo e destreza, sendo que o Livro Di\u00e1rio \u00e9 obrigat\u00f3rio e o Raz\u00e3o apenas auxiliar.<\/p>\n<p>Vamos aproveitar o assunto e realizar a atividade MAPA praticando os registros cont\u00e1beis de d\u00e9bitos e cr\u00e9ditos?<\/p>\n<p>Elaborado pela Professora, 2024.<\/p>\n<p><b>SEGUNDA ETAPA: AN\u00c1LISE e RESOLU\u00c7\u00c3O da situa\u00e7\u00e3o problema<\/b><\/p>\n<p>A XYZ Ltda. \u00e9 uma empresa comercial que est\u00e1 estabelecida no Paran\u00e1, optante pelo Lucro Presumido. A empresa possu\u00eda, em 01\/02\/20X1, um Estoque inicial de R$ 3.000,00 (sendo 300 unidades) em mercadorias, um saldo em Caixa de R$ 20.000,00 e um saldo na conta Capital Social de R$ 23.000,00.<\/p>\n<p>No decorrer do m\u00eas ocorreram as seguintes movimenta\u00e7\u00f5es:<\/p>\n<ol>\n<li>Nesse mesmo dia (01\/02\/20X1), a empresa realizou uma compra de mercadorias para revenda, \u00e0 vista em esp\u00e9cie, de um fornecedor de S\u00e3o Paulo, no valor de R$ 16.000,00 (sendo 500 unidades).<\/li>\n<li>No dia 20\/02\/20X1, a empresa vendeu 600 unidades das mercadorias contidas no estoque, \u00e0 um consumidor final paranaense, \u00e0 vista e em dinheiro, pelo valor de R$ 72.000,00.<\/li>\n<li>No dia 22\/02\/20X1, o cliente devolveu 10 unidades das mercadorias, afirmando que essas unidades estavam fora do padr\u00e3o das demais. Os itens foram retornados para estoque e houve a disponibiliza\u00e7\u00e3o do cr\u00e9dito para o cliente, considerado como \u201cAdiantamento de Cliente\u201d.<\/li>\n<\/ol>\n<p>Tendo como base os fatos e informa\u00e7\u00f5es acima apresentados, pede-se:<\/p>\n<ol>\n<li>Demonstre os lan\u00e7amentos cont\u00e1beis de cada um dos fatos ocorridos durante o m\u00eas de Fevereiro\/20X1;<\/li>\n<li>Realize o preenchimento da Ficha de Controle de Estoques, considerando o m\u00e9todo <span style=\"color: #333333;\"><a style=\"color: #333333;\" href=\"https:\/\/pt.wikipedia.org\/wiki\/Custo_m%C3%A9dio#:~:text=Em%20economia%2C%20o%20custo%20m%C3%A9dio,custos%20fixos%20dividido%20por%20Q).\">CUSTO M\u00c9DIO<\/a><\/span> (tamb\u00e9m conhecido como M\u00e9dia Ponderada M\u00f3vel \u2013 MPM) como crit\u00e9rio avaliativo utilizado pela empresa;<\/li>\n<\/ol>\n","protected":false},"excerpt":{"rendered":"<p>MAPA &#8211; CCONT &#8211; Contabilidade Introdut\u00f3ria &#8211; 51\/2024 MAPA \u2013 CCONT \u2013 CONTABILIDADE INTRODUT\u00d3RIA \u2013 51\/2024 Ol\u00e1, estudante de Ci\u00eancias<\/p>\n","protected":false},"featured_media":2326,"template":"","meta":{"_monsterinsights_skip_tracking":false,"_monsterinsights_sitenote_active":false,"_monsterinsights_sitenote_note":"","_monsterinsights_sitenote_category":0},"product_brand":[],"product_cat":[46],"product_tag":[],"class_list":{"0":"post-3674","1":"product","2":"type-product","3":"status-publish","4":"has-post-thumbnail","6":"product_cat-ciencias-contabeis","8":"first","9":"instock","10":"downloadable","11":"virtual","12":"purchasable","13":"product-type-simple"},"yoast_head":"<!-- This site is optimized with the Yoast SEO plugin v27.4 - https:\/\/yoast.com\/product\/yoast-seo-wordpress\/ -->\n<title>MAPA - CCONT - Contabilidade Introdut\u00f3ria - 51\/2024<\/title>\n<meta name=\"description\" content=\"Atividade MAPA - CCONT - Contabilidade Introdut\u00f3ria - 51\/2024 &#8902; Unicesumar. Baixe agora mesmo um Mapa Pronto resolvido!\" \/>\n<meta name=\"robots\" content=\"index, follow, max-snippet:-1, max-image-preview:large, max-video-preview:-1\" \/>\n<link rel=\"canonical\" href=\"https:\/\/atividademapa.com\/?product=mapa-ccont-contabilidade-introdutoria-51-2024\" \/>\n<meta property=\"og:locale\" content=\"pt_BR\" \/>\n<meta property=\"og:type\" content=\"article\" \/>\n<meta property=\"og:title\" content=\"MAPA - CCONT - Contabilidade Introdut\u00f3ria - 51\/2024\" \/>\n<meta property=\"og:description\" content=\"Atividade MAPA - CCONT - Contabilidade Introdut\u00f3ria - 51\/2024 &#8902; Unicesumar. Baixe agora mesmo um Mapa Pronto resolvido!\" \/>\n<meta property=\"og:url\" content=\"https:\/\/atividademapa.com\/?product=mapa-ccont-contabilidade-introdutoria-51-2024\" \/>\n<meta property=\"og:site_name\" content=\"Atividade Mapa\" \/>\n<meta property=\"article:modified_time\" content=\"2024-03-27T18:02:06+00:00\" \/>\n<meta property=\"og:image\" content=\"https:\/\/i0.wp.com\/atividademapa.com\/wp-content\/uploads\/2023\/03\/Atividade-M.A.P.A-3.png?fit=300%2C300&ssl=1\" \/>\n\t<meta property=\"og:image:width\" content=\"300\" \/>\n\t<meta property=\"og:image:height\" content=\"300\" \/>\n\t<meta property=\"og:image:type\" content=\"image\/png\" \/>\n<meta name=\"twitter:card\" content=\"summary_large_image\" \/>\n<meta name=\"twitter:label1\" content=\"Est. tempo de leitura\" \/>\n\t<meta name=\"twitter:data1\" content=\"3 minutos\" \/>\n<script type=\"application\/ld+json\" class=\"yoast-schema-graph\">{\"@context\":\"https:\\\/\\\/schema.org\",\"@graph\":[{\"@type\":\"WebPage\",\"@id\":\"https:\\\/\\\/atividademapa.com\\\/?product=mapa-ccont-contabilidade-introdutoria-51-2024\",\"url\":\"https:\\\/\\\/atividademapa.com\\\/?product=mapa-ccont-contabilidade-introdutoria-51-2024\",\"name\":\"MAPA - CCONT - Contabilidade Introdut\u00f3ria - 51\\\/2024\",\"isPartOf\":{\"@id\":\"https:\\\/\\\/atividademapa.com\\\/#website\"},\"primaryImageOfPage\":{\"@id\":\"https:\\\/\\\/atividademapa.com\\\/?product=mapa-ccont-contabilidade-introdutoria-51-2024#primaryimage\"},\"image\":{\"@id\":\"https:\\\/\\\/atividademapa.com\\\/?product=mapa-ccont-contabilidade-introdutoria-51-2024#primaryimage\"},\"thumbnailUrl\":\"https:\\\/\\\/i0.wp.com\\\/atividademapa.com\\\/wp-content\\\/uploads\\\/2023\\\/03\\\/Atividade-M.A.P.A-3.png?fit=300%2C300&ssl=1\",\"datePublished\":\"2024-03-27T13:35:53+00:00\",\"dateModified\":\"2024-03-27T18:02:06+00:00\",\"description\":\"Atividade MAPA - CCONT - Contabilidade Introdut\u00f3ria - 51\\\/2024 &#8902; Unicesumar. Baixe agora mesmo um Mapa Pronto resolvido!\",\"breadcrumb\":{\"@id\":\"https:\\\/\\\/atividademapa.com\\\/?product=mapa-ccont-contabilidade-introdutoria-51-2024#breadcrumb\"},\"inLanguage\":\"pt-BR\",\"potentialAction\":[{\"@type\":\"ReadAction\",\"target\":[\"https:\\\/\\\/atividademapa.com\\\/?product=mapa-ccont-contabilidade-introdutoria-51-2024\"]}]},{\"@type\":\"ImageObject\",\"inLanguage\":\"pt-BR\",\"@id\":\"https:\\\/\\\/atividademapa.com\\\/?product=mapa-ccont-contabilidade-introdutoria-51-2024#primaryimage\",\"url\":\"https:\\\/\\\/i0.wp.com\\\/atividademapa.com\\\/wp-content\\\/uploads\\\/2023\\\/03\\\/Atividade-M.A.P.A-3.png?fit=300%2C300&ssl=1\",\"contentUrl\":\"https:\\\/\\\/i0.wp.com\\\/atividademapa.com\\\/wp-content\\\/uploads\\\/2023\\\/03\\\/Atividade-M.A.P.A-3.png?fit=300%2C300&ssl=1\",\"width\":300,\"height\":300,\"caption\":\"Mapa Unicesumar Atividade\"},{\"@type\":\"BreadcrumbList\",\"@id\":\"https:\\\/\\\/atividademapa.com\\\/?product=mapa-ccont-contabilidade-introdutoria-51-2024#breadcrumb\",\"itemListElement\":[{\"@type\":\"ListItem\",\"position\":1,\"name\":\"In\u00edcio\",\"item\":\"https:\\\/\\\/atividademapa.com\\\/\"},{\"@type\":\"ListItem\",\"position\":2,\"name\":\"MAPAS\",\"item\":\"https:\\\/\\\/atividademapa.com\\\/?page_id=5\"},{\"@type\":\"ListItem\",\"position\":3,\"name\":\"MAPA &#8211; CCONT &#8211; Contabilidade Introdut\u00f3ria &#8211; 51\\\/2024\"}]},{\"@type\":\"WebSite\",\"@id\":\"https:\\\/\\\/atividademapa.com\\\/#website\",\"url\":\"https:\\\/\\\/atividademapa.com\\\/\",\"name\":\"Atividade Mapa\",\"description\":\"StudeO | Unicesumar\",\"publisher\":{\"@id\":\"https:\\\/\\\/atividademapa.com\\\/#organization\"},\"potentialAction\":[{\"@type\":\"SearchAction\",\"target\":{\"@type\":\"EntryPoint\",\"urlTemplate\":\"https:\\\/\\\/atividademapa.com\\\/?s={search_term_string}\"},\"query-input\":{\"@type\":\"PropertyValueSpecification\",\"valueRequired\":true,\"valueName\":\"search_term_string\"}}],\"inLanguage\":\"pt-BR\"},{\"@type\":\"Organization\",\"@id\":\"https:\\\/\\\/atividademapa.com\\\/#organization\",\"name\":\"Atividade MAPA\",\"url\":\"https:\\\/\\\/atividademapa.com\\\/\",\"logo\":{\"@type\":\"ImageObject\",\"inLanguage\":\"pt-BR\",\"@id\":\"https:\\\/\\\/atividademapa.com\\\/#\\\/schema\\\/logo\\\/image\\\/\",\"url\":\"https:\\\/\\\/i0.wp.com\\\/atividademapa.com\\\/wp-content\\\/uploads\\\/2023\\\/02\\\/ATIVIDADE.png?fit=600%2C300&ssl=1\",\"contentUrl\":\"https:\\\/\\\/i0.wp.com\\\/atividademapa.com\\\/wp-content\\\/uploads\\\/2023\\\/02\\\/ATIVIDADE.png?fit=600%2C300&ssl=1\",\"width\":600,\"height\":300,\"caption\":\"Atividade MAPA\"},\"image\":{\"@id\":\"https:\\\/\\\/atividademapa.com\\\/#\\\/schema\\\/logo\\\/image\\\/\"}}]}<\/script>\n<!-- \/ Yoast SEO plugin. -->","yoast_head_json":{"title":"MAPA - CCONT - Contabilidade Introdut\u00f3ria - 51\/2024","description":"Atividade MAPA - CCONT - Contabilidade Introdut\u00f3ria - 51\/2024 &#8902; Unicesumar. Baixe agora mesmo um Mapa Pronto resolvido!","robots":{"index":"index","follow":"follow","max-snippet":"max-snippet:-1","max-image-preview":"max-image-preview:large","max-video-preview":"max-video-preview:-1"},"canonical":"https:\/\/atividademapa.com\/?product=mapa-ccont-contabilidade-introdutoria-51-2024","og_locale":"pt_BR","og_type":"article","og_title":"MAPA - CCONT - Contabilidade Introdut\u00f3ria - 51\/2024","og_description":"Atividade MAPA - CCONT - Contabilidade Introdut\u00f3ria - 51\/2024 &#8902; Unicesumar. Baixe agora mesmo um Mapa Pronto resolvido!","og_url":"https:\/\/atividademapa.com\/?product=mapa-ccont-contabilidade-introdutoria-51-2024","og_site_name":"Atividade Mapa","article_modified_time":"2024-03-27T18:02:06+00:00","og_image":[{"width":300,"height":300,"url":"https:\/\/i0.wp.com\/atividademapa.com\/wp-content\/uploads\/2023\/03\/Atividade-M.A.P.A-3.png?fit=300%2C300&ssl=1","type":"image\/png"}],"twitter_card":"summary_large_image","twitter_misc":{"Est. tempo de leitura":"3 minutos"},"schema":{"@context":"https:\/\/schema.org","@graph":[{"@type":"WebPage","@id":"https:\/\/atividademapa.com\/?product=mapa-ccont-contabilidade-introdutoria-51-2024","url":"https:\/\/atividademapa.com\/?product=mapa-ccont-contabilidade-introdutoria-51-2024","name":"MAPA - CCONT - Contabilidade Introdut\u00f3ria - 51\/2024","isPartOf":{"@id":"https:\/\/atividademapa.com\/#website"},"primaryImageOfPage":{"@id":"https:\/\/atividademapa.com\/?product=mapa-ccont-contabilidade-introdutoria-51-2024#primaryimage"},"image":{"@id":"https:\/\/atividademapa.com\/?product=mapa-ccont-contabilidade-introdutoria-51-2024#primaryimage"},"thumbnailUrl":"https:\/\/i0.wp.com\/atividademapa.com\/wp-content\/uploads\/2023\/03\/Atividade-M.A.P.A-3.png?fit=300%2C300&ssl=1","datePublished":"2024-03-27T13:35:53+00:00","dateModified":"2024-03-27T18:02:06+00:00","description":"Atividade MAPA - CCONT - Contabilidade Introdut\u00f3ria - 51\/2024 &#8902; Unicesumar. Baixe agora mesmo um Mapa Pronto resolvido!","breadcrumb":{"@id":"https:\/\/atividademapa.com\/?product=mapa-ccont-contabilidade-introdutoria-51-2024#breadcrumb"},"inLanguage":"pt-BR","potentialAction":[{"@type":"ReadAction","target":["https:\/\/atividademapa.com\/?product=mapa-ccont-contabilidade-introdutoria-51-2024"]}]},{"@type":"ImageObject","inLanguage":"pt-BR","@id":"https:\/\/atividademapa.com\/?product=mapa-ccont-contabilidade-introdutoria-51-2024#primaryimage","url":"https:\/\/i0.wp.com\/atividademapa.com\/wp-content\/uploads\/2023\/03\/Atividade-M.A.P.A-3.png?fit=300%2C300&ssl=1","contentUrl":"https:\/\/i0.wp.com\/atividademapa.com\/wp-content\/uploads\/2023\/03\/Atividade-M.A.P.A-3.png?fit=300%2C300&ssl=1","width":300,"height":300,"caption":"Mapa Unicesumar Atividade"},{"@type":"BreadcrumbList","@id":"https:\/\/atividademapa.com\/?product=mapa-ccont-contabilidade-introdutoria-51-2024#breadcrumb","itemListElement":[{"@type":"ListItem","position":1,"name":"In\u00edcio","item":"https:\/\/atividademapa.com\/"},{"@type":"ListItem","position":2,"name":"MAPAS","item":"https:\/\/atividademapa.com\/?page_id=5"},{"@type":"ListItem","position":3,"name":"MAPA &#8211; CCONT &#8211; Contabilidade Introdut\u00f3ria &#8211; 51\/2024"}]},{"@type":"WebSite","@id":"https:\/\/atividademapa.com\/#website","url":"https:\/\/atividademapa.com\/","name":"Atividade Mapa","description":"StudeO | Unicesumar","publisher":{"@id":"https:\/\/atividademapa.com\/#organization"},"potentialAction":[{"@type":"SearchAction","target":{"@type":"EntryPoint","urlTemplate":"https:\/\/atividademapa.com\/?s={search_term_string}"},"query-input":{"@type":"PropertyValueSpecification","valueRequired":true,"valueName":"search_term_string"}}],"inLanguage":"pt-BR"},{"@type":"Organization","@id":"https:\/\/atividademapa.com\/#organization","name":"Atividade MAPA","url":"https:\/\/atividademapa.com\/","logo":{"@type":"ImageObject","inLanguage":"pt-BR","@id":"https:\/\/atividademapa.com\/#\/schema\/logo\/image\/","url":"https:\/\/i0.wp.com\/atividademapa.com\/wp-content\/uploads\/2023\/02\/ATIVIDADE.png?fit=600%2C300&ssl=1","contentUrl":"https:\/\/i0.wp.com\/atividademapa.com\/wp-content\/uploads\/2023\/02\/ATIVIDADE.png?fit=600%2C300&ssl=1","width":600,"height":300,"caption":"Atividade MAPA"},"image":{"@id":"https:\/\/atividademapa.com\/#\/schema\/logo\/image\/"}}]}},"_links":{"self":[{"href":"https:\/\/atividademapa.com\/index.php?rest_route=\/wp\/v2\/product\/3674","targetHints":{"allow":["GET"]}}],"collection":[{"href":"https:\/\/atividademapa.com\/index.php?rest_route=\/wp\/v2\/product"}],"about":[{"href":"https:\/\/atividademapa.com\/index.php?rest_route=\/wp\/v2\/types\/product"}],"version-history":[{"count":1,"href":"https:\/\/atividademapa.com\/index.php?rest_route=\/wp\/v2\/product\/3674\/revisions"}],"predecessor-version":[{"id":3675,"href":"https:\/\/atividademapa.com\/index.php?rest_route=\/wp\/v2\/product\/3674\/revisions\/3675"}],"wp:featuredmedia":[{"embeddable":true,"href":"https:\/\/atividademapa.com\/index.php?rest_route=\/wp\/v2\/media\/2326"}],"wp:attachment":[{"href":"https:\/\/atividademapa.com\/index.php?rest_route=%2Fwp%2Fv2%2Fmedia&parent=3674"}],"wp:term":[{"taxonomy":"product_brand","embeddable":true,"href":"https:\/\/atividademapa.com\/index.php?rest_route=%2Fwp%2Fv2%2Fproduct_brand&post=3674"},{"taxonomy":"product_cat","embeddable":true,"href":"https:\/\/atividademapa.com\/index.php?rest_route=%2Fwp%2Fv2%2Fproduct_cat&post=3674"},{"taxonomy":"product_tag","embeddable":true,"href":"https:\/\/atividademapa.com\/index.php?rest_route=%2Fwp%2Fv2%2Fproduct_tag&post=3674"}],"curies":[{"name":"wp","href":"https:\/\/api.w.org\/{rel}","templated":true}]}}