{"id":3732,"date":"2024-04-11T19:12:50","date_gmt":"2024-04-11T22:12:50","guid":{"rendered":"https:\/\/atividademapa.com\/?post_type=product&#038;p=3732"},"modified":"2024-04-11T19:12:52","modified_gmt":"2024-04-11T22:12:52","slug":"mapa-fundamentos-de-marketing-51-2024","status":"publish","type":"product","link":"https:\/\/atividademapa.com\/?product=mapa-fundamentos-de-marketing-51-2024","title":{"rendered":"MAPA &#8211; FUNDAMENTOS DE MARKETING &#8211; 51\/2024"},"content":{"rendered":"<h1>MAPA &#8211; FUNDAMENTOS DE MARKETING &#8211; 51\/2024<\/h1>\n<p>Ol\u00e1, estudantes! Prontos(as) para elabora\u00e7\u00e3o do MAPA? Vamos l\u00e1!<br class=\"ng-scope\" \/><\/p>\n<div class=\"ng-scope\">No cen\u00e1rio din\u00e2mico e competitivo dos neg\u00f3cios, a segmenta\u00e7\u00e3o de mercado surge como uma ferramenta fundamental para orientar estrat\u00e9gias eficazes. Essa pr\u00e1tica consiste em dividir o mercado em grupos distintos de consumidores com caracter\u00edsticas e necessidades semelhantes, permitindo que as empresas personalizem suas abordagens e entreguem valor de forma mais eficiente. A necessidade de segmenta\u00e7\u00e3o \u00e9 intr\u00ednseca e se torna ainda mais crucial na medida em que as organiza\u00e7\u00f5es buscam se destacar e prosperar em um ambiente complexo.<\/p>\n<p>A segmenta\u00e7\u00e3o refere-se ao processo de dividir um mercado amplo e diversificado em grupos mais espec\u00edficos e homog\u00eaneos, conhecidos como segmentos. Essa pr\u00e1tica tem como objetivo identificar caracter\u00edsticas comuns entre os consumidores dentro de cada segmento, permitindo que as empresas adaptem suas estrat\u00e9gias de marketing para atender de maneira mais eficaz \u00e0s necessidades e prefer\u00eancias espec\u00edficas de cada grupo. As bases mais comuns de segmenta\u00e7\u00e3o s\u00e3o: geogr\u00e1ficas, demogr\u00e1ficas, psicogr\u00e1ficas, comportamentais\u00a0e os benef\u00edcios procurados.<\/p><\/div>\n<p>&nbsp;<\/p>\n<div class=\"ng-scope\">\u00a0A segmenta\u00e7\u00e3o pode parecer um processo puramente t\u00e9cnico, mas na verdade transcende n\u00fameros e gr\u00e1ficos, encontrando sua ess\u00eancia na capacidade de atribuir significados \u00e0s intera\u00e7\u00f5es entre empresas e consumidores. A segmenta\u00e7\u00e3o de mercado, em sua ess\u00eancia, \u00e9 como um tradutor, que decodifica a linguagem complexa dos desejos e necessidades dos consumidores. Compreender esse processo enquanto gestor significa desvendar os segredos por tr\u00e1s das decis\u00f5es estrat\u00e9gicas empresariais. Imagine-se como um explorador, desbravando terras desconhecidas do mercado. A segmenta\u00e7\u00e3o \u00e9 a b\u00fassola confi\u00e1vel que guia esse explorador, permitindo-lhe discernir entre diferentes grupos de consumidores, cada qual com suas pr\u00f3prias caracter\u00edsticas, prefer\u00eancias e peculiaridades. Essa compreens\u00e3o minuciosa \u00e9 a chave para desbloquear oportunidades.<\/p>\n<p>Ao entender a segmenta\u00e7\u00e3o, nos deparamos com a poderosa ferramenta de personaliza\u00e7\u00e3o. As empresas, ao abra\u00e7arem a segmenta\u00e7\u00e3o, podem adaptar suas narrativas de marca, produtos e estrat\u00e9gias de marketing para se alinhar perfeitamente com as expectativas de cada grupo. Isso permite contar uma hist\u00f3ria envolvente que ressoa com o cora\u00e7\u00e3o do consumidor.\u00a0Nesse sentido, no vasto territ\u00f3rio do marketing, a segmenta\u00e7\u00e3o emerge como um pilar estrat\u00e9gico que n\u00e3o apenas direciona, mas enriquece as estrat\u00e9gias, conferindo uma dimens\u00e3o mais profunda \u00e0 conex\u00e3o entre empresas e consumidores. Essa pr\u00e1tica vai al\u00e9m de simples categorias,\u00a0ela representa uma jornada de valor agregado, moldando o panorama do marketing contempor\u00e2neo.<\/p>\n<p>Vale ressaltar que uma das principais vantagens da segmenta\u00e7\u00e3o \u00e9 a capacidade de compreender melhor o p\u00fablico-alvo. Ao dividir os consumidores em grupos espec\u00edficos, as empresas conseguem aprofundar seu entendimento sobre as prefer\u00eancias, comportamentos de compra e necessidades individuais. Essa compreens\u00e3o mais aprofundada permite que as empresas personalizem produtos, servi\u00e7os e estrat\u00e9gias de marketing, otimizando a efic\u00e1cia de suas a\u00e7\u00f5es.<\/p>\n<p>Os carros el\u00e9tricos no Brasil t\u00eam ganhado cada vez mais destaque e relev\u00e2ncia, refletindo uma mudan\u00e7a significativa no cen\u00e1rio automotivo do pa\u00eds. Diversos fatores contribuem para o aumento da popularidade dos ve\u00edculos el\u00e9tricos, e essa transi\u00e7\u00e3o est\u00e1 alinhada com os esfor\u00e7os globais para reduzir as emiss\u00f5es de carbono e mitigar os impactos das mudan\u00e7as clim\u00e1ticas.<\/p>\n<p>Uma das principais raz\u00f5es para a crescente aceita\u00e7\u00e3o dos carros el\u00e9tricos no Brasil \u00e9 a conscientiza\u00e7\u00e3o ambiental. Com a preocupa\u00e7\u00e3o crescente em rela\u00e7\u00e3o ao aquecimento global e \u00e0 polui\u00e7\u00e3o do ar, os consumidores est\u00e3o buscando alternativas mais sustent\u00e1veis de transporte. Os carros el\u00e9tricos, por serem alimentados por energia el\u00e9trica, produzem menos emiss\u00f5es de gases poluentes em compara\u00e7\u00e3o com os ve\u00edculos movidos a combust\u00edveis f\u00f3sseis.<\/p>\n<p>Al\u00e9m disso, a evolu\u00e7\u00e3o da infraestrutura de recarga tem desempenhado um papel crucial nessa tend\u00eancia. A expans\u00e3o das esta\u00e7\u00f5es de recarga e o aumento da autonomia das baterias t\u00eam reduzido as preocupa\u00e7\u00f5es com a chamada &#8220;ansiedade de autonomia&#8221;, que \u00e9 o receio de ficar sem carga durante uma viagem. Com uma infraestrutura mais robusta, os motoristas se sentem mais seguros para adotar os carros el\u00e9tricos como uma op\u00e7\u00e3o vi\u00e1vel.\n<\/p><\/div>\n<div class=\"ng-scope\">\u00a0Fonte: adaptado de: Tudo sobre o Carro El\u00e9trico no Brasil: Saiba os Desafios e Tend\u00eancias. Retornar.<br \/>\nDispon\u00edvel em: &lt; https:\/\/retornar.com.br\/tudo-sobre-o-panorama-do-carro-eletrico-no-brasil\/&gt; Acesso em: 10 dez. 2023.<\/div>\n<div class=\"ng-scope\">\nOs modelos de carros el\u00e9tricos t\u00eam experimentado uma significativa expans\u00e3o e diversifica\u00e7\u00e3o, refletindo a demanda crescente por ve\u00edculos mais sustent\u00e1veis e eficientes. A variedade de modelos oferece op\u00e7\u00f5es para diferentes perfis de consumidores e necessidades, contribuindo para a segmenta\u00e7\u00e3o desse mercado em v\u00e1rias categorias.<\/p>\n<p>Um exemplo \u00e9 o Chevrolet Bolt EV, carro 100% el\u00e9trico que possui capacidade de 66 kWh, e autonomia de 390km (INMETRO). No site da marca o modelo do novo Bolt EV a comunica\u00e7\u00e3o est\u00e1 voltada para os benef\u00edcios ambientais e a modernidade tecnol\u00f3gica do ve\u00edculo. O carro est\u00e1 dispon\u00edvel em 4 cores: vermelho rubi, branco summit, preto ouro negro e cinza urbano.<\/p>\n<p>Conforme o site \u201cCom seu potente motor de zero emiss\u00e3o, o Chevrolet Bolt EV ajuda voc\u00ea a chegar mais longe com apenas uma carga de bateria. \u00a0[&#8230;] O Novo Bolt EV traz o que h\u00e1 de mais completo em tecnologia e uma conectividade muito mais avan\u00e7ada com Wi-Fi nativo, novo MyLink de 10\u201d, Alexa, Spotify, proje\u00e7\u00e3o sem fio e a exclusiva tecnologia OnStar, com uma equipe #SempreOn para atender voc\u00ea, atrav\u00e9s da central ou do MyChevrolet App. Tudo para conduzir voc\u00ea por caminhos mais inovadores.\u201d \u00a0Al\u00e9m disso, a marca comunica o novo modelo como tendo uma grande autonomia, uma acelera\u00e7\u00e3o r\u00e1pida, al\u00e9m de muita conectividade e toda a conveni\u00eancia. A proposta da marca \u00e9 que o usu\u00e1rio possa carregar o carro na tomada de casa ou nos eletropostos al\u00e9m disso \u00e9 poss\u00edvel acompanhar a performance do carro direto no computador de bordo.\n<\/p><\/div>\n<div class=\"ng-scope\">IMAGEM (foto de capa do link abaixo, carro vermelho, Novo Bolt EV 2022)<br \/>\n\u200bFonte: Imagem de &lt; https:\/\/www.chevrolet.com.br\/eletrico\/bolt-ev&gt;<\/div>\n<div class=\"ng-scope\">\nComo\u00a0<strong>gestor(a) de uma f\u00e1brica automobil\u00edstica<\/strong>, com base nas\u00a0<strong>leituras pr\u00e9vias do conte\u00fado<\/strong>\u00a0e nos\u00a0<strong>expostos acima<\/strong>, leia atentamente o que se pede a seguir e analise bem as quest\u00f5es para respond\u00ea-las:<\/p>\n<p><strong>1)<\/strong>\u00a0A segmenta\u00e7\u00e3o de mercado \u00e9 uma estrat\u00e9gia que divide um mercado amplo em grupos menores, com caracter\u00edsticas e necessidades semelhantes. Essa estrat\u00e9gia \u00e9 utilizada por empresas de todos os portes para melhorar o direcionamento de suas a\u00e7\u00f5es de marketing e vendas. Os gestores devem definir para quais segmentos seus produtos ser\u00e3o direcionados. Portanto,\u00a0<strong>utilize 2 crit\u00e9rios da base de segmenta\u00e7\u00e3o psicogr\u00e1fica (estilo de vida e valores)<\/strong>\u00a0e\u00a0<strong>2 crit\u00e9rios da base de segmenta\u00e7\u00e3o comportamental (benef\u00edcios de compra e prefer\u00eancia de cor)\u00a0<\/strong>e\u00a0<strong>fa\u00e7a a segmenta\u00e7\u00e3o<\/strong>\u00a0do novo carro el\u00e9trico\u00a0<strong>Chevrolet Bolt, justificando como o novo carro deve ser segmentado nestas bases.<\/strong><\/p>\n<p><strong>2)<\/strong>\u00a0Agora,\u00a0<strong>explique de que maneira a segmenta\u00e7\u00e3o psicogr\u00e1fica e comportamental<\/strong>\u00a0podem\u00a0<strong>contribuir para a elabora\u00e7\u00e3o das estrat\u00e9gias de lan\u00e7amento do carro<\/strong>\u00a0e\u00a0<strong>como esse processo<\/strong>\u00a0pode\u00a0<strong>contribuir para a decis\u00e3o de compra<\/strong>. Utilize de 10 a 30 linhas.<\/div>\n","protected":false},"excerpt":{"rendered":"<p>MAPA &#8211; FUNDAMENTOS DE MARKETING &#8211; 51\/2024 Ol\u00e1, estudantes! Prontos(as) para elabora\u00e7\u00e3o do MAPA? Vamos l\u00e1! No cen\u00e1rio din\u00e2mico e<\/p>\n","protected":false},"featured_media":2326,"template":"","meta":{"_monsterinsights_skip_tracking":false,"_monsterinsights_sitenote_active":false,"_monsterinsights_sitenote_note":"","_monsterinsights_sitenote_category":0},"product_brand":[],"product_cat":[36],"product_tag":[],"class_list":{"0":"post-3732","1":"product","2":"type-product","3":"status-publish","4":"has-post-thumbnail","6":"product_cat-processos-gerenciais","8":"first","9":"instock","10":"downloadable","11":"virtual","12":"purchasable","13":"product-type-simple"},"yoast_head":"<!-- This site is optimized with the Yoast SEO plugin v27.4 - https:\/\/yoast.com\/product\/yoast-seo-wordpress\/ -->\n<title>MAPA - FUNDAMENTOS DE MARKETING - 51\/2024<\/title>\n<meta name=\"description\" content=\"Atividade MAPA - FUNDAMENTOS DE MARKETING - 51\/2024 &#8902; Unicesumar. Baixe agora mesmo um Mapa Pronto resolvido!\" \/>\n<meta name=\"robots\" content=\"index, follow, max-snippet:-1, max-image-preview:large, max-video-preview:-1\" \/>\n<link rel=\"canonical\" href=\"https:\/\/atividademapa.com\/?product=mapa-fundamentos-de-marketing-51-2024\" \/>\n<meta property=\"og:locale\" content=\"pt_BR\" \/>\n<meta property=\"og:type\" content=\"article\" \/>\n<meta property=\"og:title\" content=\"MAPA - FUNDAMENTOS DE MARKETING - 51\/2024\" \/>\n<meta property=\"og:description\" content=\"Atividade MAPA - FUNDAMENTOS DE MARKETING - 51\/2024 &#8902; Unicesumar. Baixe agora mesmo um Mapa Pronto resolvido!\" \/>\n<meta property=\"og:url\" content=\"https:\/\/atividademapa.com\/?product=mapa-fundamentos-de-marketing-51-2024\" \/>\n<meta property=\"og:site_name\" content=\"Atividade Mapa\" \/>\n<meta property=\"article:modified_time\" content=\"2024-04-11T22:12:52+00:00\" \/>\n<meta property=\"og:image\" content=\"https:\/\/i0.wp.com\/atividademapa.com\/wp-content\/uploads\/2023\/03\/Atividade-M.A.P.A-3.png?fit=300%2C300&ssl=1\" \/>\n\t<meta property=\"og:image:width\" content=\"300\" \/>\n\t<meta property=\"og:image:height\" content=\"300\" \/>\n\t<meta property=\"og:image:type\" content=\"image\/png\" \/>\n<meta name=\"twitter:card\" content=\"summary_large_image\" \/>\n<meta name=\"twitter:label1\" content=\"Est. tempo de leitura\" \/>\n\t<meta name=\"twitter:data1\" content=\"6 minutos\" \/>\n<script type=\"application\/ld+json\" class=\"yoast-schema-graph\">{\"@context\":\"https:\\\/\\\/schema.org\",\"@graph\":[{\"@type\":\"WebPage\",\"@id\":\"https:\\\/\\\/atividademapa.com\\\/?product=mapa-fundamentos-de-marketing-51-2024\",\"url\":\"https:\\\/\\\/atividademapa.com\\\/?product=mapa-fundamentos-de-marketing-51-2024\",\"name\":\"MAPA - FUNDAMENTOS DE MARKETING - 51\\\/2024\",\"isPartOf\":{\"@id\":\"https:\\\/\\\/atividademapa.com\\\/#website\"},\"primaryImageOfPage\":{\"@id\":\"https:\\\/\\\/atividademapa.com\\\/?product=mapa-fundamentos-de-marketing-51-2024#primaryimage\"},\"image\":{\"@id\":\"https:\\\/\\\/atividademapa.com\\\/?product=mapa-fundamentos-de-marketing-51-2024#primaryimage\"},\"thumbnailUrl\":\"https:\\\/\\\/i0.wp.com\\\/atividademapa.com\\\/wp-content\\\/uploads\\\/2023\\\/03\\\/Atividade-M.A.P.A-3.png?fit=300%2C300&ssl=1\",\"datePublished\":\"2024-04-11T22:12:50+00:00\",\"dateModified\":\"2024-04-11T22:12:52+00:00\",\"description\":\"Atividade MAPA - FUNDAMENTOS DE MARKETING - 51\\\/2024 &#8902; Unicesumar. Baixe agora mesmo um Mapa Pronto resolvido!\",\"breadcrumb\":{\"@id\":\"https:\\\/\\\/atividademapa.com\\\/?product=mapa-fundamentos-de-marketing-51-2024#breadcrumb\"},\"inLanguage\":\"pt-BR\",\"potentialAction\":[{\"@type\":\"ReadAction\",\"target\":[\"https:\\\/\\\/atividademapa.com\\\/?product=mapa-fundamentos-de-marketing-51-2024\"]}]},{\"@type\":\"ImageObject\",\"inLanguage\":\"pt-BR\",\"@id\":\"https:\\\/\\\/atividademapa.com\\\/?product=mapa-fundamentos-de-marketing-51-2024#primaryimage\",\"url\":\"https:\\\/\\\/i0.wp.com\\\/atividademapa.com\\\/wp-content\\\/uploads\\\/2023\\\/03\\\/Atividade-M.A.P.A-3.png?fit=300%2C300&ssl=1\",\"contentUrl\":\"https:\\\/\\\/i0.wp.com\\\/atividademapa.com\\\/wp-content\\\/uploads\\\/2023\\\/03\\\/Atividade-M.A.P.A-3.png?fit=300%2C300&ssl=1\",\"width\":300,\"height\":300,\"caption\":\"Mapa Unicesumar Atividade\"},{\"@type\":\"BreadcrumbList\",\"@id\":\"https:\\\/\\\/atividademapa.com\\\/?product=mapa-fundamentos-de-marketing-51-2024#breadcrumb\",\"itemListElement\":[{\"@type\":\"ListItem\",\"position\":1,\"name\":\"In\u00edcio\",\"item\":\"https:\\\/\\\/atividademapa.com\\\/\"},{\"@type\":\"ListItem\",\"position\":2,\"name\":\"MAPAS\",\"item\":\"https:\\\/\\\/atividademapa.com\\\/?page_id=5\"},{\"@type\":\"ListItem\",\"position\":3,\"name\":\"MAPA &#8211; FUNDAMENTOS DE MARKETING &#8211; 51\\\/2024\"}]},{\"@type\":\"WebSite\",\"@id\":\"https:\\\/\\\/atividademapa.com\\\/#website\",\"url\":\"https:\\\/\\\/atividademapa.com\\\/\",\"name\":\"Atividade Mapa\",\"description\":\"StudeO | Unicesumar\",\"publisher\":{\"@id\":\"https:\\\/\\\/atividademapa.com\\\/#organization\"},\"potentialAction\":[{\"@type\":\"SearchAction\",\"target\":{\"@type\":\"EntryPoint\",\"urlTemplate\":\"https:\\\/\\\/atividademapa.com\\\/?s={search_term_string}\"},\"query-input\":{\"@type\":\"PropertyValueSpecification\",\"valueRequired\":true,\"valueName\":\"search_term_string\"}}],\"inLanguage\":\"pt-BR\"},{\"@type\":\"Organization\",\"@id\":\"https:\\\/\\\/atividademapa.com\\\/#organization\",\"name\":\"Atividade MAPA\",\"url\":\"https:\\\/\\\/atividademapa.com\\\/\",\"logo\":{\"@type\":\"ImageObject\",\"inLanguage\":\"pt-BR\",\"@id\":\"https:\\\/\\\/atividademapa.com\\\/#\\\/schema\\\/logo\\\/image\\\/\",\"url\":\"https:\\\/\\\/i0.wp.com\\\/atividademapa.com\\\/wp-content\\\/uploads\\\/2023\\\/02\\\/ATIVIDADE.png?fit=600%2C300&ssl=1\",\"contentUrl\":\"https:\\\/\\\/i0.wp.com\\\/atividademapa.com\\\/wp-content\\\/uploads\\\/2023\\\/02\\\/ATIVIDADE.png?fit=600%2C300&ssl=1\",\"width\":600,\"height\":300,\"caption\":\"Atividade MAPA\"},\"image\":{\"@id\":\"https:\\\/\\\/atividademapa.com\\\/#\\\/schema\\\/logo\\\/image\\\/\"}}]}<\/script>\n<!-- \/ Yoast SEO plugin. -->","yoast_head_json":{"title":"MAPA - FUNDAMENTOS DE MARKETING - 51\/2024","description":"Atividade MAPA - FUNDAMENTOS DE MARKETING - 51\/2024 &#8902; Unicesumar. Baixe agora mesmo um Mapa Pronto resolvido!","robots":{"index":"index","follow":"follow","max-snippet":"max-snippet:-1","max-image-preview":"max-image-preview:large","max-video-preview":"max-video-preview:-1"},"canonical":"https:\/\/atividademapa.com\/?product=mapa-fundamentos-de-marketing-51-2024","og_locale":"pt_BR","og_type":"article","og_title":"MAPA - FUNDAMENTOS DE MARKETING - 51\/2024","og_description":"Atividade MAPA - FUNDAMENTOS DE MARKETING - 51\/2024 &#8902; Unicesumar. Baixe agora mesmo um Mapa Pronto resolvido!","og_url":"https:\/\/atividademapa.com\/?product=mapa-fundamentos-de-marketing-51-2024","og_site_name":"Atividade Mapa","article_modified_time":"2024-04-11T22:12:52+00:00","og_image":[{"width":300,"height":300,"url":"https:\/\/i0.wp.com\/atividademapa.com\/wp-content\/uploads\/2023\/03\/Atividade-M.A.P.A-3.png?fit=300%2C300&ssl=1","type":"image\/png"}],"twitter_card":"summary_large_image","twitter_misc":{"Est. tempo de leitura":"6 minutos"},"schema":{"@context":"https:\/\/schema.org","@graph":[{"@type":"WebPage","@id":"https:\/\/atividademapa.com\/?product=mapa-fundamentos-de-marketing-51-2024","url":"https:\/\/atividademapa.com\/?product=mapa-fundamentos-de-marketing-51-2024","name":"MAPA - FUNDAMENTOS DE MARKETING - 51\/2024","isPartOf":{"@id":"https:\/\/atividademapa.com\/#website"},"primaryImageOfPage":{"@id":"https:\/\/atividademapa.com\/?product=mapa-fundamentos-de-marketing-51-2024#primaryimage"},"image":{"@id":"https:\/\/atividademapa.com\/?product=mapa-fundamentos-de-marketing-51-2024#primaryimage"},"thumbnailUrl":"https:\/\/i0.wp.com\/atividademapa.com\/wp-content\/uploads\/2023\/03\/Atividade-M.A.P.A-3.png?fit=300%2C300&ssl=1","datePublished":"2024-04-11T22:12:50+00:00","dateModified":"2024-04-11T22:12:52+00:00","description":"Atividade MAPA - FUNDAMENTOS DE MARKETING - 51\/2024 &#8902; Unicesumar. Baixe agora mesmo um Mapa Pronto resolvido!","breadcrumb":{"@id":"https:\/\/atividademapa.com\/?product=mapa-fundamentos-de-marketing-51-2024#breadcrumb"},"inLanguage":"pt-BR","potentialAction":[{"@type":"ReadAction","target":["https:\/\/atividademapa.com\/?product=mapa-fundamentos-de-marketing-51-2024"]}]},{"@type":"ImageObject","inLanguage":"pt-BR","@id":"https:\/\/atividademapa.com\/?product=mapa-fundamentos-de-marketing-51-2024#primaryimage","url":"https:\/\/i0.wp.com\/atividademapa.com\/wp-content\/uploads\/2023\/03\/Atividade-M.A.P.A-3.png?fit=300%2C300&ssl=1","contentUrl":"https:\/\/i0.wp.com\/atividademapa.com\/wp-content\/uploads\/2023\/03\/Atividade-M.A.P.A-3.png?fit=300%2C300&ssl=1","width":300,"height":300,"caption":"Mapa Unicesumar Atividade"},{"@type":"BreadcrumbList","@id":"https:\/\/atividademapa.com\/?product=mapa-fundamentos-de-marketing-51-2024#breadcrumb","itemListElement":[{"@type":"ListItem","position":1,"name":"In\u00edcio","item":"https:\/\/atividademapa.com\/"},{"@type":"ListItem","position":2,"name":"MAPAS","item":"https:\/\/atividademapa.com\/?page_id=5"},{"@type":"ListItem","position":3,"name":"MAPA &#8211; FUNDAMENTOS DE MARKETING &#8211; 51\/2024"}]},{"@type":"WebSite","@id":"https:\/\/atividademapa.com\/#website","url":"https:\/\/atividademapa.com\/","name":"Atividade Mapa","description":"StudeO | Unicesumar","publisher":{"@id":"https:\/\/atividademapa.com\/#organization"},"potentialAction":[{"@type":"SearchAction","target":{"@type":"EntryPoint","urlTemplate":"https:\/\/atividademapa.com\/?s={search_term_string}"},"query-input":{"@type":"PropertyValueSpecification","valueRequired":true,"valueName":"search_term_string"}}],"inLanguage":"pt-BR"},{"@type":"Organization","@id":"https:\/\/atividademapa.com\/#organization","name":"Atividade MAPA","url":"https:\/\/atividademapa.com\/","logo":{"@type":"ImageObject","inLanguage":"pt-BR","@id":"https:\/\/atividademapa.com\/#\/schema\/logo\/image\/","url":"https:\/\/i0.wp.com\/atividademapa.com\/wp-content\/uploads\/2023\/02\/ATIVIDADE.png?fit=600%2C300&ssl=1","contentUrl":"https:\/\/i0.wp.com\/atividademapa.com\/wp-content\/uploads\/2023\/02\/ATIVIDADE.png?fit=600%2C300&ssl=1","width":600,"height":300,"caption":"Atividade MAPA"},"image":{"@id":"https:\/\/atividademapa.com\/#\/schema\/logo\/image\/"}}]}},"_links":{"self":[{"href":"https:\/\/atividademapa.com\/index.php?rest_route=\/wp\/v2\/product\/3732","targetHints":{"allow":["GET"]}}],"collection":[{"href":"https:\/\/atividademapa.com\/index.php?rest_route=\/wp\/v2\/product"}],"about":[{"href":"https:\/\/atividademapa.com\/index.php?rest_route=\/wp\/v2\/types\/product"}],"version-history":[{"count":1,"href":"https:\/\/atividademapa.com\/index.php?rest_route=\/wp\/v2\/product\/3732\/revisions"}],"predecessor-version":[{"id":3734,"href":"https:\/\/atividademapa.com\/index.php?rest_route=\/wp\/v2\/product\/3732\/revisions\/3734"}],"wp:featuredmedia":[{"embeddable":true,"href":"https:\/\/atividademapa.com\/index.php?rest_route=\/wp\/v2\/media\/2326"}],"wp:attachment":[{"href":"https:\/\/atividademapa.com\/index.php?rest_route=%2Fwp%2Fv2%2Fmedia&parent=3732"}],"wp:term":[{"taxonomy":"product_brand","embeddable":true,"href":"https:\/\/atividademapa.com\/index.php?rest_route=%2Fwp%2Fv2%2Fproduct_brand&post=3732"},{"taxonomy":"product_cat","embeddable":true,"href":"https:\/\/atividademapa.com\/index.php?rest_route=%2Fwp%2Fv2%2Fproduct_cat&post=3732"},{"taxonomy":"product_tag","embeddable":true,"href":"https:\/\/atividademapa.com\/index.php?rest_route=%2Fwp%2Fv2%2Fproduct_tag&post=3732"}],"curies":[{"name":"wp","href":"https:\/\/api.w.org\/{rel}","templated":true}]}}