{"id":3755,"date":"2024-04-15T20:52:57","date_gmt":"2024-04-15T23:52:57","guid":{"rendered":"https:\/\/atividademapa.com\/?post_type=product&#038;p=3755"},"modified":"2024-04-15T22:37:47","modified_gmt":"2024-04-16T01:37:47","slug":"mapa-qualidade-e-certificacao-ambiental-51-2024","status":"publish","type":"product","link":"https:\/\/atividademapa.com\/?product=mapa-qualidade-e-certificacao-ambiental-51-2024","title":{"rendered":"MAPA &#8211; Qualidade e Certifica\u00e7\u00e3o Ambiental &#8211; 51\/2024"},"content":{"rendered":"<h1>MAPA &#8211; Qualidade e Certifica\u00e7\u00e3o Ambiental &#8211; 51\/2024<\/h1>\n<p><strong>Etapa 1. Determinar e avaliar os aspectos ambientais<\/strong><\/p>\n<p><strong>\u00a0<\/strong>O requisito 6.1.2 Aspectos ambientais, estabelece que a organiza\u00e7\u00e3o deve determinar os aspectos ambientais de suas atividades, produtos e servi\u00e7os, e os seus impactos ambientais associados. Desta forma, voc\u00ea deve identificar quais s\u00e3o os aspectos e impactos ambientais da organiza\u00e7\u00e3o (apresentar no m\u00ednimo cinco), e posteriormente, determinar a sua signific\u00e2ncia, seguindo o procedimento para identifica\u00e7\u00e3o e avalia\u00e7\u00e3o de aspectos ambientais apresentados no estudo de caso (organiza\u00e7\u00e3o hipot\u00e9tica).<\/p>\n<p>Verifique a pontua\u00e7\u00e3o de cada crit\u00e9rio e insira no quadro abaixo, em seguida, calcule a signific\u00e2ncia do aspecto ambiental pela f\u00f3rmula: Signific\u00e2ncia = [(F x G) + (P x G)] + C + S + T + I + RL, e insira o resultado e a classifica\u00e7\u00e3o (n\u00e3o significativo \u2264 7; significativo &gt; 7).<\/p>\n<p><u>Observa\u00e7\u00e3o<\/u>: Voc\u00ea pode escolher uma atividade e para esta atividade cinco aspectos ambientais, ou cinco atividades distintas e cinco aspectos ambientais, o importante \u00e9 que sejam apresentados pelo menos cinco aspectos ambientais.<\/p>\n<p>&nbsp;<\/p>\n<table width=\"1002\">\n<tbody>\n<tr>\n<td rowspan=\"2\" width=\"189\"><strong>Atividade <sup>(1)<\/sup><\/strong><\/td>\n<td rowspan=\"2\" width=\"142\"><strong>Aspecto <\/strong><\/p>\n<p><strong>ambiental <sup>(2)<\/sup><\/strong><\/td>\n<td rowspan=\"2\" width=\"132\"><strong>Impacto <\/strong><\/p>\n<p><strong>ambiental <sup>(3)<\/sup><\/strong><\/td>\n<td rowspan=\"2\" width=\"38\"><strong>C<\/strong><\/td>\n<td rowspan=\"2\" width=\"38\"><strong>S<\/strong><\/td>\n<td rowspan=\"2\" width=\"38\"><strong>T<\/strong><\/td>\n<td rowspan=\"2\" width=\"38\"><strong>I<\/strong><\/td>\n<td rowspan=\"2\" width=\"38\"><strong>RL<\/strong><\/td>\n<td rowspan=\"2\" width=\"38\"><strong>G<\/strong><\/td>\n<td rowspan=\"2\" width=\"38\"><strong>F<\/strong><\/td>\n<td rowspan=\"2\" width=\"36\"><strong>P<\/strong><\/td>\n<td colspan=\"2\" width=\"238\"><strong>Signific\u00e2ncia<\/strong><\/td>\n<\/tr>\n<tr>\n<td width=\"96\"><strong>Pontua\u00e7\u00e3o<\/strong><\/td>\n<td width=\"142\"><strong>Classifica\u00e7\u00e3o<\/strong><\/td>\n<\/tr>\n<tr>\n<td width=\"189\"><\/td>\n<td width=\"142\"><\/td>\n<td width=\"132\"><\/td>\n<td width=\"38\"><\/td>\n<td width=\"38\"><\/td>\n<td width=\"38\"><\/td>\n<td width=\"38\"><\/td>\n<td width=\"38\"><\/td>\n<td width=\"38\"><\/td>\n<td width=\"38\"><\/td>\n<td width=\"36\"><\/td>\n<td width=\"96\"><\/td>\n<td width=\"142\"><\/td>\n<\/tr>\n<tr>\n<td width=\"189\"><\/td>\n<td width=\"142\"><\/td>\n<td width=\"132\"><\/td>\n<td width=\"38\"><\/td>\n<td width=\"38\"><\/td>\n<td width=\"38\"><\/td>\n<td width=\"38\"><\/td>\n<td width=\"38\"><\/td>\n<td width=\"38\"><\/td>\n<td width=\"38\"><\/td>\n<td width=\"36\"><\/td>\n<td width=\"96\"><\/td>\n<td width=\"142\"><\/td>\n<\/tr>\n<tr>\n<td width=\"189\"><\/td>\n<td width=\"142\"><\/td>\n<td width=\"132\"><\/td>\n<td width=\"38\"><\/td>\n<td width=\"38\"><\/td>\n<td width=\"38\"><\/td>\n<td width=\"38\"><\/td>\n<td width=\"38\"><\/td>\n<td width=\"38\"><\/td>\n<td width=\"38\"><\/td>\n<td width=\"36\"><\/td>\n<td width=\"96\"><\/td>\n<td width=\"142\"><\/td>\n<\/tr>\n<tr>\n<td width=\"189\"><\/td>\n<td width=\"142\"><\/td>\n<td width=\"132\"><\/td>\n<td width=\"38\"><\/td>\n<td width=\"38\"><\/td>\n<td width=\"38\"><\/td>\n<td width=\"38\"><\/td>\n<td width=\"38\"><\/td>\n<td width=\"38\"><\/td>\n<td width=\"38\"><\/td>\n<td width=\"36\"><\/td>\n<td width=\"96\"><\/td>\n<td width=\"142\"><\/td>\n<\/tr>\n<tr>\n<td width=\"189\"><\/td>\n<td width=\"142\"><\/td>\n<td width=\"132\"><\/td>\n<td width=\"38\"><\/td>\n<td width=\"38\"><\/td>\n<td width=\"38\"><\/td>\n<td width=\"38\"><\/td>\n<td width=\"38\"><\/td>\n<td width=\"38\"><\/td>\n<td width=\"38\"><\/td>\n<td width=\"36\"><\/td>\n<td width=\"96\"><\/td>\n<td width=\"142\"><\/td>\n<\/tr>\n<\/tbody>\n<\/table>\n<p>Legenda: F: frequ\u00eancia; G \u00e9 a gravidade; P \u00e9 a probabilidade; C \u00e9 a classe; S \u00e9 a situa\u00e7\u00e3o operacional; T \u00e9 a temporalidade; I \u00e9 a incid\u00eancia; e RL \u00e9 o requisito legal ou outro requisito.<\/p>\n<p>Nota:<\/p>\n<p>(1) As atividades da organiza\u00e7\u00e3o s\u00e3o apresentadas no item Denomina\u00e7\u00e3o, conforme Figura 1, por exemplo, lavagem e desengraxe de componentes;<\/p>\n<p>(2) O aspecto ambiental se refere ao elemento das atividades, produtos ou servi\u00e7os de uma organiza\u00e7\u00e3o, que interage ou pode interagir com o meio ambiente. S\u00e3o constitu\u00eddos pelos agentes geradores ou causadores das intera\u00e7\u00f5es e altera\u00e7\u00f5es do meio ambiente, como emiss\u00f5es atmosf\u00e9ricas, res\u00edduos, efluentes l\u00edquidos, consumo de mat\u00e9rias primas, energia, \u00e1gua, entre outros.<\/p>\n<p>(3) O impacto ambiental refere-se \u00e0 modifica\u00e7\u00e3o do meio ambiente, tanto adversa quanto ben\u00e9fica, total ou parcialmente resultante dos aspectos ambientais de uma organiza\u00e7\u00e3o. Trata-se dos efeitos ou consequ\u00eancias das intera\u00e7\u00f5es entre os aspectos ambientais e o meio ambiente, como a altera\u00e7\u00e3o da qualidade de corpos d\u2019\u00e1gua, do ar, contamina\u00e7\u00e3o do solo, eros\u00e3o, esgotamento de recursos naturais, dentre outros. Cada aspecto ambiental pode estar relacionado a um ou mais impactos ambientais.<\/p>\n<p><strong>Etapa 2. Determinar os requisitos legais e outros requisitos<\/strong><\/p>\n<p>O requisito 6.1.3 Requisitos legais e outros requisitos, estabelece que a organiza\u00e7\u00e3o deve determinar e ter acesso aos requisitos legais e outros requisitos relacionados a seus aspectos ambientais.<\/p>\n<p>Desta forma, voc\u00ea deve apresentar de acordo com os aspectos ambientais identificados na Etapa 1 (m\u00ednimo cinco requisitos legais no \u00e2mbito nacional), os requisitos legais associados aos mesmos, incluindo o seu n\u00famero, nome e\/ou descri\u00e7\u00e3o, por exemplo: Lei n\u00ba 12.305\/2010 &#8211; Pol\u00edtica Nacional de Res\u00edduos S\u00f3lidos ou Resolu\u00e7\u00e3o CONAMA n\u00ba 430\/2011 &#8211; Disp\u00f5e sobre as condi\u00e7\u00f5es e padr\u00f5es de lan\u00e7amento de efluentes, complementa e altera a Resolu\u00e7\u00e3o CONAMA n\u00ba 357\/2005.<\/p>\n<p>&nbsp;<\/p>\n<table width=\"992\">\n<tbody>\n<tr>\n<td width=\"173\"><strong>Atividade<\/strong><\/p>\n<p>(conforme identificado na Etapa 1)<\/td>\n<td width=\"165\"><strong>Aspecto ambiental<\/strong><\/p>\n<p>(conforme identificado na Etapa 1)<\/td>\n<td width=\"172\"><strong>Impacto ambiental<\/strong><\/p>\n<p>(conforme identificado na Etapa 1)<\/td>\n<td width=\"482\"><strong>Requisito legal aplic\u00e1vel<\/strong> <sup>(1) <\/sup><\/p>\n<p>(n\u00famero, data e nome (descri\u00e7\u00e3o))<\/td>\n<\/tr>\n<tr>\n<td width=\"173\"><\/td>\n<td width=\"165\"><\/td>\n<td width=\"172\"><\/td>\n<td width=\"482\"><\/td>\n<\/tr>\n<tr>\n<td width=\"173\"><\/td>\n<td width=\"165\"><\/td>\n<td width=\"172\"><\/td>\n<td width=\"482\"><\/td>\n<\/tr>\n<tr>\n<td width=\"173\"><\/td>\n<td width=\"165\"><\/td>\n<td width=\"172\"><\/td>\n<td width=\"482\"><\/td>\n<\/tr>\n<tr>\n<td width=\"173\"><\/td>\n<td width=\"165\"><\/td>\n<td width=\"172\"><\/td>\n<td width=\"482\"><\/td>\n<\/tr>\n<tr>\n<td width=\"173\"><\/td>\n<td width=\"165\"><\/td>\n<td width=\"172\"><\/td>\n<td width=\"482\"><\/td>\n<\/tr>\n<\/tbody>\n<\/table>\n<p>Nota: (1) Inserir n\u00famero, data (se houver) e nome (descri\u00e7\u00e3o), e caso n\u00e3o exista requisito legal aplic\u00e1vel ao aspecto ambiental identificado inserir n\u00e3o aplic\u00e1vel.<\/p>\n<p><strong>Etapa 3. Estabelecer e planejar como alcan\u00e7ar os objetivos ambientais<\/strong><\/p>\n<p><strong>\u00a0<\/strong>O requisito 6.2 Objetivos de ambientais e planejamento para alcan\u00e7\u00e1-los, determina que a organiza\u00e7\u00e3o deve estabelecer os objetivos ambientais nas fun\u00e7\u00f5es e n\u00edveis pertinentes, levando em considera\u00e7\u00e3o os aspectos ambientais significativos da organiza\u00e7\u00e3o e os requisitos legais e outros requisitos associados. Levando em considera\u00e7\u00e3o o resultado obtido na Etapa 1, escolha um dos aspectos ambientais significativos, e apresente o seu objetivo e o planejamento para alcan\u00e7\u00e1-lo (caso na classifica\u00e7\u00e3o realizada nenhum seja significativo, escolher o que voc\u00ea julga ser mais importante, que necessita de controle operacional).<\/p>\n<p>Ao planejar os objetivos do SGA, a organiza\u00e7\u00e3o deve determinar o que ser\u00e1 feito; quais recursos ser\u00e3o requeridos; quem ser\u00e1 o respons\u00e1vel; quando ser\u00e1 conclu\u00eddo; e como os resultados ser\u00e3o avaliados. Desta forma, voc\u00ea deve estabelecer pelo menos um objetivo do SGA, bem como o seu planejamento. Para isso, voc\u00ea poder\u00e1 utilizar uma das ferramentas da gest\u00e3o da qualidade, o plano de a\u00e7\u00e3o (5W2H \/ <em>what-where-who-when-why-how much-how many<\/em>\/ <em>o que-onde-quem-quando-por qu\u00ea-quanto), <\/em>conforme apresentado abaixo.<\/p>\n<p>&nbsp;<\/p>\n<table width=\"992\">\n<tbody>\n<tr>\n<td width=\"132\"><strong>Aspecto ambiental<\/strong><\/p>\n<p>(conforme identificado na Etapa 1)<\/td>\n<td width=\"123\"><strong>Impacto ambiental<\/strong><\/p>\n<p>(conforme identificado na Etapa 1)<\/td>\n<td width=\"175\"><strong>Objetivo<\/strong> <sup>(1)<\/sup><\/td>\n<td width=\"171\"><strong>A\u00e7\u00e3o<\/strong><\/p>\n<p>(O que?) <sup>(2)<\/sup><\/td>\n<td width=\"111\"><strong>Local<\/strong><\/p>\n<p>(Onde?) <sup>(3)<\/sup><\/td>\n<td width=\"102\"><strong>Respons\u00e1vel<\/strong><\/p>\n<p>(Quem?) <sup>(4)<\/sup><\/td>\n<td width=\"93\"><strong>Prazo<\/strong><\/p>\n<p>(Quando?) <sup>(5)<\/sup><\/td>\n<td width=\"85\"><strong>Recursos requeridos<\/strong><\/p>\n<p>(Quanto?) <sup>(6)<\/sup><\/td>\n<\/tr>\n<tr>\n<td width=\"132\"><\/td>\n<td width=\"123\"><\/td>\n<td width=\"175\"><\/td>\n<td width=\"171\"><\/td>\n<td width=\"111\"><\/td>\n<td width=\"102\"><\/td>\n<td width=\"93\"><\/td>\n<td width=\"85\"><\/td>\n<\/tr>\n<\/tbody>\n<\/table>\n<p>Nota: (1) utilizar verbo no infinitivo (reduzir, atender, implantar, realizar etc.); (2) a\u00e7\u00e3o a ser realizada para atendimento do objetivo; (3) onde ser\u00e1 realizada a a\u00e7\u00e3o (\u00e1rea, setor, departamento etc.); (4) nome completo do respons\u00e1vel pela a\u00e7\u00e3o e seu respectivo cargo; (5) data que ser\u00e1 realizada a a\u00e7\u00e3o (dia\/m\u00eas\/ano); (6) valor monet\u00e1rio, em reais, que ser\u00e1 gasto para realizar a a\u00e7\u00e3o.<\/p>\n","protected":false},"excerpt":{"rendered":"<p>MAPA &#8211; Qualidade e Certifica\u00e7\u00e3o Ambiental &#8211; 51\/2024 Etapa 1. Determinar e avaliar os aspectos ambientais \u00a0O requisito 6.1.2 Aspectos<\/p>\n","protected":false},"featured_media":2326,"template":"","meta":{"_monsterinsights_skip_tracking":false,"_monsterinsights_sitenote_active":false,"_monsterinsights_sitenote_note":"","_monsterinsights_sitenote_category":0},"product_brand":[],"product_cat":[57],"product_tag":[],"class_list":{"0":"post-3755","1":"product","2":"type-product","3":"status-publish","4":"has-post-thumbnail","6":"product_cat-gestao-ambiental","8":"first","9":"instock","10":"downloadable","11":"virtual","12":"purchasable","13":"product-type-simple"},"yoast_head":"<!-- This site is optimized with the Yoast SEO plugin v27.4 - https:\/\/yoast.com\/product\/yoast-seo-wordpress\/ -->\n<title>MAPA - Qualidade e Certifica\u00e7\u00e3o Ambiental - 51\/2024<\/title>\n<meta name=\"description\" content=\"Atividade MAPA - Qualidade e Certifica\u00e7\u00e3o Ambiental - 51\/2024 &#8902; Unicesumar. Baixe agora mesmo um Mapa Pronto resolvido!\" \/>\n<meta name=\"robots\" content=\"index, follow, max-snippet:-1, max-image-preview:large, max-video-preview:-1\" \/>\n<link rel=\"canonical\" href=\"https:\/\/atividademapa.com\/?product=mapa-qualidade-e-certificacao-ambiental-51-2024\" \/>\n<meta property=\"og:locale\" content=\"pt_BR\" \/>\n<meta property=\"og:type\" content=\"article\" \/>\n<meta property=\"og:title\" content=\"MAPA - Qualidade e Certifica\u00e7\u00e3o Ambiental - 51\/2024\" \/>\n<meta property=\"og:description\" content=\"Atividade MAPA - Qualidade e Certifica\u00e7\u00e3o Ambiental - 51\/2024 &#8902; Unicesumar. Baixe agora mesmo um Mapa Pronto resolvido!\" \/>\n<meta property=\"og:url\" content=\"https:\/\/atividademapa.com\/?product=mapa-qualidade-e-certificacao-ambiental-51-2024\" \/>\n<meta property=\"og:site_name\" content=\"Atividade Mapa\" \/>\n<meta property=\"article:modified_time\" content=\"2024-04-16T01:37:47+00:00\" \/>\n<meta property=\"og:image\" content=\"https:\/\/i0.wp.com\/atividademapa.com\/wp-content\/uploads\/2023\/03\/Atividade-M.A.P.A-3.png?fit=300%2C300&ssl=1\" \/>\n\t<meta property=\"og:image:width\" content=\"300\" \/>\n\t<meta property=\"og:image:height\" content=\"300\" \/>\n\t<meta property=\"og:image:type\" content=\"image\/png\" \/>\n<meta name=\"twitter:card\" content=\"summary_large_image\" \/>\n<meta name=\"twitter:label1\" content=\"Est. tempo de leitura\" \/>\n\t<meta name=\"twitter:data1\" content=\"4 minutos\" \/>\n<script type=\"application\/ld+json\" class=\"yoast-schema-graph\">{\"@context\":\"https:\\\/\\\/schema.org\",\"@graph\":[{\"@type\":\"WebPage\",\"@id\":\"https:\\\/\\\/atividademapa.com\\\/?product=mapa-qualidade-e-certificacao-ambiental-51-2024\",\"url\":\"https:\\\/\\\/atividademapa.com\\\/?product=mapa-qualidade-e-certificacao-ambiental-51-2024\",\"name\":\"MAPA - Qualidade e Certifica\u00e7\u00e3o Ambiental - 51\\\/2024\",\"isPartOf\":{\"@id\":\"https:\\\/\\\/atividademapa.com\\\/#website\"},\"primaryImageOfPage\":{\"@id\":\"https:\\\/\\\/atividademapa.com\\\/?product=mapa-qualidade-e-certificacao-ambiental-51-2024#primaryimage\"},\"image\":{\"@id\":\"https:\\\/\\\/atividademapa.com\\\/?product=mapa-qualidade-e-certificacao-ambiental-51-2024#primaryimage\"},\"thumbnailUrl\":\"https:\\\/\\\/i0.wp.com\\\/atividademapa.com\\\/wp-content\\\/uploads\\\/2023\\\/03\\\/Atividade-M.A.P.A-3.png?fit=300%2C300&ssl=1\",\"datePublished\":\"2024-04-15T23:52:57+00:00\",\"dateModified\":\"2024-04-16T01:37:47+00:00\",\"description\":\"Atividade MAPA - Qualidade e Certifica\u00e7\u00e3o Ambiental - 51\\\/2024 &#8902; Unicesumar. Baixe agora mesmo um Mapa Pronto resolvido!\",\"breadcrumb\":{\"@id\":\"https:\\\/\\\/atividademapa.com\\\/?product=mapa-qualidade-e-certificacao-ambiental-51-2024#breadcrumb\"},\"inLanguage\":\"pt-BR\",\"potentialAction\":[{\"@type\":\"ReadAction\",\"target\":[\"https:\\\/\\\/atividademapa.com\\\/?product=mapa-qualidade-e-certificacao-ambiental-51-2024\"]}]},{\"@type\":\"ImageObject\",\"inLanguage\":\"pt-BR\",\"@id\":\"https:\\\/\\\/atividademapa.com\\\/?product=mapa-qualidade-e-certificacao-ambiental-51-2024#primaryimage\",\"url\":\"https:\\\/\\\/i0.wp.com\\\/atividademapa.com\\\/wp-content\\\/uploads\\\/2023\\\/03\\\/Atividade-M.A.P.A-3.png?fit=300%2C300&ssl=1\",\"contentUrl\":\"https:\\\/\\\/i0.wp.com\\\/atividademapa.com\\\/wp-content\\\/uploads\\\/2023\\\/03\\\/Atividade-M.A.P.A-3.png?fit=300%2C300&ssl=1\",\"width\":300,\"height\":300,\"caption\":\"Mapa Unicesumar Atividade\"},{\"@type\":\"BreadcrumbList\",\"@id\":\"https:\\\/\\\/atividademapa.com\\\/?product=mapa-qualidade-e-certificacao-ambiental-51-2024#breadcrumb\",\"itemListElement\":[{\"@type\":\"ListItem\",\"position\":1,\"name\":\"In\u00edcio\",\"item\":\"https:\\\/\\\/atividademapa.com\\\/\"},{\"@type\":\"ListItem\",\"position\":2,\"name\":\"MAPAS\",\"item\":\"https:\\\/\\\/atividademapa.com\\\/?page_id=5\"},{\"@type\":\"ListItem\",\"position\":3,\"name\":\"MAPA &#8211; Qualidade e Certifica\u00e7\u00e3o Ambiental &#8211; 51\\\/2024\"}]},{\"@type\":\"WebSite\",\"@id\":\"https:\\\/\\\/atividademapa.com\\\/#website\",\"url\":\"https:\\\/\\\/atividademapa.com\\\/\",\"name\":\"Atividade Mapa\",\"description\":\"StudeO | Unicesumar\",\"publisher\":{\"@id\":\"https:\\\/\\\/atividademapa.com\\\/#organization\"},\"potentialAction\":[{\"@type\":\"SearchAction\",\"target\":{\"@type\":\"EntryPoint\",\"urlTemplate\":\"https:\\\/\\\/atividademapa.com\\\/?s={search_term_string}\"},\"query-input\":{\"@type\":\"PropertyValueSpecification\",\"valueRequired\":true,\"valueName\":\"search_term_string\"}}],\"inLanguage\":\"pt-BR\"},{\"@type\":\"Organization\",\"@id\":\"https:\\\/\\\/atividademapa.com\\\/#organization\",\"name\":\"Atividade MAPA\",\"url\":\"https:\\\/\\\/atividademapa.com\\\/\",\"logo\":{\"@type\":\"ImageObject\",\"inLanguage\":\"pt-BR\",\"@id\":\"https:\\\/\\\/atividademapa.com\\\/#\\\/schema\\\/logo\\\/image\\\/\",\"url\":\"https:\\\/\\\/i0.wp.com\\\/atividademapa.com\\\/wp-content\\\/uploads\\\/2023\\\/02\\\/ATIVIDADE.png?fit=600%2C300&ssl=1\",\"contentUrl\":\"https:\\\/\\\/i0.wp.com\\\/atividademapa.com\\\/wp-content\\\/uploads\\\/2023\\\/02\\\/ATIVIDADE.png?fit=600%2C300&ssl=1\",\"width\":600,\"height\":300,\"caption\":\"Atividade MAPA\"},\"image\":{\"@id\":\"https:\\\/\\\/atividademapa.com\\\/#\\\/schema\\\/logo\\\/image\\\/\"}}]}<\/script>\n<!-- \/ Yoast SEO plugin. -->","yoast_head_json":{"title":"MAPA - Qualidade e Certifica\u00e7\u00e3o Ambiental - 51\/2024","description":"Atividade MAPA - Qualidade e Certifica\u00e7\u00e3o Ambiental - 51\/2024 &#8902; Unicesumar. Baixe agora mesmo um Mapa Pronto resolvido!","robots":{"index":"index","follow":"follow","max-snippet":"max-snippet:-1","max-image-preview":"max-image-preview:large","max-video-preview":"max-video-preview:-1"},"canonical":"https:\/\/atividademapa.com\/?product=mapa-qualidade-e-certificacao-ambiental-51-2024","og_locale":"pt_BR","og_type":"article","og_title":"MAPA - Qualidade e Certifica\u00e7\u00e3o Ambiental - 51\/2024","og_description":"Atividade MAPA - Qualidade e Certifica\u00e7\u00e3o Ambiental - 51\/2024 &#8902; Unicesumar. Baixe agora mesmo um Mapa Pronto resolvido!","og_url":"https:\/\/atividademapa.com\/?product=mapa-qualidade-e-certificacao-ambiental-51-2024","og_site_name":"Atividade Mapa","article_modified_time":"2024-04-16T01:37:47+00:00","og_image":[{"width":300,"height":300,"url":"https:\/\/i0.wp.com\/atividademapa.com\/wp-content\/uploads\/2023\/03\/Atividade-M.A.P.A-3.png?fit=300%2C300&ssl=1","type":"image\/png"}],"twitter_card":"summary_large_image","twitter_misc":{"Est. tempo de leitura":"4 minutos"},"schema":{"@context":"https:\/\/schema.org","@graph":[{"@type":"WebPage","@id":"https:\/\/atividademapa.com\/?product=mapa-qualidade-e-certificacao-ambiental-51-2024","url":"https:\/\/atividademapa.com\/?product=mapa-qualidade-e-certificacao-ambiental-51-2024","name":"MAPA - Qualidade e Certifica\u00e7\u00e3o Ambiental - 51\/2024","isPartOf":{"@id":"https:\/\/atividademapa.com\/#website"},"primaryImageOfPage":{"@id":"https:\/\/atividademapa.com\/?product=mapa-qualidade-e-certificacao-ambiental-51-2024#primaryimage"},"image":{"@id":"https:\/\/atividademapa.com\/?product=mapa-qualidade-e-certificacao-ambiental-51-2024#primaryimage"},"thumbnailUrl":"https:\/\/i0.wp.com\/atividademapa.com\/wp-content\/uploads\/2023\/03\/Atividade-M.A.P.A-3.png?fit=300%2C300&ssl=1","datePublished":"2024-04-15T23:52:57+00:00","dateModified":"2024-04-16T01:37:47+00:00","description":"Atividade MAPA - Qualidade e Certifica\u00e7\u00e3o Ambiental - 51\/2024 &#8902; Unicesumar. Baixe agora mesmo um Mapa Pronto resolvido!","breadcrumb":{"@id":"https:\/\/atividademapa.com\/?product=mapa-qualidade-e-certificacao-ambiental-51-2024#breadcrumb"},"inLanguage":"pt-BR","potentialAction":[{"@type":"ReadAction","target":["https:\/\/atividademapa.com\/?product=mapa-qualidade-e-certificacao-ambiental-51-2024"]}]},{"@type":"ImageObject","inLanguage":"pt-BR","@id":"https:\/\/atividademapa.com\/?product=mapa-qualidade-e-certificacao-ambiental-51-2024#primaryimage","url":"https:\/\/i0.wp.com\/atividademapa.com\/wp-content\/uploads\/2023\/03\/Atividade-M.A.P.A-3.png?fit=300%2C300&ssl=1","contentUrl":"https:\/\/i0.wp.com\/atividademapa.com\/wp-content\/uploads\/2023\/03\/Atividade-M.A.P.A-3.png?fit=300%2C300&ssl=1","width":300,"height":300,"caption":"Mapa Unicesumar Atividade"},{"@type":"BreadcrumbList","@id":"https:\/\/atividademapa.com\/?product=mapa-qualidade-e-certificacao-ambiental-51-2024#breadcrumb","itemListElement":[{"@type":"ListItem","position":1,"name":"In\u00edcio","item":"https:\/\/atividademapa.com\/"},{"@type":"ListItem","position":2,"name":"MAPAS","item":"https:\/\/atividademapa.com\/?page_id=5"},{"@type":"ListItem","position":3,"name":"MAPA &#8211; Qualidade e Certifica\u00e7\u00e3o Ambiental &#8211; 51\/2024"}]},{"@type":"WebSite","@id":"https:\/\/atividademapa.com\/#website","url":"https:\/\/atividademapa.com\/","name":"Atividade Mapa","description":"StudeO | Unicesumar","publisher":{"@id":"https:\/\/atividademapa.com\/#organization"},"potentialAction":[{"@type":"SearchAction","target":{"@type":"EntryPoint","urlTemplate":"https:\/\/atividademapa.com\/?s={search_term_string}"},"query-input":{"@type":"PropertyValueSpecification","valueRequired":true,"valueName":"search_term_string"}}],"inLanguage":"pt-BR"},{"@type":"Organization","@id":"https:\/\/atividademapa.com\/#organization","name":"Atividade MAPA","url":"https:\/\/atividademapa.com\/","logo":{"@type":"ImageObject","inLanguage":"pt-BR","@id":"https:\/\/atividademapa.com\/#\/schema\/logo\/image\/","url":"https:\/\/i0.wp.com\/atividademapa.com\/wp-content\/uploads\/2023\/02\/ATIVIDADE.png?fit=600%2C300&ssl=1","contentUrl":"https:\/\/i0.wp.com\/atividademapa.com\/wp-content\/uploads\/2023\/02\/ATIVIDADE.png?fit=600%2C300&ssl=1","width":600,"height":300,"caption":"Atividade MAPA"},"image":{"@id":"https:\/\/atividademapa.com\/#\/schema\/logo\/image\/"}}]}},"_links":{"self":[{"href":"https:\/\/atividademapa.com\/index.php?rest_route=\/wp\/v2\/product\/3755","targetHints":{"allow":["GET"]}}],"collection":[{"href":"https:\/\/atividademapa.com\/index.php?rest_route=\/wp\/v2\/product"}],"about":[{"href":"https:\/\/atividademapa.com\/index.php?rest_route=\/wp\/v2\/types\/product"}],"version-history":[{"count":3,"href":"https:\/\/atividademapa.com\/index.php?rest_route=\/wp\/v2\/product\/3755\/revisions"}],"predecessor-version":[{"id":3759,"href":"https:\/\/atividademapa.com\/index.php?rest_route=\/wp\/v2\/product\/3755\/revisions\/3759"}],"wp:featuredmedia":[{"embeddable":true,"href":"https:\/\/atividademapa.com\/index.php?rest_route=\/wp\/v2\/media\/2326"}],"wp:attachment":[{"href":"https:\/\/atividademapa.com\/index.php?rest_route=%2Fwp%2Fv2%2Fmedia&parent=3755"}],"wp:term":[{"taxonomy":"product_brand","embeddable":true,"href":"https:\/\/atividademapa.com\/index.php?rest_route=%2Fwp%2Fv2%2Fproduct_brand&post=3755"},{"taxonomy":"product_cat","embeddable":true,"href":"https:\/\/atividademapa.com\/index.php?rest_route=%2Fwp%2Fv2%2Fproduct_cat&post=3755"},{"taxonomy":"product_tag","embeddable":true,"href":"https:\/\/atividademapa.com\/index.php?rest_route=%2Fwp%2Fv2%2Fproduct_tag&post=3755"}],"curies":[{"name":"wp","href":"https:\/\/api.w.org\/{rel}","templated":true}]}}