{"id":3773,"date":"2024-04-16T15:12:18","date_gmt":"2024-04-16T18:12:18","guid":{"rendered":"https:\/\/atividademapa.com\/?post_type=product&#038;p=3773"},"modified":"2024-04-17T08:12:30","modified_gmt":"2024-04-17T11:12:30","slug":"mapa-contabilidade-avancada-51-2024","status":"publish","type":"product","link":"https:\/\/atividademapa.com\/?product=mapa-contabilidade-avancada-51-2024","title":{"rendered":"MAPA &#8211; Contabilidade Avan\u00e7ada &#8211; 51\/2024"},"content":{"rendered":"<p>MAPA &#8211; Contabilidade Avan\u00e7ada &#8211; 51\/2024<\/p>\n<p>Ol\u00e1, acad\u00eamico (a) do Curso de Ci\u00eancias Cont\u00e1beis.<br \/>\nEsse \u00e9 o MAPA da disciplina de Contabilidade Avan\u00e7ada<\/p>\n<p>J\u00e1 parou para analisa, como a empresa atualiza o valor contabilizado em Investimentos em outra empresa, quando essa distribui dividendos ou apresenta lucros ou preju\u00edzos?<\/p>\n<p>O M\u00e9todo de Equival\u00eancia Patrimonial tem por objetivo atualizar os valores de investimentos permanentes ou de longo prazo que a empresa realizou em outras empresas. De forma que, quando houver varia\u00e7\u00f5es no Patrim\u00f4nio Liquido da investida, a investidora atualize seus valores contabilizados no conta Investimentos, para assim manter a sua participa\u00e7\u00e3o de forma equivalente ao patrimonio da investida. Essas varia\u00e7\u00f5es no Patrim\u00f4nio L\u00edquido da investida pode ocorrer por diversos motivos, dentre eles, como a obte\u00e7\u00e3o de lucros ou preju\u00edzos, ou mesmo pela distribui\u00e7\u00e3o de dividendos.<\/p>\n<p>Dessa forma, caso a investida apresentar um lucro no per\u00edodo, haver\u00e1 assim um aumento no seu patrim\u00f4nio l\u00edquido. Devido a esse aumento, a investidora contabiliza tamb\u00e9m um aumento na sua conta \u201cInvestimentos\u201d, de forma atualizar a sua participa\u00e7\u00e3o na investida. Em caso de preju\u00edzo na investida ocorre o contr\u00e1rio, havendo uma dimui\u00e7\u00e3o no patrim\u00f4nio da investida, de forma que a investidora tamb\u00e9m reconhece uma diminui\u00e7\u00e3o em sua conta Investimentos, de forma a manter a propor\u00e7\u00e3o de sua participa\u00e7\u00e3o na investida.<\/p>\n<p>Agora analise os seguintes eventos cont\u00e1beis:<\/p>\n<p>Em 31\/10\/x1, a Controladora A comprou 40% da Controlada B. Nessa data, o Patrim\u00f4nio L\u00edquido da Controlada B era de R$3.000.000,00<\/p>\n<p>Em 31\/12\/x1, a Controlada B apresentou um preju\u00edzo de R$125.000,00, de forma que seu Patrim\u00f4nio L\u00edquido foi reduzido para R$ 2.875.000,00.<\/p>\n<p>Em 31\/12\/x2, a Controladora B apresentou um lucro de R$210.000,00, de forma que\u00a0seu Patrim\u00f4nio L\u00edquido aumentou para R$ 3.085.000,00.<\/p>\n<p>Em 15\/01\/x3, a Controlada B decide distribuir metade do lucro obtido em 31\/12\/x2 na forma de dividendos.<\/p>\n<p>Baseando-se nos dados apresentados, apresente:<br \/>\nObs.: apresente a mem\u00f3ria de c\u00e1lculo<br \/>\nA)\u00a0O\u00a0saldo final apresentado na conta Investimentos pela Controladora A. (Com desenvolvimento do resultado\u00a0e mem\u00f3ria de c\u00e1lculo).<br \/>\nB) O valor que ela recebeu da distribui\u00e7\u00e3o de dividendos. (Com desenvolvimento do resultado\u00a0e mem\u00f3ria de c\u00e1lculo).<\/p>\n","protected":false},"excerpt":{"rendered":"<p>MAPA &#8211; Contabilidade Avan\u00e7ada &#8211; 51\/2024 Ol\u00e1, acad\u00eamico (a) do Curso de Ci\u00eancias Cont\u00e1beis. Esse \u00e9 o MAPA da disciplina<\/p>\n","protected":false},"featured_media":2326,"template":"","meta":{"_monsterinsights_skip_tracking":false,"_monsterinsights_sitenote_active":false,"_monsterinsights_sitenote_note":"","_monsterinsights_sitenote_category":0},"product_brand":[],"product_cat":[46],"product_tag":[129],"class_list":{"0":"post-3773","1":"product","2":"type-product","3":"status-publish","4":"has-post-thumbnail","6":"product_cat-ciencias-contabeis","7":"product_tag-contabilidade-avancada","9":"first","10":"instock","11":"downloadable","12":"virtual","13":"purchasable","14":"product-type-simple"},"yoast_head":"<!-- This site is optimized with the Yoast SEO plugin v27.4 - https:\/\/yoast.com\/product\/yoast-seo-wordpress\/ -->\n<title>MAPA - Contabilidade Avan\u00e7ada - 51\/2024<\/title>\n<meta name=\"description\" content=\"Atividade MAPA - Contabilidade Avan\u00e7ada - 51\/2024 &#8902; Unicesumar. Baixe agora mesmo um Mapa Pronto resolvido!\" \/>\n<meta name=\"robots\" content=\"index, follow, max-snippet:-1, max-image-preview:large, max-video-preview:-1\" \/>\n<link rel=\"canonical\" href=\"https:\/\/atividademapa.com\/?product=mapa-contabilidade-avancada-51-2024\" \/>\n<meta property=\"og:locale\" content=\"pt_BR\" \/>\n<meta property=\"og:type\" content=\"article\" \/>\n<meta property=\"og:title\" content=\"MAPA - Contabilidade Avan\u00e7ada - 51\/2024\" \/>\n<meta property=\"og:description\" content=\"Atividade MAPA - Contabilidade Avan\u00e7ada - 51\/2024 &#8902; Unicesumar. Baixe agora mesmo um Mapa Pronto resolvido!\" \/>\n<meta property=\"og:url\" content=\"https:\/\/atividademapa.com\/?product=mapa-contabilidade-avancada-51-2024\" \/>\n<meta property=\"og:site_name\" content=\"Atividade Mapa\" \/>\n<meta property=\"article:modified_time\" content=\"2024-04-17T11:12:30+00:00\" \/>\n<meta property=\"og:image\" content=\"https:\/\/i0.wp.com\/atividademapa.com\/wp-content\/uploads\/2023\/03\/Atividade-M.A.P.A-3.png?fit=300%2C300&ssl=1\" \/>\n\t<meta property=\"og:image:width\" content=\"300\" \/>\n\t<meta property=\"og:image:height\" content=\"300\" \/>\n\t<meta property=\"og:image:type\" content=\"image\/png\" \/>\n<meta name=\"twitter:card\" content=\"summary_large_image\" \/>\n<meta name=\"twitter:label1\" content=\"Est. tempo de leitura\" \/>\n\t<meta name=\"twitter:data1\" content=\"2 minutos\" \/>\n<script type=\"application\/ld+json\" class=\"yoast-schema-graph\">{\"@context\":\"https:\\\/\\\/schema.org\",\"@graph\":[{\"@type\":\"WebPage\",\"@id\":\"https:\\\/\\\/atividademapa.com\\\/?product=mapa-contabilidade-avancada-51-2024\",\"url\":\"https:\\\/\\\/atividademapa.com\\\/?product=mapa-contabilidade-avancada-51-2024\",\"name\":\"MAPA - Contabilidade Avan\u00e7ada - 51\\\/2024\",\"isPartOf\":{\"@id\":\"https:\\\/\\\/atividademapa.com\\\/#website\"},\"primaryImageOfPage\":{\"@id\":\"https:\\\/\\\/atividademapa.com\\\/?product=mapa-contabilidade-avancada-51-2024#primaryimage\"},\"image\":{\"@id\":\"https:\\\/\\\/atividademapa.com\\\/?product=mapa-contabilidade-avancada-51-2024#primaryimage\"},\"thumbnailUrl\":\"https:\\\/\\\/i0.wp.com\\\/atividademapa.com\\\/wp-content\\\/uploads\\\/2023\\\/03\\\/Atividade-M.A.P.A-3.png?fit=300%2C300&ssl=1\",\"datePublished\":\"2024-04-16T18:12:18+00:00\",\"dateModified\":\"2024-04-17T11:12:30+00:00\",\"description\":\"Atividade MAPA - Contabilidade Avan\u00e7ada - 51\\\/2024 &#8902; Unicesumar. Baixe agora mesmo um Mapa Pronto resolvido!\",\"breadcrumb\":{\"@id\":\"https:\\\/\\\/atividademapa.com\\\/?product=mapa-contabilidade-avancada-51-2024#breadcrumb\"},\"inLanguage\":\"pt-BR\",\"potentialAction\":[{\"@type\":\"ReadAction\",\"target\":[\"https:\\\/\\\/atividademapa.com\\\/?product=mapa-contabilidade-avancada-51-2024\"]}]},{\"@type\":\"ImageObject\",\"inLanguage\":\"pt-BR\",\"@id\":\"https:\\\/\\\/atividademapa.com\\\/?product=mapa-contabilidade-avancada-51-2024#primaryimage\",\"url\":\"https:\\\/\\\/i0.wp.com\\\/atividademapa.com\\\/wp-content\\\/uploads\\\/2023\\\/03\\\/Atividade-M.A.P.A-3.png?fit=300%2C300&ssl=1\",\"contentUrl\":\"https:\\\/\\\/i0.wp.com\\\/atividademapa.com\\\/wp-content\\\/uploads\\\/2023\\\/03\\\/Atividade-M.A.P.A-3.png?fit=300%2C300&ssl=1\",\"width\":300,\"height\":300,\"caption\":\"Mapa Unicesumar Atividade\"},{\"@type\":\"BreadcrumbList\",\"@id\":\"https:\\\/\\\/atividademapa.com\\\/?product=mapa-contabilidade-avancada-51-2024#breadcrumb\",\"itemListElement\":[{\"@type\":\"ListItem\",\"position\":1,\"name\":\"In\u00edcio\",\"item\":\"https:\\\/\\\/atividademapa.com\\\/\"},{\"@type\":\"ListItem\",\"position\":2,\"name\":\"MAPAS\",\"item\":\"https:\\\/\\\/atividademapa.com\\\/?page_id=5\"},{\"@type\":\"ListItem\",\"position\":3,\"name\":\"MAPA &#8211; Contabilidade Avan\u00e7ada &#8211; 51\\\/2024\"}]},{\"@type\":\"WebSite\",\"@id\":\"https:\\\/\\\/atividademapa.com\\\/#website\",\"url\":\"https:\\\/\\\/atividademapa.com\\\/\",\"name\":\"Atividade Mapa\",\"description\":\"StudeO | Unicesumar\",\"publisher\":{\"@id\":\"https:\\\/\\\/atividademapa.com\\\/#organization\"},\"potentialAction\":[{\"@type\":\"SearchAction\",\"target\":{\"@type\":\"EntryPoint\",\"urlTemplate\":\"https:\\\/\\\/atividademapa.com\\\/?s={search_term_string}\"},\"query-input\":{\"@type\":\"PropertyValueSpecification\",\"valueRequired\":true,\"valueName\":\"search_term_string\"}}],\"inLanguage\":\"pt-BR\"},{\"@type\":\"Organization\",\"@id\":\"https:\\\/\\\/atividademapa.com\\\/#organization\",\"name\":\"Atividade MAPA\",\"url\":\"https:\\\/\\\/atividademapa.com\\\/\",\"logo\":{\"@type\":\"ImageObject\",\"inLanguage\":\"pt-BR\",\"@id\":\"https:\\\/\\\/atividademapa.com\\\/#\\\/schema\\\/logo\\\/image\\\/\",\"url\":\"https:\\\/\\\/i0.wp.com\\\/atividademapa.com\\\/wp-content\\\/uploads\\\/2023\\\/02\\\/ATIVIDADE.png?fit=600%2C300&ssl=1\",\"contentUrl\":\"https:\\\/\\\/i0.wp.com\\\/atividademapa.com\\\/wp-content\\\/uploads\\\/2023\\\/02\\\/ATIVIDADE.png?fit=600%2C300&ssl=1\",\"width\":600,\"height\":300,\"caption\":\"Atividade MAPA\"},\"image\":{\"@id\":\"https:\\\/\\\/atividademapa.com\\\/#\\\/schema\\\/logo\\\/image\\\/\"}}]}<\/script>\n<!-- \/ Yoast SEO plugin. -->","yoast_head_json":{"title":"MAPA - Contabilidade Avan\u00e7ada - 51\/2024","description":"Atividade MAPA - Contabilidade Avan\u00e7ada - 51\/2024 &#8902; Unicesumar. Baixe agora mesmo um Mapa Pronto resolvido!","robots":{"index":"index","follow":"follow","max-snippet":"max-snippet:-1","max-image-preview":"max-image-preview:large","max-video-preview":"max-video-preview:-1"},"canonical":"https:\/\/atividademapa.com\/?product=mapa-contabilidade-avancada-51-2024","og_locale":"pt_BR","og_type":"article","og_title":"MAPA - Contabilidade Avan\u00e7ada - 51\/2024","og_description":"Atividade MAPA - Contabilidade Avan\u00e7ada - 51\/2024 &#8902; Unicesumar. Baixe agora mesmo um Mapa Pronto resolvido!","og_url":"https:\/\/atividademapa.com\/?product=mapa-contabilidade-avancada-51-2024","og_site_name":"Atividade Mapa","article_modified_time":"2024-04-17T11:12:30+00:00","og_image":[{"width":300,"height":300,"url":"https:\/\/i0.wp.com\/atividademapa.com\/wp-content\/uploads\/2023\/03\/Atividade-M.A.P.A-3.png?fit=300%2C300&ssl=1","type":"image\/png"}],"twitter_card":"summary_large_image","twitter_misc":{"Est. tempo de leitura":"2 minutos"},"schema":{"@context":"https:\/\/schema.org","@graph":[{"@type":"WebPage","@id":"https:\/\/atividademapa.com\/?product=mapa-contabilidade-avancada-51-2024","url":"https:\/\/atividademapa.com\/?product=mapa-contabilidade-avancada-51-2024","name":"MAPA - Contabilidade Avan\u00e7ada - 51\/2024","isPartOf":{"@id":"https:\/\/atividademapa.com\/#website"},"primaryImageOfPage":{"@id":"https:\/\/atividademapa.com\/?product=mapa-contabilidade-avancada-51-2024#primaryimage"},"image":{"@id":"https:\/\/atividademapa.com\/?product=mapa-contabilidade-avancada-51-2024#primaryimage"},"thumbnailUrl":"https:\/\/i0.wp.com\/atividademapa.com\/wp-content\/uploads\/2023\/03\/Atividade-M.A.P.A-3.png?fit=300%2C300&ssl=1","datePublished":"2024-04-16T18:12:18+00:00","dateModified":"2024-04-17T11:12:30+00:00","description":"Atividade MAPA - Contabilidade Avan\u00e7ada - 51\/2024 &#8902; Unicesumar. Baixe agora mesmo um Mapa Pronto resolvido!","breadcrumb":{"@id":"https:\/\/atividademapa.com\/?product=mapa-contabilidade-avancada-51-2024#breadcrumb"},"inLanguage":"pt-BR","potentialAction":[{"@type":"ReadAction","target":["https:\/\/atividademapa.com\/?product=mapa-contabilidade-avancada-51-2024"]}]},{"@type":"ImageObject","inLanguage":"pt-BR","@id":"https:\/\/atividademapa.com\/?product=mapa-contabilidade-avancada-51-2024#primaryimage","url":"https:\/\/i0.wp.com\/atividademapa.com\/wp-content\/uploads\/2023\/03\/Atividade-M.A.P.A-3.png?fit=300%2C300&ssl=1","contentUrl":"https:\/\/i0.wp.com\/atividademapa.com\/wp-content\/uploads\/2023\/03\/Atividade-M.A.P.A-3.png?fit=300%2C300&ssl=1","width":300,"height":300,"caption":"Mapa Unicesumar Atividade"},{"@type":"BreadcrumbList","@id":"https:\/\/atividademapa.com\/?product=mapa-contabilidade-avancada-51-2024#breadcrumb","itemListElement":[{"@type":"ListItem","position":1,"name":"In\u00edcio","item":"https:\/\/atividademapa.com\/"},{"@type":"ListItem","position":2,"name":"MAPAS","item":"https:\/\/atividademapa.com\/?page_id=5"},{"@type":"ListItem","position":3,"name":"MAPA &#8211; Contabilidade Avan\u00e7ada &#8211; 51\/2024"}]},{"@type":"WebSite","@id":"https:\/\/atividademapa.com\/#website","url":"https:\/\/atividademapa.com\/","name":"Atividade Mapa","description":"StudeO | Unicesumar","publisher":{"@id":"https:\/\/atividademapa.com\/#organization"},"potentialAction":[{"@type":"SearchAction","target":{"@type":"EntryPoint","urlTemplate":"https:\/\/atividademapa.com\/?s={search_term_string}"},"query-input":{"@type":"PropertyValueSpecification","valueRequired":true,"valueName":"search_term_string"}}],"inLanguage":"pt-BR"},{"@type":"Organization","@id":"https:\/\/atividademapa.com\/#organization","name":"Atividade MAPA","url":"https:\/\/atividademapa.com\/","logo":{"@type":"ImageObject","inLanguage":"pt-BR","@id":"https:\/\/atividademapa.com\/#\/schema\/logo\/image\/","url":"https:\/\/i0.wp.com\/atividademapa.com\/wp-content\/uploads\/2023\/02\/ATIVIDADE.png?fit=600%2C300&ssl=1","contentUrl":"https:\/\/i0.wp.com\/atividademapa.com\/wp-content\/uploads\/2023\/02\/ATIVIDADE.png?fit=600%2C300&ssl=1","width":600,"height":300,"caption":"Atividade MAPA"},"image":{"@id":"https:\/\/atividademapa.com\/#\/schema\/logo\/image\/"}}]}},"_links":{"self":[{"href":"https:\/\/atividademapa.com\/index.php?rest_route=\/wp\/v2\/product\/3773","targetHints":{"allow":["GET"]}}],"collection":[{"href":"https:\/\/atividademapa.com\/index.php?rest_route=\/wp\/v2\/product"}],"about":[{"href":"https:\/\/atividademapa.com\/index.php?rest_route=\/wp\/v2\/types\/product"}],"version-history":[{"count":1,"href":"https:\/\/atividademapa.com\/index.php?rest_route=\/wp\/v2\/product\/3773\/revisions"}],"predecessor-version":[{"id":3774,"href":"https:\/\/atividademapa.com\/index.php?rest_route=\/wp\/v2\/product\/3773\/revisions\/3774"}],"wp:featuredmedia":[{"embeddable":true,"href":"https:\/\/atividademapa.com\/index.php?rest_route=\/wp\/v2\/media\/2326"}],"wp:attachment":[{"href":"https:\/\/atividademapa.com\/index.php?rest_route=%2Fwp%2Fv2%2Fmedia&parent=3773"}],"wp:term":[{"taxonomy":"product_brand","embeddable":true,"href":"https:\/\/atividademapa.com\/index.php?rest_route=%2Fwp%2Fv2%2Fproduct_brand&post=3773"},{"taxonomy":"product_cat","embeddable":true,"href":"https:\/\/atividademapa.com\/index.php?rest_route=%2Fwp%2Fv2%2Fproduct_cat&post=3773"},{"taxonomy":"product_tag","embeddable":true,"href":"https:\/\/atividademapa.com\/index.php?rest_route=%2Fwp%2Fv2%2Fproduct_tag&post=3773"}],"curies":[{"name":"wp","href":"https:\/\/api.w.org\/{rel}","templated":true}]}}