{"id":3776,"date":"2024-04-16T21:05:17","date_gmt":"2024-04-17T00:05:17","guid":{"rendered":"https:\/\/atividademapa.com\/?post_type=product&#038;p=3776"},"modified":"2024-04-16T21:05:18","modified_gmt":"2024-04-17T00:05:18","slug":"mapa-desenvolvimento-psicomotor-na-infancia-51-2024","status":"publish","type":"product","link":"https:\/\/atividademapa.com\/?product=mapa-desenvolvimento-psicomotor-na-infancia-51-2024","title":{"rendered":"MAPA &#8211; Desenvolvimento Psicomotor na Inf\u00e2ncia &#8211; 51\/2024"},"content":{"rendered":"<p>MAPA &#8211; Desenvolvimento Psicomotor na Inf\u00e2ncia &#8211; 51\/2024<\/p>\n<p>No que se refere ao desenvolvimento psicomotor na inf\u00e2ncia, temos as fases que comp\u00f5em cada etapa dessa evolu\u00e7\u00e3o. \u00c9 importante salientar que o desenvolvimento psicomotor faz parte do desenvolvimento humano desde o nascimento da crian\u00e7a at\u00e9 os anos finais de vida. O desenvolvimento psicomotor requer habilidades a serem desenvolvidas, tanto pela fam\u00edlia quanto pela escola. Tais habilidades precisam ser estimuladas em diferentes contextos desde o in\u00edcio do desenvolvimento.<\/p>\n<p>A partir do exposto\u00a0e dos estudos do livro referente \u00e0 Teoria Walloniana, realize a observa\u00e7\u00e3o de uma crian\u00e7a entre 2 a 10 anos e, ap\u00f3s, elabore um texto dissertativo de no m\u00ednimo 20\u00a0e no m\u00e1ximo 30 linhas, com as seguintes informa\u00e7\u00f5es:<\/p>\n<p>\u200b- Descrever e justificar qual fase do desenvolvimento, segundo a Teoria Walloniana, a crian\u00e7a se encontra.<br \/>\n&#8211; Quais habilidades adquiridas nesta fase.<br \/>\n&#8211; Citar duas atividades psicomotoras que podem ser realizadas com a crian\u00e7a para auxiliar em seu desenvolvimento.<\/p>\n<p>\u200b\u200bAtente-se \u00e0s orienta\u00e7\u00f5es:<br \/>\n&#8211; Para responder \u00e0s quest\u00f5es, \u00e9 imprescind\u00edvel que se atente \u00e0s unidades do livro da disciplina referentes ao abordado nesta atividade e assista \u00e0s aulas conceituais.<br \/>\n&#8211; O formul\u00e1rio onde as respostas dever\u00e3o ser digitadas est\u00e1 dispon\u00edvel no ambiente da disciplina, na pasta \u201cMaterial da Disciplina\u201d, e o v\u00eddeo explicativo est\u00e1\u00a0na Sala do Caf\u00e9.<br \/>\n&#8211; Ap\u00f3s concluir o MAPA, salve e envie o arquivo em formato de documento Word.<br \/>\n&#8211; Antes de finalizar sua atividade, certifique-se de que o arquivo anexado corresponde ao arquivo correto. Para n\u00e3o\u00a0encaminhar o arquivo errado,\u00a0renomeie o formul\u00e1rio com um nome espec\u00edfico e f\u00e1cil de identificar.<br \/>\n&#8211; Siga as normas da ABNT, utilizando letra Arial ou Times New Roman 12, com espa\u00e7amento 1,5 entre linhas e alinhamento das margens justificado.<br \/>\n\u200b- Caso tenha d\u00favidas, entre em contato com a sua professora mediadora pelo f\u00f3rum &#8220;Vamos finalizar o MAPA? Momento tira-d\u00favidas&#8221;.<\/p>\n<p>Bons estudos!<\/p>\n","protected":false},"excerpt":{"rendered":"<p>MAPA &#8211; Desenvolvimento Psicomotor na Inf\u00e2ncia &#8211; 51\/2024 No que se refere ao desenvolvimento psicomotor na inf\u00e2ncia, temos as fases<\/p>\n","protected":false},"featured_media":2326,"template":"","meta":{"_monsterinsights_skip_tracking":false,"_monsterinsights_sitenote_active":false,"_monsterinsights_sitenote_note":"","_monsterinsights_sitenote_category":0},"product_brand":[],"product_cat":[30],"product_tag":[],"class_list":{"0":"post-3776","1":"product","2":"type-product","3":"status-publish","4":"has-post-thumbnail","6":"product_cat-pedagogia","8":"first","9":"instock","10":"downloadable","11":"virtual","12":"purchasable","13":"product-type-simple"},"yoast_head":"<!-- This site is optimized with the Yoast SEO plugin v27.4 - https:\/\/yoast.com\/product\/yoast-seo-wordpress\/ -->\n<title>MAPA - Desenvolvimento Psicomotor na Inf\u00e2ncia - 51\/2024<\/title>\n<meta name=\"description\" content=\"Atividade MAPA - Desenvolvimento Psicomotor na Inf\u00e2ncia - 51\/2024 &#8902; Unicesumar. Baixe agora mesmo um Mapa Pronto resolvido!\" \/>\n<meta name=\"robots\" content=\"index, follow, max-snippet:-1, max-image-preview:large, max-video-preview:-1\" \/>\n<link rel=\"canonical\" href=\"https:\/\/atividademapa.com\/?product=mapa-desenvolvimento-psicomotor-na-infancia-51-2024\" \/>\n<meta property=\"og:locale\" content=\"pt_BR\" \/>\n<meta property=\"og:type\" content=\"article\" \/>\n<meta property=\"og:title\" content=\"MAPA - Desenvolvimento Psicomotor na Inf\u00e2ncia - 51\/2024\" \/>\n<meta property=\"og:description\" content=\"Atividade MAPA - Desenvolvimento Psicomotor na Inf\u00e2ncia - 51\/2024 &#8902; Unicesumar. Baixe agora mesmo um Mapa Pronto resolvido!\" \/>\n<meta property=\"og:url\" content=\"https:\/\/atividademapa.com\/?product=mapa-desenvolvimento-psicomotor-na-infancia-51-2024\" \/>\n<meta property=\"og:site_name\" content=\"Atividade Mapa\" \/>\n<meta property=\"article:modified_time\" content=\"2024-04-17T00:05:18+00:00\" \/>\n<meta property=\"og:image\" content=\"https:\/\/i0.wp.com\/atividademapa.com\/wp-content\/uploads\/2023\/03\/Atividade-M.A.P.A-3.png?fit=300%2C300&ssl=1\" \/>\n\t<meta property=\"og:image:width\" content=\"300\" \/>\n\t<meta property=\"og:image:height\" content=\"300\" \/>\n\t<meta property=\"og:image:type\" content=\"image\/png\" \/>\n<meta name=\"twitter:card\" content=\"summary_large_image\" \/>\n<meta name=\"twitter:label1\" content=\"Est. tempo de leitura\" \/>\n\t<meta name=\"twitter:data1\" content=\"2 minutos\" \/>\n<script type=\"application\/ld+json\" class=\"yoast-schema-graph\">{\"@context\":\"https:\\\/\\\/schema.org\",\"@graph\":[{\"@type\":\"WebPage\",\"@id\":\"https:\\\/\\\/atividademapa.com\\\/?product=mapa-desenvolvimento-psicomotor-na-infancia-51-2024\",\"url\":\"https:\\\/\\\/atividademapa.com\\\/?product=mapa-desenvolvimento-psicomotor-na-infancia-51-2024\",\"name\":\"MAPA - Desenvolvimento Psicomotor na Inf\u00e2ncia - 51\\\/2024\",\"isPartOf\":{\"@id\":\"https:\\\/\\\/atividademapa.com\\\/#website\"},\"primaryImageOfPage\":{\"@id\":\"https:\\\/\\\/atividademapa.com\\\/?product=mapa-desenvolvimento-psicomotor-na-infancia-51-2024#primaryimage\"},\"image\":{\"@id\":\"https:\\\/\\\/atividademapa.com\\\/?product=mapa-desenvolvimento-psicomotor-na-infancia-51-2024#primaryimage\"},\"thumbnailUrl\":\"https:\\\/\\\/i0.wp.com\\\/atividademapa.com\\\/wp-content\\\/uploads\\\/2023\\\/03\\\/Atividade-M.A.P.A-3.png?fit=300%2C300&ssl=1\",\"datePublished\":\"2024-04-17T00:05:17+00:00\",\"dateModified\":\"2024-04-17T00:05:18+00:00\",\"description\":\"Atividade MAPA - Desenvolvimento Psicomotor na Inf\u00e2ncia - 51\\\/2024 &#8902; Unicesumar. Baixe agora mesmo um Mapa Pronto resolvido!\",\"breadcrumb\":{\"@id\":\"https:\\\/\\\/atividademapa.com\\\/?product=mapa-desenvolvimento-psicomotor-na-infancia-51-2024#breadcrumb\"},\"inLanguage\":\"pt-BR\",\"potentialAction\":[{\"@type\":\"ReadAction\",\"target\":[\"https:\\\/\\\/atividademapa.com\\\/?product=mapa-desenvolvimento-psicomotor-na-infancia-51-2024\"]}]},{\"@type\":\"ImageObject\",\"inLanguage\":\"pt-BR\",\"@id\":\"https:\\\/\\\/atividademapa.com\\\/?product=mapa-desenvolvimento-psicomotor-na-infancia-51-2024#primaryimage\",\"url\":\"https:\\\/\\\/i0.wp.com\\\/atividademapa.com\\\/wp-content\\\/uploads\\\/2023\\\/03\\\/Atividade-M.A.P.A-3.png?fit=300%2C300&ssl=1\",\"contentUrl\":\"https:\\\/\\\/i0.wp.com\\\/atividademapa.com\\\/wp-content\\\/uploads\\\/2023\\\/03\\\/Atividade-M.A.P.A-3.png?fit=300%2C300&ssl=1\",\"width\":300,\"height\":300,\"caption\":\"Mapa Unicesumar Atividade\"},{\"@type\":\"BreadcrumbList\",\"@id\":\"https:\\\/\\\/atividademapa.com\\\/?product=mapa-desenvolvimento-psicomotor-na-infancia-51-2024#breadcrumb\",\"itemListElement\":[{\"@type\":\"ListItem\",\"position\":1,\"name\":\"In\u00edcio\",\"item\":\"https:\\\/\\\/atividademapa.com\\\/\"},{\"@type\":\"ListItem\",\"position\":2,\"name\":\"MAPAS\",\"item\":\"https:\\\/\\\/atividademapa.com\\\/?page_id=5\"},{\"@type\":\"ListItem\",\"position\":3,\"name\":\"MAPA &#8211; Desenvolvimento Psicomotor na Inf\u00e2ncia &#8211; 51\\\/2024\"}]},{\"@type\":\"WebSite\",\"@id\":\"https:\\\/\\\/atividademapa.com\\\/#website\",\"url\":\"https:\\\/\\\/atividademapa.com\\\/\",\"name\":\"Atividade Mapa\",\"description\":\"StudeO | Unicesumar\",\"publisher\":{\"@id\":\"https:\\\/\\\/atividademapa.com\\\/#organization\"},\"potentialAction\":[{\"@type\":\"SearchAction\",\"target\":{\"@type\":\"EntryPoint\",\"urlTemplate\":\"https:\\\/\\\/atividademapa.com\\\/?s={search_term_string}\"},\"query-input\":{\"@type\":\"PropertyValueSpecification\",\"valueRequired\":true,\"valueName\":\"search_term_string\"}}],\"inLanguage\":\"pt-BR\"},{\"@type\":\"Organization\",\"@id\":\"https:\\\/\\\/atividademapa.com\\\/#organization\",\"name\":\"Atividade MAPA\",\"url\":\"https:\\\/\\\/atividademapa.com\\\/\",\"logo\":{\"@type\":\"ImageObject\",\"inLanguage\":\"pt-BR\",\"@id\":\"https:\\\/\\\/atividademapa.com\\\/#\\\/schema\\\/logo\\\/image\\\/\",\"url\":\"https:\\\/\\\/i0.wp.com\\\/atividademapa.com\\\/wp-content\\\/uploads\\\/2023\\\/02\\\/ATIVIDADE.png?fit=600%2C300&ssl=1\",\"contentUrl\":\"https:\\\/\\\/i0.wp.com\\\/atividademapa.com\\\/wp-content\\\/uploads\\\/2023\\\/02\\\/ATIVIDADE.png?fit=600%2C300&ssl=1\",\"width\":600,\"height\":300,\"caption\":\"Atividade MAPA\"},\"image\":{\"@id\":\"https:\\\/\\\/atividademapa.com\\\/#\\\/schema\\\/logo\\\/image\\\/\"}}]}<\/script>\n<!-- \/ Yoast SEO plugin. -->","yoast_head_json":{"title":"MAPA - Desenvolvimento Psicomotor na Inf\u00e2ncia - 51\/2024","description":"Atividade MAPA - Desenvolvimento Psicomotor na Inf\u00e2ncia - 51\/2024 &#8902; Unicesumar. Baixe agora mesmo um Mapa Pronto resolvido!","robots":{"index":"index","follow":"follow","max-snippet":"max-snippet:-1","max-image-preview":"max-image-preview:large","max-video-preview":"max-video-preview:-1"},"canonical":"https:\/\/atividademapa.com\/?product=mapa-desenvolvimento-psicomotor-na-infancia-51-2024","og_locale":"pt_BR","og_type":"article","og_title":"MAPA - Desenvolvimento Psicomotor na Inf\u00e2ncia - 51\/2024","og_description":"Atividade MAPA - Desenvolvimento Psicomotor na Inf\u00e2ncia - 51\/2024 &#8902; Unicesumar. Baixe agora mesmo um Mapa Pronto resolvido!","og_url":"https:\/\/atividademapa.com\/?product=mapa-desenvolvimento-psicomotor-na-infancia-51-2024","og_site_name":"Atividade Mapa","article_modified_time":"2024-04-17T00:05:18+00:00","og_image":[{"width":300,"height":300,"url":"https:\/\/i0.wp.com\/atividademapa.com\/wp-content\/uploads\/2023\/03\/Atividade-M.A.P.A-3.png?fit=300%2C300&ssl=1","type":"image\/png"}],"twitter_card":"summary_large_image","twitter_misc":{"Est. tempo de leitura":"2 minutos"},"schema":{"@context":"https:\/\/schema.org","@graph":[{"@type":"WebPage","@id":"https:\/\/atividademapa.com\/?product=mapa-desenvolvimento-psicomotor-na-infancia-51-2024","url":"https:\/\/atividademapa.com\/?product=mapa-desenvolvimento-psicomotor-na-infancia-51-2024","name":"MAPA - Desenvolvimento Psicomotor na Inf\u00e2ncia - 51\/2024","isPartOf":{"@id":"https:\/\/atividademapa.com\/#website"},"primaryImageOfPage":{"@id":"https:\/\/atividademapa.com\/?product=mapa-desenvolvimento-psicomotor-na-infancia-51-2024#primaryimage"},"image":{"@id":"https:\/\/atividademapa.com\/?product=mapa-desenvolvimento-psicomotor-na-infancia-51-2024#primaryimage"},"thumbnailUrl":"https:\/\/i0.wp.com\/atividademapa.com\/wp-content\/uploads\/2023\/03\/Atividade-M.A.P.A-3.png?fit=300%2C300&ssl=1","datePublished":"2024-04-17T00:05:17+00:00","dateModified":"2024-04-17T00:05:18+00:00","description":"Atividade MAPA - Desenvolvimento Psicomotor na Inf\u00e2ncia - 51\/2024 &#8902; Unicesumar. Baixe agora mesmo um Mapa Pronto resolvido!","breadcrumb":{"@id":"https:\/\/atividademapa.com\/?product=mapa-desenvolvimento-psicomotor-na-infancia-51-2024#breadcrumb"},"inLanguage":"pt-BR","potentialAction":[{"@type":"ReadAction","target":["https:\/\/atividademapa.com\/?product=mapa-desenvolvimento-psicomotor-na-infancia-51-2024"]}]},{"@type":"ImageObject","inLanguage":"pt-BR","@id":"https:\/\/atividademapa.com\/?product=mapa-desenvolvimento-psicomotor-na-infancia-51-2024#primaryimage","url":"https:\/\/i0.wp.com\/atividademapa.com\/wp-content\/uploads\/2023\/03\/Atividade-M.A.P.A-3.png?fit=300%2C300&ssl=1","contentUrl":"https:\/\/i0.wp.com\/atividademapa.com\/wp-content\/uploads\/2023\/03\/Atividade-M.A.P.A-3.png?fit=300%2C300&ssl=1","width":300,"height":300,"caption":"Mapa Unicesumar Atividade"},{"@type":"BreadcrumbList","@id":"https:\/\/atividademapa.com\/?product=mapa-desenvolvimento-psicomotor-na-infancia-51-2024#breadcrumb","itemListElement":[{"@type":"ListItem","position":1,"name":"In\u00edcio","item":"https:\/\/atividademapa.com\/"},{"@type":"ListItem","position":2,"name":"MAPAS","item":"https:\/\/atividademapa.com\/?page_id=5"},{"@type":"ListItem","position":3,"name":"MAPA &#8211; Desenvolvimento Psicomotor na Inf\u00e2ncia &#8211; 51\/2024"}]},{"@type":"WebSite","@id":"https:\/\/atividademapa.com\/#website","url":"https:\/\/atividademapa.com\/","name":"Atividade Mapa","description":"StudeO | Unicesumar","publisher":{"@id":"https:\/\/atividademapa.com\/#organization"},"potentialAction":[{"@type":"SearchAction","target":{"@type":"EntryPoint","urlTemplate":"https:\/\/atividademapa.com\/?s={search_term_string}"},"query-input":{"@type":"PropertyValueSpecification","valueRequired":true,"valueName":"search_term_string"}}],"inLanguage":"pt-BR"},{"@type":"Organization","@id":"https:\/\/atividademapa.com\/#organization","name":"Atividade MAPA","url":"https:\/\/atividademapa.com\/","logo":{"@type":"ImageObject","inLanguage":"pt-BR","@id":"https:\/\/atividademapa.com\/#\/schema\/logo\/image\/","url":"https:\/\/i0.wp.com\/atividademapa.com\/wp-content\/uploads\/2023\/02\/ATIVIDADE.png?fit=600%2C300&ssl=1","contentUrl":"https:\/\/i0.wp.com\/atividademapa.com\/wp-content\/uploads\/2023\/02\/ATIVIDADE.png?fit=600%2C300&ssl=1","width":600,"height":300,"caption":"Atividade MAPA"},"image":{"@id":"https:\/\/atividademapa.com\/#\/schema\/logo\/image\/"}}]}},"_links":{"self":[{"href":"https:\/\/atividademapa.com\/index.php?rest_route=\/wp\/v2\/product\/3776","targetHints":{"allow":["GET"]}}],"collection":[{"href":"https:\/\/atividademapa.com\/index.php?rest_route=\/wp\/v2\/product"}],"about":[{"href":"https:\/\/atividademapa.com\/index.php?rest_route=\/wp\/v2\/types\/product"}],"version-history":[{"count":1,"href":"https:\/\/atividademapa.com\/index.php?rest_route=\/wp\/v2\/product\/3776\/revisions"}],"predecessor-version":[{"id":3778,"href":"https:\/\/atividademapa.com\/index.php?rest_route=\/wp\/v2\/product\/3776\/revisions\/3778"}],"wp:featuredmedia":[{"embeddable":true,"href":"https:\/\/atividademapa.com\/index.php?rest_route=\/wp\/v2\/media\/2326"}],"wp:attachment":[{"href":"https:\/\/atividademapa.com\/index.php?rest_route=%2Fwp%2Fv2%2Fmedia&parent=3776"}],"wp:term":[{"taxonomy":"product_brand","embeddable":true,"href":"https:\/\/atividademapa.com\/index.php?rest_route=%2Fwp%2Fv2%2Fproduct_brand&post=3776"},{"taxonomy":"product_cat","embeddable":true,"href":"https:\/\/atividademapa.com\/index.php?rest_route=%2Fwp%2Fv2%2Fproduct_cat&post=3776"},{"taxonomy":"product_tag","embeddable":true,"href":"https:\/\/atividademapa.com\/index.php?rest_route=%2Fwp%2Fv2%2Fproduct_tag&post=3776"}],"curies":[{"name":"wp","href":"https:\/\/api.w.org\/{rel}","templated":true}]}}