{"id":3967,"date":"2024-05-09T09:49:37","date_gmt":"2024-05-09T12:49:37","guid":{"rendered":"https:\/\/atividademapa.com\/?post_type=product&#038;p=3967"},"modified":"2024-05-21T11:07:58","modified_gmt":"2024-05-21T14:07:58","slug":"mapa-fisica-geral-e-experimental-i-52-2024","status":"publish","type":"product","link":"https:\/\/atividademapa.com\/?product=mapa-fisica-geral-e-experimental-i-52-2024","title":{"rendered":"MAPA &#8211; F\u00edsica Geral e Experimental I &#8211; 52\/2024"},"content":{"rendered":"<p>MAPA &#8211; F\u00edsica Geral e Experimental I &#8211; 52-2024<\/p>\n<p><strong class=\"ng-scope\">AITIVIDADE M.A.P.A.<\/strong><br class=\"ng-scope\" \/><br class=\"ng-scope\" \/>\u200bSabemos que uma condi\u00e7\u00e3o de equil\u00edbrio de um corpo \u00e9 que a resultante das for\u00e7as que agem sobre um corpo seja nula. Se o momento do sistema (que \u00e9 a soma dos momentos das for\u00e7as que agem sobre ele) \u00e9 nulo, o corpo n\u00e3o adquire movimento de rota\u00e7\u00e3o.<br class=\"ng-scope\" \/>Os princ\u00edpios da est\u00e1tica podem ser observados em cada estrutura do cotidiano das cidades, como por exemplo em pr\u00e9dios, casas, e pontes, entre outras. Estruturas mec\u00e2nicas como guindastes, guinchos e pontes rolantes n\u00e3o seriam facilmente projetadas sem que as equa\u00e7\u00f5es de equil\u00edbrio est\u00e1tico fossem utilizadas. Estes exemplos servem para ilustrar o qu\u00e3o importante s\u00e3o os princ\u00edpios da est\u00e1tica associados ao equil\u00edbrio de corpos r\u00edgidos.<br class=\"ng-scope\" \/>Fonte: F\u00edsica Geral e Experimental I. Luis Ricardo Arruda de Andrade. Maring\u00e1-PR.: Unicesumar, 2019. p. 277-280.<br class=\"ng-scope\" \/>\u00a0<br class=\"ng-scope\" \/>A hidrost\u00e1tica estuda as caracter\u00edsticas intr\u00ednsecas aos flu\u00eddos, como suas propriedades, uma dessas propriedades \u00e9 a densidade do flu\u00eddo em condi\u00e7\u00f5es est\u00e1ticas de equil\u00edbrio. Um dos mais importantes estudos da hidrost\u00e1tica \u00e9 o do princ\u00edpio de Arquimedes que estabelece que um corpo s\u00f3lido submerso em um determinado flu\u00eddo ficar\u00e1 sujeito a a\u00e7\u00e3o de uma for\u00e7a vertical, para cima, denominada de empuxo e cuja intensidade \u00e9 igual ao peso do flu\u00eddo deslocado pelo corpo.<br class=\"ng-scope\" \/>O princ\u00edpio de Arquimedes possui aplica\u00e7\u00f5es em diversas \u00e1reas da engenharia, como por exemplo no projeto de embarca\u00e7\u00f5es e aeronaves, medi\u00e7\u00e3o de densidade de l\u00edquidos, e projetos de medidores de vaz\u00e3o.<br class=\"ng-scope\" \/>Fonte: F\u00edsica Geral e Experimental I. Luis Ricardo Arruda de Andrade. Maring\u00e1-PR.: Unicesumar, 2019. p. 293-295.<br class=\"ng-scope\" \/>\u00a0<br class=\"ng-scope\" \/>Os dois conceitos acima citados s\u00e3o colocados a prova por voc\u00ea: imagine que um equipamento superaquece em sua empresa e algumas porcas e parafusos s\u00e3o soltos e deformados.<br class=\"ng-scope\" \/>1) Para solicitar a recompra, \u00e9 necess\u00e1rio saber a massa exata das pe\u00e7as. Voc\u00ea tem dispon\u00edvel nos laborat\u00f3rios virtuais o experimento de Est\u00e1tica, no qual aborda em espec\u00edfico sobre o equil\u00edbrio de corpos r\u00edgidos. Ap\u00f3s realizar a leitura da apresenta\u00e7\u00e3o do experimento, do sum\u00e1rio te\u00f3rico, do roteiro e de realizar o pr\u00e9-teste, fa\u00e7a o experimento virtual.<br class=\"ng-scope\" \/>Imagine que cada um daqueles corpos de prova do experimento virtual \u00e9 uma pe\u00e7a solta do seu equipamento e que a massa precisa ser determinada. Coloque apenas um corpo de prova do prato e equilibre a balan\u00e7a. Repita o procedimento para cada corpo de prova e, para cada equil\u00edbrio, preencha uma linha da tabela a seguir:<\/p>\n<div class=\"table-responsive no-border ng-scope\">\n<table border=\"1\" cellspacing=\"0\" cellpadding=\"0\">\n<tbody>\n<tr>\n<td><\/td>\n<td>Dist\u00e2ncia do centro de rota\u00e7\u00e3o ao contrapeso<\/td>\n<td>Massa do contrapeso<\/td>\n<td>Dist\u00e2ncia do centro de rota\u00e7\u00e3o ao centro do prato<\/td>\n<td>Massa do prato<\/td>\n<td>Massa do corpo de prova<\/td>\n<\/tr>\n<tr>\n<td>Peso 1<\/td>\n<td><\/td>\n<td rowspan=\"4\"><\/td>\n<td rowspan=\"4\"><\/td>\n<td rowspan=\"4\"><\/td>\n<td><\/td>\n<\/tr>\n<tr>\n<td>Peso 2<\/td>\n<td><\/td>\n<td><\/td>\n<\/tr>\n<tr>\n<td>Peso 3<\/td>\n<td><\/td>\n<td><\/td>\n<\/tr>\n<tr>\n<td>Peso 4<\/td>\n<td><\/td>\n<td><\/td>\n<\/tr>\n<\/tbody>\n<\/table>\n<\/div>\n<p><br class=\"ng-scope\" \/>Obs: as colunas 2, 3, 4 e 5 da tabela s\u00e3o obtidas por dados experimentais, a coluna 6 da tabela \u00e9 obtida por c\u00e1lculos.<br class=\"ng-scope\" \/>\u00a0<br class=\"ng-scope\" \/>2) Para solicitar a recompra uma outra pe\u00e7a espec\u00edfica, voc\u00ea mudou de experimento e ir\u00e1 determinar a massa da pe\u00e7a por hidrost\u00e1tica. Voc\u00ea tem dispon\u00edvel nos laborat\u00f3rios virtuais o experimento de Hidrost\u00e1tica, no qual aborda em espec\u00edfico sobre o empuxo. Ap\u00f3s realizar a leitura da apresenta\u00e7\u00e3o do experimento, do sum\u00e1rio te\u00f3rico, do roteiro e de realizar o pr\u00e9-teste, fa\u00e7a o experimento virtual.<br class=\"ng-scope\" \/>Imagine que o cilindro (corpo de prova do experimento virtual) \u00e9 a pe\u00e7a solta do seu equipamento e que a massa precisa ser determinada. Fa\u00e7a todos os passos do experimento indicado no roteiro e preencha a tabela abaixo:<\/p>\n<div class=\"table-responsive no-border ng-scope\">\n<table border=\"1\" cellspacing=\"0\" cellpadding=\"0\">\n<tbody>\n<tr>\n<td><\/td>\n<td><\/td>\n<td>Valor no Dinam\u00f4metro (N)<\/td>\n<\/tr>\n<tr>\n<td>I<\/td>\n<td>Cilindro s\u00f3lido fora da \u00e1gua<\/td>\n<td><\/td>\n<\/tr>\n<tr>\n<td>II<\/td>\n<td>Cilindro s\u00f3lido dentro da \u00e1gua<\/td>\n<td><\/td>\n<\/tr>\n<tr>\n<td>III<\/td>\n<td>Cilindro s\u00f3lido + \u00e1gua preenchida, fora da \u00e1gua:<\/td>\n<td><\/td>\n<\/tr>\n<tr>\n<td>IV<\/td>\n<td>Cilindro s\u00f3lido + \u00e1gua preenchida, dentro da \u00e1gua:<\/td>\n<td><\/td>\n<\/tr>\n<\/tbody>\n<\/table>\n<\/div>\n<p><br class=\"ng-scope\" \/>Responda:<br class=\"ng-scope\" \/>a) Utilizando apenas dados de volume e densidade do cilindro, dados no rodap\u00e9 do experimento, qual a massa deste s\u00f3lido?<br class=\"ng-scope\" \/><br class=\"ng-scope\" \/>b) Utilizando apenas dados de peso (valores fornecidos no dinam\u00f4metro na linha I) e g=9,81 m\/s\u00b2, qual a massa deste s\u00f3lido?<br class=\"ng-scope\" \/><br class=\"ng-scope\" \/>c) Utilizando apenas valores te\u00f3ricos (Volume do cilindro: 50 cm\u00b3, densidade da \u00e1gua 1000 kg\/m\u00b3, g=9,81 m\/s\u00b2, qual o empuxo neste cilindro?<br class=\"ng-scope\" \/><br class=\"ng-scope\" \/>d) Utilizando apenas dados de peso (valores fornecidos no dinam\u00f4metro na linha I, II, III e IV), quais os dois valores que podem ser encontrados para o empuxo neste cilindro?<br class=\"ng-scope\" \/><br class=\"ng-scope\" \/>e) Justifique o motivo pelo qual usamos a express\u00e3o \u201caparente diminui\u00e7\u00e3o sofrida pelo peso do corpo\u201d e n\u00e3o \u201cdiminui\u00e7\u00e3o do peso do corpo\u201d.<\/p>\n","protected":false},"excerpt":{"rendered":"<p>MAPA &#8211; F\u00edsica Geral e Experimental I &#8211; 52-2024 AITIVIDADE M.A.P.A.\u200bSabemos que uma condi\u00e7\u00e3o de equil\u00edbrio de um corpo \u00e9<\/p>\n","protected":false},"featured_media":2326,"template":"","meta":{"_monsterinsights_skip_tracking":false,"_monsterinsights_sitenote_active":false,"_monsterinsights_sitenote_note":"","_monsterinsights_sitenote_category":0},"product_brand":[],"product_cat":[86,45],"product_tag":[],"class_list":{"0":"post-3967","1":"product","2":"type-product","3":"status-publish","4":"has-post-thumbnail","6":"product_cat-engenharia-mecanica","7":"product_cat-engenharias","9":"first","10":"instock","11":"downloadable","12":"virtual","13":"purchasable","14":"product-type-simple"},"yoast_head":"<!-- This site is optimized with the Yoast SEO plugin v27.4 - https:\/\/yoast.com\/product\/yoast-seo-wordpress\/ -->\n<title>MAPA - F\u00edsica Geral e Experimental I - 52\/2024<\/title>\n<meta name=\"description\" content=\"Atividade MAPA - F\u00edsica Geral e Experimental I - 52\/2024 &#8902; Unicesumar. Baixe agora mesmo um Mapa Pronto resolvido!\" \/>\n<meta name=\"robots\" content=\"index, follow, max-snippet:-1, max-image-preview:large, max-video-preview:-1\" \/>\n<link rel=\"canonical\" href=\"https:\/\/atividademapa.com\/?product=mapa-fisica-geral-e-experimental-i-52-2024\" \/>\n<meta property=\"og:locale\" content=\"pt_BR\" \/>\n<meta property=\"og:type\" content=\"article\" \/>\n<meta property=\"og:title\" content=\"MAPA - F\u00edsica Geral e Experimental I - 52\/2024\" \/>\n<meta property=\"og:description\" content=\"Atividade MAPA - F\u00edsica Geral e Experimental I - 52\/2024 &#8902; Unicesumar. Baixe agora mesmo um Mapa Pronto resolvido!\" \/>\n<meta property=\"og:url\" content=\"https:\/\/atividademapa.com\/?product=mapa-fisica-geral-e-experimental-i-52-2024\" \/>\n<meta property=\"og:site_name\" content=\"Atividade Mapa\" \/>\n<meta property=\"article:modified_time\" content=\"2024-05-21T14:07:58+00:00\" \/>\n<meta property=\"og:image\" content=\"https:\/\/i0.wp.com\/atividademapa.com\/wp-content\/uploads\/2023\/03\/Atividade-M.A.P.A-3.png?fit=300%2C300&ssl=1\" \/>\n\t<meta property=\"og:image:width\" content=\"300\" \/>\n\t<meta property=\"og:image:height\" content=\"300\" \/>\n\t<meta property=\"og:image:type\" content=\"image\/png\" \/>\n<meta name=\"twitter:card\" content=\"summary_large_image\" \/>\n<meta name=\"twitter:label1\" content=\"Est. tempo de leitura\" \/>\n\t<meta name=\"twitter:data1\" content=\"4 minutos\" \/>\n<script type=\"application\/ld+json\" class=\"yoast-schema-graph\">{\"@context\":\"https:\\\/\\\/schema.org\",\"@graph\":[{\"@type\":\"WebPage\",\"@id\":\"https:\\\/\\\/atividademapa.com\\\/?product=mapa-fisica-geral-e-experimental-i-52-2024\",\"url\":\"https:\\\/\\\/atividademapa.com\\\/?product=mapa-fisica-geral-e-experimental-i-52-2024\",\"name\":\"MAPA - F\u00edsica Geral e Experimental I - 52\\\/2024\",\"isPartOf\":{\"@id\":\"https:\\\/\\\/atividademapa.com\\\/#website\"},\"primaryImageOfPage\":{\"@id\":\"https:\\\/\\\/atividademapa.com\\\/?product=mapa-fisica-geral-e-experimental-i-52-2024#primaryimage\"},\"image\":{\"@id\":\"https:\\\/\\\/atividademapa.com\\\/?product=mapa-fisica-geral-e-experimental-i-52-2024#primaryimage\"},\"thumbnailUrl\":\"https:\\\/\\\/i0.wp.com\\\/atividademapa.com\\\/wp-content\\\/uploads\\\/2023\\\/03\\\/Atividade-M.A.P.A-3.png?fit=300%2C300&ssl=1\",\"datePublished\":\"2024-05-09T12:49:37+00:00\",\"dateModified\":\"2024-05-21T14:07:58+00:00\",\"description\":\"Atividade MAPA - F\u00edsica Geral e Experimental I - 52\\\/2024 &#8902; Unicesumar. Baixe agora mesmo um Mapa Pronto resolvido!\",\"breadcrumb\":{\"@id\":\"https:\\\/\\\/atividademapa.com\\\/?product=mapa-fisica-geral-e-experimental-i-52-2024#breadcrumb\"},\"inLanguage\":\"pt-BR\",\"potentialAction\":[{\"@type\":\"ReadAction\",\"target\":[\"https:\\\/\\\/atividademapa.com\\\/?product=mapa-fisica-geral-e-experimental-i-52-2024\"]}]},{\"@type\":\"ImageObject\",\"inLanguage\":\"pt-BR\",\"@id\":\"https:\\\/\\\/atividademapa.com\\\/?product=mapa-fisica-geral-e-experimental-i-52-2024#primaryimage\",\"url\":\"https:\\\/\\\/i0.wp.com\\\/atividademapa.com\\\/wp-content\\\/uploads\\\/2023\\\/03\\\/Atividade-M.A.P.A-3.png?fit=300%2C300&ssl=1\",\"contentUrl\":\"https:\\\/\\\/i0.wp.com\\\/atividademapa.com\\\/wp-content\\\/uploads\\\/2023\\\/03\\\/Atividade-M.A.P.A-3.png?fit=300%2C300&ssl=1\",\"width\":300,\"height\":300,\"caption\":\"Mapa Unicesumar Atividade\"},{\"@type\":\"BreadcrumbList\",\"@id\":\"https:\\\/\\\/atividademapa.com\\\/?product=mapa-fisica-geral-e-experimental-i-52-2024#breadcrumb\",\"itemListElement\":[{\"@type\":\"ListItem\",\"position\":1,\"name\":\"In\u00edcio\",\"item\":\"https:\\\/\\\/atividademapa.com\\\/\"},{\"@type\":\"ListItem\",\"position\":2,\"name\":\"MAPAS\",\"item\":\"https:\\\/\\\/atividademapa.com\\\/?page_id=5\"},{\"@type\":\"ListItem\",\"position\":3,\"name\":\"MAPA &#8211; F\u00edsica Geral e Experimental I &#8211; 52\\\/2024\"}]},{\"@type\":\"WebSite\",\"@id\":\"https:\\\/\\\/atividademapa.com\\\/#website\",\"url\":\"https:\\\/\\\/atividademapa.com\\\/\",\"name\":\"Atividade Mapa\",\"description\":\"StudeO | Unicesumar\",\"publisher\":{\"@id\":\"https:\\\/\\\/atividademapa.com\\\/#organization\"},\"potentialAction\":[{\"@type\":\"SearchAction\",\"target\":{\"@type\":\"EntryPoint\",\"urlTemplate\":\"https:\\\/\\\/atividademapa.com\\\/?s={search_term_string}\"},\"query-input\":{\"@type\":\"PropertyValueSpecification\",\"valueRequired\":true,\"valueName\":\"search_term_string\"}}],\"inLanguage\":\"pt-BR\"},{\"@type\":\"Organization\",\"@id\":\"https:\\\/\\\/atividademapa.com\\\/#organization\",\"name\":\"Atividade MAPA\",\"url\":\"https:\\\/\\\/atividademapa.com\\\/\",\"logo\":{\"@type\":\"ImageObject\",\"inLanguage\":\"pt-BR\",\"@id\":\"https:\\\/\\\/atividademapa.com\\\/#\\\/schema\\\/logo\\\/image\\\/\",\"url\":\"https:\\\/\\\/i0.wp.com\\\/atividademapa.com\\\/wp-content\\\/uploads\\\/2023\\\/02\\\/ATIVIDADE.png?fit=600%2C300&ssl=1\",\"contentUrl\":\"https:\\\/\\\/i0.wp.com\\\/atividademapa.com\\\/wp-content\\\/uploads\\\/2023\\\/02\\\/ATIVIDADE.png?fit=600%2C300&ssl=1\",\"width\":600,\"height\":300,\"caption\":\"Atividade MAPA\"},\"image\":{\"@id\":\"https:\\\/\\\/atividademapa.com\\\/#\\\/schema\\\/logo\\\/image\\\/\"}}]}<\/script>\n<!-- \/ Yoast SEO plugin. -->","yoast_head_json":{"title":"MAPA - F\u00edsica Geral e Experimental I - 52\/2024","description":"Atividade MAPA - F\u00edsica Geral e Experimental I - 52\/2024 &#8902; Unicesumar. Baixe agora mesmo um Mapa Pronto resolvido!","robots":{"index":"index","follow":"follow","max-snippet":"max-snippet:-1","max-image-preview":"max-image-preview:large","max-video-preview":"max-video-preview:-1"},"canonical":"https:\/\/atividademapa.com\/?product=mapa-fisica-geral-e-experimental-i-52-2024","og_locale":"pt_BR","og_type":"article","og_title":"MAPA - F\u00edsica Geral e Experimental I - 52\/2024","og_description":"Atividade MAPA - F\u00edsica Geral e Experimental I - 52\/2024 &#8902; Unicesumar. Baixe agora mesmo um Mapa Pronto resolvido!","og_url":"https:\/\/atividademapa.com\/?product=mapa-fisica-geral-e-experimental-i-52-2024","og_site_name":"Atividade Mapa","article_modified_time":"2024-05-21T14:07:58+00:00","og_image":[{"width":300,"height":300,"url":"https:\/\/i0.wp.com\/atividademapa.com\/wp-content\/uploads\/2023\/03\/Atividade-M.A.P.A-3.png?fit=300%2C300&ssl=1","type":"image\/png"}],"twitter_card":"summary_large_image","twitter_misc":{"Est. tempo de leitura":"4 minutos"},"schema":{"@context":"https:\/\/schema.org","@graph":[{"@type":"WebPage","@id":"https:\/\/atividademapa.com\/?product=mapa-fisica-geral-e-experimental-i-52-2024","url":"https:\/\/atividademapa.com\/?product=mapa-fisica-geral-e-experimental-i-52-2024","name":"MAPA - F\u00edsica Geral e Experimental I - 52\/2024","isPartOf":{"@id":"https:\/\/atividademapa.com\/#website"},"primaryImageOfPage":{"@id":"https:\/\/atividademapa.com\/?product=mapa-fisica-geral-e-experimental-i-52-2024#primaryimage"},"image":{"@id":"https:\/\/atividademapa.com\/?product=mapa-fisica-geral-e-experimental-i-52-2024#primaryimage"},"thumbnailUrl":"https:\/\/i0.wp.com\/atividademapa.com\/wp-content\/uploads\/2023\/03\/Atividade-M.A.P.A-3.png?fit=300%2C300&ssl=1","datePublished":"2024-05-09T12:49:37+00:00","dateModified":"2024-05-21T14:07:58+00:00","description":"Atividade MAPA - F\u00edsica Geral e Experimental I - 52\/2024 &#8902; Unicesumar. Baixe agora mesmo um Mapa Pronto resolvido!","breadcrumb":{"@id":"https:\/\/atividademapa.com\/?product=mapa-fisica-geral-e-experimental-i-52-2024#breadcrumb"},"inLanguage":"pt-BR","potentialAction":[{"@type":"ReadAction","target":["https:\/\/atividademapa.com\/?product=mapa-fisica-geral-e-experimental-i-52-2024"]}]},{"@type":"ImageObject","inLanguage":"pt-BR","@id":"https:\/\/atividademapa.com\/?product=mapa-fisica-geral-e-experimental-i-52-2024#primaryimage","url":"https:\/\/i0.wp.com\/atividademapa.com\/wp-content\/uploads\/2023\/03\/Atividade-M.A.P.A-3.png?fit=300%2C300&ssl=1","contentUrl":"https:\/\/i0.wp.com\/atividademapa.com\/wp-content\/uploads\/2023\/03\/Atividade-M.A.P.A-3.png?fit=300%2C300&ssl=1","width":300,"height":300,"caption":"Mapa Unicesumar Atividade"},{"@type":"BreadcrumbList","@id":"https:\/\/atividademapa.com\/?product=mapa-fisica-geral-e-experimental-i-52-2024#breadcrumb","itemListElement":[{"@type":"ListItem","position":1,"name":"In\u00edcio","item":"https:\/\/atividademapa.com\/"},{"@type":"ListItem","position":2,"name":"MAPAS","item":"https:\/\/atividademapa.com\/?page_id=5"},{"@type":"ListItem","position":3,"name":"MAPA &#8211; F\u00edsica Geral e Experimental I &#8211; 52\/2024"}]},{"@type":"WebSite","@id":"https:\/\/atividademapa.com\/#website","url":"https:\/\/atividademapa.com\/","name":"Atividade Mapa","description":"StudeO | Unicesumar","publisher":{"@id":"https:\/\/atividademapa.com\/#organization"},"potentialAction":[{"@type":"SearchAction","target":{"@type":"EntryPoint","urlTemplate":"https:\/\/atividademapa.com\/?s={search_term_string}"},"query-input":{"@type":"PropertyValueSpecification","valueRequired":true,"valueName":"search_term_string"}}],"inLanguage":"pt-BR"},{"@type":"Organization","@id":"https:\/\/atividademapa.com\/#organization","name":"Atividade MAPA","url":"https:\/\/atividademapa.com\/","logo":{"@type":"ImageObject","inLanguage":"pt-BR","@id":"https:\/\/atividademapa.com\/#\/schema\/logo\/image\/","url":"https:\/\/i0.wp.com\/atividademapa.com\/wp-content\/uploads\/2023\/02\/ATIVIDADE.png?fit=600%2C300&ssl=1","contentUrl":"https:\/\/i0.wp.com\/atividademapa.com\/wp-content\/uploads\/2023\/02\/ATIVIDADE.png?fit=600%2C300&ssl=1","width":600,"height":300,"caption":"Atividade MAPA"},"image":{"@id":"https:\/\/atividademapa.com\/#\/schema\/logo\/image\/"}}]}},"_links":{"self":[{"href":"https:\/\/atividademapa.com\/index.php?rest_route=\/wp\/v2\/product\/3967","targetHints":{"allow":["GET"]}}],"collection":[{"href":"https:\/\/atividademapa.com\/index.php?rest_route=\/wp\/v2\/product"}],"about":[{"href":"https:\/\/atividademapa.com\/index.php?rest_route=\/wp\/v2\/types\/product"}],"version-history":[{"count":2,"href":"https:\/\/atividademapa.com\/index.php?rest_route=\/wp\/v2\/product\/3967\/revisions"}],"predecessor-version":[{"id":3969,"href":"https:\/\/atividademapa.com\/index.php?rest_route=\/wp\/v2\/product\/3967\/revisions\/3969"}],"wp:featuredmedia":[{"embeddable":true,"href":"https:\/\/atividademapa.com\/index.php?rest_route=\/wp\/v2\/media\/2326"}],"wp:attachment":[{"href":"https:\/\/atividademapa.com\/index.php?rest_route=%2Fwp%2Fv2%2Fmedia&parent=3967"}],"wp:term":[{"taxonomy":"product_brand","embeddable":true,"href":"https:\/\/atividademapa.com\/index.php?rest_route=%2Fwp%2Fv2%2Fproduct_brand&post=3967"},{"taxonomy":"product_cat","embeddable":true,"href":"https:\/\/atividademapa.com\/index.php?rest_route=%2Fwp%2Fv2%2Fproduct_cat&post=3967"},{"taxonomy":"product_tag","embeddable":true,"href":"https:\/\/atividademapa.com\/index.php?rest_route=%2Fwp%2Fv2%2Fproduct_tag&post=3967"}],"curies":[{"name":"wp","href":"https:\/\/api.w.org\/{rel}","templated":true}]}}