{"id":3980,"date":"2024-05-09T22:36:50","date_gmt":"2024-05-10T01:36:50","guid":{"rendered":"https:\/\/atividademapa.com\/?post_type=product&#038;p=3980"},"modified":"2024-05-11T16:00:21","modified_gmt":"2024-05-11T19:00:21","slug":"atividade-1-bioestatistica-e-epidemiologia-52_2024","status":"publish","type":"product","link":"https:\/\/atividademapa.com\/?product=atividade-1-bioestatistica-e-epidemiologia-52_2024","title":{"rendered":"ATIVIDADE 1 &#8211; BIOESTAT\u00cdSTICA E EPIDEMIOLOGIA &#8211; 52_2024"},"content":{"rendered":"<p>ATIVIDADE 1 &#8211; BIOESTAT\u00cdSTICA E EPIDEMIOLOGIA &#8211; 52_2024<\/p>\n<p>O colesterol alto \u00e9 considerado um dos fatores que mais contribuem para o desenvolvimento de doen\u00e7as cardiovasculares como o infarto. No Brasil, cerca de 4 entre 10 pessoas adultas t\u00eam um n\u00edvel alterado do colesterol. Nesse sentido, foi realizada uma pesquisa para avaliar os n\u00edveis de colesterol de um munic\u00edpio. Os n\u00edveis de colesterol s\u00e9rico foram medidos em uma amostra aleat\u00f3ria de 36 adultos, com idades entre 20 e 74 anos. Os resultados, expressos em mg\/dl, s\u00e3o apresentados a seguir:<br class=\"ng-scope\" \/>200 201 201 201 201 201<br class=\"ng-scope\" \/>202 202 202 202 203 203<br class=\"ng-scope\" \/>204 204 204 204 204 205<br class=\"ng-scope\" \/>205 206 206 207 207 208<br class=\"ng-scope\" \/>208 208 209 209 210 210<br class=\"ng-scope\" \/>210 211 211 211 211 212<br class=\"ng-scope\" \/><br class=\"ng-scope\" \/>A partir desses dados foi elaborada a seguinte tabela de distribui\u00e7\u00e3o de frequ\u00eancias:<br class=\"ng-scope\" \/><\/p>\n<div class=\"table-responsive no-border ng-scope\">\n<table border=\"1\" cellspacing=\"0\" cellpadding=\"0\" align=\"left\">\n<tbody>\n<tr>\n<td>Colesterol<\/td>\n<td>N\u00famero de adultos<\/td>\n<td>FR(%)<\/td>\n<td>FAC<\/td>\n<td>FRAC(%)<\/td>\n<td>Ponto m\u00e9dio(xi)<\/td>\n<\/tr>\n<tr>\n<td>200|&#8212;&#8212;- 202<\/td>\n<td>6<\/td>\n<td>16,7<\/td>\n<td>6<\/td>\n<td>16,7<\/td>\n<td>201<\/td>\n<\/tr>\n<tr>\n<td>202|&#8212;&#8212;- 204<\/td>\n<td>6<\/td>\n<td>16,7<\/td>\n<td>12<\/td>\n<td>33,3<\/td>\n<td>203<\/td>\n<\/tr>\n<tr>\n<td>204|&#8212;&#8212;-206<\/td>\n<td>7<\/td>\n<td>19,4<\/td>\n<td>19<\/td>\n<td>52,8<\/td>\n<td>205<\/td>\n<\/tr>\n<tr>\n<td>206|&#8212;&#8212;-208<\/td>\n<td>4<\/td>\n<td>11,1<\/td>\n<td>23<\/td>\n<td>63,9<\/td>\n<td>207<\/td>\n<\/tr>\n<tr>\n<td>208 |&#8212;&#8212;-210<\/td>\n<td>5<\/td>\n<td>13,9<\/td>\n<td>28<\/td>\n<td>77,8<\/td>\n<td>209<\/td>\n<\/tr>\n<tr>\n<td>210|&#8212;&#8212;-|212<\/td>\n<td>8<\/td>\n<td>22,2<\/td>\n<td>36<\/td>\n<td>100<\/td>\n<td>211<\/td>\n<\/tr>\n<tr>\n<td>Total<\/td>\n<td>36<\/td>\n<td>100<\/td>\n<td><\/td>\n<td><\/td>\n<td><\/td>\n<\/tr>\n<\/tbody>\n<\/table>\n<\/div>\n<p><br class=\"ng-scope\" \/><br class=\"ng-scope\" \/><br class=\"ng-scope\" \/><br class=\"ng-scope\" \/><br class=\"ng-scope\" \/><br class=\"ng-scope\" \/><br class=\"ng-scope\" \/><br class=\"ng-scope\" \/><br class=\"ng-scope\" \/><br class=\"ng-scope\" \/>Elaborado pelo professor, 2024.<br class=\"ng-scope\" \/>Com base nessas informa\u00e7\u00f5es, responda as perguntas abaixo (explique como chegou nos resultados):<br class=\"ng-scope\" \/>a) Qual o valor da amplitude total dos dados?<br class=\"ng-scope\" \/>b) O que significa a amplitude total de um conjunto de dados?<br class=\"ng-scope\" \/>c) Qual o valor do n\u00famero de classes da tabela?<br class=\"ng-scope\" \/>d) Qual a amplitude do intervalo da tabela?<\/p>\n","protected":false},"excerpt":{"rendered":"<p>ATIVIDADE 1 &#8211; BIOESTAT\u00cdSTICA E EPIDEMIOLOGIA &#8211; 52_2024 O colesterol alto \u00e9 considerado um dos fatores que mais contribuem para<\/p>\n","protected":false},"featured_media":2326,"template":"","meta":{"_monsterinsights_skip_tracking":false,"_monsterinsights_sitenote_active":false,"_monsterinsights_sitenote_note":"","_monsterinsights_sitenote_category":0},"product_brand":[],"product_cat":[58,31],"product_tag":[],"class_list":{"0":"post-3980","1":"product","2":"type-product","3":"status-publish","4":"has-post-thumbnail","6":"product_cat-biomedicina","7":"product_cat-farmacia","9":"first","10":"instock","11":"downloadable","12":"virtual","13":"purchasable","14":"product-type-simple"},"yoast_head":"<!-- This site is optimized with the Yoast SEO plugin v27.4 - https:\/\/yoast.com\/product\/yoast-seo-wordpress\/ -->\n<title>ATIVIDADE 1 - BIOESTAT\u00cdSTICA E EPIDEMIOLOGIA - 52_2024<\/title>\n<meta name=\"description\" content=\"Atividade ATIVIDADE 1 - BIOESTAT\u00cdSTICA E EPIDEMIOLOGIA - 52_2024 &#8902; Unicesumar. Baixe agora mesmo um Mapa Pronto resolvido!\" \/>\n<meta name=\"robots\" content=\"index, follow, max-snippet:-1, max-image-preview:large, max-video-preview:-1\" \/>\n<link rel=\"canonical\" href=\"https:\/\/atividademapa.com\/?product=atividade-1-bioestatistica-e-epidemiologia-52_2024\" \/>\n<meta property=\"og:locale\" content=\"pt_BR\" \/>\n<meta property=\"og:type\" content=\"article\" \/>\n<meta property=\"og:title\" content=\"ATIVIDADE 1 - BIOESTAT\u00cdSTICA E EPIDEMIOLOGIA - 52_2024\" \/>\n<meta property=\"og:description\" content=\"Atividade ATIVIDADE 1 - BIOESTAT\u00cdSTICA E EPIDEMIOLOGIA - 52_2024 &#8902; Unicesumar. Baixe agora mesmo um Mapa Pronto resolvido!\" \/>\n<meta property=\"og:url\" content=\"https:\/\/atividademapa.com\/?product=atividade-1-bioestatistica-e-epidemiologia-52_2024\" \/>\n<meta property=\"og:site_name\" content=\"Atividade Mapa\" \/>\n<meta property=\"article:modified_time\" content=\"2024-05-11T19:00:21+00:00\" \/>\n<meta property=\"og:image\" content=\"https:\/\/i0.wp.com\/atividademapa.com\/wp-content\/uploads\/2023\/03\/Atividade-M.A.P.A-3.png?fit=300%2C300&ssl=1\" \/>\n\t<meta property=\"og:image:width\" content=\"300\" \/>\n\t<meta property=\"og:image:height\" content=\"300\" \/>\n\t<meta property=\"og:image:type\" content=\"image\/png\" \/>\n<meta name=\"twitter:card\" content=\"summary_large_image\" \/>\n<meta name=\"twitter:label1\" content=\"Est. tempo de leitura\" \/>\n\t<meta name=\"twitter:data1\" content=\"1 minuto\" \/>\n<script type=\"application\/ld+json\" class=\"yoast-schema-graph\">{\"@context\":\"https:\\\/\\\/schema.org\",\"@graph\":[{\"@type\":\"WebPage\",\"@id\":\"https:\\\/\\\/atividademapa.com\\\/?product=atividade-1-bioestatistica-e-epidemiologia-52_2024\",\"url\":\"https:\\\/\\\/atividademapa.com\\\/?product=atividade-1-bioestatistica-e-epidemiologia-52_2024\",\"name\":\"ATIVIDADE 1 - BIOESTAT\u00cdSTICA E EPIDEMIOLOGIA - 52_2024\",\"isPartOf\":{\"@id\":\"https:\\\/\\\/atividademapa.com\\\/#website\"},\"primaryImageOfPage\":{\"@id\":\"https:\\\/\\\/atividademapa.com\\\/?product=atividade-1-bioestatistica-e-epidemiologia-52_2024#primaryimage\"},\"image\":{\"@id\":\"https:\\\/\\\/atividademapa.com\\\/?product=atividade-1-bioestatistica-e-epidemiologia-52_2024#primaryimage\"},\"thumbnailUrl\":\"https:\\\/\\\/i0.wp.com\\\/atividademapa.com\\\/wp-content\\\/uploads\\\/2023\\\/03\\\/Atividade-M.A.P.A-3.png?fit=300%2C300&ssl=1\",\"datePublished\":\"2024-05-10T01:36:50+00:00\",\"dateModified\":\"2024-05-11T19:00:21+00:00\",\"description\":\"Atividade ATIVIDADE 1 - BIOESTAT\u00cdSTICA E EPIDEMIOLOGIA - 52_2024 &#8902; Unicesumar. Baixe agora mesmo um Mapa Pronto resolvido!\",\"breadcrumb\":{\"@id\":\"https:\\\/\\\/atividademapa.com\\\/?product=atividade-1-bioestatistica-e-epidemiologia-52_2024#breadcrumb\"},\"inLanguage\":\"pt-BR\",\"potentialAction\":[{\"@type\":\"ReadAction\",\"target\":[\"https:\\\/\\\/atividademapa.com\\\/?product=atividade-1-bioestatistica-e-epidemiologia-52_2024\"]}]},{\"@type\":\"ImageObject\",\"inLanguage\":\"pt-BR\",\"@id\":\"https:\\\/\\\/atividademapa.com\\\/?product=atividade-1-bioestatistica-e-epidemiologia-52_2024#primaryimage\",\"url\":\"https:\\\/\\\/i0.wp.com\\\/atividademapa.com\\\/wp-content\\\/uploads\\\/2023\\\/03\\\/Atividade-M.A.P.A-3.png?fit=300%2C300&ssl=1\",\"contentUrl\":\"https:\\\/\\\/i0.wp.com\\\/atividademapa.com\\\/wp-content\\\/uploads\\\/2023\\\/03\\\/Atividade-M.A.P.A-3.png?fit=300%2C300&ssl=1\",\"width\":300,\"height\":300,\"caption\":\"Mapa Unicesumar Atividade\"},{\"@type\":\"BreadcrumbList\",\"@id\":\"https:\\\/\\\/atividademapa.com\\\/?product=atividade-1-bioestatistica-e-epidemiologia-52_2024#breadcrumb\",\"itemListElement\":[{\"@type\":\"ListItem\",\"position\":1,\"name\":\"In\u00edcio\",\"item\":\"https:\\\/\\\/atividademapa.com\\\/\"},{\"@type\":\"ListItem\",\"position\":2,\"name\":\"MAPAS\",\"item\":\"https:\\\/\\\/atividademapa.com\\\/?page_id=5\"},{\"@type\":\"ListItem\",\"position\":3,\"name\":\"ATIVIDADE 1 &#8211; BIOESTAT\u00cdSTICA E EPIDEMIOLOGIA &#8211; 52_2024\"}]},{\"@type\":\"WebSite\",\"@id\":\"https:\\\/\\\/atividademapa.com\\\/#website\",\"url\":\"https:\\\/\\\/atividademapa.com\\\/\",\"name\":\"Atividade Mapa\",\"description\":\"StudeO | Unicesumar\",\"publisher\":{\"@id\":\"https:\\\/\\\/atividademapa.com\\\/#organization\"},\"potentialAction\":[{\"@type\":\"SearchAction\",\"target\":{\"@type\":\"EntryPoint\",\"urlTemplate\":\"https:\\\/\\\/atividademapa.com\\\/?s={search_term_string}\"},\"query-input\":{\"@type\":\"PropertyValueSpecification\",\"valueRequired\":true,\"valueName\":\"search_term_string\"}}],\"inLanguage\":\"pt-BR\"},{\"@type\":\"Organization\",\"@id\":\"https:\\\/\\\/atividademapa.com\\\/#organization\",\"name\":\"Atividade MAPA\",\"url\":\"https:\\\/\\\/atividademapa.com\\\/\",\"logo\":{\"@type\":\"ImageObject\",\"inLanguage\":\"pt-BR\",\"@id\":\"https:\\\/\\\/atividademapa.com\\\/#\\\/schema\\\/logo\\\/image\\\/\",\"url\":\"https:\\\/\\\/i0.wp.com\\\/atividademapa.com\\\/wp-content\\\/uploads\\\/2023\\\/02\\\/ATIVIDADE.png?fit=600%2C300&ssl=1\",\"contentUrl\":\"https:\\\/\\\/i0.wp.com\\\/atividademapa.com\\\/wp-content\\\/uploads\\\/2023\\\/02\\\/ATIVIDADE.png?fit=600%2C300&ssl=1\",\"width\":600,\"height\":300,\"caption\":\"Atividade MAPA\"},\"image\":{\"@id\":\"https:\\\/\\\/atividademapa.com\\\/#\\\/schema\\\/logo\\\/image\\\/\"}}]}<\/script>\n<!-- \/ Yoast SEO plugin. -->","yoast_head_json":{"title":"ATIVIDADE 1 - BIOESTAT\u00cdSTICA E EPIDEMIOLOGIA - 52_2024","description":"Atividade ATIVIDADE 1 - BIOESTAT\u00cdSTICA E EPIDEMIOLOGIA - 52_2024 &#8902; Unicesumar. Baixe agora mesmo um Mapa Pronto resolvido!","robots":{"index":"index","follow":"follow","max-snippet":"max-snippet:-1","max-image-preview":"max-image-preview:large","max-video-preview":"max-video-preview:-1"},"canonical":"https:\/\/atividademapa.com\/?product=atividade-1-bioestatistica-e-epidemiologia-52_2024","og_locale":"pt_BR","og_type":"article","og_title":"ATIVIDADE 1 - BIOESTAT\u00cdSTICA E EPIDEMIOLOGIA - 52_2024","og_description":"Atividade ATIVIDADE 1 - BIOESTAT\u00cdSTICA E EPIDEMIOLOGIA - 52_2024 &#8902; Unicesumar. Baixe agora mesmo um Mapa Pronto resolvido!","og_url":"https:\/\/atividademapa.com\/?product=atividade-1-bioestatistica-e-epidemiologia-52_2024","og_site_name":"Atividade Mapa","article_modified_time":"2024-05-11T19:00:21+00:00","og_image":[{"width":300,"height":300,"url":"https:\/\/i0.wp.com\/atividademapa.com\/wp-content\/uploads\/2023\/03\/Atividade-M.A.P.A-3.png?fit=300%2C300&ssl=1","type":"image\/png"}],"twitter_card":"summary_large_image","twitter_misc":{"Est. tempo de leitura":"1 minuto"},"schema":{"@context":"https:\/\/schema.org","@graph":[{"@type":"WebPage","@id":"https:\/\/atividademapa.com\/?product=atividade-1-bioestatistica-e-epidemiologia-52_2024","url":"https:\/\/atividademapa.com\/?product=atividade-1-bioestatistica-e-epidemiologia-52_2024","name":"ATIVIDADE 1 - BIOESTAT\u00cdSTICA E EPIDEMIOLOGIA - 52_2024","isPartOf":{"@id":"https:\/\/atividademapa.com\/#website"},"primaryImageOfPage":{"@id":"https:\/\/atividademapa.com\/?product=atividade-1-bioestatistica-e-epidemiologia-52_2024#primaryimage"},"image":{"@id":"https:\/\/atividademapa.com\/?product=atividade-1-bioestatistica-e-epidemiologia-52_2024#primaryimage"},"thumbnailUrl":"https:\/\/i0.wp.com\/atividademapa.com\/wp-content\/uploads\/2023\/03\/Atividade-M.A.P.A-3.png?fit=300%2C300&ssl=1","datePublished":"2024-05-10T01:36:50+00:00","dateModified":"2024-05-11T19:00:21+00:00","description":"Atividade ATIVIDADE 1 - BIOESTAT\u00cdSTICA E EPIDEMIOLOGIA - 52_2024 &#8902; Unicesumar. Baixe agora mesmo um Mapa Pronto resolvido!","breadcrumb":{"@id":"https:\/\/atividademapa.com\/?product=atividade-1-bioestatistica-e-epidemiologia-52_2024#breadcrumb"},"inLanguage":"pt-BR","potentialAction":[{"@type":"ReadAction","target":["https:\/\/atividademapa.com\/?product=atividade-1-bioestatistica-e-epidemiologia-52_2024"]}]},{"@type":"ImageObject","inLanguage":"pt-BR","@id":"https:\/\/atividademapa.com\/?product=atividade-1-bioestatistica-e-epidemiologia-52_2024#primaryimage","url":"https:\/\/i0.wp.com\/atividademapa.com\/wp-content\/uploads\/2023\/03\/Atividade-M.A.P.A-3.png?fit=300%2C300&ssl=1","contentUrl":"https:\/\/i0.wp.com\/atividademapa.com\/wp-content\/uploads\/2023\/03\/Atividade-M.A.P.A-3.png?fit=300%2C300&ssl=1","width":300,"height":300,"caption":"Mapa Unicesumar Atividade"},{"@type":"BreadcrumbList","@id":"https:\/\/atividademapa.com\/?product=atividade-1-bioestatistica-e-epidemiologia-52_2024#breadcrumb","itemListElement":[{"@type":"ListItem","position":1,"name":"In\u00edcio","item":"https:\/\/atividademapa.com\/"},{"@type":"ListItem","position":2,"name":"MAPAS","item":"https:\/\/atividademapa.com\/?page_id=5"},{"@type":"ListItem","position":3,"name":"ATIVIDADE 1 &#8211; BIOESTAT\u00cdSTICA E EPIDEMIOLOGIA &#8211; 52_2024"}]},{"@type":"WebSite","@id":"https:\/\/atividademapa.com\/#website","url":"https:\/\/atividademapa.com\/","name":"Atividade Mapa","description":"StudeO | Unicesumar","publisher":{"@id":"https:\/\/atividademapa.com\/#organization"},"potentialAction":[{"@type":"SearchAction","target":{"@type":"EntryPoint","urlTemplate":"https:\/\/atividademapa.com\/?s={search_term_string}"},"query-input":{"@type":"PropertyValueSpecification","valueRequired":true,"valueName":"search_term_string"}}],"inLanguage":"pt-BR"},{"@type":"Organization","@id":"https:\/\/atividademapa.com\/#organization","name":"Atividade MAPA","url":"https:\/\/atividademapa.com\/","logo":{"@type":"ImageObject","inLanguage":"pt-BR","@id":"https:\/\/atividademapa.com\/#\/schema\/logo\/image\/","url":"https:\/\/i0.wp.com\/atividademapa.com\/wp-content\/uploads\/2023\/02\/ATIVIDADE.png?fit=600%2C300&ssl=1","contentUrl":"https:\/\/i0.wp.com\/atividademapa.com\/wp-content\/uploads\/2023\/02\/ATIVIDADE.png?fit=600%2C300&ssl=1","width":600,"height":300,"caption":"Atividade MAPA"},"image":{"@id":"https:\/\/atividademapa.com\/#\/schema\/logo\/image\/"}}]}},"_links":{"self":[{"href":"https:\/\/atividademapa.com\/index.php?rest_route=\/wp\/v2\/product\/3980","targetHints":{"allow":["GET"]}}],"collection":[{"href":"https:\/\/atividademapa.com\/index.php?rest_route=\/wp\/v2\/product"}],"about":[{"href":"https:\/\/atividademapa.com\/index.php?rest_route=\/wp\/v2\/types\/product"}],"version-history":[{"count":3,"href":"https:\/\/atividademapa.com\/index.php?rest_route=\/wp\/v2\/product\/3980\/revisions"}],"predecessor-version":[{"id":3994,"href":"https:\/\/atividademapa.com\/index.php?rest_route=\/wp\/v2\/product\/3980\/revisions\/3994"}],"wp:featuredmedia":[{"embeddable":true,"href":"https:\/\/atividademapa.com\/index.php?rest_route=\/wp\/v2\/media\/2326"}],"wp:attachment":[{"href":"https:\/\/atividademapa.com\/index.php?rest_route=%2Fwp%2Fv2%2Fmedia&parent=3980"}],"wp:term":[{"taxonomy":"product_brand","embeddable":true,"href":"https:\/\/atividademapa.com\/index.php?rest_route=%2Fwp%2Fv2%2Fproduct_brand&post=3980"},{"taxonomy":"product_cat","embeddable":true,"href":"https:\/\/atividademapa.com\/index.php?rest_route=%2Fwp%2Fv2%2Fproduct_cat&post=3980"},{"taxonomy":"product_tag","embeddable":true,"href":"https:\/\/atividademapa.com\/index.php?rest_route=%2Fwp%2Fv2%2Fproduct_tag&post=3980"}],"curies":[{"name":"wp","href":"https:\/\/api.w.org\/{rel}","templated":true}]}}