{"id":4027,"date":"2024-05-16T23:32:20","date_gmt":"2024-05-17T02:32:20","guid":{"rendered":"https:\/\/atividademapa.com\/?post_type=product&#038;p=4027"},"modified":"2024-05-16T23:32:22","modified_gmt":"2024-05-17T02:32:22","slug":"mapa-etica-e-orientacao-profissional-52-2024","status":"publish","type":"product","link":"https:\/\/atividademapa.com\/?product=mapa-etica-e-orientacao-profissional-52-2024","title":{"rendered":"MAPA &#8211; \u00c9TICA E ORIENTA\u00c7\u00c3O PROFISSIONAL &#8211; 52\/2024"},"content":{"rendered":"<p>MAPA &#8211; \u00c9TICA E ORIENTA\u00c7\u00c3O PROFISSIONAL &#8211; 52\/2024<\/p>\n<p>Voc\u00ea finalmente realizou seu sonho de ser nutricionista, concluindo sua gradua\u00e7\u00e3o, mas a pergunta que nos fazemos \u00e9 sempre a mesma: e agora? Junto a isso, vem a ansiedade para iniciar as atividades como nutricionista e, ao mesmo tempo, algumas d\u00favidas de como posso iniciar e divulgar a minha proposta de trabalho.<br class=\"ng-scope\" \/>\u00a0<br class=\"ng-scope\" \/>\u201cPrometo que, ao exercer a profiss\u00e3o de nutricionista, o farei com dignidade e efici\u00eancia, valendo-me da ci\u00eancia da nutri\u00e7\u00e3o, em benef\u00edcio da sa\u00fade da pessoa, sem discrimina\u00e7\u00e3o de qualquer natureza. Prometo, ainda, que serei fiel aos princ\u00edpios da moral e da \u00e9tica. Ao cumprir este juramento com dedica\u00e7\u00e3o, desejo ser merecedor dos louros que a profiss\u00e3o proporciona\u201d.<br class=\"ng-scope\" \/><br class=\"ng-scope\" \/>Fonte: https:\/\/sisnormas.cfn.org.br:8081\/viewPage.html?id=382. Acesso em: 26 abr. 2024.<br class=\"ng-scope\" \/>\u00a0<br class=\"ng-scope\" \/>Terminada sua jornada acad\u00eamica, voc\u00ea n\u00e3o v\u00ea a hora de entrar no mercado de trabalho, mas com isso v\u00eam muitos medos e d\u00favidas.<br class=\"ng-scope\" \/>Independente da \u00e1rea que vai dar seguimento em sua carreira, \u00e9 importante que conhe\u00e7a as normativas e regulamenta\u00e7\u00f5es da profiss\u00e3o para exercer um trabalho \u00e9tico e de respeito.<br class=\"ng-scope\" \/>A partir do momento que voc\u00ea define em qual \u00e1rea atuar, vai precisar conhecer as atribui\u00e7\u00f5es obrigat\u00f3rias.<br class=\"ng-scope\" \/>\u00a0<br class=\"ng-scope\" \/>Sabendo de todos esses fatores, entramos no momento de reconhecer pontos importantes e indispens\u00e1veis para seguirmos com a nossa carreira profissional.<br class=\"ng-scope\" \/>\u00a0<br class=\"ng-scope\" \/>\u200b\u200bVamos trabalhar!<br class=\"ng-scope\" \/>\u00a0<br class=\"ng-scope\" \/>Com seu diploma em m\u00e3os, voc\u00ea dar\u00e1 entrada no Conselho Regional de Nutricionista de sua regi\u00e3o, para obter o n\u00famero de sua inscri\u00e7\u00e3o no conselho e poder atuar como profissional. Enquanto sua carteirinha com seu n\u00famero de inscri\u00e7\u00e3o n\u00e3o chega, vamos revisar alguns conte\u00fados para termos uma atua\u00e7\u00e3o de sucesso?<br class=\"ng-scope\" \/>\u00a0<br class=\"ng-scope\" \/><strong class=\"ng-scope\">Para realizar esta atividade, voc\u00ea dever\u00e1 realizar a leitura da Unidade 4 e do C\u00f3digo de \u00c9tica e de Conduta do Nutricionista.<\/strong><br class=\"ng-scope\" \/><strong class=\"ng-scope\">Para responder aos itens apresentados a seguir, voc\u00ea dever\u00e1 pesquisar e analisar a teoria do livro, bem como utilizar os conhecimentos adquiridos que ser\u00e3o complementados com a reprodu\u00e7\u00e3o das aulas conceituais e das aulas ao vivo. Apresente as respostas de forma sequencial nos locais indicados em seu formul\u00e1rio padr\u00e3o da atividade mapa.<\/strong><br class=\"ng-scope\" \/>\u00a0<br class=\"ng-scope\" \/>1. De acordo com a Resolu\u00e7\u00e3o n\u00ba 600\/2018, o nutricionista pode ter suas atividades pautadas em seis grandes \u00e1reas. Uma dessas grandes \u00e1reas \u00e9 a nutri\u00e7\u00e3o e alimenta\u00e7\u00e3o coletiva, tendo como sub\u00e1rea principal a gest\u00e3o em Unidade de Alimenta\u00e7\u00e3o e Nutri\u00e7\u00e3o (UAN). Quais seriam as atividades obrigat\u00f3rias e atividades complementares a serem desempenhadas pelo nutricionista na \u00e1rea de nutri\u00e7\u00e3o e alimenta\u00e7\u00e3o coletiva na sub\u00e1rea gest\u00e3o de UAN?<br class=\"ng-scope\" \/>\u200b2.\u00a0Voc\u00ea foi contratado por uma empresa fornecedora de alimenta\u00e7\u00e3o coletiva. Quais s\u00e3o as atividades que voc\u00ea, enquanto nutricionista, dever\u00e1 saber e realizar?<br class=\"ng-scope\" \/>\u200b3.\u00a0A empresa que te contratou para cuidar da alimenta\u00e7\u00e3o de seus funcion\u00e1rios \u00e9 uma grande ind\u00fastria de alimentos, que tamb\u00e9m vai precisar de sua ajuda com alguns segmentos, visto que a ind\u00fastria de alimentos tamb\u00e9m contempla uma \u00e1rea da nutri\u00e7\u00e3o. Quais seriam os segmentos que voc\u00ea, enquanto nutricionista, poderia atuar nessa empresa?<br class=\"ng-scope\" \/>\u200b4.\u00a0Dentro de seu contrato nessa ind\u00fastria de alimentos, voc\u00ea ter\u00e1 que desempenhar a fun\u00e7\u00e3o de divulgar os produtos da marca. Ser\u00e1 que pelo C\u00f3digo de \u00c9tica e de Conduta do Nutricionista voc\u00ea poderia fazer isso? Justifique sua resposta.<\/p>\n","protected":false},"excerpt":{"rendered":"<p>MAPA &#8211; \u00c9TICA E ORIENTA\u00c7\u00c3O PROFISSIONAL &#8211; 52\/2024 Voc\u00ea finalmente realizou seu sonho de ser nutricionista, concluindo sua gradua\u00e7\u00e3o, mas<\/p>\n","protected":false},"featured_media":2326,"template":"","meta":{"_monsterinsights_skip_tracking":false,"_monsterinsights_sitenote_active":false,"_monsterinsights_sitenote_note":"","_monsterinsights_sitenote_category":0},"product_brand":[],"product_cat":[54],"product_tag":[],"class_list":{"0":"post-4027","1":"product","2":"type-product","3":"status-publish","4":"has-post-thumbnail","6":"product_cat-nutricao","8":"first","9":"instock","10":"downloadable","11":"virtual","12":"purchasable","13":"product-type-simple"},"yoast_head":"<!-- This site is optimized with the Yoast SEO plugin v27.4 - https:\/\/yoast.com\/product\/yoast-seo-wordpress\/ -->\n<title>MAPA - \u00c9TICA E ORIENTA\u00c7\u00c3O PROFISSIONAL - 52\/2024<\/title>\n<meta name=\"description\" content=\"Atividade MAPA - \u00c9TICA E ORIENTA\u00c7\u00c3O PROFISSIONAL - 52\/2024 &#8902; Unicesumar. Baixe agora mesmo um Mapa Pronto resolvido!\" \/>\n<meta name=\"robots\" content=\"index, follow, max-snippet:-1, max-image-preview:large, max-video-preview:-1\" \/>\n<link rel=\"canonical\" href=\"https:\/\/atividademapa.com\/?product=mapa-etica-e-orientacao-profissional-52-2024\" \/>\n<meta property=\"og:locale\" content=\"pt_BR\" \/>\n<meta property=\"og:type\" content=\"article\" \/>\n<meta property=\"og:title\" content=\"MAPA - \u00c9TICA E ORIENTA\u00c7\u00c3O PROFISSIONAL - 52\/2024\" \/>\n<meta property=\"og:description\" content=\"Atividade MAPA - \u00c9TICA E ORIENTA\u00c7\u00c3O PROFISSIONAL - 52\/2024 &#8902; Unicesumar. Baixe agora mesmo um Mapa Pronto resolvido!\" \/>\n<meta property=\"og:url\" content=\"https:\/\/atividademapa.com\/?product=mapa-etica-e-orientacao-profissional-52-2024\" \/>\n<meta property=\"og:site_name\" content=\"Atividade Mapa\" \/>\n<meta property=\"article:modified_time\" content=\"2024-05-17T02:32:22+00:00\" \/>\n<meta property=\"og:image\" content=\"https:\/\/i0.wp.com\/atividademapa.com\/wp-content\/uploads\/2023\/03\/Atividade-M.A.P.A-3.png?fit=300%2C300&ssl=1\" \/>\n\t<meta property=\"og:image:width\" content=\"300\" \/>\n\t<meta property=\"og:image:height\" content=\"300\" \/>\n\t<meta property=\"og:image:type\" content=\"image\/png\" \/>\n<meta name=\"twitter:card\" content=\"summary_large_image\" \/>\n<meta name=\"twitter:label1\" content=\"Est. tempo de leitura\" \/>\n\t<meta name=\"twitter:data1\" content=\"3 minutos\" \/>\n<script type=\"application\/ld+json\" class=\"yoast-schema-graph\">{\"@context\":\"https:\\\/\\\/schema.org\",\"@graph\":[{\"@type\":\"WebPage\",\"@id\":\"https:\\\/\\\/atividademapa.com\\\/?product=mapa-etica-e-orientacao-profissional-52-2024\",\"url\":\"https:\\\/\\\/atividademapa.com\\\/?product=mapa-etica-e-orientacao-profissional-52-2024\",\"name\":\"MAPA - \u00c9TICA E ORIENTA\u00c7\u00c3O PROFISSIONAL - 52\\\/2024\",\"isPartOf\":{\"@id\":\"https:\\\/\\\/atividademapa.com\\\/#website\"},\"primaryImageOfPage\":{\"@id\":\"https:\\\/\\\/atividademapa.com\\\/?product=mapa-etica-e-orientacao-profissional-52-2024#primaryimage\"},\"image\":{\"@id\":\"https:\\\/\\\/atividademapa.com\\\/?product=mapa-etica-e-orientacao-profissional-52-2024#primaryimage\"},\"thumbnailUrl\":\"https:\\\/\\\/i0.wp.com\\\/atividademapa.com\\\/wp-content\\\/uploads\\\/2023\\\/03\\\/Atividade-M.A.P.A-3.png?fit=300%2C300&ssl=1\",\"datePublished\":\"2024-05-17T02:32:20+00:00\",\"dateModified\":\"2024-05-17T02:32:22+00:00\",\"description\":\"Atividade MAPA - \u00c9TICA E ORIENTA\u00c7\u00c3O PROFISSIONAL - 52\\\/2024 &#8902; Unicesumar. Baixe agora mesmo um Mapa Pronto resolvido!\",\"breadcrumb\":{\"@id\":\"https:\\\/\\\/atividademapa.com\\\/?product=mapa-etica-e-orientacao-profissional-52-2024#breadcrumb\"},\"inLanguage\":\"pt-BR\",\"potentialAction\":[{\"@type\":\"ReadAction\",\"target\":[\"https:\\\/\\\/atividademapa.com\\\/?product=mapa-etica-e-orientacao-profissional-52-2024\"]}]},{\"@type\":\"ImageObject\",\"inLanguage\":\"pt-BR\",\"@id\":\"https:\\\/\\\/atividademapa.com\\\/?product=mapa-etica-e-orientacao-profissional-52-2024#primaryimage\",\"url\":\"https:\\\/\\\/i0.wp.com\\\/atividademapa.com\\\/wp-content\\\/uploads\\\/2023\\\/03\\\/Atividade-M.A.P.A-3.png?fit=300%2C300&ssl=1\",\"contentUrl\":\"https:\\\/\\\/i0.wp.com\\\/atividademapa.com\\\/wp-content\\\/uploads\\\/2023\\\/03\\\/Atividade-M.A.P.A-3.png?fit=300%2C300&ssl=1\",\"width\":300,\"height\":300,\"caption\":\"Mapa Unicesumar Atividade\"},{\"@type\":\"BreadcrumbList\",\"@id\":\"https:\\\/\\\/atividademapa.com\\\/?product=mapa-etica-e-orientacao-profissional-52-2024#breadcrumb\",\"itemListElement\":[{\"@type\":\"ListItem\",\"position\":1,\"name\":\"In\u00edcio\",\"item\":\"https:\\\/\\\/atividademapa.com\\\/\"},{\"@type\":\"ListItem\",\"position\":2,\"name\":\"MAPAS\",\"item\":\"https:\\\/\\\/atividademapa.com\\\/?page_id=5\"},{\"@type\":\"ListItem\",\"position\":3,\"name\":\"MAPA &#8211; \u00c9TICA E ORIENTA\u00c7\u00c3O PROFISSIONAL &#8211; 52\\\/2024\"}]},{\"@type\":\"WebSite\",\"@id\":\"https:\\\/\\\/atividademapa.com\\\/#website\",\"url\":\"https:\\\/\\\/atividademapa.com\\\/\",\"name\":\"Atividade Mapa\",\"description\":\"StudeO | Unicesumar\",\"publisher\":{\"@id\":\"https:\\\/\\\/atividademapa.com\\\/#organization\"},\"potentialAction\":[{\"@type\":\"SearchAction\",\"target\":{\"@type\":\"EntryPoint\",\"urlTemplate\":\"https:\\\/\\\/atividademapa.com\\\/?s={search_term_string}\"},\"query-input\":{\"@type\":\"PropertyValueSpecification\",\"valueRequired\":true,\"valueName\":\"search_term_string\"}}],\"inLanguage\":\"pt-BR\"},{\"@type\":\"Organization\",\"@id\":\"https:\\\/\\\/atividademapa.com\\\/#organization\",\"name\":\"Atividade MAPA\",\"url\":\"https:\\\/\\\/atividademapa.com\\\/\",\"logo\":{\"@type\":\"ImageObject\",\"inLanguage\":\"pt-BR\",\"@id\":\"https:\\\/\\\/atividademapa.com\\\/#\\\/schema\\\/logo\\\/image\\\/\",\"url\":\"https:\\\/\\\/i0.wp.com\\\/atividademapa.com\\\/wp-content\\\/uploads\\\/2023\\\/02\\\/ATIVIDADE.png?fit=600%2C300&ssl=1\",\"contentUrl\":\"https:\\\/\\\/i0.wp.com\\\/atividademapa.com\\\/wp-content\\\/uploads\\\/2023\\\/02\\\/ATIVIDADE.png?fit=600%2C300&ssl=1\",\"width\":600,\"height\":300,\"caption\":\"Atividade MAPA\"},\"image\":{\"@id\":\"https:\\\/\\\/atividademapa.com\\\/#\\\/schema\\\/logo\\\/image\\\/\"}}]}<\/script>\n<!-- \/ Yoast SEO plugin. -->","yoast_head_json":{"title":"MAPA - \u00c9TICA E ORIENTA\u00c7\u00c3O PROFISSIONAL - 52\/2024","description":"Atividade MAPA - \u00c9TICA E ORIENTA\u00c7\u00c3O PROFISSIONAL - 52\/2024 &#8902; Unicesumar. Baixe agora mesmo um Mapa Pronto resolvido!","robots":{"index":"index","follow":"follow","max-snippet":"max-snippet:-1","max-image-preview":"max-image-preview:large","max-video-preview":"max-video-preview:-1"},"canonical":"https:\/\/atividademapa.com\/?product=mapa-etica-e-orientacao-profissional-52-2024","og_locale":"pt_BR","og_type":"article","og_title":"MAPA - \u00c9TICA E ORIENTA\u00c7\u00c3O PROFISSIONAL - 52\/2024","og_description":"Atividade MAPA - \u00c9TICA E ORIENTA\u00c7\u00c3O PROFISSIONAL - 52\/2024 &#8902; Unicesumar. Baixe agora mesmo um Mapa Pronto resolvido!","og_url":"https:\/\/atividademapa.com\/?product=mapa-etica-e-orientacao-profissional-52-2024","og_site_name":"Atividade Mapa","article_modified_time":"2024-05-17T02:32:22+00:00","og_image":[{"width":300,"height":300,"url":"https:\/\/i0.wp.com\/atividademapa.com\/wp-content\/uploads\/2023\/03\/Atividade-M.A.P.A-3.png?fit=300%2C300&ssl=1","type":"image\/png"}],"twitter_card":"summary_large_image","twitter_misc":{"Est. tempo de leitura":"3 minutos"},"schema":{"@context":"https:\/\/schema.org","@graph":[{"@type":"WebPage","@id":"https:\/\/atividademapa.com\/?product=mapa-etica-e-orientacao-profissional-52-2024","url":"https:\/\/atividademapa.com\/?product=mapa-etica-e-orientacao-profissional-52-2024","name":"MAPA - \u00c9TICA E ORIENTA\u00c7\u00c3O PROFISSIONAL - 52\/2024","isPartOf":{"@id":"https:\/\/atividademapa.com\/#website"},"primaryImageOfPage":{"@id":"https:\/\/atividademapa.com\/?product=mapa-etica-e-orientacao-profissional-52-2024#primaryimage"},"image":{"@id":"https:\/\/atividademapa.com\/?product=mapa-etica-e-orientacao-profissional-52-2024#primaryimage"},"thumbnailUrl":"https:\/\/i0.wp.com\/atividademapa.com\/wp-content\/uploads\/2023\/03\/Atividade-M.A.P.A-3.png?fit=300%2C300&ssl=1","datePublished":"2024-05-17T02:32:20+00:00","dateModified":"2024-05-17T02:32:22+00:00","description":"Atividade MAPA - \u00c9TICA E ORIENTA\u00c7\u00c3O PROFISSIONAL - 52\/2024 &#8902; Unicesumar. Baixe agora mesmo um Mapa Pronto resolvido!","breadcrumb":{"@id":"https:\/\/atividademapa.com\/?product=mapa-etica-e-orientacao-profissional-52-2024#breadcrumb"},"inLanguage":"pt-BR","potentialAction":[{"@type":"ReadAction","target":["https:\/\/atividademapa.com\/?product=mapa-etica-e-orientacao-profissional-52-2024"]}]},{"@type":"ImageObject","inLanguage":"pt-BR","@id":"https:\/\/atividademapa.com\/?product=mapa-etica-e-orientacao-profissional-52-2024#primaryimage","url":"https:\/\/i0.wp.com\/atividademapa.com\/wp-content\/uploads\/2023\/03\/Atividade-M.A.P.A-3.png?fit=300%2C300&ssl=1","contentUrl":"https:\/\/i0.wp.com\/atividademapa.com\/wp-content\/uploads\/2023\/03\/Atividade-M.A.P.A-3.png?fit=300%2C300&ssl=1","width":300,"height":300,"caption":"Mapa Unicesumar Atividade"},{"@type":"BreadcrumbList","@id":"https:\/\/atividademapa.com\/?product=mapa-etica-e-orientacao-profissional-52-2024#breadcrumb","itemListElement":[{"@type":"ListItem","position":1,"name":"In\u00edcio","item":"https:\/\/atividademapa.com\/"},{"@type":"ListItem","position":2,"name":"MAPAS","item":"https:\/\/atividademapa.com\/?page_id=5"},{"@type":"ListItem","position":3,"name":"MAPA &#8211; \u00c9TICA E ORIENTA\u00c7\u00c3O PROFISSIONAL &#8211; 52\/2024"}]},{"@type":"WebSite","@id":"https:\/\/atividademapa.com\/#website","url":"https:\/\/atividademapa.com\/","name":"Atividade Mapa","description":"StudeO | Unicesumar","publisher":{"@id":"https:\/\/atividademapa.com\/#organization"},"potentialAction":[{"@type":"SearchAction","target":{"@type":"EntryPoint","urlTemplate":"https:\/\/atividademapa.com\/?s={search_term_string}"},"query-input":{"@type":"PropertyValueSpecification","valueRequired":true,"valueName":"search_term_string"}}],"inLanguage":"pt-BR"},{"@type":"Organization","@id":"https:\/\/atividademapa.com\/#organization","name":"Atividade MAPA","url":"https:\/\/atividademapa.com\/","logo":{"@type":"ImageObject","inLanguage":"pt-BR","@id":"https:\/\/atividademapa.com\/#\/schema\/logo\/image\/","url":"https:\/\/i0.wp.com\/atividademapa.com\/wp-content\/uploads\/2023\/02\/ATIVIDADE.png?fit=600%2C300&ssl=1","contentUrl":"https:\/\/i0.wp.com\/atividademapa.com\/wp-content\/uploads\/2023\/02\/ATIVIDADE.png?fit=600%2C300&ssl=1","width":600,"height":300,"caption":"Atividade MAPA"},"image":{"@id":"https:\/\/atividademapa.com\/#\/schema\/logo\/image\/"}}]}},"_links":{"self":[{"href":"https:\/\/atividademapa.com\/index.php?rest_route=\/wp\/v2\/product\/4027","targetHints":{"allow":["GET"]}}],"collection":[{"href":"https:\/\/atividademapa.com\/index.php?rest_route=\/wp\/v2\/product"}],"about":[{"href":"https:\/\/atividademapa.com\/index.php?rest_route=\/wp\/v2\/types\/product"}],"version-history":[{"count":1,"href":"https:\/\/atividademapa.com\/index.php?rest_route=\/wp\/v2\/product\/4027\/revisions"}],"predecessor-version":[{"id":4029,"href":"https:\/\/atividademapa.com\/index.php?rest_route=\/wp\/v2\/product\/4027\/revisions\/4029"}],"wp:featuredmedia":[{"embeddable":true,"href":"https:\/\/atividademapa.com\/index.php?rest_route=\/wp\/v2\/media\/2326"}],"wp:attachment":[{"href":"https:\/\/atividademapa.com\/index.php?rest_route=%2Fwp%2Fv2%2Fmedia&parent=4027"}],"wp:term":[{"taxonomy":"product_brand","embeddable":true,"href":"https:\/\/atividademapa.com\/index.php?rest_route=%2Fwp%2Fv2%2Fproduct_brand&post=4027"},{"taxonomy":"product_cat","embeddable":true,"href":"https:\/\/atividademapa.com\/index.php?rest_route=%2Fwp%2Fv2%2Fproduct_cat&post=4027"},{"taxonomy":"product_tag","embeddable":true,"href":"https:\/\/atividademapa.com\/index.php?rest_route=%2Fwp%2Fv2%2Fproduct_tag&post=4027"}],"curies":[{"name":"wp","href":"https:\/\/api.w.org\/{rel}","templated":true}]}}