{"id":4056,"date":"2024-05-22T12:17:36","date_gmt":"2024-05-22T15:17:36","guid":{"rendered":"https:\/\/atividademapa.com\/?post_type=product&#038;p=4056"},"modified":"2024-05-25T10:10:16","modified_gmt":"2024-05-25T13:10:16","slug":"mapa-contabilidade-introdutoria-52-2024","status":"publish","type":"product","link":"https:\/\/atividademapa.com\/?product=mapa-contabilidade-introdutoria-52-2024","title":{"rendered":"MAPA &#8211; Contabilidade Introdut\u00f3ria &#8211; 52\/2024"},"content":{"rendered":"<p>MAPA &#8211; Contabilidade Introdut\u00f3ria &#8211; 52\/2024<\/p>\n<p>Ol\u00e1, acad\u00eamico(a) de Ci\u00eancias Cont\u00e1beis.<\/p>\n<p>Chegou o momento de explorar de forma pr\u00e1tica os conte\u00fados aprendidos na disciplina de Contabilidade Introdut\u00f3ria. Para isso, a atividade proposta corresponde ao MAPA (Material de Avalia\u00e7\u00e3o Pr\u00e1tica de Aprendizagem). O objetivo desta atividade \u00e9 que voc\u00ea se sinta imerso em um processo cont\u00e1bil, realizando algumas contabiliza\u00e7\u00f5es e c\u00e1lculos. Vamos l\u00e1?!<\/p>\n<p>Considere que voc\u00ea \u00e9 o contador respons\u00e1vel da empresa Lisboa Com\u00e9rcio de M\u00f3veis Ltda &#8211; ME. Todo in\u00edcio de m\u00eas, voc\u00ea faz o levantamento de toda a documenta\u00e7\u00e3o referente \u00e0 movimenta\u00e7\u00e3o cont\u00e1bil do m\u00eas anterior, para proceder com os registros. Na \u00faltima rela\u00e7\u00e3o de documenta\u00e7\u00f5es, voc\u00ea notou que o departamento financeiro enviou tamb\u00e9m algumas notas fiscais em nome de um dos s\u00f3cios da empresa, sendo tais gastos facilmente identificados como gastos pessoais do s\u00f3cio e sem rela\u00e7\u00e3o com a empresa. Nesse caso, quais documentos voc\u00ea dever\u00e1 levar em considera\u00e7\u00e3o no momento da escritura\u00e7\u00e3o cont\u00e1bil da empresa?<\/p>\n<p>\u00c9 muito comum no dia a dia das empresas, situa\u00e7\u00f5es em que os s\u00f3cios misturam seus gastos pessoais com os gastos da empresa, principalmente em empresas menores e familiares. Por isso, o profissional cont\u00e1bil precisa ter bastante aten\u00e7\u00e3o e habilidade para identificar qual \u00e9 a documenta\u00e7\u00e3o oportuna e, dessa forma, fazer a escritura\u00e7\u00e3o cont\u00e1bil da empresa da maneira correta.<\/p>\n<p>Realize uma pesquisa sobre as normas e princ\u00edpios cont\u00e1beis, para que possa melhor compreender sobre a necessidade de separa\u00e7\u00e3o entre o patrim\u00f4nio do propriet\u00e1rio e o patrim\u00f4nio da empresa.<\/p>\n<p>Como voc\u00ea pode notar, o primeiro passo antes de iniciar o processo cont\u00e1bil \u00e9 a verifica\u00e7\u00e3o de toda a documenta\u00e7\u00e3o do m\u00eas de apura\u00e7\u00e3o, para que haja uma confer\u00eancia geral e a observ\u00e2ncia quanto \u00e0s notas fiscais serem gastos reais da empresa e estarem em seu nome e n\u00e3o no nome dos s\u00f3cios ou propriet\u00e1rios. Tal processo \u00e9 importante para n\u00e3o distorcer as informa\u00e7\u00f5es financeiras a serem geradas.<\/p>\n<p>De acordo com o item 2.4 do CPC 00 (R2) \u201cSe informa\u00e7\u00f5es financeiras devem ser \u00fateis, elas devem ser relevantes e representar fidedignamente aquilo que pretendem representar. A utilidade das informa\u00e7\u00f5es financeiras \u00e9 aumentada se forem compar\u00e1veis, verific\u00e1veis, tempestivas e compreens\u00edveis\u201d. O item 2.13 complementa que \u201cPara ser representa\u00e7\u00e3o perfeitamente fidedigna, a representa\u00e7\u00e3o tem tr\u00eas caracter\u00edsticas. Ela \u00e9 completa, neutra e isenta de erros.\u201d<\/p>\n<p>\u200bCAMELO, Augusto Cesar Oliveira; COSTA, Jos\u00e9 Manoel da; SANTOS,Tatiane Garcia da Silva. Contabilidade Introdut\u00f3ria. Maring\u00e1 &#8211; PR.: Unicesumar, 2021.<br \/>\nElaborado pela Professora, 2024.\u200b<\/p>\n<p>ATIVIDADE PROPOSTA:<\/p>\n<p>A empresa Lisboa Com\u00e9rcio de M\u00f3veis Ltda &#8211; ME comercializa m\u00f3veis infantis, conforme C\u00f3digo Nacional de Atividades Econ\u00f4micas (CNAE): 4754-7\/01 &#8211; Com\u00e9rcio varejista de m\u00f3veis. A empresa deu in\u00edcio \u00e0s suas atividades no dia 01\/11\/2022, e optou pelo regime de tributa\u00e7\u00e3o Lucro Presumido.<\/p>\n<p>No decorrer do m\u00eas de Mar\u00e7o do ano vigente, 2024, ocorreram as seguintes movimenta\u00e7\u00f5es:<\/p>\n<p>1. 01\/03\/2024: Recebimento de clientes no valor de R$8.350,50, via boletos banc\u00e1rios, com a incid\u00eancia de R$18,50 referente a tarifas de cobran\u00e7a (despesas financeiras), descontado da conta corrente da empresa.<\/p>\n<p>2. 04\/03\/2024: Pagamento das contas de telefone, energia, aluguel e \u00e1gua, conforme valores identificados no BP do 4\u00ba trimestre de 2023, via banco.<\/p>\n<p>3. 05\/03\/2024: Pagamento realizado a fornecedor, via banco, no valor de 4.500,00.<\/p>\n<p>4. 08\/03\/2024: Aquisi\u00e7\u00e3o de mercadorias para revenda (controlado na ficha de estoque), da empresa Blue M\u00f3veis Infantis. Pagamento de 40% \u00e0 vista, via pix e restante \u00e0 prazo, para 45 dias. *Desconsidere os tributos da opera\u00e7\u00e3o.<br \/>\n*4 unidades &#8211; C\u00f4moda infantil. Valor total: R$ 2.152,00<br \/>\n*4 unidades &#8211; Ber\u00e7o mini cama. Valor total: R$ 2.900,00<br \/>\n* Frete de R$250,00, a ser pago para a Transportadora Urbana Ltda., com vencimento para 30 dias (Fretes a Pagar). Desconsidere os tributos da opera\u00e7\u00e3o. Rateio pela quantidade de itens comprados.<\/p>\n<p>5. 13\/03\/2024: Devolu\u00e7\u00e3o parcial da aquisi\u00e7\u00e3o de mercadorias realizada em 08\/03\/2024 (fato cont\u00e1bil 4), sendo 1 unidade do Ber\u00e7o mini cama, no valor de R$ 725,00. O valor da devolu\u00e7\u00e3o ser\u00e1 abatido da d\u00edvida com o fornecedor. Considere a parcela do frete da devolu\u00e7\u00e3o como despesa com vendas.<\/p>\n<p>6. 18\/03\/2024. Venda de Mercadorias (controle ficha de estoque), pelo valor total de R$ 27.200,00, ao consumidor final F\u00e1bio Silva. Recebimento via cart\u00e3o de cr\u00e9dito \u00e0 vista (vencimento). Considere que a tarifa cobrada pelo Pagbank (administradora de cart\u00f5es) para vendas no cr\u00e9dito \u00e0 vista \u00e9 de 2% sobre o valor total da venda, sendo efetivado no momento do repasse do valor ao lojista, em 30 dias. Desconsidere os tributos decorrentes da opera\u00e7\u00e3o de venda.<br \/>\n*2 unidades &#8211; C\u00f4moda infantil = 21.000,00<br \/>\n*2 unidades &#8211; Guarda roupa infantil = 3.800,00<br \/>\n*2 unidades &#8211; Ber\u00e7o mini cama = 2.400,00<br \/>\n*Entrega realizada com ve\u00edculo pr\u00f3prio da empresa, portanto n\u00e3o considerar frete nessa opera\u00e7\u00e3o.<\/p>\n<p>7. 31\/03\/2024: Realizar as contabiliza\u00e7\u00f5es das despesas do m\u00eas 03\/2024, com vencimento apenas para 10\/04\/2024, conforme abaixo, sendo que 10% do valor de cada despesa \u00e9 apropriado \u00e0s despesas administrativas e 90% \u00e0s despesas com vendas.<br \/>\n*Telefone no valor de R$ 190,00<br \/>\n*Energia no valor de R$ 1.950,00<br \/>\n*Aluguel no valor de R$ 3.500,00<br \/>\n*\u00c1gua no valor de R$ 250,00.<\/p>\n<p>Com base nos Fatos Cont\u00e1beis acima, o desenvolvimento do trabalho deve contemplar (n\u00e3o necessariamente nessa ordem, pois algumas etapas podem ser realizadas de forma conjunta):<\/p>\n<p>a) Implanta\u00e7\u00e3o dos saldos iniciais (informados na aba \u201cBP &#8211; 4\u00ba TRIMESTRE 2023\u201d) nos razonetes (aba \u201cRAZONETES\u201d);<br \/>\nb) Contabiliza\u00e7\u00e3o de todos os fatos do per\u00edodo na aba \u201cLIVRO DI\u00c1RIO\u201d e atualiza\u00e7\u00e3o dos razonetes para cada conta movimentada no Livro Di\u00e1rio (na aba \u201cRAZONETES\u201d);<br \/>\nc) Elabora\u00e7\u00e3o das fichas de controle de estoque, na aba &#8220;FICHAS ESTOQUES&#8221;;<br \/>\nd) Elabora\u00e7\u00e3o do Balancete com todas as contas (patrimoniais e de resultado), na aba \u201cBALANCETE\u201d.<\/p>\n","protected":false},"excerpt":{"rendered":"<p>MAPA &#8211; Contabilidade Introdut\u00f3ria &#8211; 52\/2024 Ol\u00e1, acad\u00eamico(a) de Ci\u00eancias Cont\u00e1beis. Chegou o momento de explorar de forma pr\u00e1tica os<\/p>\n","protected":false},"featured_media":2326,"template":"","meta":{"_monsterinsights_skip_tracking":false,"_monsterinsights_sitenote_active":false,"_monsterinsights_sitenote_note":"","_monsterinsights_sitenote_category":0},"product_brand":[],"product_cat":[46],"product_tag":[],"class_list":{"0":"post-4056","1":"product","2":"type-product","3":"status-publish","4":"has-post-thumbnail","6":"product_cat-ciencias-contabeis","8":"first","9":"instock","10":"downloadable","11":"virtual","12":"purchasable","13":"product-type-simple"},"yoast_head":"<!-- This site is optimized with the Yoast SEO plugin v27.4 - https:\/\/yoast.com\/product\/yoast-seo-wordpress\/ -->\n<title>MAPA - Contabilidade Introdut\u00f3ria - 52\/2024<\/title>\n<meta name=\"description\" content=\"Atividade MAPA - Contabilidade Introdut\u00f3ria - 52\/2024 &#8902; Unicesumar. Baixe agora mesmo um Mapa Pronto resolvido!\" \/>\n<meta name=\"robots\" content=\"index, follow, max-snippet:-1, max-image-preview:large, max-video-preview:-1\" \/>\n<link rel=\"canonical\" href=\"https:\/\/atividademapa.com\/?product=mapa-contabilidade-introdutoria-52-2024\" \/>\n<meta property=\"og:locale\" content=\"pt_BR\" \/>\n<meta property=\"og:type\" content=\"article\" \/>\n<meta property=\"og:title\" content=\"MAPA - Contabilidade Introdut\u00f3ria - 52\/2024\" \/>\n<meta property=\"og:description\" content=\"Atividade MAPA - Contabilidade Introdut\u00f3ria - 52\/2024 &#8902; Unicesumar. Baixe agora mesmo um Mapa Pronto resolvido!\" \/>\n<meta property=\"og:url\" content=\"https:\/\/atividademapa.com\/?product=mapa-contabilidade-introdutoria-52-2024\" \/>\n<meta property=\"og:site_name\" content=\"Atividade Mapa\" \/>\n<meta property=\"article:modified_time\" content=\"2024-05-25T13:10:16+00:00\" \/>\n<meta property=\"og:image\" content=\"https:\/\/i0.wp.com\/atividademapa.com\/wp-content\/uploads\/2023\/03\/Atividade-M.A.P.A-3.png?fit=300%2C300&ssl=1\" \/>\n\t<meta property=\"og:image:width\" content=\"300\" \/>\n\t<meta property=\"og:image:height\" content=\"300\" \/>\n\t<meta property=\"og:image:type\" content=\"image\/png\" \/>\n<meta name=\"twitter:card\" content=\"summary_large_image\" \/>\n<meta name=\"twitter:label1\" content=\"Est. tempo de leitura\" \/>\n\t<meta name=\"twitter:data1\" content=\"5 minutos\" \/>\n<script type=\"application\/ld+json\" class=\"yoast-schema-graph\">{\"@context\":\"https:\\\/\\\/schema.org\",\"@graph\":[{\"@type\":\"WebPage\",\"@id\":\"https:\\\/\\\/atividademapa.com\\\/?product=mapa-contabilidade-introdutoria-52-2024\",\"url\":\"https:\\\/\\\/atividademapa.com\\\/?product=mapa-contabilidade-introdutoria-52-2024\",\"name\":\"MAPA - Contabilidade Introdut\u00f3ria - 52\\\/2024\",\"isPartOf\":{\"@id\":\"https:\\\/\\\/atividademapa.com\\\/#website\"},\"primaryImageOfPage\":{\"@id\":\"https:\\\/\\\/atividademapa.com\\\/?product=mapa-contabilidade-introdutoria-52-2024#primaryimage\"},\"image\":{\"@id\":\"https:\\\/\\\/atividademapa.com\\\/?product=mapa-contabilidade-introdutoria-52-2024#primaryimage\"},\"thumbnailUrl\":\"https:\\\/\\\/i0.wp.com\\\/atividademapa.com\\\/wp-content\\\/uploads\\\/2023\\\/03\\\/Atividade-M.A.P.A-3.png?fit=300%2C300&ssl=1\",\"datePublished\":\"2024-05-22T15:17:36+00:00\",\"dateModified\":\"2024-05-25T13:10:16+00:00\",\"description\":\"Atividade MAPA - Contabilidade Introdut\u00f3ria - 52\\\/2024 &#8902; Unicesumar. Baixe agora mesmo um Mapa Pronto resolvido!\",\"breadcrumb\":{\"@id\":\"https:\\\/\\\/atividademapa.com\\\/?product=mapa-contabilidade-introdutoria-52-2024#breadcrumb\"},\"inLanguage\":\"pt-BR\",\"potentialAction\":[{\"@type\":\"ReadAction\",\"target\":[\"https:\\\/\\\/atividademapa.com\\\/?product=mapa-contabilidade-introdutoria-52-2024\"]}]},{\"@type\":\"ImageObject\",\"inLanguage\":\"pt-BR\",\"@id\":\"https:\\\/\\\/atividademapa.com\\\/?product=mapa-contabilidade-introdutoria-52-2024#primaryimage\",\"url\":\"https:\\\/\\\/i0.wp.com\\\/atividademapa.com\\\/wp-content\\\/uploads\\\/2023\\\/03\\\/Atividade-M.A.P.A-3.png?fit=300%2C300&ssl=1\",\"contentUrl\":\"https:\\\/\\\/i0.wp.com\\\/atividademapa.com\\\/wp-content\\\/uploads\\\/2023\\\/03\\\/Atividade-M.A.P.A-3.png?fit=300%2C300&ssl=1\",\"width\":300,\"height\":300,\"caption\":\"Mapa Unicesumar Atividade\"},{\"@type\":\"BreadcrumbList\",\"@id\":\"https:\\\/\\\/atividademapa.com\\\/?product=mapa-contabilidade-introdutoria-52-2024#breadcrumb\",\"itemListElement\":[{\"@type\":\"ListItem\",\"position\":1,\"name\":\"In\u00edcio\",\"item\":\"https:\\\/\\\/atividademapa.com\\\/\"},{\"@type\":\"ListItem\",\"position\":2,\"name\":\"MAPAS\",\"item\":\"https:\\\/\\\/atividademapa.com\\\/?page_id=5\"},{\"@type\":\"ListItem\",\"position\":3,\"name\":\"MAPA &#8211; Contabilidade Introdut\u00f3ria &#8211; 52\\\/2024\"}]},{\"@type\":\"WebSite\",\"@id\":\"https:\\\/\\\/atividademapa.com\\\/#website\",\"url\":\"https:\\\/\\\/atividademapa.com\\\/\",\"name\":\"Atividade Mapa\",\"description\":\"StudeO | Unicesumar\",\"publisher\":{\"@id\":\"https:\\\/\\\/atividademapa.com\\\/#organization\"},\"potentialAction\":[{\"@type\":\"SearchAction\",\"target\":{\"@type\":\"EntryPoint\",\"urlTemplate\":\"https:\\\/\\\/atividademapa.com\\\/?s={search_term_string}\"},\"query-input\":{\"@type\":\"PropertyValueSpecification\",\"valueRequired\":true,\"valueName\":\"search_term_string\"}}],\"inLanguage\":\"pt-BR\"},{\"@type\":\"Organization\",\"@id\":\"https:\\\/\\\/atividademapa.com\\\/#organization\",\"name\":\"Atividade MAPA\",\"url\":\"https:\\\/\\\/atividademapa.com\\\/\",\"logo\":{\"@type\":\"ImageObject\",\"inLanguage\":\"pt-BR\",\"@id\":\"https:\\\/\\\/atividademapa.com\\\/#\\\/schema\\\/logo\\\/image\\\/\",\"url\":\"https:\\\/\\\/i0.wp.com\\\/atividademapa.com\\\/wp-content\\\/uploads\\\/2023\\\/02\\\/ATIVIDADE.png?fit=600%2C300&ssl=1\",\"contentUrl\":\"https:\\\/\\\/i0.wp.com\\\/atividademapa.com\\\/wp-content\\\/uploads\\\/2023\\\/02\\\/ATIVIDADE.png?fit=600%2C300&ssl=1\",\"width\":600,\"height\":300,\"caption\":\"Atividade MAPA\"},\"image\":{\"@id\":\"https:\\\/\\\/atividademapa.com\\\/#\\\/schema\\\/logo\\\/image\\\/\"}}]}<\/script>\n<!-- \/ Yoast SEO plugin. -->","yoast_head_json":{"title":"MAPA - Contabilidade Introdut\u00f3ria - 52\/2024","description":"Atividade MAPA - Contabilidade Introdut\u00f3ria - 52\/2024 &#8902; Unicesumar. Baixe agora mesmo um Mapa Pronto resolvido!","robots":{"index":"index","follow":"follow","max-snippet":"max-snippet:-1","max-image-preview":"max-image-preview:large","max-video-preview":"max-video-preview:-1"},"canonical":"https:\/\/atividademapa.com\/?product=mapa-contabilidade-introdutoria-52-2024","og_locale":"pt_BR","og_type":"article","og_title":"MAPA - Contabilidade Introdut\u00f3ria - 52\/2024","og_description":"Atividade MAPA - Contabilidade Introdut\u00f3ria - 52\/2024 &#8902; Unicesumar. Baixe agora mesmo um Mapa Pronto resolvido!","og_url":"https:\/\/atividademapa.com\/?product=mapa-contabilidade-introdutoria-52-2024","og_site_name":"Atividade Mapa","article_modified_time":"2024-05-25T13:10:16+00:00","og_image":[{"width":300,"height":300,"url":"https:\/\/i0.wp.com\/atividademapa.com\/wp-content\/uploads\/2023\/03\/Atividade-M.A.P.A-3.png?fit=300%2C300&ssl=1","type":"image\/png"}],"twitter_card":"summary_large_image","twitter_misc":{"Est. tempo de leitura":"5 minutos"},"schema":{"@context":"https:\/\/schema.org","@graph":[{"@type":"WebPage","@id":"https:\/\/atividademapa.com\/?product=mapa-contabilidade-introdutoria-52-2024","url":"https:\/\/atividademapa.com\/?product=mapa-contabilidade-introdutoria-52-2024","name":"MAPA - Contabilidade Introdut\u00f3ria - 52\/2024","isPartOf":{"@id":"https:\/\/atividademapa.com\/#website"},"primaryImageOfPage":{"@id":"https:\/\/atividademapa.com\/?product=mapa-contabilidade-introdutoria-52-2024#primaryimage"},"image":{"@id":"https:\/\/atividademapa.com\/?product=mapa-contabilidade-introdutoria-52-2024#primaryimage"},"thumbnailUrl":"https:\/\/i0.wp.com\/atividademapa.com\/wp-content\/uploads\/2023\/03\/Atividade-M.A.P.A-3.png?fit=300%2C300&ssl=1","datePublished":"2024-05-22T15:17:36+00:00","dateModified":"2024-05-25T13:10:16+00:00","description":"Atividade MAPA - Contabilidade Introdut\u00f3ria - 52\/2024 &#8902; Unicesumar. Baixe agora mesmo um Mapa Pronto resolvido!","breadcrumb":{"@id":"https:\/\/atividademapa.com\/?product=mapa-contabilidade-introdutoria-52-2024#breadcrumb"},"inLanguage":"pt-BR","potentialAction":[{"@type":"ReadAction","target":["https:\/\/atividademapa.com\/?product=mapa-contabilidade-introdutoria-52-2024"]}]},{"@type":"ImageObject","inLanguage":"pt-BR","@id":"https:\/\/atividademapa.com\/?product=mapa-contabilidade-introdutoria-52-2024#primaryimage","url":"https:\/\/i0.wp.com\/atividademapa.com\/wp-content\/uploads\/2023\/03\/Atividade-M.A.P.A-3.png?fit=300%2C300&ssl=1","contentUrl":"https:\/\/i0.wp.com\/atividademapa.com\/wp-content\/uploads\/2023\/03\/Atividade-M.A.P.A-3.png?fit=300%2C300&ssl=1","width":300,"height":300,"caption":"Mapa Unicesumar Atividade"},{"@type":"BreadcrumbList","@id":"https:\/\/atividademapa.com\/?product=mapa-contabilidade-introdutoria-52-2024#breadcrumb","itemListElement":[{"@type":"ListItem","position":1,"name":"In\u00edcio","item":"https:\/\/atividademapa.com\/"},{"@type":"ListItem","position":2,"name":"MAPAS","item":"https:\/\/atividademapa.com\/?page_id=5"},{"@type":"ListItem","position":3,"name":"MAPA &#8211; Contabilidade Introdut\u00f3ria &#8211; 52\/2024"}]},{"@type":"WebSite","@id":"https:\/\/atividademapa.com\/#website","url":"https:\/\/atividademapa.com\/","name":"Atividade Mapa","description":"StudeO | Unicesumar","publisher":{"@id":"https:\/\/atividademapa.com\/#organization"},"potentialAction":[{"@type":"SearchAction","target":{"@type":"EntryPoint","urlTemplate":"https:\/\/atividademapa.com\/?s={search_term_string}"},"query-input":{"@type":"PropertyValueSpecification","valueRequired":true,"valueName":"search_term_string"}}],"inLanguage":"pt-BR"},{"@type":"Organization","@id":"https:\/\/atividademapa.com\/#organization","name":"Atividade MAPA","url":"https:\/\/atividademapa.com\/","logo":{"@type":"ImageObject","inLanguage":"pt-BR","@id":"https:\/\/atividademapa.com\/#\/schema\/logo\/image\/","url":"https:\/\/i0.wp.com\/atividademapa.com\/wp-content\/uploads\/2023\/02\/ATIVIDADE.png?fit=600%2C300&ssl=1","contentUrl":"https:\/\/i0.wp.com\/atividademapa.com\/wp-content\/uploads\/2023\/02\/ATIVIDADE.png?fit=600%2C300&ssl=1","width":600,"height":300,"caption":"Atividade MAPA"},"image":{"@id":"https:\/\/atividademapa.com\/#\/schema\/logo\/image\/"}}]}},"_links":{"self":[{"href":"https:\/\/atividademapa.com\/index.php?rest_route=\/wp\/v2\/product\/4056","targetHints":{"allow":["GET"]}}],"collection":[{"href":"https:\/\/atividademapa.com\/index.php?rest_route=\/wp\/v2\/product"}],"about":[{"href":"https:\/\/atividademapa.com\/index.php?rest_route=\/wp\/v2\/types\/product"}],"version-history":[{"count":1,"href":"https:\/\/atividademapa.com\/index.php?rest_route=\/wp\/v2\/product\/4056\/revisions"}],"predecessor-version":[{"id":4058,"href":"https:\/\/atividademapa.com\/index.php?rest_route=\/wp\/v2\/product\/4056\/revisions\/4058"}],"wp:featuredmedia":[{"embeddable":true,"href":"https:\/\/atividademapa.com\/index.php?rest_route=\/wp\/v2\/media\/2326"}],"wp:attachment":[{"href":"https:\/\/atividademapa.com\/index.php?rest_route=%2Fwp%2Fv2%2Fmedia&parent=4056"}],"wp:term":[{"taxonomy":"product_brand","embeddable":true,"href":"https:\/\/atividademapa.com\/index.php?rest_route=%2Fwp%2Fv2%2Fproduct_brand&post=4056"},{"taxonomy":"product_cat","embeddable":true,"href":"https:\/\/atividademapa.com\/index.php?rest_route=%2Fwp%2Fv2%2Fproduct_cat&post=4056"},{"taxonomy":"product_tag","embeddable":true,"href":"https:\/\/atividademapa.com\/index.php?rest_route=%2Fwp%2Fv2%2Fproduct_tag&post=4056"}],"curies":[{"name":"wp","href":"https:\/\/api.w.org\/{rel}","templated":true}]}}