{"id":4064,"date":"2024-05-22T23:10:21","date_gmt":"2024-05-23T02:10:21","guid":{"rendered":"https:\/\/atividademapa.com\/?post_type=product&#038;p=4064"},"modified":"2024-05-22T23:10:23","modified_gmt":"2024-05-23T02:10:23","slug":"mapa-tecnico-em-radiologia-modulo-92","status":"publish","type":"product","link":"https:\/\/atividademapa.com\/?product=mapa-tecnico-em-radiologia-modulo-92","title":{"rendered":"Mapa &#8211; T\u00e9cnico em Radiologia &#8211; M\u00f3dulo 92"},"content":{"rendered":"<p>Proposta da atividade:<\/p>\n<p>Paciente, A, J, M, 59 anos, hipertensa, ansiosa, com doen\u00e7a da art\u00e9ria coron\u00e1ria, diab\u00e9tica, com cardiomegalia, em tratamento farmacol\u00f3gico di\u00e1rio em casa, sob acompanhamento ambulatorial h\u00e1 5 anos. Entretanto, chega ao pronto atendimento com dor referida no peito, com irradia\u00e7\u00e3o para o membro superior esquerdo, sudorese e em mal-estar geral. No momento, n\u00e3o refere outras comorbidades.<br \/>\nAp\u00f3s serem realizados todos os procedimentos m\u00e9dicos para reverter o quadro de desconforto, foi encaminhada para a sala de RAIO-X, com proposta de RAIO \u2013 X de t\u00f3rax, em busca da investiga\u00e7\u00e3o deste quadro agudo. A paciente aguarda instru\u00e7\u00f5es do(a) T\u00e9cnico(a) em Radiologia para prosseguir o exame.<br \/>\nVoc\u00ea deve realizar uma busca em reposit\u00f3rios, artigos cient\u00edficos e em bancos online, uma s\u00e9rie de imagens radiogr\u00e1ficas variadas e observar detalhes espec\u00edficos.<\/p>\n<p>Desta forma, conseguir\u00e1 atrav\u00e9s das imagens selecionadas, realizar as seguintes tarefas:<\/p>\n<p>1. Relato preliminar: Relate atrav\u00e9s de um texto quais s\u00e3o os par\u00e2metros t\u00e9cnicos, como: exposi\u00e7\u00e3o (dose de radia\u00e7\u00e3o adequada ou densidade), qual o comando que \u00e9 referido ao paciente durante o exame; como o paciente deve ser posicionado durante o exame \u2013 como alinhamento e centraliza\u00e7\u00e3o e qual direcionamento adequado do aparelho para um Raio-X de t\u00f3rax:<\/p>\n<p>2. Incid\u00eancias: Escolha duas incid\u00eancias no seu banco de imagens que corrobore com a patologia descrita acima e relate qual \u00e9 o tipo de incid\u00eancia que foi escolhida:<\/p>\n<p>3. Biosseguran\u00e7a: Estabele\u00e7a no m\u00ednimo tr\u00eas pontos importantes durante a realiza\u00e7\u00e3o do exame de RAIO-X de t\u00f3rax que garantam a biosseguran\u00e7a n\u00e3o s\u00f3 do T\u00e9cnico de Radiologia, como tamb\u00e9m do paciente:<\/p>\n<p>4. Comando ao paciente: Crie um comando para a realiza\u00e7\u00e3o do exame da paciente relatada (levando em conta que a mesma se encontra ansiosa) e descreva para a paciente qual o procedimento que voc\u00ea realizar\u00e1 dentro da sala de Raio-X:<\/p>\n<p>5. Registro de observa\u00e7\u00f5es: Ap\u00f3s selecionar a(s) imagem(s) que julga ser compat\u00edveis com o quadro da paciente, registre suas observa\u00e7\u00f5es sobre a semiologia cl\u00ednica, isto \u00e9, tudo o que se encontra dentro da imagem de RAIO-X de t\u00f3rax. Exemplo: partes moles, esqueleto tor\u00e1cico, nitidez, \u00f3rg\u00e3os, entre outros:<\/p>\n<p>&nbsp;<\/p>\n","protected":false},"excerpt":{"rendered":"<p>Proposta da atividade: Paciente, A, J, M, 59 anos, hipertensa, ansiosa, com doen\u00e7a da art\u00e9ria coron\u00e1ria, diab\u00e9tica, com cardiomegalia, em<\/p>\n","protected":false},"featured_media":2326,"template":"","meta":{"_monsterinsights_skip_tracking":false,"_monsterinsights_sitenote_active":false,"_monsterinsights_sitenote_note":"","_monsterinsights_sitenote_category":0},"product_brand":[],"product_cat":[132,24],"product_tag":[],"class_list":{"0":"post-4064","1":"product","2":"type-product","3":"status-publish","4":"has-post-thumbnail","6":"product_cat-modulo-92","7":"product_cat-radiologia","9":"first","10":"instock","11":"downloadable","12":"virtual","13":"purchasable","14":"product-type-simple"},"yoast_head":"<!-- This site is optimized with the Yoast SEO plugin v27.4 - https:\/\/yoast.com\/product\/yoast-seo-wordpress\/ -->\n<title>Mapa - T\u00e9cnico em Radiologia - M\u00f3dulo 92<\/title>\n<meta name=\"description\" content=\"Atividade Mapa - T\u00e9cnico em Radiologia - M\u00f3dulo 92 &#8902; Unicesumar. Baixe agora mesmo um Mapa Pronto resolvido!\" \/>\n<meta name=\"robots\" content=\"index, follow, max-snippet:-1, max-image-preview:large, max-video-preview:-1\" \/>\n<link rel=\"canonical\" href=\"https:\/\/atividademapa.com\/?product=mapa-tecnico-em-radiologia-modulo-92\" \/>\n<meta property=\"og:locale\" content=\"pt_BR\" \/>\n<meta property=\"og:type\" content=\"article\" \/>\n<meta property=\"og:title\" content=\"Mapa - T\u00e9cnico em Radiologia - M\u00f3dulo 92\" \/>\n<meta property=\"og:description\" content=\"Atividade Mapa - T\u00e9cnico em Radiologia - M\u00f3dulo 92 &#8902; Unicesumar. Baixe agora mesmo um Mapa Pronto resolvido!\" \/>\n<meta property=\"og:url\" content=\"https:\/\/atividademapa.com\/?product=mapa-tecnico-em-radiologia-modulo-92\" \/>\n<meta property=\"og:site_name\" content=\"Atividade Mapa\" \/>\n<meta property=\"article:modified_time\" content=\"2024-05-23T02:10:23+00:00\" \/>\n<meta property=\"og:image\" content=\"https:\/\/i0.wp.com\/atividademapa.com\/wp-content\/uploads\/2023\/03\/Atividade-M.A.P.A-3.png?fit=300%2C300&ssl=1\" \/>\n\t<meta property=\"og:image:width\" content=\"300\" \/>\n\t<meta property=\"og:image:height\" content=\"300\" \/>\n\t<meta property=\"og:image:type\" content=\"image\/png\" \/>\n<meta name=\"twitter:card\" content=\"summary_large_image\" \/>\n<meta name=\"twitter:label1\" content=\"Est. tempo de leitura\" \/>\n\t<meta name=\"twitter:data1\" content=\"2 minutos\" \/>\n<script type=\"application\/ld+json\" class=\"yoast-schema-graph\">{\"@context\":\"https:\\\/\\\/schema.org\",\"@graph\":[{\"@type\":\"WebPage\",\"@id\":\"https:\\\/\\\/atividademapa.com\\\/?product=mapa-tecnico-em-radiologia-modulo-92\",\"url\":\"https:\\\/\\\/atividademapa.com\\\/?product=mapa-tecnico-em-radiologia-modulo-92\",\"name\":\"Mapa - T\u00e9cnico em Radiologia - M\u00f3dulo 92\",\"isPartOf\":{\"@id\":\"https:\\\/\\\/atividademapa.com\\\/#website\"},\"primaryImageOfPage\":{\"@id\":\"https:\\\/\\\/atividademapa.com\\\/?product=mapa-tecnico-em-radiologia-modulo-92#primaryimage\"},\"image\":{\"@id\":\"https:\\\/\\\/atividademapa.com\\\/?product=mapa-tecnico-em-radiologia-modulo-92#primaryimage\"},\"thumbnailUrl\":\"https:\\\/\\\/i0.wp.com\\\/atividademapa.com\\\/wp-content\\\/uploads\\\/2023\\\/03\\\/Atividade-M.A.P.A-3.png?fit=300%2C300&ssl=1\",\"datePublished\":\"2024-05-23T02:10:21+00:00\",\"dateModified\":\"2024-05-23T02:10:23+00:00\",\"description\":\"Atividade Mapa - T\u00e9cnico em Radiologia - M\u00f3dulo 92 &#8902; Unicesumar. Baixe agora mesmo um Mapa Pronto resolvido!\",\"breadcrumb\":{\"@id\":\"https:\\\/\\\/atividademapa.com\\\/?product=mapa-tecnico-em-radiologia-modulo-92#breadcrumb\"},\"inLanguage\":\"pt-BR\",\"potentialAction\":[{\"@type\":\"ReadAction\",\"target\":[\"https:\\\/\\\/atividademapa.com\\\/?product=mapa-tecnico-em-radiologia-modulo-92\"]}]},{\"@type\":\"ImageObject\",\"inLanguage\":\"pt-BR\",\"@id\":\"https:\\\/\\\/atividademapa.com\\\/?product=mapa-tecnico-em-radiologia-modulo-92#primaryimage\",\"url\":\"https:\\\/\\\/i0.wp.com\\\/atividademapa.com\\\/wp-content\\\/uploads\\\/2023\\\/03\\\/Atividade-M.A.P.A-3.png?fit=300%2C300&ssl=1\",\"contentUrl\":\"https:\\\/\\\/i0.wp.com\\\/atividademapa.com\\\/wp-content\\\/uploads\\\/2023\\\/03\\\/Atividade-M.A.P.A-3.png?fit=300%2C300&ssl=1\",\"width\":300,\"height\":300,\"caption\":\"Mapa Unicesumar Atividade\"},{\"@type\":\"BreadcrumbList\",\"@id\":\"https:\\\/\\\/atividademapa.com\\\/?product=mapa-tecnico-em-radiologia-modulo-92#breadcrumb\",\"itemListElement\":[{\"@type\":\"ListItem\",\"position\":1,\"name\":\"In\u00edcio\",\"item\":\"https:\\\/\\\/atividademapa.com\\\/\"},{\"@type\":\"ListItem\",\"position\":2,\"name\":\"MAPAS\",\"item\":\"https:\\\/\\\/atividademapa.com\\\/?page_id=5\"},{\"@type\":\"ListItem\",\"position\":3,\"name\":\"Mapa &#8211; T\u00e9cnico em Radiologia &#8211; M\u00f3dulo 92\"}]},{\"@type\":\"WebSite\",\"@id\":\"https:\\\/\\\/atividademapa.com\\\/#website\",\"url\":\"https:\\\/\\\/atividademapa.com\\\/\",\"name\":\"Atividade Mapa\",\"description\":\"StudeO | Unicesumar\",\"publisher\":{\"@id\":\"https:\\\/\\\/atividademapa.com\\\/#organization\"},\"potentialAction\":[{\"@type\":\"SearchAction\",\"target\":{\"@type\":\"EntryPoint\",\"urlTemplate\":\"https:\\\/\\\/atividademapa.com\\\/?s={search_term_string}\"},\"query-input\":{\"@type\":\"PropertyValueSpecification\",\"valueRequired\":true,\"valueName\":\"search_term_string\"}}],\"inLanguage\":\"pt-BR\"},{\"@type\":\"Organization\",\"@id\":\"https:\\\/\\\/atividademapa.com\\\/#organization\",\"name\":\"Atividade MAPA\",\"url\":\"https:\\\/\\\/atividademapa.com\\\/\",\"logo\":{\"@type\":\"ImageObject\",\"inLanguage\":\"pt-BR\",\"@id\":\"https:\\\/\\\/atividademapa.com\\\/#\\\/schema\\\/logo\\\/image\\\/\",\"url\":\"https:\\\/\\\/i0.wp.com\\\/atividademapa.com\\\/wp-content\\\/uploads\\\/2023\\\/02\\\/ATIVIDADE.png?fit=600%2C300&ssl=1\",\"contentUrl\":\"https:\\\/\\\/i0.wp.com\\\/atividademapa.com\\\/wp-content\\\/uploads\\\/2023\\\/02\\\/ATIVIDADE.png?fit=600%2C300&ssl=1\",\"width\":600,\"height\":300,\"caption\":\"Atividade MAPA\"},\"image\":{\"@id\":\"https:\\\/\\\/atividademapa.com\\\/#\\\/schema\\\/logo\\\/image\\\/\"}}]}<\/script>\n<!-- \/ Yoast SEO plugin. -->","yoast_head_json":{"title":"Mapa - T\u00e9cnico em Radiologia - M\u00f3dulo 92","description":"Atividade Mapa - T\u00e9cnico em Radiologia - M\u00f3dulo 92 &#8902; Unicesumar. Baixe agora mesmo um Mapa Pronto resolvido!","robots":{"index":"index","follow":"follow","max-snippet":"max-snippet:-1","max-image-preview":"max-image-preview:large","max-video-preview":"max-video-preview:-1"},"canonical":"https:\/\/atividademapa.com\/?product=mapa-tecnico-em-radiologia-modulo-92","og_locale":"pt_BR","og_type":"article","og_title":"Mapa - T\u00e9cnico em Radiologia - M\u00f3dulo 92","og_description":"Atividade Mapa - T\u00e9cnico em Radiologia - M\u00f3dulo 92 &#8902; Unicesumar. Baixe agora mesmo um Mapa Pronto resolvido!","og_url":"https:\/\/atividademapa.com\/?product=mapa-tecnico-em-radiologia-modulo-92","og_site_name":"Atividade Mapa","article_modified_time":"2024-05-23T02:10:23+00:00","og_image":[{"width":300,"height":300,"url":"https:\/\/i0.wp.com\/atividademapa.com\/wp-content\/uploads\/2023\/03\/Atividade-M.A.P.A-3.png?fit=300%2C300&ssl=1","type":"image\/png"}],"twitter_card":"summary_large_image","twitter_misc":{"Est. tempo de leitura":"2 minutos"},"schema":{"@context":"https:\/\/schema.org","@graph":[{"@type":"WebPage","@id":"https:\/\/atividademapa.com\/?product=mapa-tecnico-em-radiologia-modulo-92","url":"https:\/\/atividademapa.com\/?product=mapa-tecnico-em-radiologia-modulo-92","name":"Mapa - T\u00e9cnico em Radiologia - M\u00f3dulo 92","isPartOf":{"@id":"https:\/\/atividademapa.com\/#website"},"primaryImageOfPage":{"@id":"https:\/\/atividademapa.com\/?product=mapa-tecnico-em-radiologia-modulo-92#primaryimage"},"image":{"@id":"https:\/\/atividademapa.com\/?product=mapa-tecnico-em-radiologia-modulo-92#primaryimage"},"thumbnailUrl":"https:\/\/i0.wp.com\/atividademapa.com\/wp-content\/uploads\/2023\/03\/Atividade-M.A.P.A-3.png?fit=300%2C300&ssl=1","datePublished":"2024-05-23T02:10:21+00:00","dateModified":"2024-05-23T02:10:23+00:00","description":"Atividade Mapa - T\u00e9cnico em Radiologia - M\u00f3dulo 92 &#8902; Unicesumar. Baixe agora mesmo um Mapa Pronto resolvido!","breadcrumb":{"@id":"https:\/\/atividademapa.com\/?product=mapa-tecnico-em-radiologia-modulo-92#breadcrumb"},"inLanguage":"pt-BR","potentialAction":[{"@type":"ReadAction","target":["https:\/\/atividademapa.com\/?product=mapa-tecnico-em-radiologia-modulo-92"]}]},{"@type":"ImageObject","inLanguage":"pt-BR","@id":"https:\/\/atividademapa.com\/?product=mapa-tecnico-em-radiologia-modulo-92#primaryimage","url":"https:\/\/i0.wp.com\/atividademapa.com\/wp-content\/uploads\/2023\/03\/Atividade-M.A.P.A-3.png?fit=300%2C300&ssl=1","contentUrl":"https:\/\/i0.wp.com\/atividademapa.com\/wp-content\/uploads\/2023\/03\/Atividade-M.A.P.A-3.png?fit=300%2C300&ssl=1","width":300,"height":300,"caption":"Mapa Unicesumar Atividade"},{"@type":"BreadcrumbList","@id":"https:\/\/atividademapa.com\/?product=mapa-tecnico-em-radiologia-modulo-92#breadcrumb","itemListElement":[{"@type":"ListItem","position":1,"name":"In\u00edcio","item":"https:\/\/atividademapa.com\/"},{"@type":"ListItem","position":2,"name":"MAPAS","item":"https:\/\/atividademapa.com\/?page_id=5"},{"@type":"ListItem","position":3,"name":"Mapa &#8211; T\u00e9cnico em Radiologia &#8211; M\u00f3dulo 92"}]},{"@type":"WebSite","@id":"https:\/\/atividademapa.com\/#website","url":"https:\/\/atividademapa.com\/","name":"Atividade Mapa","description":"StudeO | Unicesumar","publisher":{"@id":"https:\/\/atividademapa.com\/#organization"},"potentialAction":[{"@type":"SearchAction","target":{"@type":"EntryPoint","urlTemplate":"https:\/\/atividademapa.com\/?s={search_term_string}"},"query-input":{"@type":"PropertyValueSpecification","valueRequired":true,"valueName":"search_term_string"}}],"inLanguage":"pt-BR"},{"@type":"Organization","@id":"https:\/\/atividademapa.com\/#organization","name":"Atividade MAPA","url":"https:\/\/atividademapa.com\/","logo":{"@type":"ImageObject","inLanguage":"pt-BR","@id":"https:\/\/atividademapa.com\/#\/schema\/logo\/image\/","url":"https:\/\/i0.wp.com\/atividademapa.com\/wp-content\/uploads\/2023\/02\/ATIVIDADE.png?fit=600%2C300&ssl=1","contentUrl":"https:\/\/i0.wp.com\/atividademapa.com\/wp-content\/uploads\/2023\/02\/ATIVIDADE.png?fit=600%2C300&ssl=1","width":600,"height":300,"caption":"Atividade MAPA"},"image":{"@id":"https:\/\/atividademapa.com\/#\/schema\/logo\/image\/"}}]}},"_links":{"self":[{"href":"https:\/\/atividademapa.com\/index.php?rest_route=\/wp\/v2\/product\/4064","targetHints":{"allow":["GET"]}}],"collection":[{"href":"https:\/\/atividademapa.com\/index.php?rest_route=\/wp\/v2\/product"}],"about":[{"href":"https:\/\/atividademapa.com\/index.php?rest_route=\/wp\/v2\/types\/product"}],"version-history":[{"count":1,"href":"https:\/\/atividademapa.com\/index.php?rest_route=\/wp\/v2\/product\/4064\/revisions"}],"predecessor-version":[{"id":4066,"href":"https:\/\/atividademapa.com\/index.php?rest_route=\/wp\/v2\/product\/4064\/revisions\/4066"}],"wp:featuredmedia":[{"embeddable":true,"href":"https:\/\/atividademapa.com\/index.php?rest_route=\/wp\/v2\/media\/2326"}],"wp:attachment":[{"href":"https:\/\/atividademapa.com\/index.php?rest_route=%2Fwp%2Fv2%2Fmedia&parent=4064"}],"wp:term":[{"taxonomy":"product_brand","embeddable":true,"href":"https:\/\/atividademapa.com\/index.php?rest_route=%2Fwp%2Fv2%2Fproduct_brand&post=4064"},{"taxonomy":"product_cat","embeddable":true,"href":"https:\/\/atividademapa.com\/index.php?rest_route=%2Fwp%2Fv2%2Fproduct_cat&post=4064"},{"taxonomy":"product_tag","embeddable":true,"href":"https:\/\/atividademapa.com\/index.php?rest_route=%2Fwp%2Fv2%2Fproduct_tag&post=4064"}],"curies":[{"name":"wp","href":"https:\/\/api.w.org\/{rel}","templated":true}]}}