{"id":4090,"date":"2024-05-24T11:50:50","date_gmt":"2024-05-24T14:50:50","guid":{"rendered":"https:\/\/atividademapa.com\/?post_type=product&#038;p=4090"},"modified":"2024-05-24T11:51:05","modified_gmt":"2024-05-24T14:51:05","slug":"mapa-normas-tecnicas-em-seguranca-do-trabalho-nr-52_2024","status":"publish","type":"product","link":"https:\/\/atividademapa.com\/?product=mapa-normas-tecnicas-em-seguranca-do-trabalho-nr-52_2024","title":{"rendered":"MAPA Normas T\u00e9cnicas em Seguran\u00e7a do Trabalho NR &#8211; 52_2024"},"content":{"rendered":"<p>MAPA &#8211; SEG &#8211; NORMAS T\u00c9CNICAS EM SEGURAN\u00c7A NO TRABALHO &#8211; NR &#8211; 52_2024<\/p>\n<div class=\"ng-scope\">\n<p>Voc\u00ea sabe quando a organiza\u00e7\u00e3o \u00e9 obrigada a constituir uma CIPA (Comiss\u00e3o Interna de Preven\u00e7\u00e3o de Acidentes e de Ass\u00e9dio)? Voc\u00ea sabe qual a fun\u00e7\u00e3o da CIPA dentro das organiza\u00e7\u00f5es?<\/p>\n<p>A Norma Regulamentadora &#8211; NR 5 possui uma tabela que estabelece as organiza\u00e7\u00f5es que precisam constituir e manter funcionando a CIPA, na tabela consta o n\u00famero de funcion\u00e1rios que devem ser eleitos e a mesma quantidade deve ser indicada pelo empregador. E \u00e9 por isso que a CIPA \u00e9 uma comiss\u00e3o, metade de seus membros \u00e9 eleita e s\u00e3o representantes dos empregados e a outra metade \u00e9 indica e s\u00e3o representantes do empregador.<\/p>\n<p>Os representantes dos empregados e dos empregadores em suas fun\u00e7\u00f5es n\u00e3o tem diferen\u00e7a, tem que estar junto aos funcion\u00e1rios, ouvindo o que est\u00e1 bom e o que poderia melhorar, para reduzir o n\u00famero de acidentes e reduzir as doen\u00e7as ocupacionais. A \u00fanica diferen\u00e7a \u00e9 que o eleito pelos funcion\u00e1rios tem estabilidade desde a sua candidatura at\u00e9 1 ano ap\u00f3s o t\u00e9rmino de seu mandato, permitida uma reelei\u00e7\u00e3o.<\/p>\n<p>Diante disso, leia o excerto a seguir:<br \/>\nA CIPA (Comiss\u00e3o Interna de Preven\u00e7\u00e3o de Acidentes e de Ass\u00e9dio) \u00e9 uma importante inst\u00e2ncia nas empresas. Sua fun\u00e7\u00e3o principal \u00e9 promover a seguran\u00e7a e sa\u00fade ocupacional dos colaboradores, atuando na identifica\u00e7\u00e3o e preven\u00e7\u00e3o de riscos no ambiente de trabalho.<br \/>\nA forma\u00e7\u00e3o da CIPA \u00e9 definida pela legisla\u00e7\u00e3o trabalhista, garantindo a participa\u00e7\u00e3o de funcion\u00e1rios e representantes da empresa. Essa composi\u00e7\u00e3o permite a exist\u00eancia de diferentes perspectivas, contribuindo para a efetividade das a\u00e7\u00f5es de preven\u00e7\u00e3o.<br \/>\nA import\u00e2ncia da CIPA \u00e9 evidente quando consideramos seus benef\u00edcios tanto para os funcion\u00e1rios quanto para as empresas. Ela contribui para a redu\u00e7\u00e3o de acidentes e doen\u00e7as ocupacionais, promovendo um ambiente de trabalho seguro, saud\u00e1vel e produtivo.<br \/>\nA CIPA \u00e9 formada por representantes dos colaboradores e da empresa, com mandato de um ano. Ela desempenha um papel fundamental na identifica\u00e7\u00e3o de riscos, na investiga\u00e7\u00e3o de acidentes e na implementa\u00e7\u00e3o de medidas preventivas.<br \/>\nAl\u00e9m de representar o interesse dos funcion\u00e1rios, a CIPA tamb\u00e9m tem a fun\u00e7\u00e3o de fiscalizar o cumprimento das normas de seguran\u00e7a no trabalho. Ela realiza inspe\u00e7\u00f5es peri\u00f3dicas nos ambientes de trabalho, identificando poss\u00edveis irregularidades e sugerindo melhorias.<\/p>\n<\/div>\n<div class=\"ng-scope\">Dispon\u00edvel em: &lt;https:\/\/bit.ly\/491TKyn&gt;. Acesso em: 16 Mar. 2024.<\/div>\n<div class=\"ng-scope\">Mediante o exposto, e com base nos conhecimentos adquiridos na disciplina de Normas T\u00e9cnicas em Seguran\u00e7a do Trabalho, nossa atividade MAPA consiste na seguinte situa\u00e7\u00e3o hipot\u00e9tica:&#8221;Supondo que voc\u00ea foi contratado como tecn\u00f3logo em seguran\u00e7a no trabalho, em uma ind\u00fastria de fabrica\u00e7\u00e3o de sorvetes e outros gelados comest\u00edveis, com CNAE (Classifica\u00e7\u00e3o Nacional de Atividades Econ\u00f4micas) igual a 10.53-8 com 351 funcion\u00e1rios e grau de risco 3. A fabrica\u00e7\u00e3o de sorvetes pode ser tanto de massa como de picol\u00e9s e tamb\u00e9m a\u00e7a\u00ed.&#8221;<\/p>\n<p>Os profissionais da seguran\u00e7a do trabalho precisam acompanhar todo o processo de elei\u00e7\u00e3o e posse, dimensionamento e treinamento dos cipeiros, considerando a NR 05\/2022. Lembrando que a CIPA possui os funcion\u00e1rios eleitos (representantes dos empregados) e indicados (representantes do empregador). Para isso considere a tabela abaixo:<\/p>\n<p><img data-recalc-dims=\"1\" decoding=\"async\" src=\"https:\/\/i0.wp.com\/sistemasead.unicesumar.edu.br\/flex\/amfphp\/services\/Portal\/ImagemQuestionario2\/QUE_204906_579649_1.jpg?ssl=1\" alt=\"\" \/><br \/>\nA partir do caso apresentado, das descri\u00e7\u00f5es sobre a CIPA e das orienta\u00e7\u00f5es explicadas pela NR 05, nesta Atividade MAPA da disciplina de Normas T\u00e9cnicas em Seguran\u00e7a do Trabalho, seu papel \u00e9:<\/p>\n<p>a) Dimensionar a CIPA para o caso apresentado: ind\u00fastria de fabrica\u00e7\u00e3o de sorvetes e outros gelados comest\u00edveis.<br \/>\nOBS: Citar membros titulares e suplentes, representantes dos empregados e empregador.<br \/>\nb) Informar qual \u00e9 a carga hor\u00e1ria m\u00ednima de treinamento dos CIPEIROS para o caso apresentado e como pode ser ministrado.<br \/>\nc) Informar\u00a0o que deve acontecer quando a empresa n\u00e3o se enquadrar no Quadro 01 da NR 05.<br \/>\nd) Citar quais empregados n\u00e3o podem ser dispensados arbitrariamente sem justa causa e por quanto tempo.<br \/>\ne) Elaborar um texto de 15 (quinze) linhas explicando qual a import\u00e2ncia de se ter uma CIPA dentro da empresa, dura\u00e7\u00e3o do mandato da CIPA e quantas reelei\u00e7\u00f5es s\u00e3o permitidas.<\/p>\n<\/div>\n","protected":false},"excerpt":{"rendered":"<p>MAPA &#8211; SEG &#8211; NORMAS T\u00c9CNICAS EM SEGURAN\u00c7A NO TRABALHO &#8211; NR &#8211; 52_2024 Voc\u00ea sabe quando a organiza\u00e7\u00e3o \u00e9<\/p>\n","protected":false},"featured_media":2326,"template":"","meta":{"_monsterinsights_skip_tracking":false,"_monsterinsights_sitenote_active":false,"_monsterinsights_sitenote_note":"","_monsterinsights_sitenote_category":0},"product_brand":[],"product_cat":[113],"product_tag":[],"class_list":{"0":"post-4090","1":"product","2":"type-product","3":"status-publish","4":"has-post-thumbnail","6":"product_cat-seguranca-do-trabalho","8":"first","9":"instock","10":"downloadable","11":"virtual","12":"purchasable","13":"product-type-simple"},"yoast_head":"<!-- This site is optimized with the Yoast SEO plugin v27.4 - https:\/\/yoast.com\/product\/yoast-seo-wordpress\/ -->\n<title>MAPA Normas T\u00e9cnicas em Seguran\u00e7a do Trabalho NR - 52_2024<\/title>\n<meta name=\"description\" content=\"Atividade MAPA Normas T\u00e9cnicas em Seguran\u00e7a do Trabalho NR - 52_2024 &#8902; Unicesumar. Baixe agora mesmo um Mapa Pronto resolvido!\" \/>\n<meta name=\"robots\" content=\"index, follow, max-snippet:-1, max-image-preview:large, max-video-preview:-1\" \/>\n<link rel=\"canonical\" href=\"https:\/\/atividademapa.com\/?product=mapa-normas-tecnicas-em-seguranca-do-trabalho-nr-52_2024\" \/>\n<meta property=\"og:locale\" content=\"pt_BR\" \/>\n<meta property=\"og:type\" content=\"article\" \/>\n<meta property=\"og:title\" content=\"MAPA Normas T\u00e9cnicas em Seguran\u00e7a do Trabalho NR - 52_2024\" \/>\n<meta property=\"og:description\" content=\"Atividade MAPA Normas T\u00e9cnicas em Seguran\u00e7a do Trabalho NR - 52_2024 &#8902; Unicesumar. Baixe agora mesmo um Mapa Pronto resolvido!\" \/>\n<meta property=\"og:url\" content=\"https:\/\/atividademapa.com\/?product=mapa-normas-tecnicas-em-seguranca-do-trabalho-nr-52_2024\" \/>\n<meta property=\"og:site_name\" content=\"Atividade Mapa\" \/>\n<meta property=\"article:modified_time\" content=\"2024-05-24T14:51:05+00:00\" \/>\n<meta property=\"og:image\" content=\"https:\/\/i0.wp.com\/atividademapa.com\/wp-content\/uploads\/2023\/03\/Atividade-M.A.P.A-3.png?fit=300%2C300&ssl=1\" \/>\n\t<meta property=\"og:image:width\" content=\"300\" \/>\n\t<meta property=\"og:image:height\" content=\"300\" \/>\n\t<meta property=\"og:image:type\" content=\"image\/png\" \/>\n<meta name=\"twitter:card\" content=\"summary_large_image\" \/>\n<meta name=\"twitter:label1\" content=\"Est. tempo de leitura\" \/>\n\t<meta name=\"twitter:data1\" content=\"4 minutos\" \/>\n<script type=\"application\/ld+json\" class=\"yoast-schema-graph\">{\"@context\":\"https:\\\/\\\/schema.org\",\"@graph\":[{\"@type\":\"WebPage\",\"@id\":\"https:\\\/\\\/atividademapa.com\\\/?product=mapa-normas-tecnicas-em-seguranca-do-trabalho-nr-52_2024\",\"url\":\"https:\\\/\\\/atividademapa.com\\\/?product=mapa-normas-tecnicas-em-seguranca-do-trabalho-nr-52_2024\",\"name\":\"MAPA Normas T\u00e9cnicas em Seguran\u00e7a do Trabalho NR - 52_2024\",\"isPartOf\":{\"@id\":\"https:\\\/\\\/atividademapa.com\\\/#website\"},\"primaryImageOfPage\":{\"@id\":\"https:\\\/\\\/atividademapa.com\\\/?product=mapa-normas-tecnicas-em-seguranca-do-trabalho-nr-52_2024#primaryimage\"},\"image\":{\"@id\":\"https:\\\/\\\/atividademapa.com\\\/?product=mapa-normas-tecnicas-em-seguranca-do-trabalho-nr-52_2024#primaryimage\"},\"thumbnailUrl\":\"https:\\\/\\\/i0.wp.com\\\/atividademapa.com\\\/wp-content\\\/uploads\\\/2023\\\/03\\\/Atividade-M.A.P.A-3.png?fit=300%2C300&ssl=1\",\"datePublished\":\"2024-05-24T14:50:50+00:00\",\"dateModified\":\"2024-05-24T14:51:05+00:00\",\"description\":\"Atividade MAPA Normas T\u00e9cnicas em Seguran\u00e7a do Trabalho NR - 52_2024 &#8902; Unicesumar. Baixe agora mesmo um Mapa Pronto resolvido!\",\"breadcrumb\":{\"@id\":\"https:\\\/\\\/atividademapa.com\\\/?product=mapa-normas-tecnicas-em-seguranca-do-trabalho-nr-52_2024#breadcrumb\"},\"inLanguage\":\"pt-BR\",\"potentialAction\":[{\"@type\":\"ReadAction\",\"target\":[\"https:\\\/\\\/atividademapa.com\\\/?product=mapa-normas-tecnicas-em-seguranca-do-trabalho-nr-52_2024\"]}]},{\"@type\":\"ImageObject\",\"inLanguage\":\"pt-BR\",\"@id\":\"https:\\\/\\\/atividademapa.com\\\/?product=mapa-normas-tecnicas-em-seguranca-do-trabalho-nr-52_2024#primaryimage\",\"url\":\"https:\\\/\\\/i0.wp.com\\\/atividademapa.com\\\/wp-content\\\/uploads\\\/2023\\\/03\\\/Atividade-M.A.P.A-3.png?fit=300%2C300&ssl=1\",\"contentUrl\":\"https:\\\/\\\/i0.wp.com\\\/atividademapa.com\\\/wp-content\\\/uploads\\\/2023\\\/03\\\/Atividade-M.A.P.A-3.png?fit=300%2C300&ssl=1\",\"width\":300,\"height\":300,\"caption\":\"Mapa Unicesumar Atividade\"},{\"@type\":\"BreadcrumbList\",\"@id\":\"https:\\\/\\\/atividademapa.com\\\/?product=mapa-normas-tecnicas-em-seguranca-do-trabalho-nr-52_2024#breadcrumb\",\"itemListElement\":[{\"@type\":\"ListItem\",\"position\":1,\"name\":\"In\u00edcio\",\"item\":\"https:\\\/\\\/atividademapa.com\\\/\"},{\"@type\":\"ListItem\",\"position\":2,\"name\":\"MAPAS\",\"item\":\"https:\\\/\\\/atividademapa.com\\\/?page_id=5\"},{\"@type\":\"ListItem\",\"position\":3,\"name\":\"MAPA Normas T\u00e9cnicas em Seguran\u00e7a do Trabalho NR &#8211; 52_2024\"}]},{\"@type\":\"WebSite\",\"@id\":\"https:\\\/\\\/atividademapa.com\\\/#website\",\"url\":\"https:\\\/\\\/atividademapa.com\\\/\",\"name\":\"Atividade Mapa\",\"description\":\"StudeO | Unicesumar\",\"publisher\":{\"@id\":\"https:\\\/\\\/atividademapa.com\\\/#organization\"},\"potentialAction\":[{\"@type\":\"SearchAction\",\"target\":{\"@type\":\"EntryPoint\",\"urlTemplate\":\"https:\\\/\\\/atividademapa.com\\\/?s={search_term_string}\"},\"query-input\":{\"@type\":\"PropertyValueSpecification\",\"valueRequired\":true,\"valueName\":\"search_term_string\"}}],\"inLanguage\":\"pt-BR\"},{\"@type\":\"Organization\",\"@id\":\"https:\\\/\\\/atividademapa.com\\\/#organization\",\"name\":\"Atividade MAPA\",\"url\":\"https:\\\/\\\/atividademapa.com\\\/\",\"logo\":{\"@type\":\"ImageObject\",\"inLanguage\":\"pt-BR\",\"@id\":\"https:\\\/\\\/atividademapa.com\\\/#\\\/schema\\\/logo\\\/image\\\/\",\"url\":\"https:\\\/\\\/i0.wp.com\\\/atividademapa.com\\\/wp-content\\\/uploads\\\/2023\\\/02\\\/ATIVIDADE.png?fit=600%2C300&ssl=1\",\"contentUrl\":\"https:\\\/\\\/i0.wp.com\\\/atividademapa.com\\\/wp-content\\\/uploads\\\/2023\\\/02\\\/ATIVIDADE.png?fit=600%2C300&ssl=1\",\"width\":600,\"height\":300,\"caption\":\"Atividade MAPA\"},\"image\":{\"@id\":\"https:\\\/\\\/atividademapa.com\\\/#\\\/schema\\\/logo\\\/image\\\/\"}}]}<\/script>\n<!-- \/ Yoast SEO plugin. -->","yoast_head_json":{"title":"MAPA Normas T\u00e9cnicas em Seguran\u00e7a do Trabalho NR - 52_2024","description":"Atividade MAPA Normas T\u00e9cnicas em Seguran\u00e7a do Trabalho NR - 52_2024 &#8902; Unicesumar. Baixe agora mesmo um Mapa Pronto resolvido!","robots":{"index":"index","follow":"follow","max-snippet":"max-snippet:-1","max-image-preview":"max-image-preview:large","max-video-preview":"max-video-preview:-1"},"canonical":"https:\/\/atividademapa.com\/?product=mapa-normas-tecnicas-em-seguranca-do-trabalho-nr-52_2024","og_locale":"pt_BR","og_type":"article","og_title":"MAPA Normas T\u00e9cnicas em Seguran\u00e7a do Trabalho NR - 52_2024","og_description":"Atividade MAPA Normas T\u00e9cnicas em Seguran\u00e7a do Trabalho NR - 52_2024 &#8902; Unicesumar. Baixe agora mesmo um Mapa Pronto resolvido!","og_url":"https:\/\/atividademapa.com\/?product=mapa-normas-tecnicas-em-seguranca-do-trabalho-nr-52_2024","og_site_name":"Atividade Mapa","article_modified_time":"2024-05-24T14:51:05+00:00","og_image":[{"width":300,"height":300,"url":"https:\/\/i0.wp.com\/atividademapa.com\/wp-content\/uploads\/2023\/03\/Atividade-M.A.P.A-3.png?fit=300%2C300&ssl=1","type":"image\/png"}],"twitter_card":"summary_large_image","twitter_misc":{"Est. tempo de leitura":"4 minutos"},"schema":{"@context":"https:\/\/schema.org","@graph":[{"@type":"WebPage","@id":"https:\/\/atividademapa.com\/?product=mapa-normas-tecnicas-em-seguranca-do-trabalho-nr-52_2024","url":"https:\/\/atividademapa.com\/?product=mapa-normas-tecnicas-em-seguranca-do-trabalho-nr-52_2024","name":"MAPA Normas T\u00e9cnicas em Seguran\u00e7a do Trabalho NR - 52_2024","isPartOf":{"@id":"https:\/\/atividademapa.com\/#website"},"primaryImageOfPage":{"@id":"https:\/\/atividademapa.com\/?product=mapa-normas-tecnicas-em-seguranca-do-trabalho-nr-52_2024#primaryimage"},"image":{"@id":"https:\/\/atividademapa.com\/?product=mapa-normas-tecnicas-em-seguranca-do-trabalho-nr-52_2024#primaryimage"},"thumbnailUrl":"https:\/\/i0.wp.com\/atividademapa.com\/wp-content\/uploads\/2023\/03\/Atividade-M.A.P.A-3.png?fit=300%2C300&ssl=1","datePublished":"2024-05-24T14:50:50+00:00","dateModified":"2024-05-24T14:51:05+00:00","description":"Atividade MAPA Normas T\u00e9cnicas em Seguran\u00e7a do Trabalho NR - 52_2024 &#8902; Unicesumar. Baixe agora mesmo um Mapa Pronto resolvido!","breadcrumb":{"@id":"https:\/\/atividademapa.com\/?product=mapa-normas-tecnicas-em-seguranca-do-trabalho-nr-52_2024#breadcrumb"},"inLanguage":"pt-BR","potentialAction":[{"@type":"ReadAction","target":["https:\/\/atividademapa.com\/?product=mapa-normas-tecnicas-em-seguranca-do-trabalho-nr-52_2024"]}]},{"@type":"ImageObject","inLanguage":"pt-BR","@id":"https:\/\/atividademapa.com\/?product=mapa-normas-tecnicas-em-seguranca-do-trabalho-nr-52_2024#primaryimage","url":"https:\/\/i0.wp.com\/atividademapa.com\/wp-content\/uploads\/2023\/03\/Atividade-M.A.P.A-3.png?fit=300%2C300&ssl=1","contentUrl":"https:\/\/i0.wp.com\/atividademapa.com\/wp-content\/uploads\/2023\/03\/Atividade-M.A.P.A-3.png?fit=300%2C300&ssl=1","width":300,"height":300,"caption":"Mapa Unicesumar Atividade"},{"@type":"BreadcrumbList","@id":"https:\/\/atividademapa.com\/?product=mapa-normas-tecnicas-em-seguranca-do-trabalho-nr-52_2024#breadcrumb","itemListElement":[{"@type":"ListItem","position":1,"name":"In\u00edcio","item":"https:\/\/atividademapa.com\/"},{"@type":"ListItem","position":2,"name":"MAPAS","item":"https:\/\/atividademapa.com\/?page_id=5"},{"@type":"ListItem","position":3,"name":"MAPA Normas T\u00e9cnicas em Seguran\u00e7a do Trabalho NR &#8211; 52_2024"}]},{"@type":"WebSite","@id":"https:\/\/atividademapa.com\/#website","url":"https:\/\/atividademapa.com\/","name":"Atividade Mapa","description":"StudeO | Unicesumar","publisher":{"@id":"https:\/\/atividademapa.com\/#organization"},"potentialAction":[{"@type":"SearchAction","target":{"@type":"EntryPoint","urlTemplate":"https:\/\/atividademapa.com\/?s={search_term_string}"},"query-input":{"@type":"PropertyValueSpecification","valueRequired":true,"valueName":"search_term_string"}}],"inLanguage":"pt-BR"},{"@type":"Organization","@id":"https:\/\/atividademapa.com\/#organization","name":"Atividade MAPA","url":"https:\/\/atividademapa.com\/","logo":{"@type":"ImageObject","inLanguage":"pt-BR","@id":"https:\/\/atividademapa.com\/#\/schema\/logo\/image\/","url":"https:\/\/i0.wp.com\/atividademapa.com\/wp-content\/uploads\/2023\/02\/ATIVIDADE.png?fit=600%2C300&ssl=1","contentUrl":"https:\/\/i0.wp.com\/atividademapa.com\/wp-content\/uploads\/2023\/02\/ATIVIDADE.png?fit=600%2C300&ssl=1","width":600,"height":300,"caption":"Atividade MAPA"},"image":{"@id":"https:\/\/atividademapa.com\/#\/schema\/logo\/image\/"}}]}},"_links":{"self":[{"href":"https:\/\/atividademapa.com\/index.php?rest_route=\/wp\/v2\/product\/4090","targetHints":{"allow":["GET"]}}],"collection":[{"href":"https:\/\/atividademapa.com\/index.php?rest_route=\/wp\/v2\/product"}],"about":[{"href":"https:\/\/atividademapa.com\/index.php?rest_route=\/wp\/v2\/types\/product"}],"version-history":[{"count":2,"href":"https:\/\/atividademapa.com\/index.php?rest_route=\/wp\/v2\/product\/4090\/revisions"}],"predecessor-version":[{"id":4093,"href":"https:\/\/atividademapa.com\/index.php?rest_route=\/wp\/v2\/product\/4090\/revisions\/4093"}],"wp:featuredmedia":[{"embeddable":true,"href":"https:\/\/atividademapa.com\/index.php?rest_route=\/wp\/v2\/media\/2326"}],"wp:attachment":[{"href":"https:\/\/atividademapa.com\/index.php?rest_route=%2Fwp%2Fv2%2Fmedia&parent=4090"}],"wp:term":[{"taxonomy":"product_brand","embeddable":true,"href":"https:\/\/atividademapa.com\/index.php?rest_route=%2Fwp%2Fv2%2Fproduct_brand&post=4090"},{"taxonomy":"product_cat","embeddable":true,"href":"https:\/\/atividademapa.com\/index.php?rest_route=%2Fwp%2Fv2%2Fproduct_cat&post=4090"},{"taxonomy":"product_tag","embeddable":true,"href":"https:\/\/atividademapa.com\/index.php?rest_route=%2Fwp%2Fv2%2Fproduct_tag&post=4090"}],"curies":[{"name":"wp","href":"https:\/\/api.w.org\/{rel}","templated":true}]}}