{"id":4198,"date":"2024-06-07T20:00:45","date_gmt":"2024-06-07T23:00:45","guid":{"rendered":"https:\/\/atividademapa.com\/?post_type=product&#038;p=4198"},"modified":"2024-06-08T14:55:22","modified_gmt":"2024-06-08T17:55:22","slug":"mapa-biologia-molecular-e-forense-52-2024","status":"publish","type":"product","link":"https:\/\/atividademapa.com\/?product=mapa-biologia-molecular-e-forense-52-2024","title":{"rendered":"MAPA &#8211; BIOLOGIA MOLECULAR E FORENSE &#8211; 52\/2024"},"content":{"rendered":"<h1 class=\"OXQzmM tegUPA\" data-hook=\"product-title\">MAPA &#8211; BIOLOGIA MOLECULAR E FORENSE &#8211; 52\/2024<\/h1>\n<p>MAPA DE BIOLOGIA MOLECULAR E FORENSE<\/p>\n<p>Estudante, seja bem-vindo \u00e0 atividade MAPA (Material de Avalia\u00e7\u00e3o Pr\u00e1tica de Aprendizagem) da disciplina de Biologia Molecular e Forense.<\/p>\n<p>Instru\u00e7\u00f5es iniciais<br \/>\n&#8211; Utilize o modelo padr\u00e3o de MAPA para realizar esta atividade. Ele se encontra em &#8220;Material da Disciplina&#8221;. Siga todas as instru\u00e7\u00f5es constantes nesse modelo.<br \/>\n&#8211; Assista ao v\u00eddeo com as instru\u00e7\u00f5es para a realiza\u00e7\u00e3o do MAPA, que foi disponibilizado na &#8220;Sala do Caf\u00e9&#8221;.<br \/>\n&#8211; Baixe a Planilha de Atividades (Planilha A e Planilha B) que est\u00e1 dispon\u00edvel em \u201cMaterial da Disciplina\u201d.<\/p>\n<p>CONTEXTUALIZA\u00c7\u00c3O<br \/>\nHemocromatose \u00e9 uma doen\u00e7a gen\u00e9tica causada por muta\u00e7\u00f5es no gene HFE que causam altera\u00e7\u00f5es no metabolismo do ferro, levando ao aumento da absor\u00e7\u00e3o intestinal e ac\u00famulo progressivo do metal em diferentes \u00f3rg\u00e3os. O excesso de ferro causa danos tecidual e fibrose com les\u00e3o irrevers\u00edvel e comprometimento funcional de v\u00e1rios \u00f3rg\u00e3os, entre os quais os mais comumente afetados s\u00e3o o f\u00edgado, o p\u00e2ncreas e o cora\u00e7\u00e3o<\/p>\n<p>Fonte: https:\/\/sbhepatologia.org.br\/fasciculos\/26.pdf. Acesso em: 8 abr. 2024.<\/p>\n<p>O QUE DEVE SER FEITO NESTA ATIVIDADE?<br \/>\nConsiderando essas informa\u00e7\u00f5es, imagine que voc\u00ea \u00e9 um cientista que acabou de isolar uma amostra de DNA de um paciente com suspeita de hemocromatose. Para saber se o gene HFE est\u00e1 presente nessa amostra, voc\u00ea pode utilizar uma sonda que tem a mesma sequ\u00eancia de parte do gene de interesse e um marcador, como um is\u00f3topo radioativo, que permite que a sonda seja detectada.<\/p>\n<p>Ao adicionar a sonda \u00e0 amostra, \u00e9 poss\u00edvel observar se ela hibridizar\u00e1 com alguma regi\u00e3o do DNA. Se a sonda \u00e9 hibridizada, ela aderir\u00e1 ao DNA da amostra, mas, se n\u00e3o, ela pode ser facilmente removida por lavagem. Ap\u00f3s enxaguar a sua amostra, voc\u00ea exp\u00f5e o material a um filme fotogr\u00e1fico para determinar se a sonda aderiu ao DNA e, quando examinar o filme, voc\u00ea saber\u00e1 se houve hibridiza\u00e7\u00e3o ou n\u00e3o, ou seja, se a sequ\u00eancia de DNA da sonda est\u00e1 presente tamb\u00e9m em sua amostra.<\/p>\n<p>Na planilha de atividades A, voc\u00ea tem uma sequ\u00eancia de DNA de 380 pares de bases (pb) que representa sua amostra. Toda d\u00e9cima base est\u00e1 em negrito, e a base no come\u00e7o de cada fita est\u00e1 numerada. Voc\u00ea tamb\u00e9m tem uma sequ\u00eancia pequena que corresponde a uma sonda para o gene da hemocromatose (HFE).<\/p>\n<p>*Voc\u00ea usar\u00e1 a sonda para determinar se o gene HFE est\u00e1 presente em sua amostra.<\/p>\n<p>Figura 1 \u2013 Planilha de atividades A<br \/>\nFonte: adaptada de: KREUZER, H.; MASSEY, A. Engenharia Gen\u00e9tica e Biotecnologia. 2. ed. Porto Alegre: Artmed, 2002.<\/p>\n<p>DESENVOLVENDO O TRABALHO<br \/>\nAp\u00f3s ler atentamente essas informa\u00e7\u00f5es, fa\u00e7a o que se pede:<\/p>\n<p>1. EXAMINE a sequ\u00eancia de DNA da amostra (planilha A) para ver se a sonda ser\u00e1 hibridizada a ela e, em seguida, RESPONDA se o gene da hemocromatose est\u00e1 presente ou n\u00e3o.<br \/>\n2. Se voc\u00ea encontrou um lugar onde a sonda poderia ser hibridizada, IDENTIFIQUE-O (grifar ou circular) na sequ\u00eancia de DNA da planilha de atividade A e, em seguida, ANOTE a sequ\u00eancia.<br \/>\n3. SIMULE a atividade de digest\u00e3o da sua amostra com a enzima de restri\u00e7\u00e3o SmaI (essa enzima corta a sequ\u00eancia de DNA 5\u2019 CCCGGG 3\u2019 entre o C e o G, no meio da sequ\u00eancia) e APONTE, com uma seta, todos os s\u00edtios de clivagem encontrados (planilha A).<br \/>\n4. INDIQUE quantos fragmentos de DNA resultaram ap\u00f3s a clivagem e os seus respectivos tamanhos.<\/p>\n<p>Na planilha de atividades B, utilize a mesma sequ\u00eancia de DNA da planilha A para responder aos objetivos das atividades 5 e 6.<\/p>\n<p>Figura 2 \u2013 Planilha de atividades B<br \/>\nFonte: adaptada de: KREUZER, H.; MASSEY, A. Engenharia Gen\u00e9tica e Biotecnologia. 2. ed. Porto Alegre: Artmed, 2002.<\/p>\n<p>5. Considerando a eletroforese de seus fragmentos, DESENHE o arranjo desses fragmentos de acordo com o seu tamanho no gel esquematizado na planilha B.<br \/>\n6. No gel, APONTE com um asterisco a banda que hibridizaria a sonda da planilha A.<br \/>\n7. REFER\u00caNCIAS: neste t\u00f3pico, insira as refer\u00eancias, nas normas da ABNT, que foram utilizadas para elaborar o seu MAPA.<\/p>\n","protected":false},"excerpt":{"rendered":"<p>MAPA &#8211; BIOLOGIA MOLECULAR E FORENSE &#8211; 52\/2024 MAPA DE BIOLOGIA MOLECULAR E FORENSE Estudante, seja bem-vindo \u00e0 atividade MAPA<\/p>\n","protected":false},"featured_media":2326,"template":"","meta":{"_monsterinsights_skip_tracking":false,"_monsterinsights_sitenote_active":false,"_monsterinsights_sitenote_note":"","_monsterinsights_sitenote_category":0},"product_brand":[],"product_cat":[93],"product_tag":[],"class_list":{"0":"post-4198","1":"product","2":"type-product","3":"status-publish","4":"has-post-thumbnail","6":"product_cat-criminologia","8":"first","9":"instock","10":"downloadable","11":"virtual","12":"purchasable","13":"product-type-simple"},"yoast_head":"<!-- This site is optimized with the Yoast SEO plugin v27.4 - https:\/\/yoast.com\/product\/yoast-seo-wordpress\/ -->\n<title>MAPA - BIOLOGIA MOLECULAR E FORENSE - 52\/2024<\/title>\n<meta name=\"description\" content=\"Mapa Biologia Molecular Forense 52-2024. Atividade Resolvida Unicesumar. Baixe agora mesmo!\" \/>\n<meta name=\"robots\" content=\"index, follow, max-snippet:-1, max-image-preview:large, max-video-preview:-1\" \/>\n<link rel=\"canonical\" href=\"https:\/\/atividademapa.com\/?product=mapa-biologia-molecular-e-forense-52-2024\" \/>\n<meta property=\"og:locale\" content=\"pt_BR\" \/>\n<meta property=\"og:type\" content=\"article\" \/>\n<meta property=\"og:title\" content=\"MAPA - BIOLOGIA MOLECULAR E FORENSE - 52\/2024\" \/>\n<meta property=\"og:description\" content=\"Mapa Biologia Molecular Forense 52-2024. Atividade Resolvida Unicesumar. Baixe agora mesmo!\" \/>\n<meta property=\"og:url\" content=\"https:\/\/atividademapa.com\/?product=mapa-biologia-molecular-e-forense-52-2024\" \/>\n<meta property=\"og:site_name\" content=\"Atividade Mapa\" \/>\n<meta property=\"article:modified_time\" content=\"2024-06-08T17:55:22+00:00\" \/>\n<meta property=\"og:image\" content=\"https:\/\/i0.wp.com\/atividademapa.com\/wp-content\/uploads\/2023\/03\/Atividade-M.A.P.A-3.png?fit=300%2C300&ssl=1\" \/>\n\t<meta property=\"og:image:width\" content=\"300\" \/>\n\t<meta property=\"og:image:height\" content=\"300\" \/>\n\t<meta property=\"og:image:type\" content=\"image\/png\" \/>\n<meta name=\"twitter:card\" content=\"summary_large_image\" \/>\n<meta name=\"twitter:label1\" content=\"Est. tempo de leitura\" \/>\n\t<meta name=\"twitter:data1\" content=\"4 minutos\" \/>\n<script type=\"application\/ld+json\" class=\"yoast-schema-graph\">{\"@context\":\"https:\\\/\\\/schema.org\",\"@graph\":[{\"@type\":\"WebPage\",\"@id\":\"https:\\\/\\\/atividademapa.com\\\/?product=mapa-biologia-molecular-e-forense-52-2024\",\"url\":\"https:\\\/\\\/atividademapa.com\\\/?product=mapa-biologia-molecular-e-forense-52-2024\",\"name\":\"MAPA - BIOLOGIA MOLECULAR E FORENSE - 52\\\/2024\",\"isPartOf\":{\"@id\":\"https:\\\/\\\/atividademapa.com\\\/#website\"},\"primaryImageOfPage\":{\"@id\":\"https:\\\/\\\/atividademapa.com\\\/?product=mapa-biologia-molecular-e-forense-52-2024#primaryimage\"},\"image\":{\"@id\":\"https:\\\/\\\/atividademapa.com\\\/?product=mapa-biologia-molecular-e-forense-52-2024#primaryimage\"},\"thumbnailUrl\":\"https:\\\/\\\/i0.wp.com\\\/atividademapa.com\\\/wp-content\\\/uploads\\\/2023\\\/03\\\/Atividade-M.A.P.A-3.png?fit=300%2C300&ssl=1\",\"datePublished\":\"2024-06-07T23:00:45+00:00\",\"dateModified\":\"2024-06-08T17:55:22+00:00\",\"description\":\"Mapa Biologia Molecular Forense 52-2024. Atividade Resolvida Unicesumar. Baixe agora mesmo!\",\"breadcrumb\":{\"@id\":\"https:\\\/\\\/atividademapa.com\\\/?product=mapa-biologia-molecular-e-forense-52-2024#breadcrumb\"},\"inLanguage\":\"pt-BR\",\"potentialAction\":[{\"@type\":\"ReadAction\",\"target\":[\"https:\\\/\\\/atividademapa.com\\\/?product=mapa-biologia-molecular-e-forense-52-2024\"]}]},{\"@type\":\"ImageObject\",\"inLanguage\":\"pt-BR\",\"@id\":\"https:\\\/\\\/atividademapa.com\\\/?product=mapa-biologia-molecular-e-forense-52-2024#primaryimage\",\"url\":\"https:\\\/\\\/i0.wp.com\\\/atividademapa.com\\\/wp-content\\\/uploads\\\/2023\\\/03\\\/Atividade-M.A.P.A-3.png?fit=300%2C300&ssl=1\",\"contentUrl\":\"https:\\\/\\\/i0.wp.com\\\/atividademapa.com\\\/wp-content\\\/uploads\\\/2023\\\/03\\\/Atividade-M.A.P.A-3.png?fit=300%2C300&ssl=1\",\"width\":300,\"height\":300,\"caption\":\"Mapa Unicesumar Atividade\"},{\"@type\":\"BreadcrumbList\",\"@id\":\"https:\\\/\\\/atividademapa.com\\\/?product=mapa-biologia-molecular-e-forense-52-2024#breadcrumb\",\"itemListElement\":[{\"@type\":\"ListItem\",\"position\":1,\"name\":\"In\u00edcio\",\"item\":\"https:\\\/\\\/atividademapa.com\\\/\"},{\"@type\":\"ListItem\",\"position\":2,\"name\":\"MAPAS\",\"item\":\"https:\\\/\\\/atividademapa.com\\\/?page_id=5\"},{\"@type\":\"ListItem\",\"position\":3,\"name\":\"MAPA &#8211; BIOLOGIA MOLECULAR E FORENSE &#8211; 52\\\/2024\"}]},{\"@type\":\"WebSite\",\"@id\":\"https:\\\/\\\/atividademapa.com\\\/#website\",\"url\":\"https:\\\/\\\/atividademapa.com\\\/\",\"name\":\"Atividade Mapa\",\"description\":\"StudeO | Unicesumar\",\"publisher\":{\"@id\":\"https:\\\/\\\/atividademapa.com\\\/#organization\"},\"potentialAction\":[{\"@type\":\"SearchAction\",\"target\":{\"@type\":\"EntryPoint\",\"urlTemplate\":\"https:\\\/\\\/atividademapa.com\\\/?s={search_term_string}\"},\"query-input\":{\"@type\":\"PropertyValueSpecification\",\"valueRequired\":true,\"valueName\":\"search_term_string\"}}],\"inLanguage\":\"pt-BR\"},{\"@type\":\"Organization\",\"@id\":\"https:\\\/\\\/atividademapa.com\\\/#organization\",\"name\":\"Atividade MAPA\",\"url\":\"https:\\\/\\\/atividademapa.com\\\/\",\"logo\":{\"@type\":\"ImageObject\",\"inLanguage\":\"pt-BR\",\"@id\":\"https:\\\/\\\/atividademapa.com\\\/#\\\/schema\\\/logo\\\/image\\\/\",\"url\":\"https:\\\/\\\/i0.wp.com\\\/atividademapa.com\\\/wp-content\\\/uploads\\\/2023\\\/02\\\/ATIVIDADE.png?fit=600%2C300&ssl=1\",\"contentUrl\":\"https:\\\/\\\/i0.wp.com\\\/atividademapa.com\\\/wp-content\\\/uploads\\\/2023\\\/02\\\/ATIVIDADE.png?fit=600%2C300&ssl=1\",\"width\":600,\"height\":300,\"caption\":\"Atividade MAPA\"},\"image\":{\"@id\":\"https:\\\/\\\/atividademapa.com\\\/#\\\/schema\\\/logo\\\/image\\\/\"}}]}<\/script>\n<!-- \/ Yoast SEO plugin. -->","yoast_head_json":{"title":"MAPA - BIOLOGIA MOLECULAR E FORENSE - 52\/2024","description":"Mapa Biologia Molecular Forense 52-2024. Atividade Resolvida Unicesumar. Baixe agora mesmo!","robots":{"index":"index","follow":"follow","max-snippet":"max-snippet:-1","max-image-preview":"max-image-preview:large","max-video-preview":"max-video-preview:-1"},"canonical":"https:\/\/atividademapa.com\/?product=mapa-biologia-molecular-e-forense-52-2024","og_locale":"pt_BR","og_type":"article","og_title":"MAPA - BIOLOGIA MOLECULAR E FORENSE - 52\/2024","og_description":"Mapa Biologia Molecular Forense 52-2024. Atividade Resolvida Unicesumar. Baixe agora mesmo!","og_url":"https:\/\/atividademapa.com\/?product=mapa-biologia-molecular-e-forense-52-2024","og_site_name":"Atividade Mapa","article_modified_time":"2024-06-08T17:55:22+00:00","og_image":[{"width":300,"height":300,"url":"https:\/\/i0.wp.com\/atividademapa.com\/wp-content\/uploads\/2023\/03\/Atividade-M.A.P.A-3.png?fit=300%2C300&ssl=1","type":"image\/png"}],"twitter_card":"summary_large_image","twitter_misc":{"Est. tempo de leitura":"4 minutos"},"schema":{"@context":"https:\/\/schema.org","@graph":[{"@type":"WebPage","@id":"https:\/\/atividademapa.com\/?product=mapa-biologia-molecular-e-forense-52-2024","url":"https:\/\/atividademapa.com\/?product=mapa-biologia-molecular-e-forense-52-2024","name":"MAPA - BIOLOGIA MOLECULAR E FORENSE - 52\/2024","isPartOf":{"@id":"https:\/\/atividademapa.com\/#website"},"primaryImageOfPage":{"@id":"https:\/\/atividademapa.com\/?product=mapa-biologia-molecular-e-forense-52-2024#primaryimage"},"image":{"@id":"https:\/\/atividademapa.com\/?product=mapa-biologia-molecular-e-forense-52-2024#primaryimage"},"thumbnailUrl":"https:\/\/i0.wp.com\/atividademapa.com\/wp-content\/uploads\/2023\/03\/Atividade-M.A.P.A-3.png?fit=300%2C300&ssl=1","datePublished":"2024-06-07T23:00:45+00:00","dateModified":"2024-06-08T17:55:22+00:00","description":"Mapa Biologia Molecular Forense 52-2024. Atividade Resolvida Unicesumar. Baixe agora mesmo!","breadcrumb":{"@id":"https:\/\/atividademapa.com\/?product=mapa-biologia-molecular-e-forense-52-2024#breadcrumb"},"inLanguage":"pt-BR","potentialAction":[{"@type":"ReadAction","target":["https:\/\/atividademapa.com\/?product=mapa-biologia-molecular-e-forense-52-2024"]}]},{"@type":"ImageObject","inLanguage":"pt-BR","@id":"https:\/\/atividademapa.com\/?product=mapa-biologia-molecular-e-forense-52-2024#primaryimage","url":"https:\/\/i0.wp.com\/atividademapa.com\/wp-content\/uploads\/2023\/03\/Atividade-M.A.P.A-3.png?fit=300%2C300&ssl=1","contentUrl":"https:\/\/i0.wp.com\/atividademapa.com\/wp-content\/uploads\/2023\/03\/Atividade-M.A.P.A-3.png?fit=300%2C300&ssl=1","width":300,"height":300,"caption":"Mapa Unicesumar Atividade"},{"@type":"BreadcrumbList","@id":"https:\/\/atividademapa.com\/?product=mapa-biologia-molecular-e-forense-52-2024#breadcrumb","itemListElement":[{"@type":"ListItem","position":1,"name":"In\u00edcio","item":"https:\/\/atividademapa.com\/"},{"@type":"ListItem","position":2,"name":"MAPAS","item":"https:\/\/atividademapa.com\/?page_id=5"},{"@type":"ListItem","position":3,"name":"MAPA &#8211; BIOLOGIA MOLECULAR E FORENSE &#8211; 52\/2024"}]},{"@type":"WebSite","@id":"https:\/\/atividademapa.com\/#website","url":"https:\/\/atividademapa.com\/","name":"Atividade Mapa","description":"StudeO | Unicesumar","publisher":{"@id":"https:\/\/atividademapa.com\/#organization"},"potentialAction":[{"@type":"SearchAction","target":{"@type":"EntryPoint","urlTemplate":"https:\/\/atividademapa.com\/?s={search_term_string}"},"query-input":{"@type":"PropertyValueSpecification","valueRequired":true,"valueName":"search_term_string"}}],"inLanguage":"pt-BR"},{"@type":"Organization","@id":"https:\/\/atividademapa.com\/#organization","name":"Atividade MAPA","url":"https:\/\/atividademapa.com\/","logo":{"@type":"ImageObject","inLanguage":"pt-BR","@id":"https:\/\/atividademapa.com\/#\/schema\/logo\/image\/","url":"https:\/\/i0.wp.com\/atividademapa.com\/wp-content\/uploads\/2023\/02\/ATIVIDADE.png?fit=600%2C300&ssl=1","contentUrl":"https:\/\/i0.wp.com\/atividademapa.com\/wp-content\/uploads\/2023\/02\/ATIVIDADE.png?fit=600%2C300&ssl=1","width":600,"height":300,"caption":"Atividade MAPA"},"image":{"@id":"https:\/\/atividademapa.com\/#\/schema\/logo\/image\/"}}]}},"_links":{"self":[{"href":"https:\/\/atividademapa.com\/index.php?rest_route=\/wp\/v2\/product\/4198","targetHints":{"allow":["GET"]}}],"collection":[{"href":"https:\/\/atividademapa.com\/index.php?rest_route=\/wp\/v2\/product"}],"about":[{"href":"https:\/\/atividademapa.com\/index.php?rest_route=\/wp\/v2\/types\/product"}],"version-history":[{"count":1,"href":"https:\/\/atividademapa.com\/index.php?rest_route=\/wp\/v2\/product\/4198\/revisions"}],"predecessor-version":[{"id":4199,"href":"https:\/\/atividademapa.com\/index.php?rest_route=\/wp\/v2\/product\/4198\/revisions\/4199"}],"wp:featuredmedia":[{"embeddable":true,"href":"https:\/\/atividademapa.com\/index.php?rest_route=\/wp\/v2\/media\/2326"}],"wp:attachment":[{"href":"https:\/\/atividademapa.com\/index.php?rest_route=%2Fwp%2Fv2%2Fmedia&parent=4198"}],"wp:term":[{"taxonomy":"product_brand","embeddable":true,"href":"https:\/\/atividademapa.com\/index.php?rest_route=%2Fwp%2Fv2%2Fproduct_brand&post=4198"},{"taxonomy":"product_cat","embeddable":true,"href":"https:\/\/atividademapa.com\/index.php?rest_route=%2Fwp%2Fv2%2Fproduct_cat&post=4198"},{"taxonomy":"product_tag","embeddable":true,"href":"https:\/\/atividademapa.com\/index.php?rest_route=%2Fwp%2Fv2%2Fproduct_tag&post=4198"}],"curies":[{"name":"wp","href":"https:\/\/api.w.org\/{rel}","templated":true}]}}