{"id":4211,"date":"2024-06-08T16:02:41","date_gmt":"2024-06-08T19:02:41","guid":{"rendered":"https:\/\/atividademapa.com\/?post_type=product&#038;p=4211"},"modified":"2024-06-08T16:22:09","modified_gmt":"2024-06-08T19:22:09","slug":"mapa-gestao-de-custos-logisticos-52-2024","status":"publish","type":"product","link":"https:\/\/atividademapa.com\/?product=mapa-gestao-de-custos-logisticos-52-2024","title":{"rendered":"Mapa &#8211; Gest\u00e3o de Custos Log\u00edsticos &#8211; 52\/2024"},"content":{"rendered":"<p>MAPA &#8211; LOG &#8211; GEST\u00c3O DOS CUSTOS LOG\u00cdSTICOS &#8211; 52_2024<\/p>\n<div class=\"ng-scope\">\n<p>onto de equil\u00edbrio: o que \u00e9, como calcular e sua import\u00e2ncia na gest\u00e3o.<\/p>\n<p>No ponto de equil\u00edbrio, tamb\u00e9m chamado de\u00a0<em>break-even point<\/em>, ponto de ruptura, ou, ainda, ponto cr\u00edtico, o lucro da empresa \u00e9 zero, ou seja, \u00e9 quando os produtos vendidos pagam todos os custos e despesas fixas e vari\u00e1veis, mas ainda n\u00e3o sobra nada para o empres\u00e1rio e seus s\u00f3cios.<\/p>\n<p>\u00c9 a partir deste ponto que os novos produtos vendidos (desde que com margem de contribui\u00e7\u00e3o positiva) passar\u00e3o a gerar lucro para a empresa. Mesmo sendo um indicador muito simples e f\u00e1cil de calcular, como dissemos, esta \u00e9 uma informa\u00e7\u00e3o vital para a an\u00e1lise de viabilidade de um empreendimento ou da adequa\u00e7\u00e3o em rela\u00e7\u00e3o ao mercado.<\/p>\n<p>Existem tr\u00eas principais varia\u00e7\u00f5es do ponto de equil\u00edbrio: o cont\u00e1bil, o financeiro e o econ\u00f4mico. Eles s\u00e3o razoavelmente parecidos no conceito, mas apresentam perspectivas um pouco diferentes para o c\u00e1lculo.<\/p>\n<p>Especificamente no Ponto de Equil\u00edbrio Econ\u00f4mico (PEE), voc\u00ea precisa acrescentar o custo de oportunidade, que considera a margem de ganho que algu\u00e9m poderia ter se tivesse investido em outro neg\u00f3cio ou em um fundo de investimento, por exemplo. Trata-se da escolha que algu\u00e9m faz. Ao optar por um caminho, deixa outro de lado, que poderia ser mais lucrativo.<\/p>\n<p>Assim, o neg\u00f3cio escolhido precisa gerar um resultado igual ou superior ao que foi preterido pelo empres\u00e1rio ou investidor. E \u00e9 a\u00ed que entra o Ponto de Equil\u00edbrio Econ\u00f4mico, que, al\u00e9m dos custos, considera o custo de oportunidade para indicar o quanto \u00e9 necess\u00e1rio faturar para equilibrar esse fator e tornar a op\u00e7\u00e3o vantajosa.<\/p>\n<p>Fonte: adaptado de:<strong>\u00a0<\/strong>https:\/\/www.treasy.com.br\/blog\/ponto-de-equilibrio-economico. Acesso em: 6 abr. 2024.<\/p>\n<\/div>\n<div class=\"ng-scope\">Segundo Ribeiro (2018, p. 458\u00a0<em>apud\u00a0<\/em>Fragalli; Silva; Pardo, 2020, p.112) o \u201cPonto de equil\u00edbrio econ\u00f4mico \u00e9 o est\u00e1gio alcan\u00e7ado pela empresa quando a receita total, derivada da venda de produtos, \u00e9 suficiente para cobrir os custos e as despesas totais e ainda proporcionar uma margem de lucro aos propriet\u00e1rios, como remunera\u00e7\u00e3o do capital por eles investido na empresa\u201d.<\/div>\n<div class=\"ng-scope\">Fonte: FRAGALLI, A. C.; SILVA, J. M. da; PARDO, P.\u00a0<strong>Gest\u00e3o dos custos log\u00edsticos<\/strong>. Maring\u00e1: UniCesumar, 2020.<\/div>\n<div class=\"ng-scope\">Compreendendo que o PEE indica a necessidade de receita bruta (faturamento) de uma empresa, para que o neg\u00f3cio, al\u00e9m da cobertura dos custos, apresente lucratividade frente ao capital social, considere a situa\u00e7\u00e3o da empresa Entrega R\u00e1pida SA.Os s\u00f3cios investiram, juntos, R$1.000.000 no neg\u00f3cio e buscam uma remunera\u00e7\u00e3o do capital social na ordem de 15% ao ano:<\/p>\n<\/div>\n<div class=\"table-responsive no-border ng-scope\">\n<table border=\"1\" cellspacing=\"0\" cellpadding=\"0\">\n<tbody>\n<tr>\n<td>Pre\u00e7o m\u00e9dio de venda dos servi\u00e7os<\/td>\n<td>R$100,00<\/td>\n<\/tr>\n<tr>\n<td>Custos vari\u00e1veis unit\u00e1rio<\/td>\n<td>R$50,00<\/td>\n<\/tr>\n<tr>\n<td>Despesas vari\u00e1veis unit\u00e1rio<\/td>\n<td>R$15,00<\/td>\n<\/tr>\n<tr>\n<td>Gastos Fixos Totais no ano<\/td>\n<td>R$525.000,00<\/td>\n<\/tr>\n<\/tbody>\n<\/table>\n<\/div>\n<div class=\"ng-scope\">\n<p>\u00a0Fonte: o autor.<\/p>\n<p>Para calcular a Receita Bruta necess\u00e1ria para atingir o Ponto de Equil\u00edbrio Econ\u00f4mico, voc\u00ea precisar\u00e1 do Resultado Projetado e da margem de contribui\u00e7\u00e3o do produto\/servi\u00e7o, ou seja: PEE = ((Gastos Fixos + Resultado Projetado) \/ Margem de Contribui\u00e7\u00e3o) x 100<\/p>\n<p>Para calcular o Resultado Projetado, voc\u00ea deve encontrar a remunera\u00e7\u00e3o desejada do capital investido, ou seja: Resultado Projetado = Capital Social * Remunera\u00e7\u00e3o Esperada.<\/p>\n<p>Para calcular o % da margem de contribui\u00e7\u00e3o, voc\u00ea deve subtrair o pre\u00e7o de venda dos gastos totais unit\u00e1rio, ou seja: Margem de Contribui\u00e7\u00e3o = Pre\u00e7o de Venda Unit\u00e1rio &#8211; Gastos Totais Unit\u00e1rio.<\/p>\n<p>Portanto, com base no texto apresentado, no livro da disciplina e nas aulas conceituais e ao vivo, responda ao que \u00e9 solicitado a seguir:<\/p>\n<p>a) Calcule o Resultado Projetado.<\/p>\n<p>b) Calcule a Margem de Contribui\u00e7\u00e3o.<\/p>\n<p>c) Calcule o Ponto de Equil\u00edbrio Econ\u00f4mico.<\/p>\n<p>d) Explique a diferen\u00e7a entre \u201cPonto de equil\u00edbrio Financeiro (PEF)\u201d e \u201cPonto de Equil\u00edbrio Econ\u00f4mico (PEE)\u201d na avalia\u00e7\u00e3o de um neg\u00f3cio.<\/p>\n<\/div>\n","protected":false},"excerpt":{"rendered":"<p>MAPA &#8211; LOG &#8211; GEST\u00c3O DOS CUSTOS LOG\u00cdSTICOS &#8211; 52_2024 onto de equil\u00edbrio: o que \u00e9, como calcular e sua<\/p>\n","protected":false},"featured_media":2326,"template":"","meta":{"_monsterinsights_skip_tracking":false,"_monsterinsights_sitenote_active":false,"_monsterinsights_sitenote_note":"","_monsterinsights_sitenote_category":0},"product_brand":[],"product_cat":[32],"product_tag":[],"class_list":{"0":"post-4211","1":"product","2":"type-product","3":"status-publish","4":"has-post-thumbnail","6":"product_cat-logistica","8":"first","9":"instock","10":"downloadable","11":"virtual","12":"purchasable","13":"product-type-simple"},"yoast_head":"<!-- This site is optimized with the Yoast SEO plugin v27.4 - https:\/\/yoast.com\/product\/yoast-seo-wordpress\/ -->\n<title>Mapa - Gest\u00e3o de Custos Log\u00edsticos - 52\/2024<\/title>\n<meta name=\"description\" content=\"Atividade Mapa - Gest\u00e3o de Custos Log\u00edsticos - 52\/2024 &#8902; Unicesumar. Baixe agora mesmo um Mapa Pronto resolvido!\" \/>\n<meta name=\"robots\" content=\"index, follow, max-snippet:-1, max-image-preview:large, max-video-preview:-1\" \/>\n<link rel=\"canonical\" href=\"https:\/\/atividademapa.com\/?product=mapa-gestao-de-custos-logisticos-52-2024\" \/>\n<meta property=\"og:locale\" content=\"pt_BR\" \/>\n<meta property=\"og:type\" content=\"article\" \/>\n<meta property=\"og:title\" content=\"Mapa - Gest\u00e3o de Custos Log\u00edsticos - 52\/2024\" \/>\n<meta property=\"og:description\" content=\"Atividade Mapa - Gest\u00e3o de Custos Log\u00edsticos - 52\/2024 &#8902; Unicesumar. Baixe agora mesmo um Mapa Pronto resolvido!\" \/>\n<meta property=\"og:url\" content=\"https:\/\/atividademapa.com\/?product=mapa-gestao-de-custos-logisticos-52-2024\" \/>\n<meta property=\"og:site_name\" content=\"Atividade Mapa\" \/>\n<meta property=\"article:modified_time\" content=\"2024-06-08T19:22:09+00:00\" \/>\n<meta property=\"og:image\" content=\"https:\/\/i0.wp.com\/atividademapa.com\/wp-content\/uploads\/2023\/03\/Atividade-M.A.P.A-3.png?fit=300%2C300&ssl=1\" \/>\n\t<meta property=\"og:image:width\" content=\"300\" \/>\n\t<meta property=\"og:image:height\" content=\"300\" \/>\n\t<meta property=\"og:image:type\" content=\"image\/png\" \/>\n<meta name=\"twitter:card\" content=\"summary_large_image\" \/>\n<meta name=\"twitter:label1\" content=\"Est. tempo de leitura\" \/>\n\t<meta name=\"twitter:data1\" content=\"3 minutos\" \/>\n<script type=\"application\/ld+json\" class=\"yoast-schema-graph\">{\"@context\":\"https:\\\/\\\/schema.org\",\"@graph\":[{\"@type\":\"WebPage\",\"@id\":\"https:\\\/\\\/atividademapa.com\\\/?product=mapa-gestao-de-custos-logisticos-52-2024\",\"url\":\"https:\\\/\\\/atividademapa.com\\\/?product=mapa-gestao-de-custos-logisticos-52-2024\",\"name\":\"Mapa - Gest\u00e3o de Custos Log\u00edsticos - 52\\\/2024\",\"isPartOf\":{\"@id\":\"https:\\\/\\\/atividademapa.com\\\/#website\"},\"primaryImageOfPage\":{\"@id\":\"https:\\\/\\\/atividademapa.com\\\/?product=mapa-gestao-de-custos-logisticos-52-2024#primaryimage\"},\"image\":{\"@id\":\"https:\\\/\\\/atividademapa.com\\\/?product=mapa-gestao-de-custos-logisticos-52-2024#primaryimage\"},\"thumbnailUrl\":\"https:\\\/\\\/i0.wp.com\\\/atividademapa.com\\\/wp-content\\\/uploads\\\/2023\\\/03\\\/Atividade-M.A.P.A-3.png?fit=300%2C300&ssl=1\",\"datePublished\":\"2024-06-08T19:02:41+00:00\",\"dateModified\":\"2024-06-08T19:22:09+00:00\",\"description\":\"Atividade Mapa - Gest\u00e3o de Custos Log\u00edsticos - 52\\\/2024 &#8902; Unicesumar. Baixe agora mesmo um Mapa Pronto resolvido!\",\"breadcrumb\":{\"@id\":\"https:\\\/\\\/atividademapa.com\\\/?product=mapa-gestao-de-custos-logisticos-52-2024#breadcrumb\"},\"inLanguage\":\"pt-BR\",\"potentialAction\":[{\"@type\":\"ReadAction\",\"target\":[\"https:\\\/\\\/atividademapa.com\\\/?product=mapa-gestao-de-custos-logisticos-52-2024\"]}]},{\"@type\":\"ImageObject\",\"inLanguage\":\"pt-BR\",\"@id\":\"https:\\\/\\\/atividademapa.com\\\/?product=mapa-gestao-de-custos-logisticos-52-2024#primaryimage\",\"url\":\"https:\\\/\\\/i0.wp.com\\\/atividademapa.com\\\/wp-content\\\/uploads\\\/2023\\\/03\\\/Atividade-M.A.P.A-3.png?fit=300%2C300&ssl=1\",\"contentUrl\":\"https:\\\/\\\/i0.wp.com\\\/atividademapa.com\\\/wp-content\\\/uploads\\\/2023\\\/03\\\/Atividade-M.A.P.A-3.png?fit=300%2C300&ssl=1\",\"width\":300,\"height\":300,\"caption\":\"Mapa Unicesumar Atividade\"},{\"@type\":\"BreadcrumbList\",\"@id\":\"https:\\\/\\\/atividademapa.com\\\/?product=mapa-gestao-de-custos-logisticos-52-2024#breadcrumb\",\"itemListElement\":[{\"@type\":\"ListItem\",\"position\":1,\"name\":\"In\u00edcio\",\"item\":\"https:\\\/\\\/atividademapa.com\\\/\"},{\"@type\":\"ListItem\",\"position\":2,\"name\":\"MAPAS\",\"item\":\"https:\\\/\\\/atividademapa.com\\\/?page_id=5\"},{\"@type\":\"ListItem\",\"position\":3,\"name\":\"Mapa &#8211; Gest\u00e3o de Custos Log\u00edsticos &#8211; 52\\\/2024\"}]},{\"@type\":\"WebSite\",\"@id\":\"https:\\\/\\\/atividademapa.com\\\/#website\",\"url\":\"https:\\\/\\\/atividademapa.com\\\/\",\"name\":\"Atividade Mapa\",\"description\":\"StudeO | Unicesumar\",\"publisher\":{\"@id\":\"https:\\\/\\\/atividademapa.com\\\/#organization\"},\"potentialAction\":[{\"@type\":\"SearchAction\",\"target\":{\"@type\":\"EntryPoint\",\"urlTemplate\":\"https:\\\/\\\/atividademapa.com\\\/?s={search_term_string}\"},\"query-input\":{\"@type\":\"PropertyValueSpecification\",\"valueRequired\":true,\"valueName\":\"search_term_string\"}}],\"inLanguage\":\"pt-BR\"},{\"@type\":\"Organization\",\"@id\":\"https:\\\/\\\/atividademapa.com\\\/#organization\",\"name\":\"Atividade MAPA\",\"url\":\"https:\\\/\\\/atividademapa.com\\\/\",\"logo\":{\"@type\":\"ImageObject\",\"inLanguage\":\"pt-BR\",\"@id\":\"https:\\\/\\\/atividademapa.com\\\/#\\\/schema\\\/logo\\\/image\\\/\",\"url\":\"https:\\\/\\\/i0.wp.com\\\/atividademapa.com\\\/wp-content\\\/uploads\\\/2023\\\/02\\\/ATIVIDADE.png?fit=600%2C300&ssl=1\",\"contentUrl\":\"https:\\\/\\\/i0.wp.com\\\/atividademapa.com\\\/wp-content\\\/uploads\\\/2023\\\/02\\\/ATIVIDADE.png?fit=600%2C300&ssl=1\",\"width\":600,\"height\":300,\"caption\":\"Atividade MAPA\"},\"image\":{\"@id\":\"https:\\\/\\\/atividademapa.com\\\/#\\\/schema\\\/logo\\\/image\\\/\"}}]}<\/script>\n<!-- \/ Yoast SEO plugin. -->","yoast_head_json":{"title":"Mapa - Gest\u00e3o de Custos Log\u00edsticos - 52\/2024","description":"Atividade Mapa - Gest\u00e3o de Custos Log\u00edsticos - 52\/2024 &#8902; Unicesumar. Baixe agora mesmo um Mapa Pronto resolvido!","robots":{"index":"index","follow":"follow","max-snippet":"max-snippet:-1","max-image-preview":"max-image-preview:large","max-video-preview":"max-video-preview:-1"},"canonical":"https:\/\/atividademapa.com\/?product=mapa-gestao-de-custos-logisticos-52-2024","og_locale":"pt_BR","og_type":"article","og_title":"Mapa - Gest\u00e3o de Custos Log\u00edsticos - 52\/2024","og_description":"Atividade Mapa - Gest\u00e3o de Custos Log\u00edsticos - 52\/2024 &#8902; Unicesumar. Baixe agora mesmo um Mapa Pronto resolvido!","og_url":"https:\/\/atividademapa.com\/?product=mapa-gestao-de-custos-logisticos-52-2024","og_site_name":"Atividade Mapa","article_modified_time":"2024-06-08T19:22:09+00:00","og_image":[{"width":300,"height":300,"url":"https:\/\/i0.wp.com\/atividademapa.com\/wp-content\/uploads\/2023\/03\/Atividade-M.A.P.A-3.png?fit=300%2C300&ssl=1","type":"image\/png"}],"twitter_card":"summary_large_image","twitter_misc":{"Est. tempo de leitura":"3 minutos"},"schema":{"@context":"https:\/\/schema.org","@graph":[{"@type":"WebPage","@id":"https:\/\/atividademapa.com\/?product=mapa-gestao-de-custos-logisticos-52-2024","url":"https:\/\/atividademapa.com\/?product=mapa-gestao-de-custos-logisticos-52-2024","name":"Mapa - Gest\u00e3o de Custos Log\u00edsticos - 52\/2024","isPartOf":{"@id":"https:\/\/atividademapa.com\/#website"},"primaryImageOfPage":{"@id":"https:\/\/atividademapa.com\/?product=mapa-gestao-de-custos-logisticos-52-2024#primaryimage"},"image":{"@id":"https:\/\/atividademapa.com\/?product=mapa-gestao-de-custos-logisticos-52-2024#primaryimage"},"thumbnailUrl":"https:\/\/i0.wp.com\/atividademapa.com\/wp-content\/uploads\/2023\/03\/Atividade-M.A.P.A-3.png?fit=300%2C300&ssl=1","datePublished":"2024-06-08T19:02:41+00:00","dateModified":"2024-06-08T19:22:09+00:00","description":"Atividade Mapa - Gest\u00e3o de Custos Log\u00edsticos - 52\/2024 &#8902; Unicesumar. Baixe agora mesmo um Mapa Pronto resolvido!","breadcrumb":{"@id":"https:\/\/atividademapa.com\/?product=mapa-gestao-de-custos-logisticos-52-2024#breadcrumb"},"inLanguage":"pt-BR","potentialAction":[{"@type":"ReadAction","target":["https:\/\/atividademapa.com\/?product=mapa-gestao-de-custos-logisticos-52-2024"]}]},{"@type":"ImageObject","inLanguage":"pt-BR","@id":"https:\/\/atividademapa.com\/?product=mapa-gestao-de-custos-logisticos-52-2024#primaryimage","url":"https:\/\/i0.wp.com\/atividademapa.com\/wp-content\/uploads\/2023\/03\/Atividade-M.A.P.A-3.png?fit=300%2C300&ssl=1","contentUrl":"https:\/\/i0.wp.com\/atividademapa.com\/wp-content\/uploads\/2023\/03\/Atividade-M.A.P.A-3.png?fit=300%2C300&ssl=1","width":300,"height":300,"caption":"Mapa Unicesumar Atividade"},{"@type":"BreadcrumbList","@id":"https:\/\/atividademapa.com\/?product=mapa-gestao-de-custos-logisticos-52-2024#breadcrumb","itemListElement":[{"@type":"ListItem","position":1,"name":"In\u00edcio","item":"https:\/\/atividademapa.com\/"},{"@type":"ListItem","position":2,"name":"MAPAS","item":"https:\/\/atividademapa.com\/?page_id=5"},{"@type":"ListItem","position":3,"name":"Mapa &#8211; Gest\u00e3o de Custos Log\u00edsticos &#8211; 52\/2024"}]},{"@type":"WebSite","@id":"https:\/\/atividademapa.com\/#website","url":"https:\/\/atividademapa.com\/","name":"Atividade Mapa","description":"StudeO | Unicesumar","publisher":{"@id":"https:\/\/atividademapa.com\/#organization"},"potentialAction":[{"@type":"SearchAction","target":{"@type":"EntryPoint","urlTemplate":"https:\/\/atividademapa.com\/?s={search_term_string}"},"query-input":{"@type":"PropertyValueSpecification","valueRequired":true,"valueName":"search_term_string"}}],"inLanguage":"pt-BR"},{"@type":"Organization","@id":"https:\/\/atividademapa.com\/#organization","name":"Atividade MAPA","url":"https:\/\/atividademapa.com\/","logo":{"@type":"ImageObject","inLanguage":"pt-BR","@id":"https:\/\/atividademapa.com\/#\/schema\/logo\/image\/","url":"https:\/\/i0.wp.com\/atividademapa.com\/wp-content\/uploads\/2023\/02\/ATIVIDADE.png?fit=600%2C300&ssl=1","contentUrl":"https:\/\/i0.wp.com\/atividademapa.com\/wp-content\/uploads\/2023\/02\/ATIVIDADE.png?fit=600%2C300&ssl=1","width":600,"height":300,"caption":"Atividade MAPA"},"image":{"@id":"https:\/\/atividademapa.com\/#\/schema\/logo\/image\/"}}]}},"_links":{"self":[{"href":"https:\/\/atividademapa.com\/index.php?rest_route=\/wp\/v2\/product\/4211","targetHints":{"allow":["GET"]}}],"collection":[{"href":"https:\/\/atividademapa.com\/index.php?rest_route=\/wp\/v2\/product"}],"about":[{"href":"https:\/\/atividademapa.com\/index.php?rest_route=\/wp\/v2\/types\/product"}],"version-history":[{"count":2,"href":"https:\/\/atividademapa.com\/index.php?rest_route=\/wp\/v2\/product\/4211\/revisions"}],"predecessor-version":[{"id":4214,"href":"https:\/\/atividademapa.com\/index.php?rest_route=\/wp\/v2\/product\/4211\/revisions\/4214"}],"wp:featuredmedia":[{"embeddable":true,"href":"https:\/\/atividademapa.com\/index.php?rest_route=\/wp\/v2\/media\/2326"}],"wp:attachment":[{"href":"https:\/\/atividademapa.com\/index.php?rest_route=%2Fwp%2Fv2%2Fmedia&parent=4211"}],"wp:term":[{"taxonomy":"product_brand","embeddable":true,"href":"https:\/\/atividademapa.com\/index.php?rest_route=%2Fwp%2Fv2%2Fproduct_brand&post=4211"},{"taxonomy":"product_cat","embeddable":true,"href":"https:\/\/atividademapa.com\/index.php?rest_route=%2Fwp%2Fv2%2Fproduct_cat&post=4211"},{"taxonomy":"product_tag","embeddable":true,"href":"https:\/\/atividademapa.com\/index.php?rest_route=%2Fwp%2Fv2%2Fproduct_tag&post=4211"}],"curies":[{"name":"wp","href":"https:\/\/api.w.org\/{rel}","templated":true}]}}