{"id":4249,"date":"2024-06-20T22:10:12","date_gmt":"2024-06-21T01:10:12","guid":{"rendered":"https:\/\/atividademapa.com\/?post_type=product&#038;p=4249"},"modified":"2024-06-20T22:11:22","modified_gmt":"2024-06-21T01:11:22","slug":"mapa-imunologia-clinica-52-2024","status":"publish","type":"product","link":"https:\/\/atividademapa.com\/?product=mapa-imunologia-clinica-52-2024","title":{"rendered":"MAPA &#8211; Imunologia Cl\u00ednica &#8211; 52\/2024"},"content":{"rendered":"<p><strong>Voc\u00ea sabia que a imunologia cl\u00ednica \u00e9 muito importante para o monitoramento da sa\u00fade da gestante e do beb\u00ea?<\/strong><\/p>\n<p>Ao descobrir ou suspeitar da gravidez, a mulher deve iniciar o pr\u00e9-natal na rede p\u00fablica ou privada, de prefer\u00eancia at\u00e9 a 12\u00aa semana de gesta\u00e7\u00e3o. Al\u00e9m do acompanhamento m\u00e9dico regular, a realiza\u00e7\u00e3o de exames laboratoriais complementares durante cada trimestre gestacional \u00e9 de extrema import\u00e2ncia para garantir a sa\u00fade da m\u00e3e e do beb\u00ea. Os exames imunol\u00f3gicos, como a sorologia para doen\u00e7as infecciosas como HIV, s\u00edfilis, hepatite B e toxoplasmose, s\u00e3o fundamentais para identificar poss\u00edveis infec\u00e7\u00f5es que possam afetar a gesta\u00e7\u00e3o. Tamb\u00e9m, na primeira consulta, devem ser solicitados exames para determina\u00e7\u00e3o do tipo sangu\u00edneo e do fator Rh materno.<br \/>\nFonte: adaptada de: https:\/\/www.gov.br\/saude\/pt-br\/assuntos\/saude-de-a-a-z\/g\/gravidez\/pre-natal. Acesso em: 26 abr. 2024.<br \/>\nSuponha que voc\u00ea trabalhe em uma unidade b\u00e1sica de sa\u00fade, e est\u00e1 acompanhando o atendimento pr\u00e9-natal de uma gestante: paciente do sexo feminino, 24 anos, na 12\u00aa semana de gesta\u00e7\u00e3o, realizou os exames laboratoriais do pr\u00e9-natal solicitados pelo obstetra. Segue abaixo os resultados de alguns desses exames:<\/p>\n<p style=\"text-align: center;\">\n<img data-recalc-dims=\"1\" loading=\"lazy\" decoding=\"async\" class=\" wp-image-4251 aligncenter\" src=\"https:\/\/i0.wp.com\/atividademapa.com\/wp-content\/uploads\/2024\/06\/Imunologia-Clinica.png?resize=311%2C326&#038;ssl=1\" alt=\"\" width=\"311\" height=\"326\" srcset=\"https:\/\/i0.wp.com\/atividademapa.com\/wp-content\/uploads\/2024\/06\/Imunologia-Clinica.png?resize=286%2C300&amp;ssl=1 286w, https:\/\/i0.wp.com\/atividademapa.com\/wp-content\/uploads\/2024\/06\/Imunologia-Clinica.png?resize=768%2C806&amp;ssl=1 768w, https:\/\/i0.wp.com\/atividademapa.com\/wp-content\/uploads\/2024\/06\/Imunologia-Clinica.png?resize=600%2C629&amp;ssl=1 600w, https:\/\/i0.wp.com\/atividademapa.com\/wp-content\/uploads\/2024\/06\/Imunologia-Clinica.png?resize=150%2C157&amp;ssl=1 150w, https:\/\/i0.wp.com\/atividademapa.com\/wp-content\/uploads\/2024\/06\/Imunologia-Clinica.png?w=777&amp;ssl=1 777w\" sizes=\"auto, (max-width: 311px) 100vw, 311px\" \/>Fonte: \u00c0 autora.<\/p>\n<p>Considerando o contexto apresentado e os resultados dos exames, RESPONDA:<\/p>\n<p>1.\u00a0<strong>EXPLIQUE<\/strong>\u00a0qual o significado cl\u00ednico da pesquisa do HBsAg e do anti-HBs. Considerando os resultados desses marcadores na paciente, voc\u00ea faria alguma recomenda\u00e7\u00e3o?\u00a0<strong>JUSTIFIQUE<\/strong>.<br \/>\n2.\u00a0<strong>DESCREVA<\/strong>\u00a0a maior limita\u00e7\u00e3o para o uso de testes sorol\u00f3gicos no diagn\u00f3stico do HIV.\u00a0<strong>EXPLIQUE<\/strong>\u00a0como o diagn\u00f3stico de infe\u00e7\u00e3o pelo HIV pode ser confirmado.<br \/>\n3.\u00a0<strong>RELACIONE<\/strong>\u00a0o resultado obtido no teste sorol\u00f3gico para diagn\u00f3stico da toxoplasmose e sua relev\u00e2ncia para o caso estudado.\u00a0<strong>EXPLIQUE<\/strong>\u00a0o que significa quando o beb\u00ea nasce com anticorpos IgG anti-<em>T. gondii<\/em>, e anticorpos IgM.<br \/>\n4.\u00a0<strong>DESCREVA<\/strong>\u00a0a finalidade do teste de VDRL (Venereal Disease Research Laboratory) e o fundamento da t\u00e9cnica.\u00a0<strong>INTERPRETE<\/strong>\u00a0o resultado apresentado no exame da paciente.<br \/>\n5.\u00a0A transcitose consiste na passagem de anticorpos da m\u00e3e para o feto via transplacent\u00e1ria.\u00a0<strong>MENCIONE\u00a0<\/strong>a\u00a0classe de anticorpo envolvida neste processo e o tipo de imuniza\u00e7\u00e3o, bem como a sua import\u00e2ncia.<br \/>\n6.\u00a0<strong>EXPLANE<\/strong>\u00a0sobre cada um dos poss\u00edveis desfechos em termos de compatibilidade do fator Rh entre m\u00e3e e filho, considerando que o pai da crian\u00e7a possua:<br \/>\na) sangue tipo A positivo (A+)<br \/>\nb)\u00a0sangue tipo A negativo (A-)<br \/>\n7.\u00a0<strong>EXPLIQUE\u00a0<\/strong>a estrat\u00e9gia utilizada para evitar o desenvolvimento da doen\u00e7a hemol\u00edtica do rec\u00e9m-nascido (DHRN) e como \u00e9 feito o seu diagn\u00f3stico imunol\u00f3gico.<\/p>\n","protected":false},"excerpt":{"rendered":"<p>Voc\u00ea sabia que a imunologia cl\u00ednica \u00e9 muito importante para o monitoramento da sa\u00fade da gestante e do beb\u00ea? Ao<\/p>\n","protected":false},"featured_media":2326,"template":"","meta":{"_monsterinsights_skip_tracking":false,"_monsterinsights_sitenote_active":false,"_monsterinsights_sitenote_note":"","_monsterinsights_sitenote_category":0},"product_brand":[],"product_cat":[31],"product_tag":[],"class_list":{"0":"post-4249","1":"product","2":"type-product","3":"status-publish","4":"has-post-thumbnail","6":"product_cat-farmacia","8":"first","9":"instock","10":"downloadable","11":"virtual","12":"purchasable","13":"product-type-simple"},"yoast_head":"<!-- This site is optimized with the Yoast SEO plugin v27.4 - https:\/\/yoast.com\/product\/yoast-seo-wordpress\/ -->\n<title>MAPA - Imunologia Cl\u00ednica - 52\/2024<\/title>\n<meta name=\"description\" content=\"Atividade MAPA - Imunologia Cl\u00ednica - 52\/2024 &#8902; Unicesumar. Baixe agora mesmo um Mapa Pronto resolvido!\" \/>\n<meta name=\"robots\" content=\"index, follow, max-snippet:-1, max-image-preview:large, max-video-preview:-1\" \/>\n<link rel=\"canonical\" href=\"https:\/\/atividademapa.com\/?product=mapa-imunologia-clinica-52-2024\" \/>\n<meta property=\"og:locale\" content=\"pt_BR\" \/>\n<meta property=\"og:type\" content=\"article\" \/>\n<meta property=\"og:title\" content=\"MAPA - Imunologia Cl\u00ednica - 52\/2024\" \/>\n<meta property=\"og:description\" content=\"Atividade MAPA - Imunologia Cl\u00ednica - 52\/2024 &#8902; Unicesumar. Baixe agora mesmo um Mapa Pronto resolvido!\" \/>\n<meta property=\"og:url\" content=\"https:\/\/atividademapa.com\/?product=mapa-imunologia-clinica-52-2024\" \/>\n<meta property=\"og:site_name\" content=\"Atividade Mapa\" \/>\n<meta property=\"article:modified_time\" content=\"2024-06-21T01:11:22+00:00\" \/>\n<meta property=\"og:image\" content=\"https:\/\/i0.wp.com\/atividademapa.com\/wp-content\/uploads\/2023\/03\/Atividade-M.A.P.A-3.png?fit=300%2C300&ssl=1\" \/>\n\t<meta property=\"og:image:width\" content=\"300\" \/>\n\t<meta property=\"og:image:height\" content=\"300\" \/>\n\t<meta property=\"og:image:type\" content=\"image\/png\" \/>\n<meta name=\"twitter:card\" content=\"summary_large_image\" \/>\n<meta name=\"twitter:label1\" content=\"Est. tempo de leitura\" \/>\n\t<meta name=\"twitter:data1\" content=\"2 minutos\" \/>\n<script type=\"application\/ld+json\" class=\"yoast-schema-graph\">{\"@context\":\"https:\\\/\\\/schema.org\",\"@graph\":[{\"@type\":\"WebPage\",\"@id\":\"https:\\\/\\\/atividademapa.com\\\/?product=mapa-imunologia-clinica-52-2024\",\"url\":\"https:\\\/\\\/atividademapa.com\\\/?product=mapa-imunologia-clinica-52-2024\",\"name\":\"MAPA - Imunologia Cl\u00ednica - 52\\\/2024\",\"isPartOf\":{\"@id\":\"https:\\\/\\\/atividademapa.com\\\/#website\"},\"primaryImageOfPage\":{\"@id\":\"https:\\\/\\\/atividademapa.com\\\/?product=mapa-imunologia-clinica-52-2024#primaryimage\"},\"image\":{\"@id\":\"https:\\\/\\\/atividademapa.com\\\/?product=mapa-imunologia-clinica-52-2024#primaryimage\"},\"thumbnailUrl\":\"https:\\\/\\\/i0.wp.com\\\/atividademapa.com\\\/wp-content\\\/uploads\\\/2023\\\/03\\\/Atividade-M.A.P.A-3.png?fit=300%2C300&ssl=1\",\"datePublished\":\"2024-06-21T01:10:12+00:00\",\"dateModified\":\"2024-06-21T01:11:22+00:00\",\"description\":\"Atividade MAPA - Imunologia Cl\u00ednica - 52\\\/2024 &#8902; Unicesumar. Baixe agora mesmo um Mapa Pronto resolvido!\",\"breadcrumb\":{\"@id\":\"https:\\\/\\\/atividademapa.com\\\/?product=mapa-imunologia-clinica-52-2024#breadcrumb\"},\"inLanguage\":\"pt-BR\",\"potentialAction\":[{\"@type\":\"ReadAction\",\"target\":[\"https:\\\/\\\/atividademapa.com\\\/?product=mapa-imunologia-clinica-52-2024\"]}]},{\"@type\":\"ImageObject\",\"inLanguage\":\"pt-BR\",\"@id\":\"https:\\\/\\\/atividademapa.com\\\/?product=mapa-imunologia-clinica-52-2024#primaryimage\",\"url\":\"https:\\\/\\\/i0.wp.com\\\/atividademapa.com\\\/wp-content\\\/uploads\\\/2023\\\/03\\\/Atividade-M.A.P.A-3.png?fit=300%2C300&ssl=1\",\"contentUrl\":\"https:\\\/\\\/i0.wp.com\\\/atividademapa.com\\\/wp-content\\\/uploads\\\/2023\\\/03\\\/Atividade-M.A.P.A-3.png?fit=300%2C300&ssl=1\",\"width\":300,\"height\":300,\"caption\":\"Mapa Unicesumar Atividade\"},{\"@type\":\"BreadcrumbList\",\"@id\":\"https:\\\/\\\/atividademapa.com\\\/?product=mapa-imunologia-clinica-52-2024#breadcrumb\",\"itemListElement\":[{\"@type\":\"ListItem\",\"position\":1,\"name\":\"In\u00edcio\",\"item\":\"https:\\\/\\\/atividademapa.com\\\/\"},{\"@type\":\"ListItem\",\"position\":2,\"name\":\"MAPAS\",\"item\":\"https:\\\/\\\/atividademapa.com\\\/?page_id=5\"},{\"@type\":\"ListItem\",\"position\":3,\"name\":\"MAPA &#8211; Imunologia Cl\u00ednica &#8211; 52\\\/2024\"}]},{\"@type\":\"WebSite\",\"@id\":\"https:\\\/\\\/atividademapa.com\\\/#website\",\"url\":\"https:\\\/\\\/atividademapa.com\\\/\",\"name\":\"Atividade Mapa\",\"description\":\"StudeO | Unicesumar\",\"publisher\":{\"@id\":\"https:\\\/\\\/atividademapa.com\\\/#organization\"},\"potentialAction\":[{\"@type\":\"SearchAction\",\"target\":{\"@type\":\"EntryPoint\",\"urlTemplate\":\"https:\\\/\\\/atividademapa.com\\\/?s={search_term_string}\"},\"query-input\":{\"@type\":\"PropertyValueSpecification\",\"valueRequired\":true,\"valueName\":\"search_term_string\"}}],\"inLanguage\":\"pt-BR\"},{\"@type\":\"Organization\",\"@id\":\"https:\\\/\\\/atividademapa.com\\\/#organization\",\"name\":\"Atividade MAPA\",\"url\":\"https:\\\/\\\/atividademapa.com\\\/\",\"logo\":{\"@type\":\"ImageObject\",\"inLanguage\":\"pt-BR\",\"@id\":\"https:\\\/\\\/atividademapa.com\\\/#\\\/schema\\\/logo\\\/image\\\/\",\"url\":\"https:\\\/\\\/i0.wp.com\\\/atividademapa.com\\\/wp-content\\\/uploads\\\/2023\\\/02\\\/ATIVIDADE.png?fit=600%2C300&ssl=1\",\"contentUrl\":\"https:\\\/\\\/i0.wp.com\\\/atividademapa.com\\\/wp-content\\\/uploads\\\/2023\\\/02\\\/ATIVIDADE.png?fit=600%2C300&ssl=1\",\"width\":600,\"height\":300,\"caption\":\"Atividade MAPA\"},\"image\":{\"@id\":\"https:\\\/\\\/atividademapa.com\\\/#\\\/schema\\\/logo\\\/image\\\/\"}}]}<\/script>\n<!-- \/ Yoast SEO plugin. -->","yoast_head_json":{"title":"MAPA - Imunologia Cl\u00ednica - 52\/2024","description":"Atividade MAPA - Imunologia Cl\u00ednica - 52\/2024 &#8902; Unicesumar. Baixe agora mesmo um Mapa Pronto resolvido!","robots":{"index":"index","follow":"follow","max-snippet":"max-snippet:-1","max-image-preview":"max-image-preview:large","max-video-preview":"max-video-preview:-1"},"canonical":"https:\/\/atividademapa.com\/?product=mapa-imunologia-clinica-52-2024","og_locale":"pt_BR","og_type":"article","og_title":"MAPA - Imunologia Cl\u00ednica - 52\/2024","og_description":"Atividade MAPA - Imunologia Cl\u00ednica - 52\/2024 &#8902; Unicesumar. Baixe agora mesmo um Mapa Pronto resolvido!","og_url":"https:\/\/atividademapa.com\/?product=mapa-imunologia-clinica-52-2024","og_site_name":"Atividade Mapa","article_modified_time":"2024-06-21T01:11:22+00:00","og_image":[{"width":300,"height":300,"url":"https:\/\/i0.wp.com\/atividademapa.com\/wp-content\/uploads\/2023\/03\/Atividade-M.A.P.A-3.png?fit=300%2C300&ssl=1","type":"image\/png"}],"twitter_card":"summary_large_image","twitter_misc":{"Est. tempo de leitura":"2 minutos"},"schema":{"@context":"https:\/\/schema.org","@graph":[{"@type":"WebPage","@id":"https:\/\/atividademapa.com\/?product=mapa-imunologia-clinica-52-2024","url":"https:\/\/atividademapa.com\/?product=mapa-imunologia-clinica-52-2024","name":"MAPA - Imunologia Cl\u00ednica - 52\/2024","isPartOf":{"@id":"https:\/\/atividademapa.com\/#website"},"primaryImageOfPage":{"@id":"https:\/\/atividademapa.com\/?product=mapa-imunologia-clinica-52-2024#primaryimage"},"image":{"@id":"https:\/\/atividademapa.com\/?product=mapa-imunologia-clinica-52-2024#primaryimage"},"thumbnailUrl":"https:\/\/i0.wp.com\/atividademapa.com\/wp-content\/uploads\/2023\/03\/Atividade-M.A.P.A-3.png?fit=300%2C300&ssl=1","datePublished":"2024-06-21T01:10:12+00:00","dateModified":"2024-06-21T01:11:22+00:00","description":"Atividade MAPA - Imunologia Cl\u00ednica - 52\/2024 &#8902; Unicesumar. Baixe agora mesmo um Mapa Pronto resolvido!","breadcrumb":{"@id":"https:\/\/atividademapa.com\/?product=mapa-imunologia-clinica-52-2024#breadcrumb"},"inLanguage":"pt-BR","potentialAction":[{"@type":"ReadAction","target":["https:\/\/atividademapa.com\/?product=mapa-imunologia-clinica-52-2024"]}]},{"@type":"ImageObject","inLanguage":"pt-BR","@id":"https:\/\/atividademapa.com\/?product=mapa-imunologia-clinica-52-2024#primaryimage","url":"https:\/\/i0.wp.com\/atividademapa.com\/wp-content\/uploads\/2023\/03\/Atividade-M.A.P.A-3.png?fit=300%2C300&ssl=1","contentUrl":"https:\/\/i0.wp.com\/atividademapa.com\/wp-content\/uploads\/2023\/03\/Atividade-M.A.P.A-3.png?fit=300%2C300&ssl=1","width":300,"height":300,"caption":"Mapa Unicesumar Atividade"},{"@type":"BreadcrumbList","@id":"https:\/\/atividademapa.com\/?product=mapa-imunologia-clinica-52-2024#breadcrumb","itemListElement":[{"@type":"ListItem","position":1,"name":"In\u00edcio","item":"https:\/\/atividademapa.com\/"},{"@type":"ListItem","position":2,"name":"MAPAS","item":"https:\/\/atividademapa.com\/?page_id=5"},{"@type":"ListItem","position":3,"name":"MAPA &#8211; Imunologia Cl\u00ednica &#8211; 52\/2024"}]},{"@type":"WebSite","@id":"https:\/\/atividademapa.com\/#website","url":"https:\/\/atividademapa.com\/","name":"Atividade Mapa","description":"StudeO | Unicesumar","publisher":{"@id":"https:\/\/atividademapa.com\/#organization"},"potentialAction":[{"@type":"SearchAction","target":{"@type":"EntryPoint","urlTemplate":"https:\/\/atividademapa.com\/?s={search_term_string}"},"query-input":{"@type":"PropertyValueSpecification","valueRequired":true,"valueName":"search_term_string"}}],"inLanguage":"pt-BR"},{"@type":"Organization","@id":"https:\/\/atividademapa.com\/#organization","name":"Atividade MAPA","url":"https:\/\/atividademapa.com\/","logo":{"@type":"ImageObject","inLanguage":"pt-BR","@id":"https:\/\/atividademapa.com\/#\/schema\/logo\/image\/","url":"https:\/\/i0.wp.com\/atividademapa.com\/wp-content\/uploads\/2023\/02\/ATIVIDADE.png?fit=600%2C300&ssl=1","contentUrl":"https:\/\/i0.wp.com\/atividademapa.com\/wp-content\/uploads\/2023\/02\/ATIVIDADE.png?fit=600%2C300&ssl=1","width":600,"height":300,"caption":"Atividade MAPA"},"image":{"@id":"https:\/\/atividademapa.com\/#\/schema\/logo\/image\/"}}]}},"_links":{"self":[{"href":"https:\/\/atividademapa.com\/index.php?rest_route=\/wp\/v2\/product\/4249","targetHints":{"allow":["GET"]}}],"collection":[{"href":"https:\/\/atividademapa.com\/index.php?rest_route=\/wp\/v2\/product"}],"about":[{"href":"https:\/\/atividademapa.com\/index.php?rest_route=\/wp\/v2\/types\/product"}],"version-history":[{"count":2,"href":"https:\/\/atividademapa.com\/index.php?rest_route=\/wp\/v2\/product\/4249\/revisions"}],"predecessor-version":[{"id":4253,"href":"https:\/\/atividademapa.com\/index.php?rest_route=\/wp\/v2\/product\/4249\/revisions\/4253"}],"wp:featuredmedia":[{"embeddable":true,"href":"https:\/\/atividademapa.com\/index.php?rest_route=\/wp\/v2\/media\/2326"}],"wp:attachment":[{"href":"https:\/\/atividademapa.com\/index.php?rest_route=%2Fwp%2Fv2%2Fmedia&parent=4249"}],"wp:term":[{"taxonomy":"product_brand","embeddable":true,"href":"https:\/\/atividademapa.com\/index.php?rest_route=%2Fwp%2Fv2%2Fproduct_brand&post=4249"},{"taxonomy":"product_cat","embeddable":true,"href":"https:\/\/atividademapa.com\/index.php?rest_route=%2Fwp%2Fv2%2Fproduct_cat&post=4249"},{"taxonomy":"product_tag","embeddable":true,"href":"https:\/\/atividademapa.com\/index.php?rest_route=%2Fwp%2Fv2%2Fproduct_tag&post=4249"}],"curies":[{"name":"wp","href":"https:\/\/api.w.org\/{rel}","templated":true}]}}