{"id":4376,"date":"2024-07-07T00:58:56","date_gmt":"2024-07-07T03:58:56","guid":{"rendered":"https:\/\/atividademapa.com\/?post_type=product&#038;p=4376"},"modified":"2024-07-07T00:58:58","modified_gmt":"2024-07-07T03:58:58","slug":"mapa-competencias-socioemocionais-52-2024","status":"publish","type":"product","link":"https:\/\/atividademapa.com\/?product=mapa-competencias-socioemocionais-52-2024","title":{"rendered":"MAPA &#8211; Compet\u00eancias Socioemocionais 52\/2024"},"content":{"rendered":"<p>Considere o caso hipot\u00e9tico a seguir:<br \/>\nA Escola Estadual Juscelino Kubitschek enfrenta um aumento preocupante nos casos de viol\u00eancia entre os alunos. De acordo com dados estat\u00edsticos fornecidos pelo corpo docente, nos \u00faltimos dois anos, houve um aumento de 30% nos registros de agress\u00f5es f\u00edsicas e verbais entre os estudantes. Al\u00e9m disso, uma pesquisa recente realizada entre os pr\u00f3prios estudantes, revelou que 40% deles se sentem inseguros no ambiente escolar devido \u00e0 viol\u00eancia ou algum tipo de bullying.<\/p>\n<p>(Autoria pr\u00f3pria, 2024).<\/p>\n<p>Diante deste caso hipot\u00e9tico, sua tarefa \u00e9 produzir um PLANO DE A\u00c7\u00c3O inovador que aborde as compet\u00eancias socioemocionais dos alunos, visando prevenir e reduzir a viol\u00eancia na escola. Para isto, voc\u00ea dever\u00e1 criar uma apresenta\u00e7\u00e3o em PowerPoint (PPT), seguindo os passos a seguir:<\/p>\n<p>1. An\u00e1lise Situacional: Realize uma an\u00e1lise detalhada da situa\u00e7\u00e3o, considerando os fatores que contribuem para a viol\u00eancia na escola, como bullying, conflitos interpessoais, press\u00e3o escolar, entre outros.<br \/>\n2. Pesquisa e Refer\u00eancias: Pesquise e analise estrat\u00e9gias did\u00e1ticas existentes para o desenvolvimento de compet\u00eancias socioemocionais em escolas com casos similares.<br \/>\n3. M\u00e3os \u00e0 obra &#8211; Plano de A\u00e7\u00e3o: Elabore um plano de a\u00e7\u00e3o detalhado para a implementa\u00e7\u00e3o da estrat\u00e9gia na Escola Estadual Juscelino Kubitschek. Neste plano de a\u00e7\u00e3o voc\u00ea dever\u00e1 descrever os objetivos (geral e espec\u00edfico), metodologia (descrevendo como voc\u00ea ir\u00e1 implementar a estrat\u00e9gia), recursos necess\u00e1rios (liste quais recursos ser\u00e3o necess\u00e1rios para concluir a estrat\u00e9gia) e avalia\u00e7\u00e3o (quais ser\u00e3o os impactos positivos da estrat\u00e9gia na comunidade escolar). Lembre-se de fundamentar teoricamente a sua resposta e de utilizar imagens para melhor compreens\u00e3o do conte\u00fado.<br \/>\n4. Power Point: Sua atividade dever\u00e1 ser feita em Power Point, ent\u00e3o abra o template do seu MAPA, que se encontra no Material da Disciplina.<br \/>\n5. Revis\u00e3o: Leia novamente o que escreveu, amplie as ideias e conclua sua atividade, realizando uma cuidadosa corre\u00e7\u00e3o ortogr\u00e1fica. Para auxiliar no desenvolvimento da atividade, fa\u00e7a o uso de seu livro did\u00e1tico, de materiais complementares e ainda de livros dispon\u00edveis na Minha Biblioteca.<\/p>\n","protected":false},"excerpt":{"rendered":"<p>Considere o caso hipot\u00e9tico a seguir: A Escola Estadual Juscelino Kubitschek enfrenta um aumento preocupante nos casos de viol\u00eancia entre<\/p>\n","protected":false},"featured_media":2326,"template":"","meta":{"_monsterinsights_skip_tracking":false,"_monsterinsights_sitenote_active":false,"_monsterinsights_sitenote_note":"","_monsterinsights_sitenote_category":0},"product_brand":[],"product_cat":[48,47,30],"product_tag":[],"class_list":{"0":"post-4376","1":"product","2":"type-product","3":"status-publish","4":"has-post-thumbnail","6":"product_cat-historia","7":"product_cat-licenciatura","8":"product_cat-pedagogia","10":"first","11":"instock","12":"downloadable","13":"virtual","14":"purchasable","15":"product-type-simple"},"yoast_head":"<!-- This site is optimized with the Yoast SEO plugin v27.4 - https:\/\/yoast.com\/product\/yoast-seo-wordpress\/ -->\n<title>MAPA - Compet\u00eancias Socioemocionais 52\/2024<\/title>\n<meta name=\"description\" content=\"Atividade MAPA - Compet\u00eancias Socioemocionais 52\/2024 &#8902; Unicesumar. Baixe agora mesmo um Mapa Pronto resolvido!\" \/>\n<meta name=\"robots\" content=\"index, follow, max-snippet:-1, max-image-preview:large, max-video-preview:-1\" \/>\n<link rel=\"canonical\" href=\"https:\/\/atividademapa.com\/?product=mapa-competencias-socioemocionais-52-2024\" \/>\n<meta property=\"og:locale\" content=\"pt_BR\" \/>\n<meta property=\"og:type\" content=\"article\" \/>\n<meta property=\"og:title\" content=\"MAPA - Compet\u00eancias Socioemocionais 52\/2024\" \/>\n<meta property=\"og:description\" content=\"Atividade MAPA - Compet\u00eancias Socioemocionais 52\/2024 &#8902; Unicesumar. Baixe agora mesmo um Mapa Pronto resolvido!\" \/>\n<meta property=\"og:url\" content=\"https:\/\/atividademapa.com\/?product=mapa-competencias-socioemocionais-52-2024\" \/>\n<meta property=\"og:site_name\" content=\"Atividade Mapa\" \/>\n<meta property=\"article:modified_time\" content=\"2024-07-07T03:58:58+00:00\" \/>\n<meta property=\"og:image\" content=\"https:\/\/i0.wp.com\/atividademapa.com\/wp-content\/uploads\/2023\/03\/Atividade-M.A.P.A-3.png?fit=300%2C300&ssl=1\" \/>\n\t<meta property=\"og:image:width\" content=\"300\" \/>\n\t<meta property=\"og:image:height\" content=\"300\" \/>\n\t<meta property=\"og:image:type\" content=\"image\/png\" \/>\n<meta name=\"twitter:card\" content=\"summary_large_image\" \/>\n<meta name=\"twitter:label1\" content=\"Est. tempo de leitura\" \/>\n\t<meta name=\"twitter:data1\" content=\"2 minutos\" \/>\n<script type=\"application\/ld+json\" class=\"yoast-schema-graph\">{\"@context\":\"https:\\\/\\\/schema.org\",\"@graph\":[{\"@type\":\"WebPage\",\"@id\":\"https:\\\/\\\/atividademapa.com\\\/?product=mapa-competencias-socioemocionais-52-2024\",\"url\":\"https:\\\/\\\/atividademapa.com\\\/?product=mapa-competencias-socioemocionais-52-2024\",\"name\":\"MAPA - Compet\u00eancias Socioemocionais 52\\\/2024\",\"isPartOf\":{\"@id\":\"https:\\\/\\\/atividademapa.com\\\/#website\"},\"primaryImageOfPage\":{\"@id\":\"https:\\\/\\\/atividademapa.com\\\/?product=mapa-competencias-socioemocionais-52-2024#primaryimage\"},\"image\":{\"@id\":\"https:\\\/\\\/atividademapa.com\\\/?product=mapa-competencias-socioemocionais-52-2024#primaryimage\"},\"thumbnailUrl\":\"https:\\\/\\\/i0.wp.com\\\/atividademapa.com\\\/wp-content\\\/uploads\\\/2023\\\/03\\\/Atividade-M.A.P.A-3.png?fit=300%2C300&ssl=1\",\"datePublished\":\"2024-07-07T03:58:56+00:00\",\"dateModified\":\"2024-07-07T03:58:58+00:00\",\"description\":\"Atividade MAPA - Compet\u00eancias Socioemocionais 52\\\/2024 &#8902; Unicesumar. Baixe agora mesmo um Mapa Pronto resolvido!\",\"breadcrumb\":{\"@id\":\"https:\\\/\\\/atividademapa.com\\\/?product=mapa-competencias-socioemocionais-52-2024#breadcrumb\"},\"inLanguage\":\"pt-BR\",\"potentialAction\":[{\"@type\":\"ReadAction\",\"target\":[\"https:\\\/\\\/atividademapa.com\\\/?product=mapa-competencias-socioemocionais-52-2024\"]}]},{\"@type\":\"ImageObject\",\"inLanguage\":\"pt-BR\",\"@id\":\"https:\\\/\\\/atividademapa.com\\\/?product=mapa-competencias-socioemocionais-52-2024#primaryimage\",\"url\":\"https:\\\/\\\/i0.wp.com\\\/atividademapa.com\\\/wp-content\\\/uploads\\\/2023\\\/03\\\/Atividade-M.A.P.A-3.png?fit=300%2C300&ssl=1\",\"contentUrl\":\"https:\\\/\\\/i0.wp.com\\\/atividademapa.com\\\/wp-content\\\/uploads\\\/2023\\\/03\\\/Atividade-M.A.P.A-3.png?fit=300%2C300&ssl=1\",\"width\":300,\"height\":300,\"caption\":\"Mapa Unicesumar Atividade\"},{\"@type\":\"BreadcrumbList\",\"@id\":\"https:\\\/\\\/atividademapa.com\\\/?product=mapa-competencias-socioemocionais-52-2024#breadcrumb\",\"itemListElement\":[{\"@type\":\"ListItem\",\"position\":1,\"name\":\"In\u00edcio\",\"item\":\"https:\\\/\\\/atividademapa.com\\\/\"},{\"@type\":\"ListItem\",\"position\":2,\"name\":\"MAPAS\",\"item\":\"https:\\\/\\\/atividademapa.com\\\/?page_id=5\"},{\"@type\":\"ListItem\",\"position\":3,\"name\":\"MAPA &#8211; Compet\u00eancias Socioemocionais 52\\\/2024\"}]},{\"@type\":\"WebSite\",\"@id\":\"https:\\\/\\\/atividademapa.com\\\/#website\",\"url\":\"https:\\\/\\\/atividademapa.com\\\/\",\"name\":\"Atividade Mapa\",\"description\":\"StudeO | Unicesumar\",\"publisher\":{\"@id\":\"https:\\\/\\\/atividademapa.com\\\/#organization\"},\"potentialAction\":[{\"@type\":\"SearchAction\",\"target\":{\"@type\":\"EntryPoint\",\"urlTemplate\":\"https:\\\/\\\/atividademapa.com\\\/?s={search_term_string}\"},\"query-input\":{\"@type\":\"PropertyValueSpecification\",\"valueRequired\":true,\"valueName\":\"search_term_string\"}}],\"inLanguage\":\"pt-BR\"},{\"@type\":\"Organization\",\"@id\":\"https:\\\/\\\/atividademapa.com\\\/#organization\",\"name\":\"Atividade MAPA\",\"url\":\"https:\\\/\\\/atividademapa.com\\\/\",\"logo\":{\"@type\":\"ImageObject\",\"inLanguage\":\"pt-BR\",\"@id\":\"https:\\\/\\\/atividademapa.com\\\/#\\\/schema\\\/logo\\\/image\\\/\",\"url\":\"https:\\\/\\\/i0.wp.com\\\/atividademapa.com\\\/wp-content\\\/uploads\\\/2023\\\/02\\\/ATIVIDADE.png?fit=600%2C300&ssl=1\",\"contentUrl\":\"https:\\\/\\\/i0.wp.com\\\/atividademapa.com\\\/wp-content\\\/uploads\\\/2023\\\/02\\\/ATIVIDADE.png?fit=600%2C300&ssl=1\",\"width\":600,\"height\":300,\"caption\":\"Atividade MAPA\"},\"image\":{\"@id\":\"https:\\\/\\\/atividademapa.com\\\/#\\\/schema\\\/logo\\\/image\\\/\"}}]}<\/script>\n<!-- \/ Yoast SEO plugin. -->","yoast_head_json":{"title":"MAPA - Compet\u00eancias Socioemocionais 52\/2024","description":"Atividade MAPA - Compet\u00eancias Socioemocionais 52\/2024 &#8902; Unicesumar. Baixe agora mesmo um Mapa Pronto resolvido!","robots":{"index":"index","follow":"follow","max-snippet":"max-snippet:-1","max-image-preview":"max-image-preview:large","max-video-preview":"max-video-preview:-1"},"canonical":"https:\/\/atividademapa.com\/?product=mapa-competencias-socioemocionais-52-2024","og_locale":"pt_BR","og_type":"article","og_title":"MAPA - Compet\u00eancias Socioemocionais 52\/2024","og_description":"Atividade MAPA - Compet\u00eancias Socioemocionais 52\/2024 &#8902; Unicesumar. Baixe agora mesmo um Mapa Pronto resolvido!","og_url":"https:\/\/atividademapa.com\/?product=mapa-competencias-socioemocionais-52-2024","og_site_name":"Atividade Mapa","article_modified_time":"2024-07-07T03:58:58+00:00","og_image":[{"width":300,"height":300,"url":"https:\/\/i0.wp.com\/atividademapa.com\/wp-content\/uploads\/2023\/03\/Atividade-M.A.P.A-3.png?fit=300%2C300&ssl=1","type":"image\/png"}],"twitter_card":"summary_large_image","twitter_misc":{"Est. tempo de leitura":"2 minutos"},"schema":{"@context":"https:\/\/schema.org","@graph":[{"@type":"WebPage","@id":"https:\/\/atividademapa.com\/?product=mapa-competencias-socioemocionais-52-2024","url":"https:\/\/atividademapa.com\/?product=mapa-competencias-socioemocionais-52-2024","name":"MAPA - Compet\u00eancias Socioemocionais 52\/2024","isPartOf":{"@id":"https:\/\/atividademapa.com\/#website"},"primaryImageOfPage":{"@id":"https:\/\/atividademapa.com\/?product=mapa-competencias-socioemocionais-52-2024#primaryimage"},"image":{"@id":"https:\/\/atividademapa.com\/?product=mapa-competencias-socioemocionais-52-2024#primaryimage"},"thumbnailUrl":"https:\/\/i0.wp.com\/atividademapa.com\/wp-content\/uploads\/2023\/03\/Atividade-M.A.P.A-3.png?fit=300%2C300&ssl=1","datePublished":"2024-07-07T03:58:56+00:00","dateModified":"2024-07-07T03:58:58+00:00","description":"Atividade MAPA - Compet\u00eancias Socioemocionais 52\/2024 &#8902; Unicesumar. Baixe agora mesmo um Mapa Pronto resolvido!","breadcrumb":{"@id":"https:\/\/atividademapa.com\/?product=mapa-competencias-socioemocionais-52-2024#breadcrumb"},"inLanguage":"pt-BR","potentialAction":[{"@type":"ReadAction","target":["https:\/\/atividademapa.com\/?product=mapa-competencias-socioemocionais-52-2024"]}]},{"@type":"ImageObject","inLanguage":"pt-BR","@id":"https:\/\/atividademapa.com\/?product=mapa-competencias-socioemocionais-52-2024#primaryimage","url":"https:\/\/i0.wp.com\/atividademapa.com\/wp-content\/uploads\/2023\/03\/Atividade-M.A.P.A-3.png?fit=300%2C300&ssl=1","contentUrl":"https:\/\/i0.wp.com\/atividademapa.com\/wp-content\/uploads\/2023\/03\/Atividade-M.A.P.A-3.png?fit=300%2C300&ssl=1","width":300,"height":300,"caption":"Mapa Unicesumar Atividade"},{"@type":"BreadcrumbList","@id":"https:\/\/atividademapa.com\/?product=mapa-competencias-socioemocionais-52-2024#breadcrumb","itemListElement":[{"@type":"ListItem","position":1,"name":"In\u00edcio","item":"https:\/\/atividademapa.com\/"},{"@type":"ListItem","position":2,"name":"MAPAS","item":"https:\/\/atividademapa.com\/?page_id=5"},{"@type":"ListItem","position":3,"name":"MAPA &#8211; Compet\u00eancias Socioemocionais 52\/2024"}]},{"@type":"WebSite","@id":"https:\/\/atividademapa.com\/#website","url":"https:\/\/atividademapa.com\/","name":"Atividade Mapa","description":"StudeO | Unicesumar","publisher":{"@id":"https:\/\/atividademapa.com\/#organization"},"potentialAction":[{"@type":"SearchAction","target":{"@type":"EntryPoint","urlTemplate":"https:\/\/atividademapa.com\/?s={search_term_string}"},"query-input":{"@type":"PropertyValueSpecification","valueRequired":true,"valueName":"search_term_string"}}],"inLanguage":"pt-BR"},{"@type":"Organization","@id":"https:\/\/atividademapa.com\/#organization","name":"Atividade MAPA","url":"https:\/\/atividademapa.com\/","logo":{"@type":"ImageObject","inLanguage":"pt-BR","@id":"https:\/\/atividademapa.com\/#\/schema\/logo\/image\/","url":"https:\/\/i0.wp.com\/atividademapa.com\/wp-content\/uploads\/2023\/02\/ATIVIDADE.png?fit=600%2C300&ssl=1","contentUrl":"https:\/\/i0.wp.com\/atividademapa.com\/wp-content\/uploads\/2023\/02\/ATIVIDADE.png?fit=600%2C300&ssl=1","width":600,"height":300,"caption":"Atividade MAPA"},"image":{"@id":"https:\/\/atividademapa.com\/#\/schema\/logo\/image\/"}}]}},"_links":{"self":[{"href":"https:\/\/atividademapa.com\/index.php?rest_route=\/wp\/v2\/product\/4376","targetHints":{"allow":["GET"]}}],"collection":[{"href":"https:\/\/atividademapa.com\/index.php?rest_route=\/wp\/v2\/product"}],"about":[{"href":"https:\/\/atividademapa.com\/index.php?rest_route=\/wp\/v2\/types\/product"}],"version-history":[{"count":1,"href":"https:\/\/atividademapa.com\/index.php?rest_route=\/wp\/v2\/product\/4376\/revisions"}],"predecessor-version":[{"id":4378,"href":"https:\/\/atividademapa.com\/index.php?rest_route=\/wp\/v2\/product\/4376\/revisions\/4378"}],"wp:featuredmedia":[{"embeddable":true,"href":"https:\/\/atividademapa.com\/index.php?rest_route=\/wp\/v2\/media\/2326"}],"wp:attachment":[{"href":"https:\/\/atividademapa.com\/index.php?rest_route=%2Fwp%2Fv2%2Fmedia&parent=4376"}],"wp:term":[{"taxonomy":"product_brand","embeddable":true,"href":"https:\/\/atividademapa.com\/index.php?rest_route=%2Fwp%2Fv2%2Fproduct_brand&post=4376"},{"taxonomy":"product_cat","embeddable":true,"href":"https:\/\/atividademapa.com\/index.php?rest_route=%2Fwp%2Fv2%2Fproduct_cat&post=4376"},{"taxonomy":"product_tag","embeddable":true,"href":"https:\/\/atividademapa.com\/index.php?rest_route=%2Fwp%2Fv2%2Fproduct_tag&post=4376"}],"curies":[{"name":"wp","href":"https:\/\/api.w.org\/{rel}","templated":true}]}}