{"id":4422,"date":"2024-07-16T16:24:54","date_gmt":"2024-07-16T19:24:54","guid":{"rendered":"https:\/\/atividademapa.com\/?post_type=product&#038;p=4422"},"modified":"2024-07-16T16:26:03","modified_gmt":"2024-07-16T19:26:03","slug":"mapa-integrado-tecnico-em-seguranca-do-trabalho-93-2024","status":"publish","type":"product","link":"https:\/\/atividademapa.com\/?product=mapa-integrado-tecnico-em-seguranca-do-trabalho-93-2024","title":{"rendered":"Mapa Integrado &#8211; T\u00e9cnico em Seguran\u00e7a do Trabalho &#8211; 93\/2024"},"content":{"rendered":"<p>MAPA INTEGRADO &#8211; SEGUR &#8211; 93_2024<\/p>\n<p>Voc\u00ea foi contratado como t\u00e9cnico(a) de seguran\u00e7a do trabalho em uma f\u00e1brica de m\u00f3veis de madeira. Ao iniciar seu primeiro dia de trabalho, voc\u00ea se deparou com a seguinte situa\u00e7\u00e3o:<br \/>\nOs funcion\u00e1rios estavam expostos a altos n\u00edveis de ru\u00eddo, e a poeira gerada pelo processo de serragem da madeira se espalhava por todo o ambiente. Al\u00e9m disso, os trabalhadores no galp\u00e3o frequentemente reclamavam de calor excessivo e umidade elevada. Em algumas ocasi\u00f5es, tamb\u00e9m precisavam carregar pesos excessivos entre os setores da f\u00e1brica.<br \/>\nVoc\u00ea rapidamente notou que a maioria dos funcion\u00e1rios n\u00e3o utilizava Equipamentos de Prote\u00e7\u00e3o Individual (EPIs) ou Coletiva (EPCs), estando expostos a diversos riscos f\u00edsicos, qu\u00edmicos, biol\u00f3gicos e ergon\u00f4micos.<br \/>\nEssa situa\u00e7\u00e3o ressalta a import\u00e2ncia n\u00e3o apenas das t\u00e9cnicas de gest\u00e3o de pessoas aplicadas aos processos de integra\u00e7\u00e3o e treinamento, mas tamb\u00e9m do entendimento profundo dos conceitos de higiene ocupacional voltados \u00e0 preven\u00e7\u00e3o e prote\u00e7\u00e3o da sa\u00fade dos trabalhadores.<\/p>\n<p>\u200bTendo em vista o que foi apresentado e os conte\u00fados aprendidos durante o m\u00f3dulo, chegou a hora de realizar sua atividade M.A.P.A.! Vamos l\u00e1?<\/p>\n<p>Para explorar essa quest\u00e3o, a proposta \u00e9 que voc\u00ea apresente para a dire\u00e7\u00e3o da empresa que voc\u00ea foi contratado, um relat\u00f3rio dos riscos que os funcion\u00e1rios est\u00e3o expostos. Para a elabora\u00e7\u00e3o do seu relat\u00f3rio voc\u00ea dever\u00e1 seguir as seguintes etapas.<\/p>\n<p>1. Descri\u00e7\u00e3o dos Riscos: Descreva uma lista com no m\u00ednimo 2 riscos (sejam eles f\u00edsicos, qu\u00edmicos e\/ou ergon\u00f4micos) que os funcion\u00e1rios est\u00e3o expostos.\u200b<br \/>\n2. Descri\u00e7\u00e3o das Consequ\u00eancias: Descreva as consequ\u00eancias para a sa\u00fade dos funcion\u00e1rios de acordo com os riscos citados anteriormente. Obs: seu texto deve conter no m\u00ednimo 5 e no m\u00e1ximo 20 linhas.<br \/>\n3. Medidas que a empresa deve tomar: Explique as medidas que a empresa deve tomar para sanar este problema, citando pelo menos 2 Normas Regulamentadoras (NRs).<\/p>\n<p>Obs: seu texto deve conter no m\u00ednimo 5 e no m\u00e1ximo 20 linhas.<\/p>\n<p>&nbsp;<\/p>\n","protected":false},"excerpt":{"rendered":"<p>MAPA INTEGRADO &#8211; SEGUR &#8211; 93_2024 Voc\u00ea foi contratado como t\u00e9cnico(a) de seguran\u00e7a do trabalho em uma f\u00e1brica de m\u00f3veis<\/p>\n","protected":false},"featured_media":2326,"template":"","meta":{"_monsterinsights_skip_tracking":false,"_monsterinsights_sitenote_active":false,"_monsterinsights_sitenote_note":"","_monsterinsights_sitenote_category":0},"product_brand":[],"product_cat":[135],"product_tag":[],"class_list":{"0":"post-4422","1":"product","2":"type-product","3":"status-publish","4":"has-post-thumbnail","6":"product_cat-tecnico-de-seguranca-do-trabalho","8":"first","9":"instock","10":"downloadable","11":"virtual","12":"purchasable","13":"product-type-simple"},"yoast_head":"<!-- This site is optimized with the Yoast SEO plugin v27.4 - https:\/\/yoast.com\/product\/yoast-seo-wordpress\/ -->\n<title>Mapa Integrado - T\u00e9cnico em Seguran\u00e7a do Trabalho - 93\/2024<\/title>\n<meta name=\"description\" content=\"Atividade Mapa Integrado - T\u00e9cnico em Seguran\u00e7a do Trabalho - 93\/2024 &#8902; Unicesumar. Baixe agora mesmo um Mapa Pronto resolvido!\" \/>\n<meta name=\"robots\" content=\"index, follow, max-snippet:-1, max-image-preview:large, max-video-preview:-1\" \/>\n<link rel=\"canonical\" href=\"https:\/\/atividademapa.com\/?product=mapa-integrado-tecnico-em-seguranca-do-trabalho-93-2024\" \/>\n<meta property=\"og:locale\" content=\"pt_BR\" \/>\n<meta property=\"og:type\" content=\"article\" \/>\n<meta property=\"og:title\" content=\"Mapa Integrado - T\u00e9cnico em Seguran\u00e7a do Trabalho - 93\/2024\" \/>\n<meta property=\"og:description\" content=\"Atividade Mapa Integrado - T\u00e9cnico em Seguran\u00e7a do Trabalho - 93\/2024 &#8902; Unicesumar. Baixe agora mesmo um Mapa Pronto resolvido!\" \/>\n<meta property=\"og:url\" content=\"https:\/\/atividademapa.com\/?product=mapa-integrado-tecnico-em-seguranca-do-trabalho-93-2024\" \/>\n<meta property=\"og:site_name\" content=\"Atividade Mapa\" \/>\n<meta property=\"article:modified_time\" content=\"2024-07-16T19:26:03+00:00\" \/>\n<meta property=\"og:image\" content=\"https:\/\/i0.wp.com\/atividademapa.com\/wp-content\/uploads\/2023\/03\/Atividade-M.A.P.A-3.png?fit=300%2C300&ssl=1\" \/>\n\t<meta property=\"og:image:width\" content=\"300\" \/>\n\t<meta property=\"og:image:height\" content=\"300\" \/>\n\t<meta property=\"og:image:type\" content=\"image\/png\" \/>\n<meta name=\"twitter:card\" content=\"summary_large_image\" \/>\n<meta name=\"twitter:label1\" content=\"Est. tempo de leitura\" \/>\n\t<meta name=\"twitter:data1\" content=\"2 minutos\" \/>\n<script type=\"application\/ld+json\" class=\"yoast-schema-graph\">{\"@context\":\"https:\\\/\\\/schema.org\",\"@graph\":[{\"@type\":\"WebPage\",\"@id\":\"https:\\\/\\\/atividademapa.com\\\/?product=mapa-integrado-tecnico-em-seguranca-do-trabalho-93-2024\",\"url\":\"https:\\\/\\\/atividademapa.com\\\/?product=mapa-integrado-tecnico-em-seguranca-do-trabalho-93-2024\",\"name\":\"Mapa Integrado - T\u00e9cnico em Seguran\u00e7a do Trabalho - 93\\\/2024\",\"isPartOf\":{\"@id\":\"https:\\\/\\\/atividademapa.com\\\/#website\"},\"primaryImageOfPage\":{\"@id\":\"https:\\\/\\\/atividademapa.com\\\/?product=mapa-integrado-tecnico-em-seguranca-do-trabalho-93-2024#primaryimage\"},\"image\":{\"@id\":\"https:\\\/\\\/atividademapa.com\\\/?product=mapa-integrado-tecnico-em-seguranca-do-trabalho-93-2024#primaryimage\"},\"thumbnailUrl\":\"https:\\\/\\\/i0.wp.com\\\/atividademapa.com\\\/wp-content\\\/uploads\\\/2023\\\/03\\\/Atividade-M.A.P.A-3.png?fit=300%2C300&ssl=1\",\"datePublished\":\"2024-07-16T19:24:54+00:00\",\"dateModified\":\"2024-07-16T19:26:03+00:00\",\"description\":\"Atividade Mapa Integrado - T\u00e9cnico em Seguran\u00e7a do Trabalho - 93\\\/2024 &#8902; Unicesumar. Baixe agora mesmo um Mapa Pronto resolvido!\",\"breadcrumb\":{\"@id\":\"https:\\\/\\\/atividademapa.com\\\/?product=mapa-integrado-tecnico-em-seguranca-do-trabalho-93-2024#breadcrumb\"},\"inLanguage\":\"pt-BR\",\"potentialAction\":[{\"@type\":\"ReadAction\",\"target\":[\"https:\\\/\\\/atividademapa.com\\\/?product=mapa-integrado-tecnico-em-seguranca-do-trabalho-93-2024\"]}]},{\"@type\":\"ImageObject\",\"inLanguage\":\"pt-BR\",\"@id\":\"https:\\\/\\\/atividademapa.com\\\/?product=mapa-integrado-tecnico-em-seguranca-do-trabalho-93-2024#primaryimage\",\"url\":\"https:\\\/\\\/i0.wp.com\\\/atividademapa.com\\\/wp-content\\\/uploads\\\/2023\\\/03\\\/Atividade-M.A.P.A-3.png?fit=300%2C300&ssl=1\",\"contentUrl\":\"https:\\\/\\\/i0.wp.com\\\/atividademapa.com\\\/wp-content\\\/uploads\\\/2023\\\/03\\\/Atividade-M.A.P.A-3.png?fit=300%2C300&ssl=1\",\"width\":300,\"height\":300,\"caption\":\"Mapa Unicesumar Atividade\"},{\"@type\":\"BreadcrumbList\",\"@id\":\"https:\\\/\\\/atividademapa.com\\\/?product=mapa-integrado-tecnico-em-seguranca-do-trabalho-93-2024#breadcrumb\",\"itemListElement\":[{\"@type\":\"ListItem\",\"position\":1,\"name\":\"In\u00edcio\",\"item\":\"https:\\\/\\\/atividademapa.com\\\/\"},{\"@type\":\"ListItem\",\"position\":2,\"name\":\"MAPAS\",\"item\":\"https:\\\/\\\/atividademapa.com\\\/?page_id=5\"},{\"@type\":\"ListItem\",\"position\":3,\"name\":\"Mapa Integrado &#8211; T\u00e9cnico em Seguran\u00e7a do Trabalho &#8211; 93\\\/2024\"}]},{\"@type\":\"WebSite\",\"@id\":\"https:\\\/\\\/atividademapa.com\\\/#website\",\"url\":\"https:\\\/\\\/atividademapa.com\\\/\",\"name\":\"Atividade Mapa\",\"description\":\"StudeO | Unicesumar\",\"publisher\":{\"@id\":\"https:\\\/\\\/atividademapa.com\\\/#organization\"},\"potentialAction\":[{\"@type\":\"SearchAction\",\"target\":{\"@type\":\"EntryPoint\",\"urlTemplate\":\"https:\\\/\\\/atividademapa.com\\\/?s={search_term_string}\"},\"query-input\":{\"@type\":\"PropertyValueSpecification\",\"valueRequired\":true,\"valueName\":\"search_term_string\"}}],\"inLanguage\":\"pt-BR\"},{\"@type\":\"Organization\",\"@id\":\"https:\\\/\\\/atividademapa.com\\\/#organization\",\"name\":\"Atividade MAPA\",\"url\":\"https:\\\/\\\/atividademapa.com\\\/\",\"logo\":{\"@type\":\"ImageObject\",\"inLanguage\":\"pt-BR\",\"@id\":\"https:\\\/\\\/atividademapa.com\\\/#\\\/schema\\\/logo\\\/image\\\/\",\"url\":\"https:\\\/\\\/i0.wp.com\\\/atividademapa.com\\\/wp-content\\\/uploads\\\/2023\\\/02\\\/ATIVIDADE.png?fit=600%2C300&ssl=1\",\"contentUrl\":\"https:\\\/\\\/i0.wp.com\\\/atividademapa.com\\\/wp-content\\\/uploads\\\/2023\\\/02\\\/ATIVIDADE.png?fit=600%2C300&ssl=1\",\"width\":600,\"height\":300,\"caption\":\"Atividade MAPA\"},\"image\":{\"@id\":\"https:\\\/\\\/atividademapa.com\\\/#\\\/schema\\\/logo\\\/image\\\/\"}}]}<\/script>\n<!-- \/ Yoast SEO plugin. -->","yoast_head_json":{"title":"Mapa Integrado - T\u00e9cnico em Seguran\u00e7a do Trabalho - 93\/2024","description":"Atividade Mapa Integrado - T\u00e9cnico em Seguran\u00e7a do Trabalho - 93\/2024 &#8902; Unicesumar. Baixe agora mesmo um Mapa Pronto resolvido!","robots":{"index":"index","follow":"follow","max-snippet":"max-snippet:-1","max-image-preview":"max-image-preview:large","max-video-preview":"max-video-preview:-1"},"canonical":"https:\/\/atividademapa.com\/?product=mapa-integrado-tecnico-em-seguranca-do-trabalho-93-2024","og_locale":"pt_BR","og_type":"article","og_title":"Mapa Integrado - T\u00e9cnico em Seguran\u00e7a do Trabalho - 93\/2024","og_description":"Atividade Mapa Integrado - T\u00e9cnico em Seguran\u00e7a do Trabalho - 93\/2024 &#8902; Unicesumar. Baixe agora mesmo um Mapa Pronto resolvido!","og_url":"https:\/\/atividademapa.com\/?product=mapa-integrado-tecnico-em-seguranca-do-trabalho-93-2024","og_site_name":"Atividade Mapa","article_modified_time":"2024-07-16T19:26:03+00:00","og_image":[{"width":300,"height":300,"url":"https:\/\/i0.wp.com\/atividademapa.com\/wp-content\/uploads\/2023\/03\/Atividade-M.A.P.A-3.png?fit=300%2C300&ssl=1","type":"image\/png"}],"twitter_card":"summary_large_image","twitter_misc":{"Est. tempo de leitura":"2 minutos"},"schema":{"@context":"https:\/\/schema.org","@graph":[{"@type":"WebPage","@id":"https:\/\/atividademapa.com\/?product=mapa-integrado-tecnico-em-seguranca-do-trabalho-93-2024","url":"https:\/\/atividademapa.com\/?product=mapa-integrado-tecnico-em-seguranca-do-trabalho-93-2024","name":"Mapa Integrado - T\u00e9cnico em Seguran\u00e7a do Trabalho - 93\/2024","isPartOf":{"@id":"https:\/\/atividademapa.com\/#website"},"primaryImageOfPage":{"@id":"https:\/\/atividademapa.com\/?product=mapa-integrado-tecnico-em-seguranca-do-trabalho-93-2024#primaryimage"},"image":{"@id":"https:\/\/atividademapa.com\/?product=mapa-integrado-tecnico-em-seguranca-do-trabalho-93-2024#primaryimage"},"thumbnailUrl":"https:\/\/i0.wp.com\/atividademapa.com\/wp-content\/uploads\/2023\/03\/Atividade-M.A.P.A-3.png?fit=300%2C300&ssl=1","datePublished":"2024-07-16T19:24:54+00:00","dateModified":"2024-07-16T19:26:03+00:00","description":"Atividade Mapa Integrado - T\u00e9cnico em Seguran\u00e7a do Trabalho - 93\/2024 &#8902; Unicesumar. Baixe agora mesmo um Mapa Pronto resolvido!","breadcrumb":{"@id":"https:\/\/atividademapa.com\/?product=mapa-integrado-tecnico-em-seguranca-do-trabalho-93-2024#breadcrumb"},"inLanguage":"pt-BR","potentialAction":[{"@type":"ReadAction","target":["https:\/\/atividademapa.com\/?product=mapa-integrado-tecnico-em-seguranca-do-trabalho-93-2024"]}]},{"@type":"ImageObject","inLanguage":"pt-BR","@id":"https:\/\/atividademapa.com\/?product=mapa-integrado-tecnico-em-seguranca-do-trabalho-93-2024#primaryimage","url":"https:\/\/i0.wp.com\/atividademapa.com\/wp-content\/uploads\/2023\/03\/Atividade-M.A.P.A-3.png?fit=300%2C300&ssl=1","contentUrl":"https:\/\/i0.wp.com\/atividademapa.com\/wp-content\/uploads\/2023\/03\/Atividade-M.A.P.A-3.png?fit=300%2C300&ssl=1","width":300,"height":300,"caption":"Mapa Unicesumar Atividade"},{"@type":"BreadcrumbList","@id":"https:\/\/atividademapa.com\/?product=mapa-integrado-tecnico-em-seguranca-do-trabalho-93-2024#breadcrumb","itemListElement":[{"@type":"ListItem","position":1,"name":"In\u00edcio","item":"https:\/\/atividademapa.com\/"},{"@type":"ListItem","position":2,"name":"MAPAS","item":"https:\/\/atividademapa.com\/?page_id=5"},{"@type":"ListItem","position":3,"name":"Mapa Integrado &#8211; T\u00e9cnico em Seguran\u00e7a do Trabalho &#8211; 93\/2024"}]},{"@type":"WebSite","@id":"https:\/\/atividademapa.com\/#website","url":"https:\/\/atividademapa.com\/","name":"Atividade Mapa","description":"StudeO | Unicesumar","publisher":{"@id":"https:\/\/atividademapa.com\/#organization"},"potentialAction":[{"@type":"SearchAction","target":{"@type":"EntryPoint","urlTemplate":"https:\/\/atividademapa.com\/?s={search_term_string}"},"query-input":{"@type":"PropertyValueSpecification","valueRequired":true,"valueName":"search_term_string"}}],"inLanguage":"pt-BR"},{"@type":"Organization","@id":"https:\/\/atividademapa.com\/#organization","name":"Atividade MAPA","url":"https:\/\/atividademapa.com\/","logo":{"@type":"ImageObject","inLanguage":"pt-BR","@id":"https:\/\/atividademapa.com\/#\/schema\/logo\/image\/","url":"https:\/\/i0.wp.com\/atividademapa.com\/wp-content\/uploads\/2023\/02\/ATIVIDADE.png?fit=600%2C300&ssl=1","contentUrl":"https:\/\/i0.wp.com\/atividademapa.com\/wp-content\/uploads\/2023\/02\/ATIVIDADE.png?fit=600%2C300&ssl=1","width":600,"height":300,"caption":"Atividade MAPA"},"image":{"@id":"https:\/\/atividademapa.com\/#\/schema\/logo\/image\/"}}]}},"_links":{"self":[{"href":"https:\/\/atividademapa.com\/index.php?rest_route=\/wp\/v2\/product\/4422","targetHints":{"allow":["GET"]}}],"collection":[{"href":"https:\/\/atividademapa.com\/index.php?rest_route=\/wp\/v2\/product"}],"about":[{"href":"https:\/\/atividademapa.com\/index.php?rest_route=\/wp\/v2\/types\/product"}],"version-history":[{"count":1,"href":"https:\/\/atividademapa.com\/index.php?rest_route=\/wp\/v2\/product\/4422\/revisions"}],"predecessor-version":[{"id":4424,"href":"https:\/\/atividademapa.com\/index.php?rest_route=\/wp\/v2\/product\/4422\/revisions\/4424"}],"wp:featuredmedia":[{"embeddable":true,"href":"https:\/\/atividademapa.com\/index.php?rest_route=\/wp\/v2\/media\/2326"}],"wp:attachment":[{"href":"https:\/\/atividademapa.com\/index.php?rest_route=%2Fwp%2Fv2%2Fmedia&parent=4422"}],"wp:term":[{"taxonomy":"product_brand","embeddable":true,"href":"https:\/\/atividademapa.com\/index.php?rest_route=%2Fwp%2Fv2%2Fproduct_brand&post=4422"},{"taxonomy":"product_cat","embeddable":true,"href":"https:\/\/atividademapa.com\/index.php?rest_route=%2Fwp%2Fv2%2Fproduct_cat&post=4422"},{"taxonomy":"product_tag","embeddable":true,"href":"https:\/\/atividademapa.com\/index.php?rest_route=%2Fwp%2Fv2%2Fproduct_tag&post=4422"}],"curies":[{"name":"wp","href":"https:\/\/api.w.org\/{rel}","templated":true}]}}