{"id":4426,"date":"2024-07-18T10:21:36","date_gmt":"2024-07-18T13:21:36","guid":{"rendered":"https:\/\/atividademapa.com\/?post_type=product&#038;p=4426"},"modified":"2024-07-18T10:24:26","modified_gmt":"2024-07-18T13:24:26","slug":"mapa-etica-profissional-em-gestao-hospitalar-53-2024","status":"publish","type":"product","link":"https:\/\/atividademapa.com\/?product=mapa-etica-profissional-em-gestao-hospitalar-53-2024","title":{"rendered":"MAPA &#8211; \u00c9tica Profissional em Gest\u00e3o Hospitalar 53\/2024"},"content":{"rendered":"<p>MAPA &#8211; GH &#8211; \u00c9TICA PROFISSIONAL EM GEST\u00c3O HOSPITALAR &#8211; 53_2024<\/p>\n<p><strong class=\"ng-scope\">\u200bOl\u00e1, estudantes de Gest\u00e3o Hospitalar!<\/strong><\/p>\n<div class=\"ng-scope\">A presente atividade Mapa, da disciplina de\u00a0<strong>\u00c9tica Profissional em Gest\u00e3o Hospitalar<\/strong>, auxiliar\u00e1 o estudante a compor a sua trajet\u00f3ria acad\u00eamica e proporcionar\u00e1 as habilidades da compreens\u00e3o dos valores e princ\u00edpios \u00e9ticos nas mais diversas situa\u00e7\u00f5es que a sociedade apresentar.\u200b<\/div>\n<p><br class=\"ng-scope\" \/>A atividade proposta no mapa da disciplina de \u201c\u00c9tica em gest\u00e3o hospitalar\u201d ser\u00e1 um recurso valioso em sua jornada, tanto profissional quanto acad\u00eamica. Ele ir\u00e1 equip\u00e1-lo(a) com habilidades essenciais para auxiliar no gerenciamento hospitalar, especialmente no que diz respeito \u00e0 estadia do paciente durante o per\u00edodo de interna\u00e7\u00e3o. Isso inclui criar um ambiente humanizado e promover uma qualidade de vida satisfat\u00f3ria.<br class=\"ng-scope\" \/>O objetivo \u00e9 melhorar o processo de cuidado e o bem-estar do paciente hospitalizado, preparando o(a) acad\u00eamico(a) para liderar a gest\u00e3o do setor de governan\u00e7a, sempre tendo valores \u00e9ticos bem definidos.<br class=\"ng-scope\" \/>\u00a0<br class=\"ng-scope\" \/>\u00c9 importante salientar que a atividade mapa n\u00e3o expressa nenhum posicionamento pol\u00edtico ou social espec\u00edfico. Ela oferece insights sobre o cotidiano hospitalar, experi\u00eancias que voc\u00ea poder\u00e1 enfrentar em sua carreira profissional.<br class=\"ng-scope\" \/><br class=\"ng-scope\" \/>Vamos iniciar com a leitura de uma reportagem sobre o tema:<br class=\"ng-scope\" \/><br class=\"ng-scope\" \/><strong class=\"ng-scope\">KLARA CASTANHO: CONSELHO DE ENFERMAGEM V\u00c3O APURAR QUEBRA DE SIGILO POR PROFISSIONAL DE SA\u00daDE<\/strong><br class=\"ng-scope\" \/><br class=\"ng-scope\" \/>Publica\u00e7\u00e3o: 28\/06\/2022<\/p>\n<div class=\"ng-scope\">O Conselho Federal de Enfermagem (Cofen) e o Conselho de Enfermagem de S\u00e3o Paulo (Coren-SP) informaram que ir\u00e3o apurar as informa\u00e7\u00f5es divulgadas pela atriz Klara Castanho, de que uma enfermeira que a atendeu durante o parto teria amea\u00e7ado revelar o caso a um colunista social. No fim de semana, a atriz divulgou uma carta aberta em que relatou ter sido estuprada, teve o beb\u00ea e entregou a crian\u00e7a para ado\u00e7\u00e3o, direito que \u00e9 assegurado pela lei brasileira.<\/div>\n<p>De acordo com o Cofen, se ficar comprovado que houve quebra de sigilo das informa\u00e7\u00f5es da paciente, a conduta da enfermeira configura crime e infra\u00e7\u00e3o \u00e9tica. \u201cO profissional de sa\u00fade que viola a privacidade do paciente em qualquer circunst\u00e2ncia comete crime e atenta eticamente contra a profiss\u00e3o, conforme prev\u00ea o Art. 52 do C\u00f3digo de \u00c9tica dos Profissionais de Enfermagem\u201d, informou a entidade federal.<br class=\"ng-scope\" \/>Leia mais em: https:\/\/www.gazetadopovo.com.br\/vida-e-cidadania\/klara-castanho-conselhos-enfermagem-apurar-quebra-sigilo-profissional-saude\/<br class=\"ng-scope\" \/><br class=\"ng-scope\" \/>\u00a0<br class=\"ng-scope\" \/><u class=\"ng-scope\"><strong>ATIVIDADE\/AVALIA\u00c7\u00c3O<\/strong><\/u><br class=\"ng-scope\" \/><br class=\"ng-scope\" \/><strong class=\"ng-scope\">1.<\/strong>\u00a0Leia o artigo proposto: \u201c<strong class=\"ng-scope\">Problemas \u00e9ticos na pr\u00e1tica de profissionais de sa\u00fade em um hospital escola<\/strong>\u201d. Artigo completo dispon\u00edvel em:\u00a0<u class=\"ng-scope\">https:\/\/revistas.unal.edu.co\/index.php\/avenferm\/article\/view\/45590\/60925<\/u><br class=\"ng-scope\" \/><br class=\"ng-scope\" \/><strong class=\"ng-scope\">2.\u00a0<\/strong>Assista \u00e0s aulas conceituais e ao vivo.<br class=\"ng-scope\" \/><br class=\"ng-scope\" \/><strong class=\"ng-scope\">3.<\/strong>\u00a0<strong class=\"ng-scope\">Nesse sentido, em sua atividade mapa, voc\u00ea dever\u00e1 ler a o artigo apresentado relacionando os aspectos \u00e9ticos, juntamente com o que foi aprendido na disciplina, e elaborar um texto refletindo sobre os seguintes pontos:\u00a0\u00a0<\/strong><\/p>\n<p class=\"ng-scope\">\u00a0&#8211; Como voc\u00ea percebe a import\u00e2ncia da \u00e9tica na pr\u00e1tica profissional em sa\u00fade com base no texto?<br \/>\n&#8211; Quais s\u00e3o os principais desafios \u00e9ticos enfrentados pelos profissionais de sa\u00fade, de acordo com o que foi discutido?<br \/>\n&#8211; Como voc\u00ea abordaria esses desafios \u00e9ticos em sua pr\u00f3pria pr\u00e1tica profissional?<br \/>\n&#8211; Que medidas voc\u00ea considera necess\u00e1rias para promover uma cultura \u00e9tica mais forte no ambiente de trabalho em sa\u00fade?<\/p>\n<p class=\"ng-scope\">(Seu texto dever\u00e1 conter entre 15 e 25 linhas)<\/p>\n","protected":false},"excerpt":{"rendered":"<p>MAPA &#8211; GH &#8211; \u00c9TICA PROFISSIONAL EM GEST\u00c3O HOSPITALAR &#8211; 53_2024 \u200bOl\u00e1, estudantes de Gest\u00e3o Hospitalar! A presente atividade Mapa,<\/p>\n","protected":false},"featured_media":2326,"template":"","meta":{"_monsterinsights_skip_tracking":false,"_monsterinsights_sitenote_active":false,"_monsterinsights_sitenote_note":"","_monsterinsights_sitenote_category":0},"product_brand":[],"product_cat":[44],"product_tag":[],"class_list":{"0":"post-4426","1":"product","2":"type-product","3":"status-publish","4":"has-post-thumbnail","6":"product_cat-gestao-hospitalar","8":"first","9":"instock","10":"downloadable","11":"virtual","12":"purchasable","13":"product-type-simple"},"yoast_head":"<!-- This site is optimized with the Yoast SEO plugin v27.4 - https:\/\/yoast.com\/product\/yoast-seo-wordpress\/ -->\n<title>MAPA - \u00c9tica Profissional em Gest\u00e3o Hospitalar 53\/2024<\/title>\n<meta name=\"description\" content=\"Atividade MAPA - \u00c9tica Profissional em Gest\u00e3o Hospitalar 53\/2024 &#8902; Unicesumar. Baixe agora mesmo um Mapa Pronto resolvido!\" \/>\n<meta name=\"robots\" content=\"index, follow, max-snippet:-1, max-image-preview:large, max-video-preview:-1\" \/>\n<link rel=\"canonical\" href=\"https:\/\/atividademapa.com\/?product=mapa-etica-profissional-em-gestao-hospitalar-53-2024\" \/>\n<meta property=\"og:locale\" content=\"pt_BR\" \/>\n<meta property=\"og:type\" content=\"article\" \/>\n<meta property=\"og:title\" content=\"MAPA - \u00c9tica Profissional em Gest\u00e3o Hospitalar 53\/2024\" \/>\n<meta property=\"og:description\" content=\"Atividade MAPA - \u00c9tica Profissional em Gest\u00e3o Hospitalar 53\/2024 &#8902; Unicesumar. Baixe agora mesmo um Mapa Pronto resolvido!\" \/>\n<meta property=\"og:url\" content=\"https:\/\/atividademapa.com\/?product=mapa-etica-profissional-em-gestao-hospitalar-53-2024\" \/>\n<meta property=\"og:site_name\" content=\"Atividade Mapa\" \/>\n<meta property=\"article:modified_time\" content=\"2024-07-18T13:24:26+00:00\" \/>\n<meta property=\"og:image\" content=\"https:\/\/i0.wp.com\/atividademapa.com\/wp-content\/uploads\/2023\/03\/Atividade-M.A.P.A-3.png?fit=300%2C300&ssl=1\" \/>\n\t<meta property=\"og:image:width\" content=\"300\" \/>\n\t<meta property=\"og:image:height\" content=\"300\" \/>\n\t<meta property=\"og:image:type\" content=\"image\/png\" \/>\n<meta name=\"twitter:card\" content=\"summary_large_image\" \/>\n<meta name=\"twitter:label1\" content=\"Est. tempo de leitura\" \/>\n\t<meta name=\"twitter:data1\" content=\"3 minutos\" \/>\n<script type=\"application\/ld+json\" class=\"yoast-schema-graph\">{\"@context\":\"https:\\\/\\\/schema.org\",\"@graph\":[{\"@type\":\"WebPage\",\"@id\":\"https:\\\/\\\/atividademapa.com\\\/?product=mapa-etica-profissional-em-gestao-hospitalar-53-2024\",\"url\":\"https:\\\/\\\/atividademapa.com\\\/?product=mapa-etica-profissional-em-gestao-hospitalar-53-2024\",\"name\":\"MAPA - \u00c9tica Profissional em Gest\u00e3o Hospitalar 53\\\/2024\",\"isPartOf\":{\"@id\":\"https:\\\/\\\/atividademapa.com\\\/#website\"},\"primaryImageOfPage\":{\"@id\":\"https:\\\/\\\/atividademapa.com\\\/?product=mapa-etica-profissional-em-gestao-hospitalar-53-2024#primaryimage\"},\"image\":{\"@id\":\"https:\\\/\\\/atividademapa.com\\\/?product=mapa-etica-profissional-em-gestao-hospitalar-53-2024#primaryimage\"},\"thumbnailUrl\":\"https:\\\/\\\/i0.wp.com\\\/atividademapa.com\\\/wp-content\\\/uploads\\\/2023\\\/03\\\/Atividade-M.A.P.A-3.png?fit=300%2C300&ssl=1\",\"datePublished\":\"2024-07-18T13:21:36+00:00\",\"dateModified\":\"2024-07-18T13:24:26+00:00\",\"description\":\"Atividade MAPA - \u00c9tica Profissional em Gest\u00e3o Hospitalar 53\\\/2024 &#8902; Unicesumar. Baixe agora mesmo um Mapa Pronto resolvido!\",\"breadcrumb\":{\"@id\":\"https:\\\/\\\/atividademapa.com\\\/?product=mapa-etica-profissional-em-gestao-hospitalar-53-2024#breadcrumb\"},\"inLanguage\":\"pt-BR\",\"potentialAction\":[{\"@type\":\"ReadAction\",\"target\":[\"https:\\\/\\\/atividademapa.com\\\/?product=mapa-etica-profissional-em-gestao-hospitalar-53-2024\"]}]},{\"@type\":\"ImageObject\",\"inLanguage\":\"pt-BR\",\"@id\":\"https:\\\/\\\/atividademapa.com\\\/?product=mapa-etica-profissional-em-gestao-hospitalar-53-2024#primaryimage\",\"url\":\"https:\\\/\\\/i0.wp.com\\\/atividademapa.com\\\/wp-content\\\/uploads\\\/2023\\\/03\\\/Atividade-M.A.P.A-3.png?fit=300%2C300&ssl=1\",\"contentUrl\":\"https:\\\/\\\/i0.wp.com\\\/atividademapa.com\\\/wp-content\\\/uploads\\\/2023\\\/03\\\/Atividade-M.A.P.A-3.png?fit=300%2C300&ssl=1\",\"width\":300,\"height\":300,\"caption\":\"Mapa Unicesumar Atividade\"},{\"@type\":\"BreadcrumbList\",\"@id\":\"https:\\\/\\\/atividademapa.com\\\/?product=mapa-etica-profissional-em-gestao-hospitalar-53-2024#breadcrumb\",\"itemListElement\":[{\"@type\":\"ListItem\",\"position\":1,\"name\":\"In\u00edcio\",\"item\":\"https:\\\/\\\/atividademapa.com\\\/\"},{\"@type\":\"ListItem\",\"position\":2,\"name\":\"MAPAS\",\"item\":\"https:\\\/\\\/atividademapa.com\\\/?page_id=5\"},{\"@type\":\"ListItem\",\"position\":3,\"name\":\"MAPA &#8211; \u00c9tica Profissional em Gest\u00e3o Hospitalar 53\\\/2024\"}]},{\"@type\":\"WebSite\",\"@id\":\"https:\\\/\\\/atividademapa.com\\\/#website\",\"url\":\"https:\\\/\\\/atividademapa.com\\\/\",\"name\":\"Atividade Mapa\",\"description\":\"StudeO | Unicesumar\",\"publisher\":{\"@id\":\"https:\\\/\\\/atividademapa.com\\\/#organization\"},\"potentialAction\":[{\"@type\":\"SearchAction\",\"target\":{\"@type\":\"EntryPoint\",\"urlTemplate\":\"https:\\\/\\\/atividademapa.com\\\/?s={search_term_string}\"},\"query-input\":{\"@type\":\"PropertyValueSpecification\",\"valueRequired\":true,\"valueName\":\"search_term_string\"}}],\"inLanguage\":\"pt-BR\"},{\"@type\":\"Organization\",\"@id\":\"https:\\\/\\\/atividademapa.com\\\/#organization\",\"name\":\"Atividade MAPA\",\"url\":\"https:\\\/\\\/atividademapa.com\\\/\",\"logo\":{\"@type\":\"ImageObject\",\"inLanguage\":\"pt-BR\",\"@id\":\"https:\\\/\\\/atividademapa.com\\\/#\\\/schema\\\/logo\\\/image\\\/\",\"url\":\"https:\\\/\\\/i0.wp.com\\\/atividademapa.com\\\/wp-content\\\/uploads\\\/2023\\\/02\\\/ATIVIDADE.png?fit=600%2C300&ssl=1\",\"contentUrl\":\"https:\\\/\\\/i0.wp.com\\\/atividademapa.com\\\/wp-content\\\/uploads\\\/2023\\\/02\\\/ATIVIDADE.png?fit=600%2C300&ssl=1\",\"width\":600,\"height\":300,\"caption\":\"Atividade MAPA\"},\"image\":{\"@id\":\"https:\\\/\\\/atividademapa.com\\\/#\\\/schema\\\/logo\\\/image\\\/\"}}]}<\/script>\n<!-- \/ Yoast SEO plugin. -->","yoast_head_json":{"title":"MAPA - \u00c9tica Profissional em Gest\u00e3o Hospitalar 53\/2024","description":"Atividade MAPA - \u00c9tica Profissional em Gest\u00e3o Hospitalar 53\/2024 &#8902; Unicesumar. Baixe agora mesmo um Mapa Pronto resolvido!","robots":{"index":"index","follow":"follow","max-snippet":"max-snippet:-1","max-image-preview":"max-image-preview:large","max-video-preview":"max-video-preview:-1"},"canonical":"https:\/\/atividademapa.com\/?product=mapa-etica-profissional-em-gestao-hospitalar-53-2024","og_locale":"pt_BR","og_type":"article","og_title":"MAPA - \u00c9tica Profissional em Gest\u00e3o Hospitalar 53\/2024","og_description":"Atividade MAPA - \u00c9tica Profissional em Gest\u00e3o Hospitalar 53\/2024 &#8902; Unicesumar. Baixe agora mesmo um Mapa Pronto resolvido!","og_url":"https:\/\/atividademapa.com\/?product=mapa-etica-profissional-em-gestao-hospitalar-53-2024","og_site_name":"Atividade Mapa","article_modified_time":"2024-07-18T13:24:26+00:00","og_image":[{"width":300,"height":300,"url":"https:\/\/i0.wp.com\/atividademapa.com\/wp-content\/uploads\/2023\/03\/Atividade-M.A.P.A-3.png?fit=300%2C300&ssl=1","type":"image\/png"}],"twitter_card":"summary_large_image","twitter_misc":{"Est. tempo de leitura":"3 minutos"},"schema":{"@context":"https:\/\/schema.org","@graph":[{"@type":"WebPage","@id":"https:\/\/atividademapa.com\/?product=mapa-etica-profissional-em-gestao-hospitalar-53-2024","url":"https:\/\/atividademapa.com\/?product=mapa-etica-profissional-em-gestao-hospitalar-53-2024","name":"MAPA - \u00c9tica Profissional em Gest\u00e3o Hospitalar 53\/2024","isPartOf":{"@id":"https:\/\/atividademapa.com\/#website"},"primaryImageOfPage":{"@id":"https:\/\/atividademapa.com\/?product=mapa-etica-profissional-em-gestao-hospitalar-53-2024#primaryimage"},"image":{"@id":"https:\/\/atividademapa.com\/?product=mapa-etica-profissional-em-gestao-hospitalar-53-2024#primaryimage"},"thumbnailUrl":"https:\/\/i0.wp.com\/atividademapa.com\/wp-content\/uploads\/2023\/03\/Atividade-M.A.P.A-3.png?fit=300%2C300&ssl=1","datePublished":"2024-07-18T13:21:36+00:00","dateModified":"2024-07-18T13:24:26+00:00","description":"Atividade MAPA - \u00c9tica Profissional em Gest\u00e3o Hospitalar 53\/2024 &#8902; Unicesumar. Baixe agora mesmo um Mapa Pronto resolvido!","breadcrumb":{"@id":"https:\/\/atividademapa.com\/?product=mapa-etica-profissional-em-gestao-hospitalar-53-2024#breadcrumb"},"inLanguage":"pt-BR","potentialAction":[{"@type":"ReadAction","target":["https:\/\/atividademapa.com\/?product=mapa-etica-profissional-em-gestao-hospitalar-53-2024"]}]},{"@type":"ImageObject","inLanguage":"pt-BR","@id":"https:\/\/atividademapa.com\/?product=mapa-etica-profissional-em-gestao-hospitalar-53-2024#primaryimage","url":"https:\/\/i0.wp.com\/atividademapa.com\/wp-content\/uploads\/2023\/03\/Atividade-M.A.P.A-3.png?fit=300%2C300&ssl=1","contentUrl":"https:\/\/i0.wp.com\/atividademapa.com\/wp-content\/uploads\/2023\/03\/Atividade-M.A.P.A-3.png?fit=300%2C300&ssl=1","width":300,"height":300,"caption":"Mapa Unicesumar Atividade"},{"@type":"BreadcrumbList","@id":"https:\/\/atividademapa.com\/?product=mapa-etica-profissional-em-gestao-hospitalar-53-2024#breadcrumb","itemListElement":[{"@type":"ListItem","position":1,"name":"In\u00edcio","item":"https:\/\/atividademapa.com\/"},{"@type":"ListItem","position":2,"name":"MAPAS","item":"https:\/\/atividademapa.com\/?page_id=5"},{"@type":"ListItem","position":3,"name":"MAPA &#8211; \u00c9tica Profissional em Gest\u00e3o Hospitalar 53\/2024"}]},{"@type":"WebSite","@id":"https:\/\/atividademapa.com\/#website","url":"https:\/\/atividademapa.com\/","name":"Atividade Mapa","description":"StudeO | Unicesumar","publisher":{"@id":"https:\/\/atividademapa.com\/#organization"},"potentialAction":[{"@type":"SearchAction","target":{"@type":"EntryPoint","urlTemplate":"https:\/\/atividademapa.com\/?s={search_term_string}"},"query-input":{"@type":"PropertyValueSpecification","valueRequired":true,"valueName":"search_term_string"}}],"inLanguage":"pt-BR"},{"@type":"Organization","@id":"https:\/\/atividademapa.com\/#organization","name":"Atividade MAPA","url":"https:\/\/atividademapa.com\/","logo":{"@type":"ImageObject","inLanguage":"pt-BR","@id":"https:\/\/atividademapa.com\/#\/schema\/logo\/image\/","url":"https:\/\/i0.wp.com\/atividademapa.com\/wp-content\/uploads\/2023\/02\/ATIVIDADE.png?fit=600%2C300&ssl=1","contentUrl":"https:\/\/i0.wp.com\/atividademapa.com\/wp-content\/uploads\/2023\/02\/ATIVIDADE.png?fit=600%2C300&ssl=1","width":600,"height":300,"caption":"Atividade MAPA"},"image":{"@id":"https:\/\/atividademapa.com\/#\/schema\/logo\/image\/"}}]}},"_links":{"self":[{"href":"https:\/\/atividademapa.com\/index.php?rest_route=\/wp\/v2\/product\/4426","targetHints":{"allow":["GET"]}}],"collection":[{"href":"https:\/\/atividademapa.com\/index.php?rest_route=\/wp\/v2\/product"}],"about":[{"href":"https:\/\/atividademapa.com\/index.php?rest_route=\/wp\/v2\/types\/product"}],"version-history":[{"count":2,"href":"https:\/\/atividademapa.com\/index.php?rest_route=\/wp\/v2\/product\/4426\/revisions"}],"predecessor-version":[{"id":4428,"href":"https:\/\/atividademapa.com\/index.php?rest_route=\/wp\/v2\/product\/4426\/revisions\/4428"}],"wp:featuredmedia":[{"embeddable":true,"href":"https:\/\/atividademapa.com\/index.php?rest_route=\/wp\/v2\/media\/2326"}],"wp:attachment":[{"href":"https:\/\/atividademapa.com\/index.php?rest_route=%2Fwp%2Fv2%2Fmedia&parent=4426"}],"wp:term":[{"taxonomy":"product_brand","embeddable":true,"href":"https:\/\/atividademapa.com\/index.php?rest_route=%2Fwp%2Fv2%2Fproduct_brand&post=4426"},{"taxonomy":"product_cat","embeddable":true,"href":"https:\/\/atividademapa.com\/index.php?rest_route=%2Fwp%2Fv2%2Fproduct_cat&post=4426"},{"taxonomy":"product_tag","embeddable":true,"href":"https:\/\/atividademapa.com\/index.php?rest_route=%2Fwp%2Fv2%2Fproduct_tag&post=4426"}],"curies":[{"name":"wp","href":"https:\/\/api.w.org\/{rel}","templated":true}]}}