{"id":4431,"date":"2024-07-18T14:07:22","date_gmt":"2024-07-18T17:07:22","guid":{"rendered":"https:\/\/atividademapa.com\/?post_type=product&#038;p=4431"},"modified":"2024-07-18T14:07:24","modified_gmt":"2024-07-18T17:07:24","slug":"atividade-1-administracao-financeira-53-2024","status":"publish","type":"product","link":"https:\/\/atividademapa.com\/?product=atividade-1-administracao-financeira-53-2024","title":{"rendered":"Atividade 1 &#8211; Administra\u00e7\u00e3o Financeira 53\/2024"},"content":{"rendered":"<p>AV1 &#8211; Administra\u00e7\u00e3o Financeira<\/p>\n<p>A Cal\u00e7arte Cal\u00e7ados Ltda. \u00e9 uma empresa brasileira fundada em 2005, especializada na fabrica\u00e7\u00e3o e comercializa\u00e7\u00e3o de cal\u00e7ados acess\u00edveis e de qualidade. A Cal\u00e7arte \u00e9 uma empresa de m\u00e9dio porte, focada principalmente no mercado nacional, oferecendo uma ampla gama de produtos que inclui sand\u00e1lias, chinelos e sapatos casuais. Com um parque fabril eficiente e uma equipe dedicada, a Cal\u00e7arte se esfor\u00e7a para atender \u00e0s necessidades de seus clientes com produtos que combinam conforto, durabilidade e um bom custo-benef\u00edcio.<br \/>\nOs principais indicadores financeiros, como Ciclo Financeiro e Ciclo Operacional, s\u00e3o monitorados regularmente para garantir a efici\u00eancia nas opera\u00e7\u00f5es e a sa\u00fade financeira da empresa. Esses indicadores s\u00e3o fundamentais para a gest\u00e3o estrat\u00e9gica da Cal\u00e7arte, permitindo otimizar o uso de recursos e assegurar a viabilidade econ\u00f4mica de suas atividades.<br \/>\nDiante disso, a Cal\u00e7arte separou suas demonstra\u00e7\u00f5es financeiras referentes ao ano de 2023, visando comparar o Ciclo Operacional e Financeiro desse ano com o de 2022:<\/p>\n<table>\n<tbody>\n<tr>\n<td width=\"283\"><strong>BALAN\u00c7O PATRIMONIAL CONSOLIDADO<\/strong><\/td>\n<td><strong>2023<\/strong><\/td>\n<\/tr>\n<tr>\n<td width=\"283\"><strong>Ativo Circulante<\/strong><\/td>\n<td><strong>2.701.852<\/strong><\/td>\n<\/tr>\n<tr>\n<td width=\"283\">Caixa e equivalentes<\/td>\n<td>73.735<\/td>\n<\/tr>\n<tr>\n<td width=\"283\">Aplica\u00e7\u00f5es financeiras<\/td>\n<td>809.995<\/td>\n<\/tr>\n<tr>\n<td width=\"283\">Clientes (contas a receber)<\/td>\n<td>1.124.261<\/td>\n<\/tr>\n<tr>\n<td width=\"283\">Estoques<\/td>\n<td>358.942<\/td>\n<\/tr>\n<tr>\n<td width=\"283\">Outros<\/td>\n<td>334.919<\/td>\n<\/tr>\n<tr>\n<td width=\"283\"><strong>Ativo N\u00e3o circulante<\/strong><\/td>\n<td><strong>1.373.509<\/strong><\/td>\n<\/tr>\n<tr>\n<td width=\"283\"><strong>TOTAL DO ATIVO<\/strong><\/td>\n<td><strong>4.075.361<\/strong><\/td>\n<\/tr>\n<tr>\n<td width=\"283\">&nbsp;<\/td>\n<td>&nbsp;<\/td>\n<\/tr>\n<tr>\n<td width=\"283\"><strong>Passivo Circulante<\/strong><\/td>\n<td><strong>384.800<\/strong><\/td>\n<\/tr>\n<tr>\n<td width=\"283\">Empr\u00e9stimos e financiamentos<\/td>\n<td>82.413<\/td>\n<\/tr>\n<tr>\n<td width=\"283\">Contratos de arrendamentos<\/td>\n<td>11.789<\/td>\n<\/tr>\n<tr>\n<td width=\"283\">Fornecedores (contas a pagar)<\/td>\n<td>49.085<\/td>\n<\/tr>\n<tr>\n<td width=\"283\">Outros<\/td>\n<td>241.513<\/td>\n<\/tr>\n<tr>\n<td width=\"283\"><strong>Passivo N\u00e3o Circulante<\/strong><\/td>\n<td><strong>31.118<\/strong><\/td>\n<\/tr>\n<tr>\n<td width=\"283\"><strong>Patrim\u00f4nio L\u00edquido<\/strong><\/td>\n<td><strong>3.659.443<\/strong><\/td>\n<\/tr>\n<tr>\n<td width=\"283\"><strong>TOTAL PASSIVO E PATRIM\u00d4NIO L\u00cdQUIDO<\/strong><\/td>\n<td><strong>4.075.361<\/strong><\/td>\n<\/tr>\n<\/tbody>\n<\/table>\n<p>&nbsp;<\/p>\n<p>&nbsp;<\/p>\n<table>\n<tbody>\n<tr>\n<td><strong>DEMONSTRA\u00c7\u00c3O DO RESULTADO EXERC\u00cdCIO<\/strong><\/td>\n<td><strong>2023<\/strong><\/td>\n<\/tr>\n<tr>\n<td><strong>Receita L\u00edquida de Vendas<\/strong><\/td>\n<td><strong>2.433.607<\/strong><\/td>\n<\/tr>\n<tr>\n<td>Custos dos produtos vendidos<\/td>\n<td>(1.349.924)<\/td>\n<\/tr>\n<tr>\n<td><strong>Lucro Bruto<\/strong><\/td>\n<td><strong>1.083.683<\/strong><\/td>\n<\/tr>\n<tr>\n<td>Receita\/ despesas operacionais<\/td>\n<td>(808.755)<\/td>\n<\/tr>\n<tr>\n<td><strong>Resultado Antes Resultado Financeiro\/Tributos<\/strong><\/td>\n<td><strong>274.928<\/strong><\/td>\n<\/tr>\n<tr>\n<td>Resultado financeiro<\/td>\n<td>317.041<\/td>\n<\/tr>\n<tr>\n<td><strong>Resultado Antes da Tributa\u00e7\u00e3o<\/strong><\/td>\n<td><strong>591.969<\/strong><\/td>\n<\/tr>\n<tr>\n<td>Imposto de renda e Contribui\u00e7\u00e3o Social<\/td>\n<td>(34.298)<\/td>\n<\/tr>\n<tr>\n<td><strong>Resultado L\u00edquido do Per\u00edodo \/ Exerc\u00edcio<\/strong><\/td>\n<td><strong>557.671<\/strong><\/td>\n<\/tr>\n<\/tbody>\n<\/table>\n<p>&nbsp;<\/p>\n<p>Fonte: o autor.<\/p>\n<p>&nbsp;<\/p>\n<p>Com base na situa\u00e7\u00e3o hipot\u00e9tica, auxilie a Cal\u00e7arte no c\u00e1lculo e an\u00e1lise dos indicadores Ciclo Operacional e Ciclo Financeiro. Para isso, considere as Compras Anuais de 2023 no valor de R$ 944.947,00, e que o Ciclo Operacional de 2022 foi de 282 dias e o Ciclo Financeiro de 2022 foi de 259 dias. Assim, pede-se:<\/p>\n<p><strong>Calcule o Ciclo Operacional e o Ciclo Financeiro do ano de 2023, e explique se eles melhoraram ou pioraram em rela\u00e7\u00e3o a 2022. Demonstre os c\u00e1lculos e justifique a sua resposta.<\/p>\n<p>\u200bIMPORTANTE:<\/strong><br \/>\n*Acesse o v\u00eddeo explicativo da atividade, para ajud\u00e1-lo no desenvolvimento. O acesso se d\u00e1 pelo item<strong>\u00a0&#8220;AULAS AO VIVO\/ V\u00cdDEOS EXPLICATIVOS&#8221;<\/strong>.<br \/>\n*A atividade deve ser respondida diretamente no campo a seguir.<br \/>\n*Ap\u00f3s o envio, n\u00e3o s\u00e3o permitidas altera\u00e7\u00f5es ou modifica\u00e7\u00f5es. Logo, voc\u00ea tem apenas uma chance de enviar corretamente.<br \/>\n*N\u00e3o s\u00e3o permitidas corre\u00e7\u00f5es parciais no decorrer do m\u00f3dulo, ou seja, o famoso: \u201cprofessor, veja se minha atividade est\u00e1 certa?\u201d. Isso invalida seu processo avaliativo. Lembre-se de que a interpreta\u00e7\u00e3o da atividade tamb\u00e9m faz parte da avalia\u00e7\u00e3o.<br \/>\n*Procure sanar suas d\u00favidas junto \u00e0 media\u00e7\u00e3o em tempo h\u00e1bil sobre o conte\u00fado exigido na atividade, de modo que consiga realizar sua participa\u00e7\u00e3o de forma satisfat\u00f3ria.<br \/>\n*Atente-se ao prazo de entrega, evite envio de atividade em cima do prazo. Voc\u00ea pode ter algum problema com internet, computador, software etc., e os prazos n\u00e3o ser\u00e3o flexibilizados.<\/p>\n<p><strong>Bons estudos!<\/strong><\/p>\n<p><strong>\u00a0<\/strong><\/p>\n<p><strong>\u00a0<\/strong><\/p>\n","protected":false},"excerpt":{"rendered":"<p>AV1 &#8211; Administra\u00e7\u00e3o Financeira A Cal\u00e7arte Cal\u00e7ados Ltda. \u00e9 uma empresa brasileira fundada em 2005, especializada na fabrica\u00e7\u00e3o e comercializa\u00e7\u00e3o<\/p>\n","protected":false},"featured_media":2326,"template":"","meta":{"_monsterinsights_skip_tracking":false,"_monsterinsights_sitenote_active":false,"_monsterinsights_sitenote_note":"","_monsterinsights_sitenote_category":0},"product_brand":[],"product_cat":[46],"product_tag":[],"class_list":{"0":"post-4431","1":"product","2":"type-product","3":"status-publish","4":"has-post-thumbnail","6":"product_cat-ciencias-contabeis","8":"first","9":"instock","10":"downloadable","11":"virtual","12":"purchasable","13":"product-type-simple"},"yoast_head":"<!-- This site is optimized with the Yoast SEO plugin v27.4 - https:\/\/yoast.com\/product\/yoast-seo-wordpress\/ -->\n<title>Atividade 1 - Administra\u00e7\u00e3o Financeira 53\/2024<\/title>\n<meta name=\"description\" content=\"Atividade Atividade 1 - Administra\u00e7\u00e3o Financeira 53\/2024 &#8902; Unicesumar. Baixe agora mesmo um Mapa Pronto resolvido!\" \/>\n<meta name=\"robots\" content=\"index, follow, max-snippet:-1, max-image-preview:large, max-video-preview:-1\" \/>\n<link rel=\"canonical\" href=\"https:\/\/atividademapa.com\/?product=atividade-1-administracao-financeira-53-2024\" \/>\n<meta property=\"og:locale\" content=\"pt_BR\" \/>\n<meta property=\"og:type\" content=\"article\" \/>\n<meta property=\"og:title\" content=\"Atividade 1 - Administra\u00e7\u00e3o Financeira 53\/2024\" \/>\n<meta property=\"og:description\" content=\"Atividade Atividade 1 - Administra\u00e7\u00e3o Financeira 53\/2024 &#8902; Unicesumar. Baixe agora mesmo um Mapa Pronto resolvido!\" \/>\n<meta property=\"og:url\" content=\"https:\/\/atividademapa.com\/?product=atividade-1-administracao-financeira-53-2024\" \/>\n<meta property=\"og:site_name\" content=\"Atividade Mapa\" \/>\n<meta property=\"article:modified_time\" content=\"2024-07-18T17:07:24+00:00\" \/>\n<meta property=\"og:image\" content=\"https:\/\/i0.wp.com\/atividademapa.com\/wp-content\/uploads\/2023\/03\/Atividade-M.A.P.A-3.png?fit=300%2C300&ssl=1\" \/>\n\t<meta property=\"og:image:width\" content=\"300\" \/>\n\t<meta property=\"og:image:height\" content=\"300\" \/>\n\t<meta property=\"og:image:type\" content=\"image\/png\" \/>\n<meta name=\"twitter:card\" content=\"summary_large_image\" \/>\n<meta name=\"twitter:label1\" content=\"Est. tempo de leitura\" \/>\n\t<meta name=\"twitter:data1\" content=\"3 minutos\" \/>\n<script type=\"application\/ld+json\" class=\"yoast-schema-graph\">{\"@context\":\"https:\\\/\\\/schema.org\",\"@graph\":[{\"@type\":\"WebPage\",\"@id\":\"https:\\\/\\\/atividademapa.com\\\/?product=atividade-1-administracao-financeira-53-2024\",\"url\":\"https:\\\/\\\/atividademapa.com\\\/?product=atividade-1-administracao-financeira-53-2024\",\"name\":\"Atividade 1 - Administra\u00e7\u00e3o Financeira 53\\\/2024\",\"isPartOf\":{\"@id\":\"https:\\\/\\\/atividademapa.com\\\/#website\"},\"primaryImageOfPage\":{\"@id\":\"https:\\\/\\\/atividademapa.com\\\/?product=atividade-1-administracao-financeira-53-2024#primaryimage\"},\"image\":{\"@id\":\"https:\\\/\\\/atividademapa.com\\\/?product=atividade-1-administracao-financeira-53-2024#primaryimage\"},\"thumbnailUrl\":\"https:\\\/\\\/i0.wp.com\\\/atividademapa.com\\\/wp-content\\\/uploads\\\/2023\\\/03\\\/Atividade-M.A.P.A-3.png?fit=300%2C300&ssl=1\",\"datePublished\":\"2024-07-18T17:07:22+00:00\",\"dateModified\":\"2024-07-18T17:07:24+00:00\",\"description\":\"Atividade Atividade 1 - Administra\u00e7\u00e3o Financeira 53\\\/2024 &#8902; Unicesumar. Baixe agora mesmo um Mapa Pronto resolvido!\",\"breadcrumb\":{\"@id\":\"https:\\\/\\\/atividademapa.com\\\/?product=atividade-1-administracao-financeira-53-2024#breadcrumb\"},\"inLanguage\":\"pt-BR\",\"potentialAction\":[{\"@type\":\"ReadAction\",\"target\":[\"https:\\\/\\\/atividademapa.com\\\/?product=atividade-1-administracao-financeira-53-2024\"]}]},{\"@type\":\"ImageObject\",\"inLanguage\":\"pt-BR\",\"@id\":\"https:\\\/\\\/atividademapa.com\\\/?product=atividade-1-administracao-financeira-53-2024#primaryimage\",\"url\":\"https:\\\/\\\/i0.wp.com\\\/atividademapa.com\\\/wp-content\\\/uploads\\\/2023\\\/03\\\/Atividade-M.A.P.A-3.png?fit=300%2C300&ssl=1\",\"contentUrl\":\"https:\\\/\\\/i0.wp.com\\\/atividademapa.com\\\/wp-content\\\/uploads\\\/2023\\\/03\\\/Atividade-M.A.P.A-3.png?fit=300%2C300&ssl=1\",\"width\":300,\"height\":300,\"caption\":\"Mapa Unicesumar Atividade\"},{\"@type\":\"BreadcrumbList\",\"@id\":\"https:\\\/\\\/atividademapa.com\\\/?product=atividade-1-administracao-financeira-53-2024#breadcrumb\",\"itemListElement\":[{\"@type\":\"ListItem\",\"position\":1,\"name\":\"In\u00edcio\",\"item\":\"https:\\\/\\\/atividademapa.com\\\/\"},{\"@type\":\"ListItem\",\"position\":2,\"name\":\"MAPAS\",\"item\":\"https:\\\/\\\/atividademapa.com\\\/?page_id=5\"},{\"@type\":\"ListItem\",\"position\":3,\"name\":\"Atividade 1 &#8211; Administra\u00e7\u00e3o Financeira 53\\\/2024\"}]},{\"@type\":\"WebSite\",\"@id\":\"https:\\\/\\\/atividademapa.com\\\/#website\",\"url\":\"https:\\\/\\\/atividademapa.com\\\/\",\"name\":\"Atividade Mapa\",\"description\":\"StudeO | Unicesumar\",\"publisher\":{\"@id\":\"https:\\\/\\\/atividademapa.com\\\/#organization\"},\"potentialAction\":[{\"@type\":\"SearchAction\",\"target\":{\"@type\":\"EntryPoint\",\"urlTemplate\":\"https:\\\/\\\/atividademapa.com\\\/?s={search_term_string}\"},\"query-input\":{\"@type\":\"PropertyValueSpecification\",\"valueRequired\":true,\"valueName\":\"search_term_string\"}}],\"inLanguage\":\"pt-BR\"},{\"@type\":\"Organization\",\"@id\":\"https:\\\/\\\/atividademapa.com\\\/#organization\",\"name\":\"Atividade MAPA\",\"url\":\"https:\\\/\\\/atividademapa.com\\\/\",\"logo\":{\"@type\":\"ImageObject\",\"inLanguage\":\"pt-BR\",\"@id\":\"https:\\\/\\\/atividademapa.com\\\/#\\\/schema\\\/logo\\\/image\\\/\",\"url\":\"https:\\\/\\\/i0.wp.com\\\/atividademapa.com\\\/wp-content\\\/uploads\\\/2023\\\/02\\\/ATIVIDADE.png?fit=600%2C300&ssl=1\",\"contentUrl\":\"https:\\\/\\\/i0.wp.com\\\/atividademapa.com\\\/wp-content\\\/uploads\\\/2023\\\/02\\\/ATIVIDADE.png?fit=600%2C300&ssl=1\",\"width\":600,\"height\":300,\"caption\":\"Atividade MAPA\"},\"image\":{\"@id\":\"https:\\\/\\\/atividademapa.com\\\/#\\\/schema\\\/logo\\\/image\\\/\"}}]}<\/script>\n<!-- \/ Yoast SEO plugin. -->","yoast_head_json":{"title":"Atividade 1 - Administra\u00e7\u00e3o Financeira 53\/2024","description":"Atividade Atividade 1 - Administra\u00e7\u00e3o Financeira 53\/2024 &#8902; Unicesumar. Baixe agora mesmo um Mapa Pronto resolvido!","robots":{"index":"index","follow":"follow","max-snippet":"max-snippet:-1","max-image-preview":"max-image-preview:large","max-video-preview":"max-video-preview:-1"},"canonical":"https:\/\/atividademapa.com\/?product=atividade-1-administracao-financeira-53-2024","og_locale":"pt_BR","og_type":"article","og_title":"Atividade 1 - Administra\u00e7\u00e3o Financeira 53\/2024","og_description":"Atividade Atividade 1 - Administra\u00e7\u00e3o Financeira 53\/2024 &#8902; Unicesumar. Baixe agora mesmo um Mapa Pronto resolvido!","og_url":"https:\/\/atividademapa.com\/?product=atividade-1-administracao-financeira-53-2024","og_site_name":"Atividade Mapa","article_modified_time":"2024-07-18T17:07:24+00:00","og_image":[{"width":300,"height":300,"url":"https:\/\/i0.wp.com\/atividademapa.com\/wp-content\/uploads\/2023\/03\/Atividade-M.A.P.A-3.png?fit=300%2C300&ssl=1","type":"image\/png"}],"twitter_card":"summary_large_image","twitter_misc":{"Est. tempo de leitura":"3 minutos"},"schema":{"@context":"https:\/\/schema.org","@graph":[{"@type":"WebPage","@id":"https:\/\/atividademapa.com\/?product=atividade-1-administracao-financeira-53-2024","url":"https:\/\/atividademapa.com\/?product=atividade-1-administracao-financeira-53-2024","name":"Atividade 1 - Administra\u00e7\u00e3o Financeira 53\/2024","isPartOf":{"@id":"https:\/\/atividademapa.com\/#website"},"primaryImageOfPage":{"@id":"https:\/\/atividademapa.com\/?product=atividade-1-administracao-financeira-53-2024#primaryimage"},"image":{"@id":"https:\/\/atividademapa.com\/?product=atividade-1-administracao-financeira-53-2024#primaryimage"},"thumbnailUrl":"https:\/\/i0.wp.com\/atividademapa.com\/wp-content\/uploads\/2023\/03\/Atividade-M.A.P.A-3.png?fit=300%2C300&ssl=1","datePublished":"2024-07-18T17:07:22+00:00","dateModified":"2024-07-18T17:07:24+00:00","description":"Atividade Atividade 1 - Administra\u00e7\u00e3o Financeira 53\/2024 &#8902; Unicesumar. Baixe agora mesmo um Mapa Pronto resolvido!","breadcrumb":{"@id":"https:\/\/atividademapa.com\/?product=atividade-1-administracao-financeira-53-2024#breadcrumb"},"inLanguage":"pt-BR","potentialAction":[{"@type":"ReadAction","target":["https:\/\/atividademapa.com\/?product=atividade-1-administracao-financeira-53-2024"]}]},{"@type":"ImageObject","inLanguage":"pt-BR","@id":"https:\/\/atividademapa.com\/?product=atividade-1-administracao-financeira-53-2024#primaryimage","url":"https:\/\/i0.wp.com\/atividademapa.com\/wp-content\/uploads\/2023\/03\/Atividade-M.A.P.A-3.png?fit=300%2C300&ssl=1","contentUrl":"https:\/\/i0.wp.com\/atividademapa.com\/wp-content\/uploads\/2023\/03\/Atividade-M.A.P.A-3.png?fit=300%2C300&ssl=1","width":300,"height":300,"caption":"Mapa Unicesumar Atividade"},{"@type":"BreadcrumbList","@id":"https:\/\/atividademapa.com\/?product=atividade-1-administracao-financeira-53-2024#breadcrumb","itemListElement":[{"@type":"ListItem","position":1,"name":"In\u00edcio","item":"https:\/\/atividademapa.com\/"},{"@type":"ListItem","position":2,"name":"MAPAS","item":"https:\/\/atividademapa.com\/?page_id=5"},{"@type":"ListItem","position":3,"name":"Atividade 1 &#8211; Administra\u00e7\u00e3o Financeira 53\/2024"}]},{"@type":"WebSite","@id":"https:\/\/atividademapa.com\/#website","url":"https:\/\/atividademapa.com\/","name":"Atividade Mapa","description":"StudeO | Unicesumar","publisher":{"@id":"https:\/\/atividademapa.com\/#organization"},"potentialAction":[{"@type":"SearchAction","target":{"@type":"EntryPoint","urlTemplate":"https:\/\/atividademapa.com\/?s={search_term_string}"},"query-input":{"@type":"PropertyValueSpecification","valueRequired":true,"valueName":"search_term_string"}}],"inLanguage":"pt-BR"},{"@type":"Organization","@id":"https:\/\/atividademapa.com\/#organization","name":"Atividade MAPA","url":"https:\/\/atividademapa.com\/","logo":{"@type":"ImageObject","inLanguage":"pt-BR","@id":"https:\/\/atividademapa.com\/#\/schema\/logo\/image\/","url":"https:\/\/i0.wp.com\/atividademapa.com\/wp-content\/uploads\/2023\/02\/ATIVIDADE.png?fit=600%2C300&ssl=1","contentUrl":"https:\/\/i0.wp.com\/atividademapa.com\/wp-content\/uploads\/2023\/02\/ATIVIDADE.png?fit=600%2C300&ssl=1","width":600,"height":300,"caption":"Atividade MAPA"},"image":{"@id":"https:\/\/atividademapa.com\/#\/schema\/logo\/image\/"}}]}},"_links":{"self":[{"href":"https:\/\/atividademapa.com\/index.php?rest_route=\/wp\/v2\/product\/4431","targetHints":{"allow":["GET"]}}],"collection":[{"href":"https:\/\/atividademapa.com\/index.php?rest_route=\/wp\/v2\/product"}],"about":[{"href":"https:\/\/atividademapa.com\/index.php?rest_route=\/wp\/v2\/types\/product"}],"version-history":[{"count":1,"href":"https:\/\/atividademapa.com\/index.php?rest_route=\/wp\/v2\/product\/4431\/revisions"}],"predecessor-version":[{"id":4433,"href":"https:\/\/atividademapa.com\/index.php?rest_route=\/wp\/v2\/product\/4431\/revisions\/4433"}],"wp:featuredmedia":[{"embeddable":true,"href":"https:\/\/atividademapa.com\/index.php?rest_route=\/wp\/v2\/media\/2326"}],"wp:attachment":[{"href":"https:\/\/atividademapa.com\/index.php?rest_route=%2Fwp%2Fv2%2Fmedia&parent=4431"}],"wp:term":[{"taxonomy":"product_brand","embeddable":true,"href":"https:\/\/atividademapa.com\/index.php?rest_route=%2Fwp%2Fv2%2Fproduct_brand&post=4431"},{"taxonomy":"product_cat","embeddable":true,"href":"https:\/\/atividademapa.com\/index.php?rest_route=%2Fwp%2Fv2%2Fproduct_cat&post=4431"},{"taxonomy":"product_tag","embeddable":true,"href":"https:\/\/atividademapa.com\/index.php?rest_route=%2Fwp%2Fv2%2Fproduct_tag&post=4431"}],"curies":[{"name":"wp","href":"https:\/\/api.w.org\/{rel}","templated":true}]}}