{"id":4514,"date":"2024-08-04T22:58:47","date_gmt":"2024-08-05T01:58:47","guid":{"rendered":"https:\/\/atividademapa.com\/?post_type=product&#038;p=4514"},"modified":"2024-08-04T22:58:49","modified_gmt":"2024-08-05T01:58:49","slug":"atividade-1-quimica-analitica-e-instrumental-53_2024","status":"publish","type":"product","link":"https:\/\/atividademapa.com\/?product=atividade-1-quimica-analitica-e-instrumental-53_2024","title":{"rendered":"ATIVIDADE 1 &#8211; QU\u00cdMICA ANAL\u00cdTICA E INSTRUMENTAL &#8211; 53_2024"},"content":{"rendered":"<p>ATIVIDADE 1 &#8211; QU\u00cdMICA ANAL\u00cdTICA E INSTRUMENTAL &#8211; 53_2024<\/p>\n<p>pH sangu\u00edneo \u00e9 um par\u00e2metro crucial para a homeostase do organismo humano, sendo mantido dentro de uma faixa estreita de 7,35 a 7,45. Este equil\u00edbrio \u00e9 essencial para o funcionamento adequado das prote\u00ednas, enzimas, e processos bioqu\u00edmicos vitais. As enzimas, por exemplo, que catalisam as rea\u00e7\u00f5es bioqu\u00edmicas no corpo, possuem uma faixa de pH \u00f3tima. Altera\u00e7\u00f5es significativas no pH podem inativar essas enzimas, comprometendo processos metab\u00f3licos essenciais.<br class=\"ng-scope\" \/><br class=\"ng-scope\" \/>Fonte: tradu\u00e7\u00e3o nossa de: NELSON, D. L.; COX, M. M.\u00a0<strong class=\"ng-scope\">Lehninger Principles of Biochemistry<\/strong>. 6th ed. W.H. Freeman. 2013.<br class=\"ng-scope\" \/>\u00a0<br class=\"ng-scope\" \/>Considere que voc\u00ea \u00e9 um analista de laborat\u00f3rio, respons\u00e1vel pelas an\u00e1lises cl\u00ednicas do Hospital Municipal de sua cidade, e percebeu que a solu\u00e7\u00e3o-tamp\u00e3o fosfato estoque, utilizada para a produ\u00e7\u00e3o de hemogramas completos e outras an\u00e1lises simples, est\u00e1 quase no fim. Devido ao per\u00edodo eleitoral, n\u00e3o haver\u00e1 processos licitat\u00f3rios e novas solu\u00e7\u00f5es n\u00e3o ser\u00e3o adquiridas. Dessa forma, \u00e9 preciso que voc\u00ea prepare tal solu\u00e7\u00e3o tamp\u00e3o, para que a rotina laboratorial n\u00e3o seja prejudicada. De acordo com o procedimento listado no\u00a0<em class=\"ng-scope\">handbook<\/em>\u00a0de seu laborat\u00f3rio, os autores sugerem utilizar uma propor\u00e7\u00e3o \u00e2nion\/\u00e1cido de 2:1, e considerar que o pKa do fosfato a ser utilizado \u00e9 7,20 (utilize log 2 = 0,3).<br class=\"ng-scope\" \/>\u00a0<br class=\"ng-scope\" \/>1. Utilizando a equa\u00e7\u00e3o de Henderson-Hasselbalch, calcule o pH que ser\u00e1 obtido quando voc\u00ea preparar a solu\u00e7\u00e3o de acordo com o descrito no\u00a0<em class=\"ng-scope\">handbook.<\/em><br class=\"ng-scope\" \/>\u00a0<br class=\"ng-scope\" \/>2. Estabele\u00e7a, de acordo com a faixa de pH sangu\u00edneo (pH = 7,40), se a solu\u00e7\u00e3o obtida poder\u00e1 ser utilizada. Caso a metodologia precise ser corrigida, determine qual a propor\u00e7\u00e3o ideal de \u00e2nion\/\u00e1cido a ser utilizada.<br class=\"ng-scope\" \/>\u00a0<br class=\"ng-scope\" \/>3. Quais s\u00e3o os dois eventos que podem ocorrer mediante a varia\u00e7\u00e3o do pH do sangue no corpo humano? Cite uma ou mais consequ\u00eancias que podem ocorrer no organismo frente a essas varia\u00e7\u00f5es.<\/p>\n","protected":false},"excerpt":{"rendered":"<p>ATIVIDADE 1 &#8211; QU\u00cdMICA ANAL\u00cdTICA E INSTRUMENTAL &#8211; 53_2024 pH sangu\u00edneo \u00e9 um par\u00e2metro crucial para a homeostase do organismo<\/p>\n","protected":false},"featured_media":2326,"template":"","meta":{"_monsterinsights_skip_tracking":false,"_monsterinsights_sitenote_active":false,"_monsterinsights_sitenote_note":"","_monsterinsights_sitenote_category":0},"product_brand":[],"product_cat":[58,31],"product_tag":[],"class_list":{"0":"post-4514","1":"product","2":"type-product","3":"status-publish","4":"has-post-thumbnail","6":"product_cat-biomedicina","7":"product_cat-farmacia","9":"first","10":"instock","11":"downloadable","12":"virtual","13":"purchasable","14":"product-type-simple"},"yoast_head":"<!-- This site is optimized with the Yoast SEO plugin v27.4 - https:\/\/yoast.com\/product\/yoast-seo-wordpress\/ -->\n<title>ATIVIDADE 1 - QU\u00cdMICA ANAL\u00cdTICA E INSTRUMENTAL - 53_2024<\/title>\n<meta name=\"description\" content=\"Atividade ATIVIDADE 1 - QU\u00cdMICA ANAL\u00cdTICA E INSTRUMENTAL - 53_2024 &#8902; Unicesumar. Baixe agora mesmo um Mapa Pronto resolvido!\" \/>\n<meta name=\"robots\" content=\"index, follow, max-snippet:-1, max-image-preview:large, max-video-preview:-1\" \/>\n<link rel=\"canonical\" href=\"https:\/\/atividademapa.com\/?product=atividade-1-quimica-analitica-e-instrumental-53_2024\" \/>\n<meta property=\"og:locale\" content=\"pt_BR\" \/>\n<meta property=\"og:type\" content=\"article\" \/>\n<meta property=\"og:title\" content=\"ATIVIDADE 1 - QU\u00cdMICA ANAL\u00cdTICA E INSTRUMENTAL - 53_2024\" \/>\n<meta property=\"og:description\" content=\"Atividade ATIVIDADE 1 - QU\u00cdMICA ANAL\u00cdTICA E INSTRUMENTAL - 53_2024 &#8902; Unicesumar. Baixe agora mesmo um Mapa Pronto resolvido!\" \/>\n<meta property=\"og:url\" content=\"https:\/\/atividademapa.com\/?product=atividade-1-quimica-analitica-e-instrumental-53_2024\" \/>\n<meta property=\"og:site_name\" content=\"Atividade Mapa\" \/>\n<meta property=\"article:modified_time\" content=\"2024-08-05T01:58:49+00:00\" \/>\n<meta property=\"og:image\" content=\"https:\/\/i0.wp.com\/atividademapa.com\/wp-content\/uploads\/2023\/03\/Atividade-M.A.P.A-3.png?fit=300%2C300&ssl=1\" \/>\n\t<meta property=\"og:image:width\" content=\"300\" \/>\n\t<meta property=\"og:image:height\" content=\"300\" \/>\n\t<meta property=\"og:image:type\" content=\"image\/png\" \/>\n<meta name=\"twitter:card\" content=\"summary_large_image\" \/>\n<meta name=\"twitter:label1\" content=\"Est. tempo de leitura\" \/>\n\t<meta name=\"twitter:data1\" content=\"2 minutos\" \/>\n<script type=\"application\/ld+json\" class=\"yoast-schema-graph\">{\"@context\":\"https:\\\/\\\/schema.org\",\"@graph\":[{\"@type\":\"WebPage\",\"@id\":\"https:\\\/\\\/atividademapa.com\\\/?product=atividade-1-quimica-analitica-e-instrumental-53_2024\",\"url\":\"https:\\\/\\\/atividademapa.com\\\/?product=atividade-1-quimica-analitica-e-instrumental-53_2024\",\"name\":\"ATIVIDADE 1 - QU\u00cdMICA ANAL\u00cdTICA E INSTRUMENTAL - 53_2024\",\"isPartOf\":{\"@id\":\"https:\\\/\\\/atividademapa.com\\\/#website\"},\"primaryImageOfPage\":{\"@id\":\"https:\\\/\\\/atividademapa.com\\\/?product=atividade-1-quimica-analitica-e-instrumental-53_2024#primaryimage\"},\"image\":{\"@id\":\"https:\\\/\\\/atividademapa.com\\\/?product=atividade-1-quimica-analitica-e-instrumental-53_2024#primaryimage\"},\"thumbnailUrl\":\"https:\\\/\\\/i0.wp.com\\\/atividademapa.com\\\/wp-content\\\/uploads\\\/2023\\\/03\\\/Atividade-M.A.P.A-3.png?fit=300%2C300&ssl=1\",\"datePublished\":\"2024-08-05T01:58:47+00:00\",\"dateModified\":\"2024-08-05T01:58:49+00:00\",\"description\":\"Atividade ATIVIDADE 1 - QU\u00cdMICA ANAL\u00cdTICA E INSTRUMENTAL - 53_2024 &#8902; Unicesumar. Baixe agora mesmo um Mapa Pronto resolvido!\",\"breadcrumb\":{\"@id\":\"https:\\\/\\\/atividademapa.com\\\/?product=atividade-1-quimica-analitica-e-instrumental-53_2024#breadcrumb\"},\"inLanguage\":\"pt-BR\",\"potentialAction\":[{\"@type\":\"ReadAction\",\"target\":[\"https:\\\/\\\/atividademapa.com\\\/?product=atividade-1-quimica-analitica-e-instrumental-53_2024\"]}]},{\"@type\":\"ImageObject\",\"inLanguage\":\"pt-BR\",\"@id\":\"https:\\\/\\\/atividademapa.com\\\/?product=atividade-1-quimica-analitica-e-instrumental-53_2024#primaryimage\",\"url\":\"https:\\\/\\\/i0.wp.com\\\/atividademapa.com\\\/wp-content\\\/uploads\\\/2023\\\/03\\\/Atividade-M.A.P.A-3.png?fit=300%2C300&ssl=1\",\"contentUrl\":\"https:\\\/\\\/i0.wp.com\\\/atividademapa.com\\\/wp-content\\\/uploads\\\/2023\\\/03\\\/Atividade-M.A.P.A-3.png?fit=300%2C300&ssl=1\",\"width\":300,\"height\":300,\"caption\":\"Mapa Unicesumar Atividade\"},{\"@type\":\"BreadcrumbList\",\"@id\":\"https:\\\/\\\/atividademapa.com\\\/?product=atividade-1-quimica-analitica-e-instrumental-53_2024#breadcrumb\",\"itemListElement\":[{\"@type\":\"ListItem\",\"position\":1,\"name\":\"In\u00edcio\",\"item\":\"https:\\\/\\\/atividademapa.com\\\/\"},{\"@type\":\"ListItem\",\"position\":2,\"name\":\"MAPAS\",\"item\":\"https:\\\/\\\/atividademapa.com\\\/?page_id=5\"},{\"@type\":\"ListItem\",\"position\":3,\"name\":\"ATIVIDADE 1 &#8211; QU\u00cdMICA ANAL\u00cdTICA E INSTRUMENTAL &#8211; 53_2024\"}]},{\"@type\":\"WebSite\",\"@id\":\"https:\\\/\\\/atividademapa.com\\\/#website\",\"url\":\"https:\\\/\\\/atividademapa.com\\\/\",\"name\":\"Atividade Mapa\",\"description\":\"StudeO | Unicesumar\",\"publisher\":{\"@id\":\"https:\\\/\\\/atividademapa.com\\\/#organization\"},\"potentialAction\":[{\"@type\":\"SearchAction\",\"target\":{\"@type\":\"EntryPoint\",\"urlTemplate\":\"https:\\\/\\\/atividademapa.com\\\/?s={search_term_string}\"},\"query-input\":{\"@type\":\"PropertyValueSpecification\",\"valueRequired\":true,\"valueName\":\"search_term_string\"}}],\"inLanguage\":\"pt-BR\"},{\"@type\":\"Organization\",\"@id\":\"https:\\\/\\\/atividademapa.com\\\/#organization\",\"name\":\"Atividade MAPA\",\"url\":\"https:\\\/\\\/atividademapa.com\\\/\",\"logo\":{\"@type\":\"ImageObject\",\"inLanguage\":\"pt-BR\",\"@id\":\"https:\\\/\\\/atividademapa.com\\\/#\\\/schema\\\/logo\\\/image\\\/\",\"url\":\"https:\\\/\\\/i0.wp.com\\\/atividademapa.com\\\/wp-content\\\/uploads\\\/2023\\\/02\\\/ATIVIDADE.png?fit=600%2C300&ssl=1\",\"contentUrl\":\"https:\\\/\\\/i0.wp.com\\\/atividademapa.com\\\/wp-content\\\/uploads\\\/2023\\\/02\\\/ATIVIDADE.png?fit=600%2C300&ssl=1\",\"width\":600,\"height\":300,\"caption\":\"Atividade MAPA\"},\"image\":{\"@id\":\"https:\\\/\\\/atividademapa.com\\\/#\\\/schema\\\/logo\\\/image\\\/\"}}]}<\/script>\n<!-- \/ Yoast SEO plugin. -->","yoast_head_json":{"title":"ATIVIDADE 1 - QU\u00cdMICA ANAL\u00cdTICA E INSTRUMENTAL - 53_2024","description":"Atividade ATIVIDADE 1 - QU\u00cdMICA ANAL\u00cdTICA E INSTRUMENTAL - 53_2024 &#8902; Unicesumar. Baixe agora mesmo um Mapa Pronto resolvido!","robots":{"index":"index","follow":"follow","max-snippet":"max-snippet:-1","max-image-preview":"max-image-preview:large","max-video-preview":"max-video-preview:-1"},"canonical":"https:\/\/atividademapa.com\/?product=atividade-1-quimica-analitica-e-instrumental-53_2024","og_locale":"pt_BR","og_type":"article","og_title":"ATIVIDADE 1 - QU\u00cdMICA ANAL\u00cdTICA E INSTRUMENTAL - 53_2024","og_description":"Atividade ATIVIDADE 1 - QU\u00cdMICA ANAL\u00cdTICA E INSTRUMENTAL - 53_2024 &#8902; Unicesumar. Baixe agora mesmo um Mapa Pronto resolvido!","og_url":"https:\/\/atividademapa.com\/?product=atividade-1-quimica-analitica-e-instrumental-53_2024","og_site_name":"Atividade Mapa","article_modified_time":"2024-08-05T01:58:49+00:00","og_image":[{"width":300,"height":300,"url":"https:\/\/i0.wp.com\/atividademapa.com\/wp-content\/uploads\/2023\/03\/Atividade-M.A.P.A-3.png?fit=300%2C300&ssl=1","type":"image\/png"}],"twitter_card":"summary_large_image","twitter_misc":{"Est. tempo de leitura":"2 minutos"},"schema":{"@context":"https:\/\/schema.org","@graph":[{"@type":"WebPage","@id":"https:\/\/atividademapa.com\/?product=atividade-1-quimica-analitica-e-instrumental-53_2024","url":"https:\/\/atividademapa.com\/?product=atividade-1-quimica-analitica-e-instrumental-53_2024","name":"ATIVIDADE 1 - QU\u00cdMICA ANAL\u00cdTICA E INSTRUMENTAL - 53_2024","isPartOf":{"@id":"https:\/\/atividademapa.com\/#website"},"primaryImageOfPage":{"@id":"https:\/\/atividademapa.com\/?product=atividade-1-quimica-analitica-e-instrumental-53_2024#primaryimage"},"image":{"@id":"https:\/\/atividademapa.com\/?product=atividade-1-quimica-analitica-e-instrumental-53_2024#primaryimage"},"thumbnailUrl":"https:\/\/i0.wp.com\/atividademapa.com\/wp-content\/uploads\/2023\/03\/Atividade-M.A.P.A-3.png?fit=300%2C300&ssl=1","datePublished":"2024-08-05T01:58:47+00:00","dateModified":"2024-08-05T01:58:49+00:00","description":"Atividade ATIVIDADE 1 - QU\u00cdMICA ANAL\u00cdTICA E INSTRUMENTAL - 53_2024 &#8902; Unicesumar. Baixe agora mesmo um Mapa Pronto resolvido!","breadcrumb":{"@id":"https:\/\/atividademapa.com\/?product=atividade-1-quimica-analitica-e-instrumental-53_2024#breadcrumb"},"inLanguage":"pt-BR","potentialAction":[{"@type":"ReadAction","target":["https:\/\/atividademapa.com\/?product=atividade-1-quimica-analitica-e-instrumental-53_2024"]}]},{"@type":"ImageObject","inLanguage":"pt-BR","@id":"https:\/\/atividademapa.com\/?product=atividade-1-quimica-analitica-e-instrumental-53_2024#primaryimage","url":"https:\/\/i0.wp.com\/atividademapa.com\/wp-content\/uploads\/2023\/03\/Atividade-M.A.P.A-3.png?fit=300%2C300&ssl=1","contentUrl":"https:\/\/i0.wp.com\/atividademapa.com\/wp-content\/uploads\/2023\/03\/Atividade-M.A.P.A-3.png?fit=300%2C300&ssl=1","width":300,"height":300,"caption":"Mapa Unicesumar Atividade"},{"@type":"BreadcrumbList","@id":"https:\/\/atividademapa.com\/?product=atividade-1-quimica-analitica-e-instrumental-53_2024#breadcrumb","itemListElement":[{"@type":"ListItem","position":1,"name":"In\u00edcio","item":"https:\/\/atividademapa.com\/"},{"@type":"ListItem","position":2,"name":"MAPAS","item":"https:\/\/atividademapa.com\/?page_id=5"},{"@type":"ListItem","position":3,"name":"ATIVIDADE 1 &#8211; QU\u00cdMICA ANAL\u00cdTICA E INSTRUMENTAL &#8211; 53_2024"}]},{"@type":"WebSite","@id":"https:\/\/atividademapa.com\/#website","url":"https:\/\/atividademapa.com\/","name":"Atividade Mapa","description":"StudeO | Unicesumar","publisher":{"@id":"https:\/\/atividademapa.com\/#organization"},"potentialAction":[{"@type":"SearchAction","target":{"@type":"EntryPoint","urlTemplate":"https:\/\/atividademapa.com\/?s={search_term_string}"},"query-input":{"@type":"PropertyValueSpecification","valueRequired":true,"valueName":"search_term_string"}}],"inLanguage":"pt-BR"},{"@type":"Organization","@id":"https:\/\/atividademapa.com\/#organization","name":"Atividade MAPA","url":"https:\/\/atividademapa.com\/","logo":{"@type":"ImageObject","inLanguage":"pt-BR","@id":"https:\/\/atividademapa.com\/#\/schema\/logo\/image\/","url":"https:\/\/i0.wp.com\/atividademapa.com\/wp-content\/uploads\/2023\/02\/ATIVIDADE.png?fit=600%2C300&ssl=1","contentUrl":"https:\/\/i0.wp.com\/atividademapa.com\/wp-content\/uploads\/2023\/02\/ATIVIDADE.png?fit=600%2C300&ssl=1","width":600,"height":300,"caption":"Atividade MAPA"},"image":{"@id":"https:\/\/atividademapa.com\/#\/schema\/logo\/image\/"}}]}},"_links":{"self":[{"href":"https:\/\/atividademapa.com\/index.php?rest_route=\/wp\/v2\/product\/4514","targetHints":{"allow":["GET"]}}],"collection":[{"href":"https:\/\/atividademapa.com\/index.php?rest_route=\/wp\/v2\/product"}],"about":[{"href":"https:\/\/atividademapa.com\/index.php?rest_route=\/wp\/v2\/types\/product"}],"version-history":[{"count":2,"href":"https:\/\/atividademapa.com\/index.php?rest_route=\/wp\/v2\/product\/4514\/revisions"}],"predecessor-version":[{"id":4517,"href":"https:\/\/atividademapa.com\/index.php?rest_route=\/wp\/v2\/product\/4514\/revisions\/4517"}],"wp:featuredmedia":[{"embeddable":true,"href":"https:\/\/atividademapa.com\/index.php?rest_route=\/wp\/v2\/media\/2326"}],"wp:attachment":[{"href":"https:\/\/atividademapa.com\/index.php?rest_route=%2Fwp%2Fv2%2Fmedia&parent=4514"}],"wp:term":[{"taxonomy":"product_brand","embeddable":true,"href":"https:\/\/atividademapa.com\/index.php?rest_route=%2Fwp%2Fv2%2Fproduct_brand&post=4514"},{"taxonomy":"product_cat","embeddable":true,"href":"https:\/\/atividademapa.com\/index.php?rest_route=%2Fwp%2Fv2%2Fproduct_cat&post=4514"},{"taxonomy":"product_tag","embeddable":true,"href":"https:\/\/atividademapa.com\/index.php?rest_route=%2Fwp%2Fv2%2Fproduct_tag&post=4514"}],"curies":[{"name":"wp","href":"https:\/\/api.w.org\/{rel}","templated":true}]}}