{"id":4748,"date":"2024-10-05T13:00:11","date_gmt":"2024-10-05T16:00:11","guid":{"rendered":"https:\/\/atividademapa.com\/?post_type=product&#038;p=4748"},"modified":"2024-10-05T13:00:12","modified_gmt":"2024-10-05T16:00:12","slug":"mapa-compliance-seguranca-do-trabalho-54-2024","status":"publish","type":"product","link":"https:\/\/atividademapa.com\/?product=mapa-compliance-seguranca-do-trabalho-54-2024","title":{"rendered":"MAPA &#8211; Compliance &#8211; Seguran\u00e7a do Trabalho &#8211; 54\/2024"},"content":{"rendered":"<p>MAPA &#8211; Compliance &#8211; Seguran\u00e7a do Trabalho &#8211; 54\/2024<\/p>\n<p>Quest\u00e3o 1<br \/>\nO Decreto n\u00b0 11.129, de 11\/07\/2022, que Regulamenta a Lei Anticorrup\u00e7\u00e3o (Lei n\u00b0 12.846, de 1\u00b0\/08\/2013), prev\u00ea que um Programa de Integridade ser\u00e1 avaliado quanto a sua exist\u00eancia e aplica\u00e7\u00e3o de acordo com alguns par\u00e2metros, dentre eles, a exist\u00eancia de canais de den\u00fancia de irregularidades, estabelecimento de padr\u00f5es de conduta, c\u00f3digo de \u00e9tica, pol\u00edticas e procedimentos de integridade, treinamentos, gest\u00e3o adequada de riscos, controles internos, dilig\u00eancias apropriadas, mecanismos de tratamento das den\u00fancias, medidas disciplinares, dentre outras ferramentas\/a\u00e7\u00f5es.<\/p>\n<p>Fonte: https:\/\/repositorio.cgu.gov.br\/handle\/1\/68511?locale=es. Acesso em: 9 set. 2024.<\/p>\n<p>Para a realiza\u00e7\u00e3o de todas essas fun\u00e7\u00f5es \u00e9 necess\u00e1rio que a organiza\u00e7\u00e3o conte com profissionais preparados para atuar nas mais variadas a\u00e7\u00f5es.<\/p>\n<p>\u201cEntender o que \u00e9 Compliance e a import\u00e2ncia dele ao mundo atual, assim como reconhecer e compreender o n\u00edvel de maturidade em Compliance de cada organiza\u00e7\u00e3o (p\u00fablica ou privada) constituem um diferencial positivo na bagagem de conhecimentos do profissional da \u00e1rea.\u201d Em um Sistema de Gest\u00e3o de Compliance\/SGC, \u201c\u00e9 poss\u00edvel encontrar a figura do profissional da \u00e1rea, o Compliance Officer, e profissionais com outras denomina\u00e7\u00f5es, tais como: analista de Compliance, analista de riscos e Compliance, analista de Compliance e governan\u00e7a, analista de Compliance e de investiga\u00e7\u00e3o, dentre outras. In\u00fameras s\u00e3o as oportunidades profissionais para atuar nessas \u00e1reas, as quais v\u00e3o al\u00e9m da figura do Compliance Officer (um cargo, sem d\u00favidas, desejado e promissor)&#8221; (Oliveira; Rigon, 2023, p. 30-31).<\/p>\n<p>Fonte: OLIVEIRA, R.; RIGON, A. Compliance. Indaial, SC: Arqu\u00e9, 2023.<\/p>\n<p>Sobre o exposto, cite cinco atividades que podem ser desenvolvidas por um profissional na \u00e1rea de compliance.<\/p>\n","protected":false},"excerpt":{"rendered":"<p>MAPA &#8211; Compliance &#8211; Seguran\u00e7a do Trabalho &#8211; 54\/2024 Quest\u00e3o 1 O Decreto n\u00b0 11.129, de 11\/07\/2022, que Regulamenta a<\/p>\n","protected":false},"featured_media":2326,"template":"","meta":{"_monsterinsights_skip_tracking":false,"_monsterinsights_sitenote_active":false,"_monsterinsights_sitenote_note":"","_monsterinsights_sitenote_category":0},"product_brand":[],"product_cat":[113],"product_tag":[],"class_list":{"0":"post-4748","1":"product","2":"type-product","3":"status-publish","4":"has-post-thumbnail","6":"product_cat-seguranca-do-trabalho","8":"first","9":"instock","10":"downloadable","11":"virtual","12":"purchasable","13":"product-type-simple"},"yoast_head":"<!-- This site is optimized with the Yoast SEO plugin v27.4 - https:\/\/yoast.com\/product\/yoast-seo-wordpress\/ -->\n<title>MAPA - Compliance - Seguran\u00e7a do Trabalho - 54\/2024<\/title>\n<meta name=\"description\" content=\"Atividade MAPA - Compliance - Seguran\u00e7a do Trabalho - 54\/2024 &#8902; Unicesumar. Baixe agora mesmo um Mapa Pronto resolvido!\" \/>\n<meta name=\"robots\" content=\"index, follow, max-snippet:-1, max-image-preview:large, max-video-preview:-1\" \/>\n<link rel=\"canonical\" href=\"https:\/\/atividademapa.com\/?product=mapa-compliance-seguranca-do-trabalho-54-2024\" \/>\n<meta property=\"og:locale\" content=\"pt_BR\" \/>\n<meta property=\"og:type\" content=\"article\" \/>\n<meta property=\"og:title\" content=\"MAPA - Compliance - Seguran\u00e7a do Trabalho - 54\/2024\" \/>\n<meta property=\"og:description\" content=\"Atividade MAPA - Compliance - Seguran\u00e7a do Trabalho - 54\/2024 &#8902; Unicesumar. Baixe agora mesmo um Mapa Pronto resolvido!\" \/>\n<meta property=\"og:url\" content=\"https:\/\/atividademapa.com\/?product=mapa-compliance-seguranca-do-trabalho-54-2024\" \/>\n<meta property=\"og:site_name\" content=\"Atividade Mapa\" \/>\n<meta property=\"article:modified_time\" content=\"2024-10-05T16:00:12+00:00\" \/>\n<meta property=\"og:image\" content=\"https:\/\/i0.wp.com\/atividademapa.com\/wp-content\/uploads\/2023\/03\/Atividade-M.A.P.A-3.png?fit=300%2C300&ssl=1\" \/>\n\t<meta property=\"og:image:width\" content=\"300\" \/>\n\t<meta property=\"og:image:height\" content=\"300\" \/>\n\t<meta property=\"og:image:type\" content=\"image\/png\" \/>\n<meta name=\"twitter:card\" content=\"summary_large_image\" \/>\n<meta name=\"twitter:label1\" content=\"Est. tempo de leitura\" \/>\n\t<meta name=\"twitter:data1\" content=\"1 minuto\" \/>\n<script type=\"application\/ld+json\" class=\"yoast-schema-graph\">{\"@context\":\"https:\\\/\\\/schema.org\",\"@graph\":[{\"@type\":\"WebPage\",\"@id\":\"https:\\\/\\\/atividademapa.com\\\/?product=mapa-compliance-seguranca-do-trabalho-54-2024\",\"url\":\"https:\\\/\\\/atividademapa.com\\\/?product=mapa-compliance-seguranca-do-trabalho-54-2024\",\"name\":\"MAPA - Compliance - Seguran\u00e7a do Trabalho - 54\\\/2024\",\"isPartOf\":{\"@id\":\"https:\\\/\\\/atividademapa.com\\\/#website\"},\"primaryImageOfPage\":{\"@id\":\"https:\\\/\\\/atividademapa.com\\\/?product=mapa-compliance-seguranca-do-trabalho-54-2024#primaryimage\"},\"image\":{\"@id\":\"https:\\\/\\\/atividademapa.com\\\/?product=mapa-compliance-seguranca-do-trabalho-54-2024#primaryimage\"},\"thumbnailUrl\":\"https:\\\/\\\/i0.wp.com\\\/atividademapa.com\\\/wp-content\\\/uploads\\\/2023\\\/03\\\/Atividade-M.A.P.A-3.png?fit=300%2C300&ssl=1\",\"datePublished\":\"2024-10-05T16:00:11+00:00\",\"dateModified\":\"2024-10-05T16:00:12+00:00\",\"description\":\"Atividade MAPA - Compliance - Seguran\u00e7a do Trabalho - 54\\\/2024 &#8902; Unicesumar. Baixe agora mesmo um Mapa Pronto resolvido!\",\"breadcrumb\":{\"@id\":\"https:\\\/\\\/atividademapa.com\\\/?product=mapa-compliance-seguranca-do-trabalho-54-2024#breadcrumb\"},\"inLanguage\":\"pt-BR\",\"potentialAction\":[{\"@type\":\"ReadAction\",\"target\":[\"https:\\\/\\\/atividademapa.com\\\/?product=mapa-compliance-seguranca-do-trabalho-54-2024\"]}]},{\"@type\":\"ImageObject\",\"inLanguage\":\"pt-BR\",\"@id\":\"https:\\\/\\\/atividademapa.com\\\/?product=mapa-compliance-seguranca-do-trabalho-54-2024#primaryimage\",\"url\":\"https:\\\/\\\/i0.wp.com\\\/atividademapa.com\\\/wp-content\\\/uploads\\\/2023\\\/03\\\/Atividade-M.A.P.A-3.png?fit=300%2C300&ssl=1\",\"contentUrl\":\"https:\\\/\\\/i0.wp.com\\\/atividademapa.com\\\/wp-content\\\/uploads\\\/2023\\\/03\\\/Atividade-M.A.P.A-3.png?fit=300%2C300&ssl=1\",\"width\":300,\"height\":300,\"caption\":\"Mapa Unicesumar Atividade\"},{\"@type\":\"BreadcrumbList\",\"@id\":\"https:\\\/\\\/atividademapa.com\\\/?product=mapa-compliance-seguranca-do-trabalho-54-2024#breadcrumb\",\"itemListElement\":[{\"@type\":\"ListItem\",\"position\":1,\"name\":\"In\u00edcio\",\"item\":\"https:\\\/\\\/atividademapa.com\\\/\"},{\"@type\":\"ListItem\",\"position\":2,\"name\":\"MAPAS\",\"item\":\"https:\\\/\\\/atividademapa.com\\\/?page_id=5\"},{\"@type\":\"ListItem\",\"position\":3,\"name\":\"MAPA &#8211; Compliance &#8211; Seguran\u00e7a do Trabalho &#8211; 54\\\/2024\"}]},{\"@type\":\"WebSite\",\"@id\":\"https:\\\/\\\/atividademapa.com\\\/#website\",\"url\":\"https:\\\/\\\/atividademapa.com\\\/\",\"name\":\"Atividade Mapa\",\"description\":\"StudeO | Unicesumar\",\"publisher\":{\"@id\":\"https:\\\/\\\/atividademapa.com\\\/#organization\"},\"potentialAction\":[{\"@type\":\"SearchAction\",\"target\":{\"@type\":\"EntryPoint\",\"urlTemplate\":\"https:\\\/\\\/atividademapa.com\\\/?s={search_term_string}\"},\"query-input\":{\"@type\":\"PropertyValueSpecification\",\"valueRequired\":true,\"valueName\":\"search_term_string\"}}],\"inLanguage\":\"pt-BR\"},{\"@type\":\"Organization\",\"@id\":\"https:\\\/\\\/atividademapa.com\\\/#organization\",\"name\":\"Atividade MAPA\",\"url\":\"https:\\\/\\\/atividademapa.com\\\/\",\"logo\":{\"@type\":\"ImageObject\",\"inLanguage\":\"pt-BR\",\"@id\":\"https:\\\/\\\/atividademapa.com\\\/#\\\/schema\\\/logo\\\/image\\\/\",\"url\":\"https:\\\/\\\/i0.wp.com\\\/atividademapa.com\\\/wp-content\\\/uploads\\\/2023\\\/02\\\/ATIVIDADE.png?fit=600%2C300&ssl=1\",\"contentUrl\":\"https:\\\/\\\/i0.wp.com\\\/atividademapa.com\\\/wp-content\\\/uploads\\\/2023\\\/02\\\/ATIVIDADE.png?fit=600%2C300&ssl=1\",\"width\":600,\"height\":300,\"caption\":\"Atividade MAPA\"},\"image\":{\"@id\":\"https:\\\/\\\/atividademapa.com\\\/#\\\/schema\\\/logo\\\/image\\\/\"}}]}<\/script>\n<!-- \/ Yoast SEO plugin. -->","yoast_head_json":{"title":"MAPA - Compliance - Seguran\u00e7a do Trabalho - 54\/2024","description":"Atividade MAPA - Compliance - Seguran\u00e7a do Trabalho - 54\/2024 &#8902; Unicesumar. Baixe agora mesmo um Mapa Pronto resolvido!","robots":{"index":"index","follow":"follow","max-snippet":"max-snippet:-1","max-image-preview":"max-image-preview:large","max-video-preview":"max-video-preview:-1"},"canonical":"https:\/\/atividademapa.com\/?product=mapa-compliance-seguranca-do-trabalho-54-2024","og_locale":"pt_BR","og_type":"article","og_title":"MAPA - Compliance - Seguran\u00e7a do Trabalho - 54\/2024","og_description":"Atividade MAPA - Compliance - Seguran\u00e7a do Trabalho - 54\/2024 &#8902; Unicesumar. Baixe agora mesmo um Mapa Pronto resolvido!","og_url":"https:\/\/atividademapa.com\/?product=mapa-compliance-seguranca-do-trabalho-54-2024","og_site_name":"Atividade Mapa","article_modified_time":"2024-10-05T16:00:12+00:00","og_image":[{"width":300,"height":300,"url":"https:\/\/i0.wp.com\/atividademapa.com\/wp-content\/uploads\/2023\/03\/Atividade-M.A.P.A-3.png?fit=300%2C300&ssl=1","type":"image\/png"}],"twitter_card":"summary_large_image","twitter_misc":{"Est. tempo de leitura":"1 minuto"},"schema":{"@context":"https:\/\/schema.org","@graph":[{"@type":"WebPage","@id":"https:\/\/atividademapa.com\/?product=mapa-compliance-seguranca-do-trabalho-54-2024","url":"https:\/\/atividademapa.com\/?product=mapa-compliance-seguranca-do-trabalho-54-2024","name":"MAPA - Compliance - Seguran\u00e7a do Trabalho - 54\/2024","isPartOf":{"@id":"https:\/\/atividademapa.com\/#website"},"primaryImageOfPage":{"@id":"https:\/\/atividademapa.com\/?product=mapa-compliance-seguranca-do-trabalho-54-2024#primaryimage"},"image":{"@id":"https:\/\/atividademapa.com\/?product=mapa-compliance-seguranca-do-trabalho-54-2024#primaryimage"},"thumbnailUrl":"https:\/\/i0.wp.com\/atividademapa.com\/wp-content\/uploads\/2023\/03\/Atividade-M.A.P.A-3.png?fit=300%2C300&ssl=1","datePublished":"2024-10-05T16:00:11+00:00","dateModified":"2024-10-05T16:00:12+00:00","description":"Atividade MAPA - Compliance - Seguran\u00e7a do Trabalho - 54\/2024 &#8902; Unicesumar. Baixe agora mesmo um Mapa Pronto resolvido!","breadcrumb":{"@id":"https:\/\/atividademapa.com\/?product=mapa-compliance-seguranca-do-trabalho-54-2024#breadcrumb"},"inLanguage":"pt-BR","potentialAction":[{"@type":"ReadAction","target":["https:\/\/atividademapa.com\/?product=mapa-compliance-seguranca-do-trabalho-54-2024"]}]},{"@type":"ImageObject","inLanguage":"pt-BR","@id":"https:\/\/atividademapa.com\/?product=mapa-compliance-seguranca-do-trabalho-54-2024#primaryimage","url":"https:\/\/i0.wp.com\/atividademapa.com\/wp-content\/uploads\/2023\/03\/Atividade-M.A.P.A-3.png?fit=300%2C300&ssl=1","contentUrl":"https:\/\/i0.wp.com\/atividademapa.com\/wp-content\/uploads\/2023\/03\/Atividade-M.A.P.A-3.png?fit=300%2C300&ssl=1","width":300,"height":300,"caption":"Mapa Unicesumar Atividade"},{"@type":"BreadcrumbList","@id":"https:\/\/atividademapa.com\/?product=mapa-compliance-seguranca-do-trabalho-54-2024#breadcrumb","itemListElement":[{"@type":"ListItem","position":1,"name":"In\u00edcio","item":"https:\/\/atividademapa.com\/"},{"@type":"ListItem","position":2,"name":"MAPAS","item":"https:\/\/atividademapa.com\/?page_id=5"},{"@type":"ListItem","position":3,"name":"MAPA &#8211; Compliance &#8211; Seguran\u00e7a do Trabalho &#8211; 54\/2024"}]},{"@type":"WebSite","@id":"https:\/\/atividademapa.com\/#website","url":"https:\/\/atividademapa.com\/","name":"Atividade Mapa","description":"StudeO | Unicesumar","publisher":{"@id":"https:\/\/atividademapa.com\/#organization"},"potentialAction":[{"@type":"SearchAction","target":{"@type":"EntryPoint","urlTemplate":"https:\/\/atividademapa.com\/?s={search_term_string}"},"query-input":{"@type":"PropertyValueSpecification","valueRequired":true,"valueName":"search_term_string"}}],"inLanguage":"pt-BR"},{"@type":"Organization","@id":"https:\/\/atividademapa.com\/#organization","name":"Atividade MAPA","url":"https:\/\/atividademapa.com\/","logo":{"@type":"ImageObject","inLanguage":"pt-BR","@id":"https:\/\/atividademapa.com\/#\/schema\/logo\/image\/","url":"https:\/\/i0.wp.com\/atividademapa.com\/wp-content\/uploads\/2023\/02\/ATIVIDADE.png?fit=600%2C300&ssl=1","contentUrl":"https:\/\/i0.wp.com\/atividademapa.com\/wp-content\/uploads\/2023\/02\/ATIVIDADE.png?fit=600%2C300&ssl=1","width":600,"height":300,"caption":"Atividade MAPA"},"image":{"@id":"https:\/\/atividademapa.com\/#\/schema\/logo\/image\/"}}]}},"_links":{"self":[{"href":"https:\/\/atividademapa.com\/index.php?rest_route=\/wp\/v2\/product\/4748","targetHints":{"allow":["GET"]}}],"collection":[{"href":"https:\/\/atividademapa.com\/index.php?rest_route=\/wp\/v2\/product"}],"about":[{"href":"https:\/\/atividademapa.com\/index.php?rest_route=\/wp\/v2\/types\/product"}],"version-history":[{"count":2,"href":"https:\/\/atividademapa.com\/index.php?rest_route=\/wp\/v2\/product\/4748\/revisions"}],"predecessor-version":[{"id":4751,"href":"https:\/\/atividademapa.com\/index.php?rest_route=\/wp\/v2\/product\/4748\/revisions\/4751"}],"wp:featuredmedia":[{"embeddable":true,"href":"https:\/\/atividademapa.com\/index.php?rest_route=\/wp\/v2\/media\/2326"}],"wp:attachment":[{"href":"https:\/\/atividademapa.com\/index.php?rest_route=%2Fwp%2Fv2%2Fmedia&parent=4748"}],"wp:term":[{"taxonomy":"product_brand","embeddable":true,"href":"https:\/\/atividademapa.com\/index.php?rest_route=%2Fwp%2Fv2%2Fproduct_brand&post=4748"},{"taxonomy":"product_cat","embeddable":true,"href":"https:\/\/atividademapa.com\/index.php?rest_route=%2Fwp%2Fv2%2Fproduct_cat&post=4748"},{"taxonomy":"product_tag","embeddable":true,"href":"https:\/\/atividademapa.com\/index.php?rest_route=%2Fwp%2Fv2%2Fproduct_tag&post=4748"}],"curies":[{"name":"wp","href":"https:\/\/api.w.org\/{rel}","templated":true}]}}