{"id":4771,"date":"2024-10-07T10:00:46","date_gmt":"2024-10-07T13:00:46","guid":{"rendered":"https:\/\/atividademapa.com\/?post_type=product&#038;p=4771"},"modified":"2024-10-07T10:00:48","modified_gmt":"2024-10-07T13:00:48","slug":"mapa-ccont-estatistica-54_2024","status":"publish","type":"product","link":"https:\/\/atividademapa.com\/?product=mapa-ccont-estatistica-54_2024","title":{"rendered":"MAPA &#8211; CCONT &#8211; Estat\u00edstica &#8211; 54_2024"},"content":{"rendered":"<p>MAPA &#8211; CCONT &#8211; Estat\u00edstica &#8211; 54_2024<\/p>\n<p>A\u00a0teoria da probabilidade\u00a0\u00e9 o campo da Matem\u00e1tica que estuda experimentos ou fen\u00f4menos aleat\u00f3rios. Atrav\u00e9s dela, \u00e9 poss\u00edvel analisar as chances de um determinado evento ocorrer. Um experimento aleat\u00f3rio \u00e9 aquele que n\u00e3o \u00e9 poss\u00edvel conhecer qual resultado ser\u00e1 encontrado antes de realiz\u00e1-lo.<br \/>\n\u200bQuando calculamos a probabilidade, estamos associando um grau de confian\u00e7a \u00e0 ocorr\u00eancia dos resultados poss\u00edveis de experimentos, cujos resultados n\u00e3o podem ser determinados antecipadamente. Assim, a probabilidade \u00e9 a medida da chance de algo acontecer.<br \/>\n\u200bO c\u00e1lculo da probabilidade associa a ocorr\u00eancia de um resultado a um valor que varia de 0 a 1 e, quanto mais pr\u00f3ximo de 1 estiver o resultado, maior \u00e9 a certeza da sua ocorr\u00eancia.<br \/>\n\u200bDispon\u00edvel em: &lt;https:\/\/www.todamateria.com.br\/probabilidade\/&gt;. Acesso em 23, Jul. 2024.<\/p>\n<p>SEGUNDA ETAPA: AN\u00c1LISE e RESOLU\u00c7\u00c3O da situa\u00e7\u00e3o-problema<br \/>\nImagine a seguinte situa\u00e7\u00e3o hipot\u00e9tica: Voc\u00ea \u00e9 um analista de contabilidade em uma empresa que oferece servi\u00e7os financeiros e faz parte do seu trabalho realizar as an\u00e1lises de probabilidade de inadimpl\u00eancia dos clientes. Recentemente, a empresa t\u00eam realizado um estudo para avaliar a taxa de inadimpl\u00eancia entre seus clientes, e foi identificado que, historicamente, 10% dos clientes t\u00eam algum atraso no pagamento das faturas.<br \/>\nPara entender melhor esse comportamento, a empresa decidiu realizar uma an\u00e1lise mais aprofundada com uma amostra de 50 clientes escolhidos aleatoriamente.<\/p>\n<p>\u200bElaborado pelo\u00a0professor, 2024.<\/p>\n<p>INSTRU\u00c7\u00d5ES:<\/p>\n<p>Utilizando o conceito de distribui\u00e7\u00e3o binomial e os dados fornecidos, fa\u00e7a o que se pede:<\/p>\n<p>a) Calcule a probabilidade de que exatamente 3 clientes da amostra de 50 tenham algum atraso no pagamento das faturas.<br \/>\nb) Calcule a probabilidade de que exatamente 5 clientes da amostra de 50 tenham algum atraso no pagamento das faturas.<br \/>\nc) Determine a probabilidade de que pelo menos 7 clientes da amostra de 50 estejam em dia com os pagamentos (sem atrasos).<br \/>\nd) Ap\u00f3s realizar v\u00e1rias an\u00e1lises em amostras de clientes, voc\u00ea percebe que a taxa de inadimpl\u00eancia varia com base em diferentes fatores, como a situa\u00e7\u00e3o econ\u00f4mica dos clientes e a regi\u00e3o onde eles residem. Explique atrav\u00e9s de um texto (de no m\u00ednimo 5 e no m\u00e1ximo 10 linhas) como voc\u00ea poderia incorporar a probabilidade na segmenta\u00e7\u00e3o dos clientes e na gest\u00e3o do risco associado \u00e0s varia\u00e7\u00f5es na taxa de inadimpl\u00eancia ao longo do tempo.<\/p>\n","protected":false},"excerpt":{"rendered":"<p>MAPA &#8211; CCONT &#8211; Estat\u00edstica &#8211; 54_2024 A\u00a0teoria da probabilidade\u00a0\u00e9 o campo da Matem\u00e1tica que estuda experimentos ou fen\u00f4menos aleat\u00f3rios.<\/p>\n","protected":false},"featured_media":2326,"template":"","meta":{"_monsterinsights_skip_tracking":false,"_monsterinsights_sitenote_active":false,"_monsterinsights_sitenote_note":"","_monsterinsights_sitenote_category":0},"product_brand":[],"product_cat":[46],"product_tag":[],"class_list":{"0":"post-4771","1":"product","2":"type-product","3":"status-publish","4":"has-post-thumbnail","6":"product_cat-ciencias-contabeis","8":"first","9":"instock","10":"downloadable","11":"virtual","12":"purchasable","13":"product-type-simple"},"yoast_head":"<!-- This site is optimized with the Yoast SEO plugin v27.4 - https:\/\/yoast.com\/product\/yoast-seo-wordpress\/ -->\n<title>MAPA - CCONT - Estat\u00edstica - 54_2024<\/title>\n<meta name=\"description\" content=\"Atividade MAPA - CCONT - Estat\u00edstica - 54_2024 &#8902; Unicesumar. Baixe agora mesmo um Mapa Pronto resolvido!\" \/>\n<meta name=\"robots\" content=\"index, follow, max-snippet:-1, max-image-preview:large, max-video-preview:-1\" \/>\n<link rel=\"canonical\" href=\"https:\/\/atividademapa.com\/?product=mapa-ccont-estatistica-54_2024\" \/>\n<meta property=\"og:locale\" content=\"pt_BR\" \/>\n<meta property=\"og:type\" content=\"article\" \/>\n<meta property=\"og:title\" content=\"MAPA - CCONT - Estat\u00edstica - 54_2024\" \/>\n<meta property=\"og:description\" content=\"Atividade MAPA - CCONT - Estat\u00edstica - 54_2024 &#8902; Unicesumar. Baixe agora mesmo um Mapa Pronto resolvido!\" \/>\n<meta property=\"og:url\" content=\"https:\/\/atividademapa.com\/?product=mapa-ccont-estatistica-54_2024\" \/>\n<meta property=\"og:site_name\" content=\"Atividade Mapa\" \/>\n<meta property=\"article:modified_time\" content=\"2024-10-07T13:00:48+00:00\" \/>\n<meta property=\"og:image\" content=\"https:\/\/i0.wp.com\/atividademapa.com\/wp-content\/uploads\/2023\/03\/Atividade-M.A.P.A-3.png?fit=300%2C300&ssl=1\" \/>\n\t<meta property=\"og:image:width\" content=\"300\" \/>\n\t<meta property=\"og:image:height\" content=\"300\" \/>\n\t<meta property=\"og:image:type\" content=\"image\/png\" \/>\n<meta name=\"twitter:card\" content=\"summary_large_image\" \/>\n<meta name=\"twitter:label1\" content=\"Est. tempo de leitura\" \/>\n\t<meta name=\"twitter:data1\" content=\"2 minutos\" \/>\n<script type=\"application\/ld+json\" class=\"yoast-schema-graph\">{\"@context\":\"https:\\\/\\\/schema.org\",\"@graph\":[{\"@type\":\"WebPage\",\"@id\":\"https:\\\/\\\/atividademapa.com\\\/?product=mapa-ccont-estatistica-54_2024\",\"url\":\"https:\\\/\\\/atividademapa.com\\\/?product=mapa-ccont-estatistica-54_2024\",\"name\":\"MAPA - CCONT - Estat\u00edstica - 54_2024\",\"isPartOf\":{\"@id\":\"https:\\\/\\\/atividademapa.com\\\/#website\"},\"primaryImageOfPage\":{\"@id\":\"https:\\\/\\\/atividademapa.com\\\/?product=mapa-ccont-estatistica-54_2024#primaryimage\"},\"image\":{\"@id\":\"https:\\\/\\\/atividademapa.com\\\/?product=mapa-ccont-estatistica-54_2024#primaryimage\"},\"thumbnailUrl\":\"https:\\\/\\\/i0.wp.com\\\/atividademapa.com\\\/wp-content\\\/uploads\\\/2023\\\/03\\\/Atividade-M.A.P.A-3.png?fit=300%2C300&ssl=1\",\"datePublished\":\"2024-10-07T13:00:46+00:00\",\"dateModified\":\"2024-10-07T13:00:48+00:00\",\"description\":\"Atividade MAPA - CCONT - Estat\u00edstica - 54_2024 &#8902; Unicesumar. Baixe agora mesmo um Mapa Pronto resolvido!\",\"breadcrumb\":{\"@id\":\"https:\\\/\\\/atividademapa.com\\\/?product=mapa-ccont-estatistica-54_2024#breadcrumb\"},\"inLanguage\":\"pt-BR\",\"potentialAction\":[{\"@type\":\"ReadAction\",\"target\":[\"https:\\\/\\\/atividademapa.com\\\/?product=mapa-ccont-estatistica-54_2024\"]}]},{\"@type\":\"ImageObject\",\"inLanguage\":\"pt-BR\",\"@id\":\"https:\\\/\\\/atividademapa.com\\\/?product=mapa-ccont-estatistica-54_2024#primaryimage\",\"url\":\"https:\\\/\\\/i0.wp.com\\\/atividademapa.com\\\/wp-content\\\/uploads\\\/2023\\\/03\\\/Atividade-M.A.P.A-3.png?fit=300%2C300&ssl=1\",\"contentUrl\":\"https:\\\/\\\/i0.wp.com\\\/atividademapa.com\\\/wp-content\\\/uploads\\\/2023\\\/03\\\/Atividade-M.A.P.A-3.png?fit=300%2C300&ssl=1\",\"width\":300,\"height\":300,\"caption\":\"Mapa Unicesumar Atividade\"},{\"@type\":\"BreadcrumbList\",\"@id\":\"https:\\\/\\\/atividademapa.com\\\/?product=mapa-ccont-estatistica-54_2024#breadcrumb\",\"itemListElement\":[{\"@type\":\"ListItem\",\"position\":1,\"name\":\"In\u00edcio\",\"item\":\"https:\\\/\\\/atividademapa.com\\\/\"},{\"@type\":\"ListItem\",\"position\":2,\"name\":\"MAPAS\",\"item\":\"https:\\\/\\\/atividademapa.com\\\/?page_id=5\"},{\"@type\":\"ListItem\",\"position\":3,\"name\":\"MAPA &#8211; CCONT &#8211; Estat\u00edstica &#8211; 54_2024\"}]},{\"@type\":\"WebSite\",\"@id\":\"https:\\\/\\\/atividademapa.com\\\/#website\",\"url\":\"https:\\\/\\\/atividademapa.com\\\/\",\"name\":\"Atividade Mapa\",\"description\":\"StudeO | Unicesumar\",\"publisher\":{\"@id\":\"https:\\\/\\\/atividademapa.com\\\/#organization\"},\"potentialAction\":[{\"@type\":\"SearchAction\",\"target\":{\"@type\":\"EntryPoint\",\"urlTemplate\":\"https:\\\/\\\/atividademapa.com\\\/?s={search_term_string}\"},\"query-input\":{\"@type\":\"PropertyValueSpecification\",\"valueRequired\":true,\"valueName\":\"search_term_string\"}}],\"inLanguage\":\"pt-BR\"},{\"@type\":\"Organization\",\"@id\":\"https:\\\/\\\/atividademapa.com\\\/#organization\",\"name\":\"Atividade MAPA\",\"url\":\"https:\\\/\\\/atividademapa.com\\\/\",\"logo\":{\"@type\":\"ImageObject\",\"inLanguage\":\"pt-BR\",\"@id\":\"https:\\\/\\\/atividademapa.com\\\/#\\\/schema\\\/logo\\\/image\\\/\",\"url\":\"https:\\\/\\\/i0.wp.com\\\/atividademapa.com\\\/wp-content\\\/uploads\\\/2023\\\/02\\\/ATIVIDADE.png?fit=600%2C300&ssl=1\",\"contentUrl\":\"https:\\\/\\\/i0.wp.com\\\/atividademapa.com\\\/wp-content\\\/uploads\\\/2023\\\/02\\\/ATIVIDADE.png?fit=600%2C300&ssl=1\",\"width\":600,\"height\":300,\"caption\":\"Atividade MAPA\"},\"image\":{\"@id\":\"https:\\\/\\\/atividademapa.com\\\/#\\\/schema\\\/logo\\\/image\\\/\"}}]}<\/script>\n<!-- \/ Yoast SEO plugin. -->","yoast_head_json":{"title":"MAPA - CCONT - Estat\u00edstica - 54_2024","description":"Atividade MAPA - CCONT - Estat\u00edstica - 54_2024 &#8902; Unicesumar. Baixe agora mesmo um Mapa Pronto resolvido!","robots":{"index":"index","follow":"follow","max-snippet":"max-snippet:-1","max-image-preview":"max-image-preview:large","max-video-preview":"max-video-preview:-1"},"canonical":"https:\/\/atividademapa.com\/?product=mapa-ccont-estatistica-54_2024","og_locale":"pt_BR","og_type":"article","og_title":"MAPA - CCONT - Estat\u00edstica - 54_2024","og_description":"Atividade MAPA - CCONT - Estat\u00edstica - 54_2024 &#8902; Unicesumar. Baixe agora mesmo um Mapa Pronto resolvido!","og_url":"https:\/\/atividademapa.com\/?product=mapa-ccont-estatistica-54_2024","og_site_name":"Atividade Mapa","article_modified_time":"2024-10-07T13:00:48+00:00","og_image":[{"width":300,"height":300,"url":"https:\/\/i0.wp.com\/atividademapa.com\/wp-content\/uploads\/2023\/03\/Atividade-M.A.P.A-3.png?fit=300%2C300&ssl=1","type":"image\/png"}],"twitter_card":"summary_large_image","twitter_misc":{"Est. tempo de leitura":"2 minutos"},"schema":{"@context":"https:\/\/schema.org","@graph":[{"@type":"WebPage","@id":"https:\/\/atividademapa.com\/?product=mapa-ccont-estatistica-54_2024","url":"https:\/\/atividademapa.com\/?product=mapa-ccont-estatistica-54_2024","name":"MAPA - CCONT - Estat\u00edstica - 54_2024","isPartOf":{"@id":"https:\/\/atividademapa.com\/#website"},"primaryImageOfPage":{"@id":"https:\/\/atividademapa.com\/?product=mapa-ccont-estatistica-54_2024#primaryimage"},"image":{"@id":"https:\/\/atividademapa.com\/?product=mapa-ccont-estatistica-54_2024#primaryimage"},"thumbnailUrl":"https:\/\/i0.wp.com\/atividademapa.com\/wp-content\/uploads\/2023\/03\/Atividade-M.A.P.A-3.png?fit=300%2C300&ssl=1","datePublished":"2024-10-07T13:00:46+00:00","dateModified":"2024-10-07T13:00:48+00:00","description":"Atividade MAPA - CCONT - Estat\u00edstica - 54_2024 &#8902; Unicesumar. Baixe agora mesmo um Mapa Pronto resolvido!","breadcrumb":{"@id":"https:\/\/atividademapa.com\/?product=mapa-ccont-estatistica-54_2024#breadcrumb"},"inLanguage":"pt-BR","potentialAction":[{"@type":"ReadAction","target":["https:\/\/atividademapa.com\/?product=mapa-ccont-estatistica-54_2024"]}]},{"@type":"ImageObject","inLanguage":"pt-BR","@id":"https:\/\/atividademapa.com\/?product=mapa-ccont-estatistica-54_2024#primaryimage","url":"https:\/\/i0.wp.com\/atividademapa.com\/wp-content\/uploads\/2023\/03\/Atividade-M.A.P.A-3.png?fit=300%2C300&ssl=1","contentUrl":"https:\/\/i0.wp.com\/atividademapa.com\/wp-content\/uploads\/2023\/03\/Atividade-M.A.P.A-3.png?fit=300%2C300&ssl=1","width":300,"height":300,"caption":"Mapa Unicesumar Atividade"},{"@type":"BreadcrumbList","@id":"https:\/\/atividademapa.com\/?product=mapa-ccont-estatistica-54_2024#breadcrumb","itemListElement":[{"@type":"ListItem","position":1,"name":"In\u00edcio","item":"https:\/\/atividademapa.com\/"},{"@type":"ListItem","position":2,"name":"MAPAS","item":"https:\/\/atividademapa.com\/?page_id=5"},{"@type":"ListItem","position":3,"name":"MAPA &#8211; CCONT &#8211; Estat\u00edstica &#8211; 54_2024"}]},{"@type":"WebSite","@id":"https:\/\/atividademapa.com\/#website","url":"https:\/\/atividademapa.com\/","name":"Atividade Mapa","description":"StudeO | Unicesumar","publisher":{"@id":"https:\/\/atividademapa.com\/#organization"},"potentialAction":[{"@type":"SearchAction","target":{"@type":"EntryPoint","urlTemplate":"https:\/\/atividademapa.com\/?s={search_term_string}"},"query-input":{"@type":"PropertyValueSpecification","valueRequired":true,"valueName":"search_term_string"}}],"inLanguage":"pt-BR"},{"@type":"Organization","@id":"https:\/\/atividademapa.com\/#organization","name":"Atividade MAPA","url":"https:\/\/atividademapa.com\/","logo":{"@type":"ImageObject","inLanguage":"pt-BR","@id":"https:\/\/atividademapa.com\/#\/schema\/logo\/image\/","url":"https:\/\/i0.wp.com\/atividademapa.com\/wp-content\/uploads\/2023\/02\/ATIVIDADE.png?fit=600%2C300&ssl=1","contentUrl":"https:\/\/i0.wp.com\/atividademapa.com\/wp-content\/uploads\/2023\/02\/ATIVIDADE.png?fit=600%2C300&ssl=1","width":600,"height":300,"caption":"Atividade MAPA"},"image":{"@id":"https:\/\/atividademapa.com\/#\/schema\/logo\/image\/"}}]}},"_links":{"self":[{"href":"https:\/\/atividademapa.com\/index.php?rest_route=\/wp\/v2\/product\/4771","targetHints":{"allow":["GET"]}}],"collection":[{"href":"https:\/\/atividademapa.com\/index.php?rest_route=\/wp\/v2\/product"}],"about":[{"href":"https:\/\/atividademapa.com\/index.php?rest_route=\/wp\/v2\/types\/product"}],"version-history":[{"count":2,"href":"https:\/\/atividademapa.com\/index.php?rest_route=\/wp\/v2\/product\/4771\/revisions"}],"predecessor-version":[{"id":4774,"href":"https:\/\/atividademapa.com\/index.php?rest_route=\/wp\/v2\/product\/4771\/revisions\/4774"}],"wp:featuredmedia":[{"embeddable":true,"href":"https:\/\/atividademapa.com\/index.php?rest_route=\/wp\/v2\/media\/2326"}],"wp:attachment":[{"href":"https:\/\/atividademapa.com\/index.php?rest_route=%2Fwp%2Fv2%2Fmedia&parent=4771"}],"wp:term":[{"taxonomy":"product_brand","embeddable":true,"href":"https:\/\/atividademapa.com\/index.php?rest_route=%2Fwp%2Fv2%2Fproduct_brand&post=4771"},{"taxonomy":"product_cat","embeddable":true,"href":"https:\/\/atividademapa.com\/index.php?rest_route=%2Fwp%2Fv2%2Fproduct_cat&post=4771"},{"taxonomy":"product_tag","embeddable":true,"href":"https:\/\/atividademapa.com\/index.php?rest_route=%2Fwp%2Fv2%2Fproduct_tag&post=4771"}],"curies":[{"name":"wp","href":"https:\/\/api.w.org\/{rel}","templated":true}]}}