{"id":4779,"date":"2024-10-07T22:13:15","date_gmt":"2024-10-08T01:13:15","guid":{"rendered":"https:\/\/atividademapa.com\/?post_type=product&#038;p=4779"},"modified":"2024-10-07T22:13:16","modified_gmt":"2024-10-08T01:13:16","slug":"mapa-fundamentos-de-microbiologia-e-imunologia-54_2024","status":"publish","type":"product","link":"https:\/\/atividademapa.com\/?product=mapa-fundamentos-de-microbiologia-e-imunologia-54_2024","title":{"rendered":"MAPA &#8211; FUNDAMENTOS DE MICROBIOLOGIA E IMUNOLOGIA &#8211; 54_2024"},"content":{"rendered":"<p>MAPA &#8211; FUNDAMENTOS DE MICROBIOLOGIA E IMUNOLOGIA &#8211; 54_2024<\/p>\n<p>&nbsp;<\/p>\n<div class=\"ng-scope\">Se o seu corpo combater um v\u00edrus uma vez, o mesmo v\u00edrus provavelmente tentar\u00e1 atacar novamente. Depois de todo o trabalho necess\u00e1rio para se livrar dessa primeira infec\u00e7\u00e3o, seria uma pena ter que fazer tudo de novo. Uma caracter\u00edstica surpreendente do seu sistema imunol\u00f3gico \u00e9 que ele se lembra das infec\u00e7\u00f5es que \u201ccombateu\u201d. Isso facilita muito o combate ao mesmo v\u00edrus ou bact\u00e9ria pela segunda, terceira ou quarta vez.<\/div>\n<div class=\"ng-scope\">Fonte: https:\/\/askabiologist.asu.edu\/celulas-de-memoria. Acesso em: 9 ago. 2024.<\/div>\n<p>&nbsp;<\/p>\n<div class=\"ng-scope\">Paciente feminino, 20 anos, foi ao hospital relatando estar com dor de garganta, dificuldade para engolir e febre. O m\u00e9dico fez uma avalia\u00e7\u00e3o cl\u00ednica e observou que a garganta estava vermelha, mas sem pus. Ele disse que se tratava de um quadro viral e receitou medicamentos anti-inflamat\u00f3rios e analg\u00e9sicos. A paciente seguiu as orienta\u00e7\u00f5es do m\u00e9dico e ficou bem.<br \/>\nPor\u00e9m, ap\u00f3s alguns dias a paciente ficou doente de novo e sentiu os mesmos sintomas do quadro viral que teve anteriormente. No entanto, sua recupera\u00e7\u00e3o foi mais r\u00e1pida e ela quis entender o motivo disso.<br \/>\nRetornando ao hospital, durante a consulta, o m\u00e9dico explicou usando o gr\u00e1fico a seguir:<\/p>\n<p><img data-recalc-dims=\"1\" decoding=\"async\" src=\"https:\/\/i0.wp.com\/sistemasead.unicesumar.edu.br\/flex\/amfphp\/services\/Portal\/ImagemQuestionario2\/QUE_232236_612149_1.png?ssl=1\" alt=\"\" \/><\/div>\n<p class=\"ng-scope\">Figura 1. Gr\u00e1fico de anticorpos produzidos\u00a0<em>versus<\/em>\u00a0o tempo (dias).<\/p>\n<p class=\"ng-scope\">Fonte: https:\/\/askabiologist.asu.edu\/celulas-de-memoria. Acesso em: 9 ago. 2024.<\/p>\n<p class=\"ng-scope\">\nConsiderando o texto apresentado, a hist\u00f3ria cl\u00ednica e o gr\u00e1fico,\u00a0<strong>RESPONDA:<\/strong><\/p>\n<p>1.\u00a0<strong>DESCREVA<\/strong>\u00a0os eventos imunol\u00f3gicos apresentados\u00a0no gr\u00e1fico.<\/p>\n<p>2.\u00a0<strong>RELATE<\/strong>\u00a0como voc\u00ea explicaria para a paciente porque<strong>\u00a0<\/strong>ela se recuperou mais r\u00e1pido na segunda vez que ficou doente.<\/p>\n<p>3. As informa\u00e7\u00f5es apresentadas no gr\u00e1fico,\u00a0correspondem a uma resposta imune inata ou adaptativa?<strong>\u00a0JUSTIFIQUE\u00a0<\/strong>sua resposta.<\/p>\n<p>4.\u00a0<strong>IDENTIFIQUE<\/strong>\u00a0a constitui\u00e7\u00e3o do ant\u00edgeno T-dependente e\u00a0<strong>EXPLIQUE<\/strong>\u00a0o processo de memoriza\u00e7\u00e3o imunol\u00f3gica envolvido.<\/p>\n<p>5. No contexto das doen\u00e7as autoimunes, a\u00a0forma\u00e7\u00e3o de c\u00e9lulas de mem\u00f3ria \u00e9 sempre ben\u00e9fica?\u00a0<strong>EXPLIQUE.<\/strong><\/p>\n","protected":false},"excerpt":{"rendered":"<p>MAPA &#8211; FUNDAMENTOS DE MICROBIOLOGIA E IMUNOLOGIA &#8211; 54_2024 &nbsp; Se o seu corpo combater um v\u00edrus uma vez, o<\/p>\n","protected":false},"featured_media":2326,"template":"","meta":{"_monsterinsights_skip_tracking":false,"_monsterinsights_sitenote_active":false,"_monsterinsights_sitenote_note":"","_monsterinsights_sitenote_category":0},"product_brand":[],"product_cat":[58,35],"product_tag":[],"class_list":{"0":"post-4779","1":"product","2":"type-product","3":"status-publish","4":"has-post-thumbnail","6":"product_cat-biomedicina","7":"product_cat-enfermagem","9":"first","10":"instock","11":"downloadable","12":"virtual","13":"purchasable","14":"product-type-simple"},"yoast_head":"<!-- This site is optimized with the Yoast SEO plugin v27.4 - https:\/\/yoast.com\/product\/yoast-seo-wordpress\/ -->\n<title>MAPA - FUNDAMENTOS DE MICROBIOLOGIA E IMUNOLOGIA - 54_2024<\/title>\n<meta name=\"description\" content=\"Atividade MAPA - FUNDAMENTOS DE MICROBIOLOGIA E IMUNOLOGIA - 54_2024 &#8902; Unicesumar. Baixe agora mesmo um Mapa Pronto resolvido!\" \/>\n<meta name=\"robots\" content=\"index, follow, max-snippet:-1, max-image-preview:large, max-video-preview:-1\" \/>\n<link rel=\"canonical\" href=\"https:\/\/atividademapa.com\/?product=mapa-fundamentos-de-microbiologia-e-imunologia-54_2024\" \/>\n<meta property=\"og:locale\" content=\"pt_BR\" \/>\n<meta property=\"og:type\" content=\"article\" \/>\n<meta property=\"og:title\" content=\"MAPA - FUNDAMENTOS DE MICROBIOLOGIA E IMUNOLOGIA - 54_2024\" \/>\n<meta property=\"og:description\" content=\"Atividade MAPA - FUNDAMENTOS DE MICROBIOLOGIA E IMUNOLOGIA - 54_2024 &#8902; Unicesumar. Baixe agora mesmo um Mapa Pronto resolvido!\" \/>\n<meta property=\"og:url\" content=\"https:\/\/atividademapa.com\/?product=mapa-fundamentos-de-microbiologia-e-imunologia-54_2024\" \/>\n<meta property=\"og:site_name\" content=\"Atividade Mapa\" \/>\n<meta property=\"article:modified_time\" content=\"2024-10-08T01:13:16+00:00\" \/>\n<meta property=\"og:image\" content=\"https:\/\/i0.wp.com\/atividademapa.com\/wp-content\/uploads\/2023\/03\/Atividade-M.A.P.A-3.png?fit=300%2C300&ssl=1\" \/>\n\t<meta property=\"og:image:width\" content=\"300\" \/>\n\t<meta property=\"og:image:height\" content=\"300\" \/>\n\t<meta property=\"og:image:type\" content=\"image\/png\" \/>\n<meta name=\"twitter:card\" content=\"summary_large_image\" \/>\n<meta name=\"twitter:label1\" content=\"Est. tempo de leitura\" \/>\n\t<meta name=\"twitter:data1\" content=\"2 minutos\" \/>\n<script type=\"application\/ld+json\" class=\"yoast-schema-graph\">{\"@context\":\"https:\\\/\\\/schema.org\",\"@graph\":[{\"@type\":\"WebPage\",\"@id\":\"https:\\\/\\\/atividademapa.com\\\/?product=mapa-fundamentos-de-microbiologia-e-imunologia-54_2024\",\"url\":\"https:\\\/\\\/atividademapa.com\\\/?product=mapa-fundamentos-de-microbiologia-e-imunologia-54_2024\",\"name\":\"MAPA - FUNDAMENTOS DE MICROBIOLOGIA E IMUNOLOGIA - 54_2024\",\"isPartOf\":{\"@id\":\"https:\\\/\\\/atividademapa.com\\\/#website\"},\"primaryImageOfPage\":{\"@id\":\"https:\\\/\\\/atividademapa.com\\\/?product=mapa-fundamentos-de-microbiologia-e-imunologia-54_2024#primaryimage\"},\"image\":{\"@id\":\"https:\\\/\\\/atividademapa.com\\\/?product=mapa-fundamentos-de-microbiologia-e-imunologia-54_2024#primaryimage\"},\"thumbnailUrl\":\"https:\\\/\\\/i0.wp.com\\\/atividademapa.com\\\/wp-content\\\/uploads\\\/2023\\\/03\\\/Atividade-M.A.P.A-3.png?fit=300%2C300&ssl=1\",\"datePublished\":\"2024-10-08T01:13:15+00:00\",\"dateModified\":\"2024-10-08T01:13:16+00:00\",\"description\":\"Atividade MAPA - FUNDAMENTOS DE MICROBIOLOGIA E IMUNOLOGIA - 54_2024 &#8902; Unicesumar. Baixe agora mesmo um Mapa Pronto resolvido!\",\"breadcrumb\":{\"@id\":\"https:\\\/\\\/atividademapa.com\\\/?product=mapa-fundamentos-de-microbiologia-e-imunologia-54_2024#breadcrumb\"},\"inLanguage\":\"pt-BR\",\"potentialAction\":[{\"@type\":\"ReadAction\",\"target\":[\"https:\\\/\\\/atividademapa.com\\\/?product=mapa-fundamentos-de-microbiologia-e-imunologia-54_2024\"]}]},{\"@type\":\"ImageObject\",\"inLanguage\":\"pt-BR\",\"@id\":\"https:\\\/\\\/atividademapa.com\\\/?product=mapa-fundamentos-de-microbiologia-e-imunologia-54_2024#primaryimage\",\"url\":\"https:\\\/\\\/i0.wp.com\\\/atividademapa.com\\\/wp-content\\\/uploads\\\/2023\\\/03\\\/Atividade-M.A.P.A-3.png?fit=300%2C300&ssl=1\",\"contentUrl\":\"https:\\\/\\\/i0.wp.com\\\/atividademapa.com\\\/wp-content\\\/uploads\\\/2023\\\/03\\\/Atividade-M.A.P.A-3.png?fit=300%2C300&ssl=1\",\"width\":300,\"height\":300,\"caption\":\"Mapa Unicesumar Atividade\"},{\"@type\":\"BreadcrumbList\",\"@id\":\"https:\\\/\\\/atividademapa.com\\\/?product=mapa-fundamentos-de-microbiologia-e-imunologia-54_2024#breadcrumb\",\"itemListElement\":[{\"@type\":\"ListItem\",\"position\":1,\"name\":\"In\u00edcio\",\"item\":\"https:\\\/\\\/atividademapa.com\\\/\"},{\"@type\":\"ListItem\",\"position\":2,\"name\":\"MAPAS\",\"item\":\"https:\\\/\\\/atividademapa.com\\\/?page_id=5\"},{\"@type\":\"ListItem\",\"position\":3,\"name\":\"MAPA &#8211; FUNDAMENTOS DE MICROBIOLOGIA E IMUNOLOGIA &#8211; 54_2024\"}]},{\"@type\":\"WebSite\",\"@id\":\"https:\\\/\\\/atividademapa.com\\\/#website\",\"url\":\"https:\\\/\\\/atividademapa.com\\\/\",\"name\":\"Atividade Mapa\",\"description\":\"StudeO | Unicesumar\",\"publisher\":{\"@id\":\"https:\\\/\\\/atividademapa.com\\\/#organization\"},\"potentialAction\":[{\"@type\":\"SearchAction\",\"target\":{\"@type\":\"EntryPoint\",\"urlTemplate\":\"https:\\\/\\\/atividademapa.com\\\/?s={search_term_string}\"},\"query-input\":{\"@type\":\"PropertyValueSpecification\",\"valueRequired\":true,\"valueName\":\"search_term_string\"}}],\"inLanguage\":\"pt-BR\"},{\"@type\":\"Organization\",\"@id\":\"https:\\\/\\\/atividademapa.com\\\/#organization\",\"name\":\"Atividade MAPA\",\"url\":\"https:\\\/\\\/atividademapa.com\\\/\",\"logo\":{\"@type\":\"ImageObject\",\"inLanguage\":\"pt-BR\",\"@id\":\"https:\\\/\\\/atividademapa.com\\\/#\\\/schema\\\/logo\\\/image\\\/\",\"url\":\"https:\\\/\\\/i0.wp.com\\\/atividademapa.com\\\/wp-content\\\/uploads\\\/2023\\\/02\\\/ATIVIDADE.png?fit=600%2C300&ssl=1\",\"contentUrl\":\"https:\\\/\\\/i0.wp.com\\\/atividademapa.com\\\/wp-content\\\/uploads\\\/2023\\\/02\\\/ATIVIDADE.png?fit=600%2C300&ssl=1\",\"width\":600,\"height\":300,\"caption\":\"Atividade MAPA\"},\"image\":{\"@id\":\"https:\\\/\\\/atividademapa.com\\\/#\\\/schema\\\/logo\\\/image\\\/\"}}]}<\/script>\n<!-- \/ Yoast SEO plugin. -->","yoast_head_json":{"title":"MAPA - FUNDAMENTOS DE MICROBIOLOGIA E IMUNOLOGIA - 54_2024","description":"Atividade MAPA - FUNDAMENTOS DE MICROBIOLOGIA E IMUNOLOGIA - 54_2024 &#8902; Unicesumar. Baixe agora mesmo um Mapa Pronto resolvido!","robots":{"index":"index","follow":"follow","max-snippet":"max-snippet:-1","max-image-preview":"max-image-preview:large","max-video-preview":"max-video-preview:-1"},"canonical":"https:\/\/atividademapa.com\/?product=mapa-fundamentos-de-microbiologia-e-imunologia-54_2024","og_locale":"pt_BR","og_type":"article","og_title":"MAPA - FUNDAMENTOS DE MICROBIOLOGIA E IMUNOLOGIA - 54_2024","og_description":"Atividade MAPA - FUNDAMENTOS DE MICROBIOLOGIA E IMUNOLOGIA - 54_2024 &#8902; Unicesumar. Baixe agora mesmo um Mapa Pronto resolvido!","og_url":"https:\/\/atividademapa.com\/?product=mapa-fundamentos-de-microbiologia-e-imunologia-54_2024","og_site_name":"Atividade Mapa","article_modified_time":"2024-10-08T01:13:16+00:00","og_image":[{"width":300,"height":300,"url":"https:\/\/i0.wp.com\/atividademapa.com\/wp-content\/uploads\/2023\/03\/Atividade-M.A.P.A-3.png?fit=300%2C300&ssl=1","type":"image\/png"}],"twitter_card":"summary_large_image","twitter_misc":{"Est. tempo de leitura":"2 minutos"},"schema":{"@context":"https:\/\/schema.org","@graph":[{"@type":"WebPage","@id":"https:\/\/atividademapa.com\/?product=mapa-fundamentos-de-microbiologia-e-imunologia-54_2024","url":"https:\/\/atividademapa.com\/?product=mapa-fundamentos-de-microbiologia-e-imunologia-54_2024","name":"MAPA - FUNDAMENTOS DE MICROBIOLOGIA E IMUNOLOGIA - 54_2024","isPartOf":{"@id":"https:\/\/atividademapa.com\/#website"},"primaryImageOfPage":{"@id":"https:\/\/atividademapa.com\/?product=mapa-fundamentos-de-microbiologia-e-imunologia-54_2024#primaryimage"},"image":{"@id":"https:\/\/atividademapa.com\/?product=mapa-fundamentos-de-microbiologia-e-imunologia-54_2024#primaryimage"},"thumbnailUrl":"https:\/\/i0.wp.com\/atividademapa.com\/wp-content\/uploads\/2023\/03\/Atividade-M.A.P.A-3.png?fit=300%2C300&ssl=1","datePublished":"2024-10-08T01:13:15+00:00","dateModified":"2024-10-08T01:13:16+00:00","description":"Atividade MAPA - FUNDAMENTOS DE MICROBIOLOGIA E IMUNOLOGIA - 54_2024 &#8902; Unicesumar. Baixe agora mesmo um Mapa Pronto resolvido!","breadcrumb":{"@id":"https:\/\/atividademapa.com\/?product=mapa-fundamentos-de-microbiologia-e-imunologia-54_2024#breadcrumb"},"inLanguage":"pt-BR","potentialAction":[{"@type":"ReadAction","target":["https:\/\/atividademapa.com\/?product=mapa-fundamentos-de-microbiologia-e-imunologia-54_2024"]}]},{"@type":"ImageObject","inLanguage":"pt-BR","@id":"https:\/\/atividademapa.com\/?product=mapa-fundamentos-de-microbiologia-e-imunologia-54_2024#primaryimage","url":"https:\/\/i0.wp.com\/atividademapa.com\/wp-content\/uploads\/2023\/03\/Atividade-M.A.P.A-3.png?fit=300%2C300&ssl=1","contentUrl":"https:\/\/i0.wp.com\/atividademapa.com\/wp-content\/uploads\/2023\/03\/Atividade-M.A.P.A-3.png?fit=300%2C300&ssl=1","width":300,"height":300,"caption":"Mapa Unicesumar Atividade"},{"@type":"BreadcrumbList","@id":"https:\/\/atividademapa.com\/?product=mapa-fundamentos-de-microbiologia-e-imunologia-54_2024#breadcrumb","itemListElement":[{"@type":"ListItem","position":1,"name":"In\u00edcio","item":"https:\/\/atividademapa.com\/"},{"@type":"ListItem","position":2,"name":"MAPAS","item":"https:\/\/atividademapa.com\/?page_id=5"},{"@type":"ListItem","position":3,"name":"MAPA &#8211; FUNDAMENTOS DE MICROBIOLOGIA E IMUNOLOGIA &#8211; 54_2024"}]},{"@type":"WebSite","@id":"https:\/\/atividademapa.com\/#website","url":"https:\/\/atividademapa.com\/","name":"Atividade Mapa","description":"StudeO | Unicesumar","publisher":{"@id":"https:\/\/atividademapa.com\/#organization"},"potentialAction":[{"@type":"SearchAction","target":{"@type":"EntryPoint","urlTemplate":"https:\/\/atividademapa.com\/?s={search_term_string}"},"query-input":{"@type":"PropertyValueSpecification","valueRequired":true,"valueName":"search_term_string"}}],"inLanguage":"pt-BR"},{"@type":"Organization","@id":"https:\/\/atividademapa.com\/#organization","name":"Atividade MAPA","url":"https:\/\/atividademapa.com\/","logo":{"@type":"ImageObject","inLanguage":"pt-BR","@id":"https:\/\/atividademapa.com\/#\/schema\/logo\/image\/","url":"https:\/\/i0.wp.com\/atividademapa.com\/wp-content\/uploads\/2023\/02\/ATIVIDADE.png?fit=600%2C300&ssl=1","contentUrl":"https:\/\/i0.wp.com\/atividademapa.com\/wp-content\/uploads\/2023\/02\/ATIVIDADE.png?fit=600%2C300&ssl=1","width":600,"height":300,"caption":"Atividade MAPA"},"image":{"@id":"https:\/\/atividademapa.com\/#\/schema\/logo\/image\/"}}]}},"_links":{"self":[{"href":"https:\/\/atividademapa.com\/index.php?rest_route=\/wp\/v2\/product\/4779","targetHints":{"allow":["GET"]}}],"collection":[{"href":"https:\/\/atividademapa.com\/index.php?rest_route=\/wp\/v2\/product"}],"about":[{"href":"https:\/\/atividademapa.com\/index.php?rest_route=\/wp\/v2\/types\/product"}],"version-history":[{"count":1,"href":"https:\/\/atividademapa.com\/index.php?rest_route=\/wp\/v2\/product\/4779\/revisions"}],"predecessor-version":[{"id":4781,"href":"https:\/\/atividademapa.com\/index.php?rest_route=\/wp\/v2\/product\/4779\/revisions\/4781"}],"wp:featuredmedia":[{"embeddable":true,"href":"https:\/\/atividademapa.com\/index.php?rest_route=\/wp\/v2\/media\/2326"}],"wp:attachment":[{"href":"https:\/\/atividademapa.com\/index.php?rest_route=%2Fwp%2Fv2%2Fmedia&parent=4779"}],"wp:term":[{"taxonomy":"product_brand","embeddable":true,"href":"https:\/\/atividademapa.com\/index.php?rest_route=%2Fwp%2Fv2%2Fproduct_brand&post=4779"},{"taxonomy":"product_cat","embeddable":true,"href":"https:\/\/atividademapa.com\/index.php?rest_route=%2Fwp%2Fv2%2Fproduct_cat&post=4779"},{"taxonomy":"product_tag","embeddable":true,"href":"https:\/\/atividademapa.com\/index.php?rest_route=%2Fwp%2Fv2%2Fproduct_tag&post=4779"}],"curies":[{"name":"wp","href":"https:\/\/api.w.org\/{rel}","templated":true}]}}