{"id":4944,"date":"2024-11-14T09:37:37","date_gmt":"2024-11-14T12:37:37","guid":{"rendered":"https:\/\/atividademapa.com\/?post_type=product&#038;p=4944"},"modified":"2024-11-14T10:21:17","modified_gmt":"2024-11-14T13:21:17","slug":"mapa-fisiologia-humana-54-2024","status":"publish","type":"product","link":"https:\/\/atividademapa.com\/?product=mapa-fisiologia-humana-54-2024","title":{"rendered":"MAPA &#8211; Fisiologia Humana &#8211; 54\/2024"},"content":{"rendered":"<p>MAPA &#8211; Fisiologia Humana &#8211; 54\/2024<\/p>\n<p>CONTEXTUALIZA\u00c7\u00c3O<br \/>\n\u200b\u200b<br \/>\nAterosclerose<br \/>\nA aterosclerose \u00e9 um quadro cl\u00ednico no qual dep\u00f3sitos irregulares de material gorduroso (ateromas ou placas ateroscler\u00f3ticas) se desenvolvem nas paredes das art\u00e9rias de m\u00e9dio e grande porte, levando a um fluxo sangu\u00edneo reduzido ou bloqueado.<\/p>\n<p>Fonte: https:\/\/www.msdmanuals.com\/pt-br\/casa\/dist%C3%BArbios-do-cora%C3%A7%C3%A3o-e-dos-vasos-sangu%C3%ADneos\/aterosclerose\/aterosclerose. Acesso em 25 ago. 2024.<\/p>\n<p>Implica\u00e7\u00f5es do tabagismo ativo e do tabagismo passivo como mecanismos de instabiliza\u00e7\u00e3o da placa ateroscler\u00f3tica<\/p>\n<p>O tabagismo acelera, agrava a aterosclerose e aumenta o risco de doen\u00e7as arteriais coron\u00e1rias. A nicotina estimula a libera\u00e7\u00e3o de catecolaminas, estimula as les\u00f5es no endot\u00e9lio arterial e promove a aterog\u00eanese. Radicais livres e compostos arom\u00e1ticos diminuem a s\u00edntese de \u00f3xido n\u00edtrico no endot\u00e9lio, prejudicando o relaxamento dependente do endot\u00e9lio nas art\u00e9rias, sinal precoce da disfun\u00e7\u00e3o endotelial. Os tabagistas apresentam altera\u00e7\u00e3o tanto no balan\u00e7o vascular biol\u00f3gico, propiciando a trombog\u00eanese, por meio de efeitos nas plaquetas e fatores de coagula\u00e7\u00e3o, como no balan\u00e7o do t\u00f4nus vascular, favorecendo a vasoconstri\u00e7\u00e3o. (&#8230;) O tabagismo tamb\u00e9m potencializa a trombose na disfun\u00e7\u00e3o endotelial, por meio do aumento da concentra\u00e7\u00e3o plasm\u00e1tica de fibrinog\u00eanio e de altera\u00e7\u00f5es na atividade plaquet\u00e1ria. Todos esses efeitos pr\u00f3-aterog\u00eanicos do tabagismo nas les\u00f5es endoteliais tamb\u00e9m s\u00e3o observados, embora em menor extens\u00e3o, em tabagistas passivos.<\/p>\n<p>Fonte: adaptado de: https:\/\/pesquisa.bvsalud.org\/portal\/resource\/pt\/lil-414446#:~:text=O%20tabagismo%20acelera%20e%20agrava,arterial%20e%20promove%20a%20aterog%C3%AAnese. Acesso em: 25 ago. 2024.<\/p>\n<p>ESTUDO DE CASO:<\/p>\n<p>Um paciente com obesidade m\u00f3rbida de 55 anos chega a uma unidade de emerg\u00eancia com queixas de dor tor\u00e1cica intensa, sudorese, n\u00e1useas e dificuldade respirat\u00f3ria. O hist\u00f3rico m\u00e9dico do paciente inclui colesterol LDL alto, hipertens\u00e3o arterial n\u00e3o controlada e tabagismo de longa data. Ap\u00f3s uma avalia\u00e7\u00e3o inicial, o eletrocardiograma (ECG) sugere um infarto agudo do mioc\u00e1rdio (IAM). Al\u00e9m disso, os exames laboratoriais revelam eleva\u00e7\u00e3o das enzimas card\u00edacas, confirmando o diagn\u00f3stico de IAM.<\/p>\n<p>Diante desse cen\u00e1rio, \u00e9 necess\u00e1rio realizar uma an\u00e1lise detalhada das informa\u00e7\u00f5es dispon\u00edveis para compreender a situa\u00e7\u00e3o cl\u00ednica do paciente e planejar as pr\u00f3ximas a\u00e7\u00f5es.<\/p>\n<p>DESENVOLVENDO O TRABALHO<br \/>\nCom base no caso cl\u00ednico apresentado, responda ao que se pede nas quest\u00f5es a seguir:<br \/>\nObs: voc\u00ea pode utilizar os materiais indicados no fim da atividade para elaborar as suas respostas.<\/p>\n<p>1) <strong>EXPLIQUE <\/strong>o que \u00e9 Infarto Agudo do Mioc\u00e1rdio (IAM) e <strong>RELACIONE<\/strong> com a dor tor\u00e1cica apresentada pelo paciente.<\/p>\n<p>2) Com base nas informa\u00e7\u00f5es fornecidas, <strong>DESCREVA<\/strong> os mecanismos fisiopatol\u00f3gicos que explicam a ocorr\u00eancia do infarto agudo do mioc\u00e1rdio neste paciente, considerando seu hist\u00f3rico de hipertens\u00e3o e tabagismo. Como esses fatores contribuem para o desenvolvimento do IAM?<\/p>\n<p>3) <strong>EXPLIQUE <\/strong>o que pode ocorrer com o paciente nas pr\u00f3ximas horas se o IAM n\u00e3o for tratado adequadamente e a tempo. Considere as implica\u00e7\u00f5es dessas complica\u00e7\u00f5es no sistema cardiovascular.<\/p>\n<p>4) Considerando o artigo de Mertins et al., 2016 (<em>link e refer\u00eancia completa em Material Complementar para Pesquisa)<\/em>, <strong>CITE\u00a0<\/strong>pelo menos 3 fatores de risco para o IAM.<\/p>\n<p>5) Sabendo que o paciente estava em um quadro de IAM, procure a imagem de um cora\u00e7\u00e3o em posi\u00e7\u00e3o anterior, <strong>APRESENTE<\/strong> essa figura <em>(n\u00e3o esque\u00e7a de colocar a fonte do local que coletou a imagem)<\/em>, <strong>APONTE<\/strong> e <strong>NOMEIE<\/strong>\u00a0a principal art\u00e9ria obstru\u00edda no paciente em quest\u00e3o.<\/p>\n","protected":false},"excerpt":{"rendered":"<p>MAPA &#8211; Fisiologia Humana &#8211; 54\/2024 CONTEXTUALIZA\u00c7\u00c3O \u200b\u200b Aterosclerose A aterosclerose \u00e9 um quadro cl\u00ednico no qual dep\u00f3sitos irregulares de<\/p>\n","protected":false},"featured_media":2326,"template":"","meta":{"_monsterinsights_skip_tracking":false,"_monsterinsights_sitenote_active":false,"_monsterinsights_sitenote_note":"","_monsterinsights_sitenote_category":0},"product_brand":[],"product_cat":[54],"product_tag":[],"class_list":{"0":"post-4944","1":"product","2":"type-product","3":"status-publish","4":"has-post-thumbnail","6":"product_cat-nutricao","8":"first","9":"instock","10":"downloadable","11":"virtual","12":"purchasable","13":"product-type-simple"},"yoast_head":"<!-- This site is optimized with the Yoast SEO plugin v27.4 - https:\/\/yoast.com\/product\/yoast-seo-wordpress\/ -->\n<title>MAPA - Fisiologia Humana - 54\/2024<\/title>\n<meta name=\"description\" content=\"Atividade MAPA - Fisiologia Humana - 54\/2024 &#8902; Unicesumar. Baixe agora mesmo um Mapa Pronto resolvido!\" \/>\n<meta name=\"robots\" content=\"index, follow, max-snippet:-1, max-image-preview:large, max-video-preview:-1\" \/>\n<link rel=\"canonical\" href=\"https:\/\/atividademapa.com\/?product=mapa-fisiologia-humana-54-2024\" \/>\n<meta property=\"og:locale\" content=\"pt_BR\" \/>\n<meta property=\"og:type\" content=\"article\" \/>\n<meta property=\"og:title\" content=\"MAPA - Fisiologia Humana - 54\/2024\" \/>\n<meta property=\"og:description\" content=\"Atividade MAPA - Fisiologia Humana - 54\/2024 &#8902; Unicesumar. Baixe agora mesmo um Mapa Pronto resolvido!\" \/>\n<meta property=\"og:url\" content=\"https:\/\/atividademapa.com\/?product=mapa-fisiologia-humana-54-2024\" \/>\n<meta property=\"og:site_name\" content=\"Atividade Mapa\" \/>\n<meta property=\"article:modified_time\" content=\"2024-11-14T13:21:17+00:00\" \/>\n<meta property=\"og:image\" content=\"https:\/\/i0.wp.com\/atividademapa.com\/wp-content\/uploads\/2023\/03\/Atividade-M.A.P.A-3.png?fit=300%2C300&ssl=1\" \/>\n\t<meta property=\"og:image:width\" content=\"300\" \/>\n\t<meta property=\"og:image:height\" content=\"300\" \/>\n\t<meta property=\"og:image:type\" content=\"image\/png\" \/>\n<meta name=\"twitter:card\" content=\"summary_large_image\" \/>\n<meta name=\"twitter:label1\" content=\"Est. tempo de leitura\" \/>\n\t<meta name=\"twitter:data1\" content=\"3 minutos\" \/>\n<script type=\"application\/ld+json\" class=\"yoast-schema-graph\">{\"@context\":\"https:\\\/\\\/schema.org\",\"@graph\":[{\"@type\":\"WebPage\",\"@id\":\"https:\\\/\\\/atividademapa.com\\\/?product=mapa-fisiologia-humana-54-2024\",\"url\":\"https:\\\/\\\/atividademapa.com\\\/?product=mapa-fisiologia-humana-54-2024\",\"name\":\"MAPA - Fisiologia Humana - 54\\\/2024\",\"isPartOf\":{\"@id\":\"https:\\\/\\\/atividademapa.com\\\/#website\"},\"primaryImageOfPage\":{\"@id\":\"https:\\\/\\\/atividademapa.com\\\/?product=mapa-fisiologia-humana-54-2024#primaryimage\"},\"image\":{\"@id\":\"https:\\\/\\\/atividademapa.com\\\/?product=mapa-fisiologia-humana-54-2024#primaryimage\"},\"thumbnailUrl\":\"https:\\\/\\\/i0.wp.com\\\/atividademapa.com\\\/wp-content\\\/uploads\\\/2023\\\/03\\\/Atividade-M.A.P.A-3.png?fit=300%2C300&ssl=1\",\"datePublished\":\"2024-11-14T12:37:37+00:00\",\"dateModified\":\"2024-11-14T13:21:17+00:00\",\"description\":\"Atividade MAPA - Fisiologia Humana - 54\\\/2024 &#8902; Unicesumar. Baixe agora mesmo um Mapa Pronto resolvido!\",\"breadcrumb\":{\"@id\":\"https:\\\/\\\/atividademapa.com\\\/?product=mapa-fisiologia-humana-54-2024#breadcrumb\"},\"inLanguage\":\"pt-BR\",\"potentialAction\":[{\"@type\":\"ReadAction\",\"target\":[\"https:\\\/\\\/atividademapa.com\\\/?product=mapa-fisiologia-humana-54-2024\"]}]},{\"@type\":\"ImageObject\",\"inLanguage\":\"pt-BR\",\"@id\":\"https:\\\/\\\/atividademapa.com\\\/?product=mapa-fisiologia-humana-54-2024#primaryimage\",\"url\":\"https:\\\/\\\/i0.wp.com\\\/atividademapa.com\\\/wp-content\\\/uploads\\\/2023\\\/03\\\/Atividade-M.A.P.A-3.png?fit=300%2C300&ssl=1\",\"contentUrl\":\"https:\\\/\\\/i0.wp.com\\\/atividademapa.com\\\/wp-content\\\/uploads\\\/2023\\\/03\\\/Atividade-M.A.P.A-3.png?fit=300%2C300&ssl=1\",\"width\":300,\"height\":300,\"caption\":\"Mapa Unicesumar Atividade\"},{\"@type\":\"BreadcrumbList\",\"@id\":\"https:\\\/\\\/atividademapa.com\\\/?product=mapa-fisiologia-humana-54-2024#breadcrumb\",\"itemListElement\":[{\"@type\":\"ListItem\",\"position\":1,\"name\":\"In\u00edcio\",\"item\":\"https:\\\/\\\/atividademapa.com\\\/\"},{\"@type\":\"ListItem\",\"position\":2,\"name\":\"MAPAS\",\"item\":\"https:\\\/\\\/atividademapa.com\\\/?page_id=5\"},{\"@type\":\"ListItem\",\"position\":3,\"name\":\"MAPA &#8211; Fisiologia Humana &#8211; 54\\\/2024\"}]},{\"@type\":\"WebSite\",\"@id\":\"https:\\\/\\\/atividademapa.com\\\/#website\",\"url\":\"https:\\\/\\\/atividademapa.com\\\/\",\"name\":\"Atividade Mapa\",\"description\":\"StudeO | Unicesumar\",\"publisher\":{\"@id\":\"https:\\\/\\\/atividademapa.com\\\/#organization\"},\"potentialAction\":[{\"@type\":\"SearchAction\",\"target\":{\"@type\":\"EntryPoint\",\"urlTemplate\":\"https:\\\/\\\/atividademapa.com\\\/?s={search_term_string}\"},\"query-input\":{\"@type\":\"PropertyValueSpecification\",\"valueRequired\":true,\"valueName\":\"search_term_string\"}}],\"inLanguage\":\"pt-BR\"},{\"@type\":\"Organization\",\"@id\":\"https:\\\/\\\/atividademapa.com\\\/#organization\",\"name\":\"Atividade MAPA\",\"url\":\"https:\\\/\\\/atividademapa.com\\\/\",\"logo\":{\"@type\":\"ImageObject\",\"inLanguage\":\"pt-BR\",\"@id\":\"https:\\\/\\\/atividademapa.com\\\/#\\\/schema\\\/logo\\\/image\\\/\",\"url\":\"https:\\\/\\\/i0.wp.com\\\/atividademapa.com\\\/wp-content\\\/uploads\\\/2023\\\/02\\\/ATIVIDADE.png?fit=600%2C300&ssl=1\",\"contentUrl\":\"https:\\\/\\\/i0.wp.com\\\/atividademapa.com\\\/wp-content\\\/uploads\\\/2023\\\/02\\\/ATIVIDADE.png?fit=600%2C300&ssl=1\",\"width\":600,\"height\":300,\"caption\":\"Atividade MAPA\"},\"image\":{\"@id\":\"https:\\\/\\\/atividademapa.com\\\/#\\\/schema\\\/logo\\\/image\\\/\"}}]}<\/script>\n<!-- \/ Yoast SEO plugin. -->","yoast_head_json":{"title":"MAPA - Fisiologia Humana - 54\/2024","description":"Atividade MAPA - Fisiologia Humana - 54\/2024 &#8902; Unicesumar. Baixe agora mesmo um Mapa Pronto resolvido!","robots":{"index":"index","follow":"follow","max-snippet":"max-snippet:-1","max-image-preview":"max-image-preview:large","max-video-preview":"max-video-preview:-1"},"canonical":"https:\/\/atividademapa.com\/?product=mapa-fisiologia-humana-54-2024","og_locale":"pt_BR","og_type":"article","og_title":"MAPA - Fisiologia Humana - 54\/2024","og_description":"Atividade MAPA - Fisiologia Humana - 54\/2024 &#8902; Unicesumar. Baixe agora mesmo um Mapa Pronto resolvido!","og_url":"https:\/\/atividademapa.com\/?product=mapa-fisiologia-humana-54-2024","og_site_name":"Atividade Mapa","article_modified_time":"2024-11-14T13:21:17+00:00","og_image":[{"width":300,"height":300,"url":"https:\/\/i0.wp.com\/atividademapa.com\/wp-content\/uploads\/2023\/03\/Atividade-M.A.P.A-3.png?fit=300%2C300&ssl=1","type":"image\/png"}],"twitter_card":"summary_large_image","twitter_misc":{"Est. tempo de leitura":"3 minutos"},"schema":{"@context":"https:\/\/schema.org","@graph":[{"@type":"WebPage","@id":"https:\/\/atividademapa.com\/?product=mapa-fisiologia-humana-54-2024","url":"https:\/\/atividademapa.com\/?product=mapa-fisiologia-humana-54-2024","name":"MAPA - Fisiologia Humana - 54\/2024","isPartOf":{"@id":"https:\/\/atividademapa.com\/#website"},"primaryImageOfPage":{"@id":"https:\/\/atividademapa.com\/?product=mapa-fisiologia-humana-54-2024#primaryimage"},"image":{"@id":"https:\/\/atividademapa.com\/?product=mapa-fisiologia-humana-54-2024#primaryimage"},"thumbnailUrl":"https:\/\/i0.wp.com\/atividademapa.com\/wp-content\/uploads\/2023\/03\/Atividade-M.A.P.A-3.png?fit=300%2C300&ssl=1","datePublished":"2024-11-14T12:37:37+00:00","dateModified":"2024-11-14T13:21:17+00:00","description":"Atividade MAPA - Fisiologia Humana - 54\/2024 &#8902; Unicesumar. Baixe agora mesmo um Mapa Pronto resolvido!","breadcrumb":{"@id":"https:\/\/atividademapa.com\/?product=mapa-fisiologia-humana-54-2024#breadcrumb"},"inLanguage":"pt-BR","potentialAction":[{"@type":"ReadAction","target":["https:\/\/atividademapa.com\/?product=mapa-fisiologia-humana-54-2024"]}]},{"@type":"ImageObject","inLanguage":"pt-BR","@id":"https:\/\/atividademapa.com\/?product=mapa-fisiologia-humana-54-2024#primaryimage","url":"https:\/\/i0.wp.com\/atividademapa.com\/wp-content\/uploads\/2023\/03\/Atividade-M.A.P.A-3.png?fit=300%2C300&ssl=1","contentUrl":"https:\/\/i0.wp.com\/atividademapa.com\/wp-content\/uploads\/2023\/03\/Atividade-M.A.P.A-3.png?fit=300%2C300&ssl=1","width":300,"height":300,"caption":"Mapa Unicesumar Atividade"},{"@type":"BreadcrumbList","@id":"https:\/\/atividademapa.com\/?product=mapa-fisiologia-humana-54-2024#breadcrumb","itemListElement":[{"@type":"ListItem","position":1,"name":"In\u00edcio","item":"https:\/\/atividademapa.com\/"},{"@type":"ListItem","position":2,"name":"MAPAS","item":"https:\/\/atividademapa.com\/?page_id=5"},{"@type":"ListItem","position":3,"name":"MAPA &#8211; Fisiologia Humana &#8211; 54\/2024"}]},{"@type":"WebSite","@id":"https:\/\/atividademapa.com\/#website","url":"https:\/\/atividademapa.com\/","name":"Atividade Mapa","description":"StudeO | Unicesumar","publisher":{"@id":"https:\/\/atividademapa.com\/#organization"},"potentialAction":[{"@type":"SearchAction","target":{"@type":"EntryPoint","urlTemplate":"https:\/\/atividademapa.com\/?s={search_term_string}"},"query-input":{"@type":"PropertyValueSpecification","valueRequired":true,"valueName":"search_term_string"}}],"inLanguage":"pt-BR"},{"@type":"Organization","@id":"https:\/\/atividademapa.com\/#organization","name":"Atividade MAPA","url":"https:\/\/atividademapa.com\/","logo":{"@type":"ImageObject","inLanguage":"pt-BR","@id":"https:\/\/atividademapa.com\/#\/schema\/logo\/image\/","url":"https:\/\/i0.wp.com\/atividademapa.com\/wp-content\/uploads\/2023\/02\/ATIVIDADE.png?fit=600%2C300&ssl=1","contentUrl":"https:\/\/i0.wp.com\/atividademapa.com\/wp-content\/uploads\/2023\/02\/ATIVIDADE.png?fit=600%2C300&ssl=1","width":600,"height":300,"caption":"Atividade MAPA"},"image":{"@id":"https:\/\/atividademapa.com\/#\/schema\/logo\/image\/"}}]}},"_links":{"self":[{"href":"https:\/\/atividademapa.com\/index.php?rest_route=\/wp\/v2\/product\/4944","targetHints":{"allow":["GET"]}}],"collection":[{"href":"https:\/\/atividademapa.com\/index.php?rest_route=\/wp\/v2\/product"}],"about":[{"href":"https:\/\/atividademapa.com\/index.php?rest_route=\/wp\/v2\/types\/product"}],"version-history":[{"count":1,"href":"https:\/\/atividademapa.com\/index.php?rest_route=\/wp\/v2\/product\/4944\/revisions"}],"predecessor-version":[{"id":4946,"href":"https:\/\/atividademapa.com\/index.php?rest_route=\/wp\/v2\/product\/4944\/revisions\/4946"}],"wp:featuredmedia":[{"embeddable":true,"href":"https:\/\/atividademapa.com\/index.php?rest_route=\/wp\/v2\/media\/2326"}],"wp:attachment":[{"href":"https:\/\/atividademapa.com\/index.php?rest_route=%2Fwp%2Fv2%2Fmedia&parent=4944"}],"wp:term":[{"taxonomy":"product_brand","embeddable":true,"href":"https:\/\/atividademapa.com\/index.php?rest_route=%2Fwp%2Fv2%2Fproduct_brand&post=4944"},{"taxonomy":"product_cat","embeddable":true,"href":"https:\/\/atividademapa.com\/index.php?rest_route=%2Fwp%2Fv2%2Fproduct_cat&post=4944"},{"taxonomy":"product_tag","embeddable":true,"href":"https:\/\/atividademapa.com\/index.php?rest_route=%2Fwp%2Fv2%2Fproduct_tag&post=4944"}],"curies":[{"name":"wp","href":"https:\/\/api.w.org\/{rel}","templated":true}]}}