{"id":5103,"date":"2024-12-22T01:33:47","date_gmt":"2024-12-22T04:33:47","guid":{"rendered":"https:\/\/atividademapa.com\/?post_type=product&#038;p=5103"},"modified":"2025-03-10T16:07:26","modified_gmt":"2025-03-10T19:07:26","slug":"mapa-didatica-modulo-2025-51","status":"publish","type":"product","link":"https:\/\/atividademapa.com\/?product=mapa-didatica-modulo-2025-51","title":{"rendered":"MAPA &#8211; Did\u00e1tica &#8211; M\u00f3dulo 2025 \/ 51"},"content":{"rendered":"<p>Mapa Did\u00e1tica M\u00f3dulo 51\/2025<\/p>\n<p><strong>INSTRU\u00c7\u00d5ES PARA REALIZA\u00c7\u00c3O DA ATIVIDADE<\/strong><\/p>\n<ol>\n<li>Todos os campos acima dever\u00e3o ser devidamente preenchidos;<\/li>\n<li>\u00c9 obrigat\u00f3ria a utiliza\u00e7\u00e3o deste formul\u00e1rio para a realiza\u00e7\u00e3o do MAPA;<\/li>\n<li>Esta \u00e9 uma atividade individual. Caso identificado c\u00f3pia de colegas, o trabalho de ambos sofrer\u00e1 decr\u00e9scimo de nota;<\/li>\n<li>Utilizando este formul\u00e1rio, realize sua atividade, salve em seu computador, renomeie e envie em forma de anexo no campo de resposta da atividade MAPA;<\/li>\n<li>Formata\u00e7\u00e3o exigida para esta atividade: documento Word, Fonte Arial ou Times New Roman tamanho 12, Espa\u00e7amento entre linhas 1,5, texto justificado;<\/li>\n<li>Ao utilizar quaisquer materiais de pesquisa referencie conforme as normas da ABNT (cita\u00e7\u00f5es e refer\u00eancias);<\/li>\n<li>No campo \u201cSala do Caf\u00e9\u201d, dentro do ambiente virtual da disciplina voc\u00ea encontrar\u00e1 orienta\u00e7\u00f5es importantes para elabora\u00e7\u00e3o desta atividade. Confira!<\/li>\n<li>Crit\u00e9rios de avalia\u00e7\u00e3o: Utiliza\u00e7\u00e3o do template; Atendimento ao Tema; Constitui\u00e7\u00e3o dos argumentos e organiza\u00e7\u00e3o das Ideias; Corre\u00e7\u00e3o Gramatical e atendimento \u00e0s normas ABNT.<\/li>\n<li>Procure argumentar de forma clara e objetiva, de acordo com o conte\u00fado da disciplina.<\/li>\n<li>Esta atividade dever\u00e1 ser realizada individualmente. Caso identificado pl\u00e1gio de colegas, o trabalho de ambos ser\u00e1 zerado.<\/li>\n<\/ol>\n<p><strong>Em caso de d\u00favidas, entre em contato com seu Professor Mediador.<\/strong><\/p>\n<p><strong>\u00a0<\/strong><\/p>\n<table>\n<tbody>\n<tr>\n<td width=\"601\">Ap\u00f3s ler a proposta da atividade MAPA na \u00edntegra dentro do ambiente da disciplina de <strong>DID\u00c1TICA<\/strong>, assistir ao v\u00eddeo explicativo do MAPA que se encontra da Sala do Caf\u00e9 desenvolva seu MAPA de acordo com que foi solicitado.<\/p>\n<p><strong><u>\u00a0<\/u><\/strong><\/p>\n<p><strong>Constru\u00e7\u00e3o de um mapa mental, com as principais caracter\u00edsticas de cada tend\u00eancia pedag\u00f3gica.<\/strong><\/p>\n<p>&nbsp;<\/p>\n<p>O que \u00e9 preciso conter neste mapa mental?<\/p>\n<p>1 \u2013 Preenche cabe\u00e7alho do formul\u00e1rio padr\u00e3o;<\/p>\n<p>2 \u2013 Nome e RA;<\/p>\n<p>3 \u2013 O nome de cada uma das tend\u00eancias pedag\u00f3gicas;<\/p>\n<p>4 \u2013 Principais caracter\u00edsticas de cada tend\u00eancia pedag\u00f3gica: papel do professor, papel do aluno, conte\u00fado, papel da escola, aprendizagem e avalia\u00e7\u00e3o.<\/p>\n<p>&nbsp;<\/p>\n<p><strong>TEND\u00caNCIAS PEDAG\u00d3GICAS<\/strong><\/p>\n<table>\n<tbody>\n<tr>\n<td width=\"586\"><strong><br \/>\nTend\u00eancia pedag\u00f3gica<\/strong>:<strong>Ano<\/strong>:<\/p>\n<p><strong>Papel do professor<\/strong>:<\/p>\n<p><strong>Papel do aluno<\/strong>:<br \/>\n<strong>Conte\u00fado<\/strong>:<br \/>\n<strong>Papel da escola<\/strong>:<\/p>\n<p><strong>Aprendizagem<\/strong>:<br \/>\n<strong>Avalia\u00e7\u00e3o<\/strong>:<\/p>\n<p>&nbsp;<\/td>\n<\/tr>\n<\/tbody>\n<\/table>\n<p>&nbsp;<\/p>\n<table>\n<tbody>\n<tr>\n<td width=\"586\">&nbsp;<\/p>\n<p><strong>Tend\u00eancia pedag\u00f3gica<\/strong>:<\/p>\n<p><strong>Ano<\/strong>:<\/p>\n<p><strong>Papel do professor<\/strong>:<\/p>\n<p><strong>Papel do aluno<\/strong>:<br \/>\n<strong>Conte\u00fado<\/strong>:<br \/>\n<strong>Papel da escola<\/strong>:<\/p>\n<p><strong>Aprendizagem<\/strong>:<br \/>\n<strong>Avalia\u00e7\u00e3o<\/strong>:<\/p>\n<p>&nbsp;<\/td>\n<\/tr>\n<\/tbody>\n<\/table>\n<p>&nbsp;<\/p>\n<table>\n<tbody>\n<tr>\n<td width=\"586\">&nbsp;<\/p>\n<p><strong>Tend\u00eancia pedag\u00f3gica<\/strong>:<\/p>\n<p><strong>Ano<\/strong>:<\/p>\n<p><strong>Papel do professor<\/strong>:<\/p>\n<p><strong>Papel do aluno<\/strong>:<br \/>\n<strong>Conte\u00fado<\/strong>:<br \/>\n<strong>Papel da escola<\/strong>:<\/p>\n<p><strong>Aprendizagem<\/strong>:<br \/>\n<strong>Avalia\u00e7\u00e3o<\/strong>:<\/p>\n<p>&nbsp;<\/td>\n<\/tr>\n<\/tbody>\n<\/table>\n<p>&nbsp;<\/p>\n<table>\n<tbody>\n<tr>\n<td width=\"586\">&nbsp;<\/p>\n<p><strong>Tend\u00eancia pedag\u00f3gica<\/strong>:<\/p>\n<p><strong>Ano<\/strong>:<\/p>\n<p><strong>Papel do professor<\/strong>:<\/p>\n<p><strong>Papel do aluno<\/strong>:<br \/>\n<strong>Conte\u00fado<\/strong>:<br \/>\n<strong>Papel da escola<\/strong>:<\/p>\n<p><strong>Aprendizagem<\/strong>:<br \/>\n<strong>Avalia\u00e7\u00e3o<\/strong>:<\/p>\n<p>&nbsp;<\/td>\n<\/tr>\n<\/tbody>\n<\/table>\n<p>&nbsp;<\/p>\n<table>\n<tbody>\n<tr>\n<td width=\"586\">&nbsp;<\/p>\n<p><strong>Tend\u00eancia pedag\u00f3gica<\/strong>:<\/p>\n<p><strong>Ano<\/strong>:<\/p>\n<p><strong>Papel do professor<\/strong>:<\/p>\n<p><strong>Papel do aluno<\/strong>:<br \/>\n<strong>Conte\u00fado<\/strong>:<br \/>\n<strong>Papel da escola<\/strong>:<\/p>\n<p><strong>Aprendizagem<\/strong>:<br \/>\n<strong>Avalia\u00e7\u00e3o<\/strong>:<\/p>\n<p>&nbsp;<\/td>\n<\/tr>\n<\/tbody>\n<\/table>\n<p>&nbsp;<\/p>\n<p>&nbsp;<\/p>\n<p>&nbsp;<\/p>\n<p><strong>Refer\u00eancias: <\/strong>Somente se fizer uso de cita\u00e7\u00f5es (consulte o material sobre ABNT \u2013 Cita\u00e7\u00f5es e Refer\u00eancias na Sala do Caf\u00e9).<\/p>\n<p>&nbsp;<\/p>\n<p>&nbsp;<\/td>\n<\/tr>\n<\/tbody>\n<\/table>\n<p>&nbsp;<\/p>\n","protected":false},"excerpt":{"rendered":"<p>Mapa Did\u00e1tica M\u00f3dulo 51\/2025 INSTRU\u00c7\u00d5ES PARA REALIZA\u00c7\u00c3O DA ATIVIDADE Todos os campos acima dever\u00e3o ser devidamente preenchidos; \u00c9 obrigat\u00f3ria a<\/p>\n","protected":false},"featured_media":2326,"template":"","meta":{"_monsterinsights_skip_tracking":false,"_monsterinsights_sitenote_active":false,"_monsterinsights_sitenote_note":"","_monsterinsights_sitenote_category":0},"product_brand":[],"product_cat":[30],"product_tag":[],"class_list":{"0":"post-5103","1":"product","2":"type-product","3":"status-publish","4":"has-post-thumbnail","6":"product_cat-pedagogia","8":"first","9":"instock","10":"downloadable","11":"virtual","12":"purchasable","13":"product-type-simple"},"yoast_head":"<!-- This site is optimized with the Yoast SEO plugin v27.4 - https:\/\/yoast.com\/product\/yoast-seo-wordpress\/ -->\n<title>MAPA - Did\u00e1tica - M\u00f3dulo 2025 \/ 51<\/title>\n<meta name=\"description\" content=\"Atividade MAPA - Did\u00e1tica - M\u00f3dulo 2025 \/ 51 &#8902; Unicesumar. Baixe agora mesmo um Mapa Pronto resolvido!\" \/>\n<meta name=\"robots\" content=\"index, follow, max-snippet:-1, max-image-preview:large, max-video-preview:-1\" \/>\n<link rel=\"canonical\" href=\"https:\/\/atividademapa.com\/?product=mapa-didatica-modulo-2025-51\" \/>\n<meta property=\"og:locale\" content=\"pt_BR\" \/>\n<meta property=\"og:type\" content=\"article\" \/>\n<meta property=\"og:title\" content=\"MAPA - Did\u00e1tica - M\u00f3dulo 2025 \/ 51\" \/>\n<meta property=\"og:description\" content=\"Atividade MAPA - Did\u00e1tica - M\u00f3dulo 2025 \/ 51 &#8902; Unicesumar. Baixe agora mesmo um Mapa Pronto resolvido!\" \/>\n<meta property=\"og:url\" content=\"https:\/\/atividademapa.com\/?product=mapa-didatica-modulo-2025-51\" \/>\n<meta property=\"og:site_name\" content=\"Atividade Mapa\" \/>\n<meta property=\"article:modified_time\" content=\"2025-03-10T19:07:26+00:00\" \/>\n<meta property=\"og:image\" content=\"https:\/\/i0.wp.com\/atividademapa.com\/wp-content\/uploads\/2023\/03\/Atividade-M.A.P.A-3.png?fit=300%2C300&ssl=1\" \/>\n\t<meta property=\"og:image:width\" content=\"300\" \/>\n\t<meta property=\"og:image:height\" content=\"300\" \/>\n\t<meta property=\"og:image:type\" content=\"image\/png\" \/>\n<meta name=\"twitter:card\" content=\"summary_large_image\" \/>\n<meta name=\"twitter:label1\" content=\"Est. tempo de leitura\" \/>\n\t<meta name=\"twitter:data1\" content=\"2 minutos\" \/>\n<script type=\"application\/ld+json\" class=\"yoast-schema-graph\">{\"@context\":\"https:\\\/\\\/schema.org\",\"@graph\":[{\"@type\":\"WebPage\",\"@id\":\"https:\\\/\\\/atividademapa.com\\\/?product=mapa-didatica-modulo-2025-51\",\"url\":\"https:\\\/\\\/atividademapa.com\\\/?product=mapa-didatica-modulo-2025-51\",\"name\":\"MAPA - Did\u00e1tica - M\u00f3dulo 2025 \\\/ 51\",\"isPartOf\":{\"@id\":\"https:\\\/\\\/atividademapa.com\\\/#website\"},\"primaryImageOfPage\":{\"@id\":\"https:\\\/\\\/atividademapa.com\\\/?product=mapa-didatica-modulo-2025-51#primaryimage\"},\"image\":{\"@id\":\"https:\\\/\\\/atividademapa.com\\\/?product=mapa-didatica-modulo-2025-51#primaryimage\"},\"thumbnailUrl\":\"https:\\\/\\\/i0.wp.com\\\/atividademapa.com\\\/wp-content\\\/uploads\\\/2023\\\/03\\\/Atividade-M.A.P.A-3.png?fit=300%2C300&ssl=1\",\"datePublished\":\"2024-12-22T04:33:47+00:00\",\"dateModified\":\"2025-03-10T19:07:26+00:00\",\"description\":\"Atividade MAPA - Did\u00e1tica - M\u00f3dulo 2025 \\\/ 51 &#8902; Unicesumar. Baixe agora mesmo um Mapa Pronto resolvido!\",\"breadcrumb\":{\"@id\":\"https:\\\/\\\/atividademapa.com\\\/?product=mapa-didatica-modulo-2025-51#breadcrumb\"},\"inLanguage\":\"pt-BR\",\"potentialAction\":[{\"@type\":\"ReadAction\",\"target\":[\"https:\\\/\\\/atividademapa.com\\\/?product=mapa-didatica-modulo-2025-51\"]}]},{\"@type\":\"ImageObject\",\"inLanguage\":\"pt-BR\",\"@id\":\"https:\\\/\\\/atividademapa.com\\\/?product=mapa-didatica-modulo-2025-51#primaryimage\",\"url\":\"https:\\\/\\\/i0.wp.com\\\/atividademapa.com\\\/wp-content\\\/uploads\\\/2023\\\/03\\\/Atividade-M.A.P.A-3.png?fit=300%2C300&ssl=1\",\"contentUrl\":\"https:\\\/\\\/i0.wp.com\\\/atividademapa.com\\\/wp-content\\\/uploads\\\/2023\\\/03\\\/Atividade-M.A.P.A-3.png?fit=300%2C300&ssl=1\",\"width\":300,\"height\":300,\"caption\":\"Mapa Unicesumar Atividade\"},{\"@type\":\"BreadcrumbList\",\"@id\":\"https:\\\/\\\/atividademapa.com\\\/?product=mapa-didatica-modulo-2025-51#breadcrumb\",\"itemListElement\":[{\"@type\":\"ListItem\",\"position\":1,\"name\":\"In\u00edcio\",\"item\":\"https:\\\/\\\/atividademapa.com\\\/\"},{\"@type\":\"ListItem\",\"position\":2,\"name\":\"MAPAS\",\"item\":\"https:\\\/\\\/atividademapa.com\\\/?page_id=5\"},{\"@type\":\"ListItem\",\"position\":3,\"name\":\"MAPA &#8211; Did\u00e1tica &#8211; M\u00f3dulo 2025 \\\/ 51\"}]},{\"@type\":\"WebSite\",\"@id\":\"https:\\\/\\\/atividademapa.com\\\/#website\",\"url\":\"https:\\\/\\\/atividademapa.com\\\/\",\"name\":\"Atividade Mapa\",\"description\":\"StudeO | Unicesumar\",\"publisher\":{\"@id\":\"https:\\\/\\\/atividademapa.com\\\/#organization\"},\"potentialAction\":[{\"@type\":\"SearchAction\",\"target\":{\"@type\":\"EntryPoint\",\"urlTemplate\":\"https:\\\/\\\/atividademapa.com\\\/?s={search_term_string}\"},\"query-input\":{\"@type\":\"PropertyValueSpecification\",\"valueRequired\":true,\"valueName\":\"search_term_string\"}}],\"inLanguage\":\"pt-BR\"},{\"@type\":\"Organization\",\"@id\":\"https:\\\/\\\/atividademapa.com\\\/#organization\",\"name\":\"Atividade MAPA\",\"url\":\"https:\\\/\\\/atividademapa.com\\\/\",\"logo\":{\"@type\":\"ImageObject\",\"inLanguage\":\"pt-BR\",\"@id\":\"https:\\\/\\\/atividademapa.com\\\/#\\\/schema\\\/logo\\\/image\\\/\",\"url\":\"https:\\\/\\\/i0.wp.com\\\/atividademapa.com\\\/wp-content\\\/uploads\\\/2023\\\/02\\\/ATIVIDADE.png?fit=600%2C300&ssl=1\",\"contentUrl\":\"https:\\\/\\\/i0.wp.com\\\/atividademapa.com\\\/wp-content\\\/uploads\\\/2023\\\/02\\\/ATIVIDADE.png?fit=600%2C300&ssl=1\",\"width\":600,\"height\":300,\"caption\":\"Atividade MAPA\"},\"image\":{\"@id\":\"https:\\\/\\\/atividademapa.com\\\/#\\\/schema\\\/logo\\\/image\\\/\"}}]}<\/script>\n<!-- \/ Yoast SEO plugin. -->","yoast_head_json":{"title":"MAPA - Did\u00e1tica - M\u00f3dulo 2025 \/ 51","description":"Atividade MAPA - Did\u00e1tica - M\u00f3dulo 2025 \/ 51 &#8902; Unicesumar. Baixe agora mesmo um Mapa Pronto resolvido!","robots":{"index":"index","follow":"follow","max-snippet":"max-snippet:-1","max-image-preview":"max-image-preview:large","max-video-preview":"max-video-preview:-1"},"canonical":"https:\/\/atividademapa.com\/?product=mapa-didatica-modulo-2025-51","og_locale":"pt_BR","og_type":"article","og_title":"MAPA - Did\u00e1tica - M\u00f3dulo 2025 \/ 51","og_description":"Atividade MAPA - Did\u00e1tica - M\u00f3dulo 2025 \/ 51 &#8902; Unicesumar. Baixe agora mesmo um Mapa Pronto resolvido!","og_url":"https:\/\/atividademapa.com\/?product=mapa-didatica-modulo-2025-51","og_site_name":"Atividade Mapa","article_modified_time":"2025-03-10T19:07:26+00:00","og_image":[{"width":300,"height":300,"url":"https:\/\/i0.wp.com\/atividademapa.com\/wp-content\/uploads\/2023\/03\/Atividade-M.A.P.A-3.png?fit=300%2C300&ssl=1","type":"image\/png"}],"twitter_card":"summary_large_image","twitter_misc":{"Est. tempo de leitura":"2 minutos"},"schema":{"@context":"https:\/\/schema.org","@graph":[{"@type":"WebPage","@id":"https:\/\/atividademapa.com\/?product=mapa-didatica-modulo-2025-51","url":"https:\/\/atividademapa.com\/?product=mapa-didatica-modulo-2025-51","name":"MAPA - Did\u00e1tica - M\u00f3dulo 2025 \/ 51","isPartOf":{"@id":"https:\/\/atividademapa.com\/#website"},"primaryImageOfPage":{"@id":"https:\/\/atividademapa.com\/?product=mapa-didatica-modulo-2025-51#primaryimage"},"image":{"@id":"https:\/\/atividademapa.com\/?product=mapa-didatica-modulo-2025-51#primaryimage"},"thumbnailUrl":"https:\/\/i0.wp.com\/atividademapa.com\/wp-content\/uploads\/2023\/03\/Atividade-M.A.P.A-3.png?fit=300%2C300&ssl=1","datePublished":"2024-12-22T04:33:47+00:00","dateModified":"2025-03-10T19:07:26+00:00","description":"Atividade MAPA - Did\u00e1tica - M\u00f3dulo 2025 \/ 51 &#8902; Unicesumar. Baixe agora mesmo um Mapa Pronto resolvido!","breadcrumb":{"@id":"https:\/\/atividademapa.com\/?product=mapa-didatica-modulo-2025-51#breadcrumb"},"inLanguage":"pt-BR","potentialAction":[{"@type":"ReadAction","target":["https:\/\/atividademapa.com\/?product=mapa-didatica-modulo-2025-51"]}]},{"@type":"ImageObject","inLanguage":"pt-BR","@id":"https:\/\/atividademapa.com\/?product=mapa-didatica-modulo-2025-51#primaryimage","url":"https:\/\/i0.wp.com\/atividademapa.com\/wp-content\/uploads\/2023\/03\/Atividade-M.A.P.A-3.png?fit=300%2C300&ssl=1","contentUrl":"https:\/\/i0.wp.com\/atividademapa.com\/wp-content\/uploads\/2023\/03\/Atividade-M.A.P.A-3.png?fit=300%2C300&ssl=1","width":300,"height":300,"caption":"Mapa Unicesumar Atividade"},{"@type":"BreadcrumbList","@id":"https:\/\/atividademapa.com\/?product=mapa-didatica-modulo-2025-51#breadcrumb","itemListElement":[{"@type":"ListItem","position":1,"name":"In\u00edcio","item":"https:\/\/atividademapa.com\/"},{"@type":"ListItem","position":2,"name":"MAPAS","item":"https:\/\/atividademapa.com\/?page_id=5"},{"@type":"ListItem","position":3,"name":"MAPA &#8211; Did\u00e1tica &#8211; M\u00f3dulo 2025 \/ 51"}]},{"@type":"WebSite","@id":"https:\/\/atividademapa.com\/#website","url":"https:\/\/atividademapa.com\/","name":"Atividade Mapa","description":"StudeO | Unicesumar","publisher":{"@id":"https:\/\/atividademapa.com\/#organization"},"potentialAction":[{"@type":"SearchAction","target":{"@type":"EntryPoint","urlTemplate":"https:\/\/atividademapa.com\/?s={search_term_string}"},"query-input":{"@type":"PropertyValueSpecification","valueRequired":true,"valueName":"search_term_string"}}],"inLanguage":"pt-BR"},{"@type":"Organization","@id":"https:\/\/atividademapa.com\/#organization","name":"Atividade MAPA","url":"https:\/\/atividademapa.com\/","logo":{"@type":"ImageObject","inLanguage":"pt-BR","@id":"https:\/\/atividademapa.com\/#\/schema\/logo\/image\/","url":"https:\/\/i0.wp.com\/atividademapa.com\/wp-content\/uploads\/2023\/02\/ATIVIDADE.png?fit=600%2C300&ssl=1","contentUrl":"https:\/\/i0.wp.com\/atividademapa.com\/wp-content\/uploads\/2023\/02\/ATIVIDADE.png?fit=600%2C300&ssl=1","width":600,"height":300,"caption":"Atividade MAPA"},"image":{"@id":"https:\/\/atividademapa.com\/#\/schema\/logo\/image\/"}}]}},"_links":{"self":[{"href":"https:\/\/atividademapa.com\/index.php?rest_route=\/wp\/v2\/product\/5103","targetHints":{"allow":["GET"]}}],"collection":[{"href":"https:\/\/atividademapa.com\/index.php?rest_route=\/wp\/v2\/product"}],"about":[{"href":"https:\/\/atividademapa.com\/index.php?rest_route=\/wp\/v2\/types\/product"}],"version-history":[{"count":4,"href":"https:\/\/atividademapa.com\/index.php?rest_route=\/wp\/v2\/product\/5103\/revisions"}],"predecessor-version":[{"id":5339,"href":"https:\/\/atividademapa.com\/index.php?rest_route=\/wp\/v2\/product\/5103\/revisions\/5339"}],"wp:featuredmedia":[{"embeddable":true,"href":"https:\/\/atividademapa.com\/index.php?rest_route=\/wp\/v2\/media\/2326"}],"wp:attachment":[{"href":"https:\/\/atividademapa.com\/index.php?rest_route=%2Fwp%2Fv2%2Fmedia&parent=5103"}],"wp:term":[{"taxonomy":"product_brand","embeddable":true,"href":"https:\/\/atividademapa.com\/index.php?rest_route=%2Fwp%2Fv2%2Fproduct_brand&post=5103"},{"taxonomy":"product_cat","embeddable":true,"href":"https:\/\/atividademapa.com\/index.php?rest_route=%2Fwp%2Fv2%2Fproduct_cat&post=5103"},{"taxonomy":"product_tag","embeddable":true,"href":"https:\/\/atividademapa.com\/index.php?rest_route=%2Fwp%2Fv2%2Fproduct_tag&post=5103"}],"curies":[{"name":"wp","href":"https:\/\/api.w.org\/{rel}","templated":true}]}}