{"id":5132,"date":"2025-01-05T15:25:27","date_gmt":"2025-01-05T18:25:27","guid":{"rendered":"https:\/\/atividademapa.com\/shop\/mapa-estatistica-51-2025\/"},"modified":"2025-04-13T17:34:39","modified_gmt":"2025-04-13T20:34:39","slug":"mapa-estatistica-51-2025","status":"publish","type":"product","link":"https:\/\/atividademapa.com\/?product=mapa-estatistica-51-2025","title":{"rendered":"MAPA Estat\u00edstica 51\/2025"},"content":{"rendered":"<div class=\"panel-heading\">\n<div class=\"panel-title cursor ng-binding\" data-toggle=\"collapse\">Quest\u00e3o 1<\/div>\n<div class=\"panel-controls\">\n<ul>\n<li><\/li>\n<\/ul>\n<\/div>\n<\/div>\n<div class=\"panel-body p-t-20 b-t b-grey\">\n<div class=\"enunciado ng-binding\">Ol\u00e1 estudante! Chegou o momento de explorar de forma PR\u00c1TICA os conte\u00fados aprendidos na disciplina de Estat\u00edstica. Esta atividade proposta corresponde \u00e0 atividade MAPA, que tem por objetivo analisar a compara\u00e7\u00e3o entre uma vari\u00e1vel de interesse com outras vari\u00e1veis &#8211; a regress\u00e3o linear, e a compara\u00e7\u00e3o de somente duas informa\u00e7\u00f5es \u2013 a correla\u00e7\u00e3o, no \u00e2mbito de uma tomada de decis\u00e3o sobre a venda conjunta ou n\u00e3o das pe\u00e7as no estudo de caso apresentado. Para isso, leia as instru\u00e7\u00f5es a seguir:<br class=\"ng-scope\" \/>\u00a0<br class=\"ng-scope\" \/>Em estat\u00edstica ou econometria, regress\u00e3o linear \u00e9 um m\u00e9todo utilizado para se estimar a condicional (valor esperado) de uma vari\u00e1vel, dados os valores de algumas outras vari\u00e1veis. A\u00a0<em class=\"ng-scope\">regress\u00e3o<\/em>, em geral, trata da quest\u00e3o de estimar um valor condicional esperado.<br class=\"ng-scope\" \/>Uma aplica\u00e7\u00e3o da Regress\u00e3o Linear \u00e9 na estima\u00e7\u00e3o de uma demanda futura de um determinado produto ou servi\u00e7o. Uma previs\u00e3o \u00e9 uma avalia\u00e7\u00e3o de eventos futuros, usada para fins de planejamento, sendo que as mudan\u00e7as nos neg\u00f3cios resultantes da concorr\u00eancia global, ou de alguma mudan\u00e7a tecnol\u00f3gica acelerada e as preocupa\u00e7\u00f5es ambientais crescentes exercem forte press\u00e3o sobre a capacidade de uma organiza\u00e7\u00e3o gerar previs\u00f5es precisas.<br class=\"ng-scope\" \/>SAMPAIO, N. A. S.\u00a0<strong class=\"ng-scope\">Aplica\u00e7\u00f5es da Correla\u00e7\u00e3o e Regress\u00e3o Linear<\/strong>. Dispon\u00edvel em: https:\/\/www.aedb.br\/wp-content\/uploads\/2015\/05\/52.pdf . Acesso em: Dez. 2020.<br class=\"ng-scope\" \/>\u00a0<br class=\"ng-scope\" \/><strong class=\"ng-scope\">Situa\u00e7\u00e3o Problema<\/strong><br class=\"ng-scope\" \/>\u00a0<br class=\"ng-scope\" \/>A forma mais b\u00e1sica de uma regress\u00e3o linear, isto \u00e9, da compara\u00e7\u00e3o entre uma vari\u00e1vel de interesse com outras vari\u00e1veis, \u00e9 quando queremos comparar somente duas informa\u00e7\u00f5es.<br class=\"ng-scope\" \/>Essa tal forma mais b\u00e1sica \u00e9 o que denominamos de\u00a0<em class=\"ng-scope\">correla\u00e7\u00e3o<\/em>. A quantidade de vari\u00e1veis que podem ou n\u00e3o estar relacionadas \u00e9 infinita. Compara\u00e7\u00f5es desde\u00a0<em class=\"ng-scope\">peso x altura<\/em>, at\u00e9 a\u00a0<em class=\"ng-scope\">gasto alimentar x renda mensal<\/em>.<br class=\"ng-scope\" \/>Resumindo, se temos duas informa\u00e7\u00f5es, ser\u00e1 que elas est\u00e3o relacionadas de alguma maneira?<br class=\"ng-scope\" \/>Agora que a situa\u00e7\u00e3o da correla\u00e7\u00e3o j\u00e1 foi apresentada,\u00a0<strong class=\"ng-scope\"><u>vamos ao nosso problema<\/u>.<\/strong><br class=\"ng-scope\" \/>Uma empresa de vestu\u00e1rios, que est\u00e1 sob sua administra\u00e7\u00e3o, possui dentro do seu cat\u00e1logo, duas pe\u00e7as de roupa como parte de uma mesma cole\u00e7\u00e3o. H\u00e1 ind\u00edcios, dentre os vendedores,\u00a0que os clientes que compram uma das pe\u00e7as de roupa eventualmente compram a segunda parte dessa cole\u00e7\u00e3o. Os gerentes, ent\u00e3o, debatem se \u00e9 interessante uma promo\u00e7\u00e3o para agrupar as duas pe\u00e7as em uma venda \u00fanica, oferecendo, talvez, um desconto na segunda pe\u00e7a.<br class=\"ng-scope\" \/>\u00a0<br class=\"ng-scope\" \/><strong class=\"ng-scope\">Realiza\u00e7\u00e3o da atividade<\/strong><br class=\"ng-scope\" \/><br class=\"ng-scope\" \/>Agora, com base no exposto anteriormente e os conhecimentos adquiridos ao longo da disciplina, chegou a hora de voc\u00ea resolver sua Atividade MAPA. Vamos l\u00e1?!<br class=\"ng-scope\" \/>\u00a0<br class=\"ng-scope\" \/><strong class=\"ng-scope\">Situa\u00e7\u00e3o hipot\u00e9tica:<\/strong><br class=\"ng-scope\" \/>Voc\u00ea, como uma pessoa atenta, contrata uma equipe para realizar uma an\u00e1lise estat\u00edstica para verificar se realmente o que os vendedores est\u00e3o dizendo \u00e9 algo factual.<br class=\"ng-scope\" \/>A equipe realiza todo o trabalho de pesquisa e coleta de informa\u00e7\u00f5es dentro do sistema de vendas da empresa e lhe apresenta o resultado.<br class=\"ng-scope\" \/>Para verificar o resultado, voc\u00ea deve abrir o arquivo denominado\u00a0<em class=\"ng-scope\">Resultado da Pesquisa<\/em>, que est\u00e1 presente no Material da Disciplina\u00a0<u class=\"ng-scope\">(ou se preferir voc\u00ea pode acessar tamb\u00e9m por meio desse link:\u00a0<\/u><strong class=\"ng-scope\">https:\/\/tinyurl.com\/yaajwayz<\/strong><u class=\"ng-scope\">)<\/u>. Ao abrir a planilha, voc\u00ea ver\u00e1 que os valores est\u00e3o listados e que h\u00e1 a presen\u00e7a de um valor para a CORRELA\u00c7\u00c3O entre as duas pe\u00e7as e suas vendas di\u00e1rias (em um total de 100 dias), bem como a presen\u00e7a de um GR\u00c1FICO DE DISPERS\u00c3O.<br class=\"ng-scope\" \/>\u200b<strong class=\"ng-scope\">OBS.:<\/strong>\u00a0<u class=\"ng-scope\">Cada vez que voc\u00ea abrir a planilha um novo valor ser\u00e1 gerado. Fa\u00e7a um print aparecendo a maior quantidade de informa\u00e7\u00f5es poss\u00edvel para que possa responder \u00e0s quest\u00f5es a seguir.<\/u><br class=\"ng-scope\" \/>Voc\u00ea, ent\u00e3o, precisa formar um relat\u00f3rio de suas informa\u00e7\u00f5es para uma tomada de decis\u00e3o sobre a venda conjunta ou n\u00e3o das pe\u00e7as.<br class=\"ng-scope\" \/>\u00a0<br class=\"ng-scope\" \/><strong class=\"ng-scope\">Agora, com base nessas informa\u00e7\u00f5es, voc\u00ea dever\u00e1 responder \u00e0s seguintes quest\u00f5es:<\/strong><br class=\"ng-scope\" \/>\u00a0<br class=\"ng-scope\" \/><strong class=\"ng-scope\">1)<\/strong>\u00a0Anexe um\u00a0<em class=\"ng-scope\">print<\/em>\u00a0da planilha, exibindo as informa\u00e7\u00f5es de vendas de alguns dos dias apresentados, o valor da Correla\u00e7\u00e3o e o Gr\u00e1fico de Dispers\u00e3o exibido.<br class=\"ng-scope\" \/>\u00a0<br class=\"ng-scope\" \/><strong class=\"ng-scope\">2)<\/strong>\u00a0Confirme se a Correla\u00e7\u00e3o \u00e9 positiva ou negativa, se \u00e9 uma rela\u00e7\u00e3o forte (valores maiores ou iguais do que 0,6), se \u00e9 uma rela\u00e7\u00e3o m\u00e9dia (valores maiores ou iguais a 0,3 e menores do que 0,6), ou se a rela\u00e7\u00e3o \u00e9 fraca (valores menores do que 0,3).<br class=\"ng-scope\" \/>\u00a0<br class=\"ng-scope\" \/><strong class=\"ng-scope\">3)<\/strong>\u00a0Exiba as informa\u00e7\u00f5es dos primeiros quatro dias apresentados, quanto \u00e0s vendas das duas pe\u00e7as em uma tabela. Responda se, com base nessa amostra, a correla\u00e7\u00e3o aparenta estar correta, tanto para sua positividade quanto para sua for\u00e7a. Justifique sua resposta.<br class=\"ng-scope\" \/>\u00a0<br class=\"ng-scope\" \/><strong class=\"ng-scope\">4)<\/strong>\u00a0Tome uma decis\u00e3o. Realmente \u00e9 v\u00e1lida a venda conjunta das duas pe\u00e7as? A venda di\u00e1ria da Pe\u00e7a A e da Pe\u00e7a B est\u00e3o relacionadas a ponto de valer essa mudan\u00e7a?<br class=\"ng-scope\" \/>\u00a0<br class=\"ng-scope\" \/><strong class=\"ng-scope\"><u>Aten\u00e7\u00e3o! Observa\u00e7\u00f5es importantes:<\/u><\/strong><br class=\"ng-scope\" \/>* Assista o v\u00eddeo explicativo da atividade MAPA, dispon\u00edvel no F\u00f3rum da Disciplina;<br class=\"ng-scope\" \/>* Utilize o Formul\u00e1rio Padr\u00e3o da Atividade MAPA, dispon\u00edvel no Material da Disciplina;<br class=\"ng-scope\" \/>* A atividade MAPA ser\u00e1 aceita somente pelo Studeo;<br class=\"ng-scope\" \/>* Antes de finalizar sua atividade MAPA, certifique-se se sua resposta est\u00e1 completa, pois n\u00e3o haver\u00e1 outra oportunidade de editar e\/ou reenviar ap\u00f3s a finaliza\u00e7\u00e3o;<br class=\"ng-scope\" \/>* Atividades MAPAs fora do prazo n\u00e3o ser\u00e3o aceitas;<br class=\"ng-scope\" \/>* Diante de d\u00favidas, entre em contato com seu professor mediador pela ferramenta &#8220;Fale com Mediador&#8221;.<br class=\"ng-scope\" \/>\u00a0<br class=\"ng-scope\" \/>Bons estudos!<\/div>\n<\/div>\n","protected":false},"excerpt":{"rendered":"<p>Quest\u00e3o 1 Ol\u00e1 estudante! Chegou o momento de explorar de forma PR\u00c1TICA os conte\u00fados aprendidos na disciplina de Estat\u00edstica. Esta<\/p>\n","protected":false},"featured_media":2326,"template":"","meta":{"_monsterinsights_skip_tracking":false,"_monsterinsights_sitenote_active":false,"_monsterinsights_sitenote_note":"","_monsterinsights_sitenote_category":0},"product_brand":[],"product_cat":[46,61],"product_tag":[],"class_list":{"0":"post-5132","1":"product","2":"type-product","3":"status-publish","4":"has-post-thumbnail","6":"product_cat-ciencias-contabeis","7":"product_cat-gestao-financeira","9":"first","10":"instock","11":"downloadable","12":"virtual","13":"purchasable","14":"product-type-simple"},"yoast_head":"<!-- This site is optimized with the Yoast SEO plugin v27.4 - https:\/\/yoast.com\/product\/yoast-seo-wordpress\/ -->\n<title>MAPA Estat\u00edstica 51\/2025<\/title>\n<meta name=\"description\" content=\"Atividade MAPA Estat\u00edstica 51\/2025 &#8902; Unicesumar. Baixe agora mesmo um Mapa Pronto resolvido!\" \/>\n<meta name=\"robots\" content=\"index, follow, max-snippet:-1, max-image-preview:large, max-video-preview:-1\" \/>\n<link rel=\"canonical\" href=\"https:\/\/atividademapa.com\/?product=mapa-estatistica-51-2025\" \/>\n<meta property=\"og:locale\" content=\"pt_BR\" \/>\n<meta property=\"og:type\" content=\"article\" \/>\n<meta property=\"og:title\" content=\"MAPA Estat\u00edstica 51\/2025\" \/>\n<meta property=\"og:description\" content=\"Atividade MAPA Estat\u00edstica 51\/2025 &#8902; Unicesumar. Baixe agora mesmo um Mapa Pronto resolvido!\" \/>\n<meta property=\"og:url\" content=\"https:\/\/atividademapa.com\/?product=mapa-estatistica-51-2025\" \/>\n<meta property=\"og:site_name\" content=\"Atividade Mapa\" \/>\n<meta property=\"article:modified_time\" content=\"2025-04-13T20:34:39+00:00\" \/>\n<meta property=\"og:image\" content=\"https:\/\/i0.wp.com\/atividademapa.com\/wp-content\/uploads\/2023\/03\/Atividade-M.A.P.A-3.png?fit=300%2C300&ssl=1\" \/>\n\t<meta property=\"og:image:width\" content=\"300\" \/>\n\t<meta property=\"og:image:height\" content=\"300\" \/>\n\t<meta property=\"og:image:type\" content=\"image\/png\" \/>\n<meta name=\"twitter:card\" content=\"summary_large_image\" \/>\n<meta name=\"twitter:label1\" content=\"Est. tempo de leitura\" \/>\n\t<meta name=\"twitter:data1\" content=\"5 minutos\" \/>\n<script type=\"application\/ld+json\" class=\"yoast-schema-graph\">{\"@context\":\"https:\\\/\\\/schema.org\",\"@graph\":[{\"@type\":\"WebPage\",\"@id\":\"https:\\\/\\\/atividademapa.com\\\/?product=mapa-estatistica-51-2025\",\"url\":\"https:\\\/\\\/atividademapa.com\\\/?product=mapa-estatistica-51-2025\",\"name\":\"MAPA Estat\u00edstica 51\\\/2025\",\"isPartOf\":{\"@id\":\"https:\\\/\\\/atividademapa.com\\\/#website\"},\"primaryImageOfPage\":{\"@id\":\"https:\\\/\\\/atividademapa.com\\\/?product=mapa-estatistica-51-2025#primaryimage\"},\"image\":{\"@id\":\"https:\\\/\\\/atividademapa.com\\\/?product=mapa-estatistica-51-2025#primaryimage\"},\"thumbnailUrl\":\"https:\\\/\\\/i0.wp.com\\\/atividademapa.com\\\/wp-content\\\/uploads\\\/2023\\\/03\\\/Atividade-M.A.P.A-3.png?fit=300%2C300&ssl=1\",\"datePublished\":\"2025-01-05T18:25:27+00:00\",\"dateModified\":\"2025-04-13T20:34:39+00:00\",\"description\":\"Atividade MAPA Estat\u00edstica 51\\\/2025 &#8902; Unicesumar. Baixe agora mesmo um Mapa Pronto resolvido!\",\"breadcrumb\":{\"@id\":\"https:\\\/\\\/atividademapa.com\\\/?product=mapa-estatistica-51-2025#breadcrumb\"},\"inLanguage\":\"pt-BR\",\"potentialAction\":[{\"@type\":\"ReadAction\",\"target\":[\"https:\\\/\\\/atividademapa.com\\\/?product=mapa-estatistica-51-2025\"]}]},{\"@type\":\"ImageObject\",\"inLanguage\":\"pt-BR\",\"@id\":\"https:\\\/\\\/atividademapa.com\\\/?product=mapa-estatistica-51-2025#primaryimage\",\"url\":\"https:\\\/\\\/i0.wp.com\\\/atividademapa.com\\\/wp-content\\\/uploads\\\/2023\\\/03\\\/Atividade-M.A.P.A-3.png?fit=300%2C300&ssl=1\",\"contentUrl\":\"https:\\\/\\\/i0.wp.com\\\/atividademapa.com\\\/wp-content\\\/uploads\\\/2023\\\/03\\\/Atividade-M.A.P.A-3.png?fit=300%2C300&ssl=1\",\"width\":300,\"height\":300,\"caption\":\"Mapa Unicesumar Atividade\"},{\"@type\":\"BreadcrumbList\",\"@id\":\"https:\\\/\\\/atividademapa.com\\\/?product=mapa-estatistica-51-2025#breadcrumb\",\"itemListElement\":[{\"@type\":\"ListItem\",\"position\":1,\"name\":\"In\u00edcio\",\"item\":\"https:\\\/\\\/atividademapa.com\\\/\"},{\"@type\":\"ListItem\",\"position\":2,\"name\":\"MAPAS\",\"item\":\"https:\\\/\\\/atividademapa.com\\\/?page_id=5\"},{\"@type\":\"ListItem\",\"position\":3,\"name\":\"MAPA Estat\u00edstica 51\\\/2025\"}]},{\"@type\":\"WebSite\",\"@id\":\"https:\\\/\\\/atividademapa.com\\\/#website\",\"url\":\"https:\\\/\\\/atividademapa.com\\\/\",\"name\":\"Atividade Mapa\",\"description\":\"StudeO | Unicesumar\",\"publisher\":{\"@id\":\"https:\\\/\\\/atividademapa.com\\\/#organization\"},\"potentialAction\":[{\"@type\":\"SearchAction\",\"target\":{\"@type\":\"EntryPoint\",\"urlTemplate\":\"https:\\\/\\\/atividademapa.com\\\/?s={search_term_string}\"},\"query-input\":{\"@type\":\"PropertyValueSpecification\",\"valueRequired\":true,\"valueName\":\"search_term_string\"}}],\"inLanguage\":\"pt-BR\"},{\"@type\":\"Organization\",\"@id\":\"https:\\\/\\\/atividademapa.com\\\/#organization\",\"name\":\"Atividade MAPA\",\"url\":\"https:\\\/\\\/atividademapa.com\\\/\",\"logo\":{\"@type\":\"ImageObject\",\"inLanguage\":\"pt-BR\",\"@id\":\"https:\\\/\\\/atividademapa.com\\\/#\\\/schema\\\/logo\\\/image\\\/\",\"url\":\"https:\\\/\\\/i0.wp.com\\\/atividademapa.com\\\/wp-content\\\/uploads\\\/2023\\\/02\\\/ATIVIDADE.png?fit=600%2C300&ssl=1\",\"contentUrl\":\"https:\\\/\\\/i0.wp.com\\\/atividademapa.com\\\/wp-content\\\/uploads\\\/2023\\\/02\\\/ATIVIDADE.png?fit=600%2C300&ssl=1\",\"width\":600,\"height\":300,\"caption\":\"Atividade MAPA\"},\"image\":{\"@id\":\"https:\\\/\\\/atividademapa.com\\\/#\\\/schema\\\/logo\\\/image\\\/\"}}]}<\/script>\n<!-- \/ Yoast SEO plugin. -->","yoast_head_json":{"title":"MAPA Estat\u00edstica 51\/2025","description":"Atividade MAPA Estat\u00edstica 51\/2025 &#8902; Unicesumar. Baixe agora mesmo um Mapa Pronto resolvido!","robots":{"index":"index","follow":"follow","max-snippet":"max-snippet:-1","max-image-preview":"max-image-preview:large","max-video-preview":"max-video-preview:-1"},"canonical":"https:\/\/atividademapa.com\/?product=mapa-estatistica-51-2025","og_locale":"pt_BR","og_type":"article","og_title":"MAPA Estat\u00edstica 51\/2025","og_description":"Atividade MAPA Estat\u00edstica 51\/2025 &#8902; Unicesumar. Baixe agora mesmo um Mapa Pronto resolvido!","og_url":"https:\/\/atividademapa.com\/?product=mapa-estatistica-51-2025","og_site_name":"Atividade Mapa","article_modified_time":"2025-04-13T20:34:39+00:00","og_image":[{"width":300,"height":300,"url":"https:\/\/i0.wp.com\/atividademapa.com\/wp-content\/uploads\/2023\/03\/Atividade-M.A.P.A-3.png?fit=300%2C300&ssl=1","type":"image\/png"}],"twitter_card":"summary_large_image","twitter_misc":{"Est. tempo de leitura":"5 minutos"},"schema":{"@context":"https:\/\/schema.org","@graph":[{"@type":"WebPage","@id":"https:\/\/atividademapa.com\/?product=mapa-estatistica-51-2025","url":"https:\/\/atividademapa.com\/?product=mapa-estatistica-51-2025","name":"MAPA Estat\u00edstica 51\/2025","isPartOf":{"@id":"https:\/\/atividademapa.com\/#website"},"primaryImageOfPage":{"@id":"https:\/\/atividademapa.com\/?product=mapa-estatistica-51-2025#primaryimage"},"image":{"@id":"https:\/\/atividademapa.com\/?product=mapa-estatistica-51-2025#primaryimage"},"thumbnailUrl":"https:\/\/i0.wp.com\/atividademapa.com\/wp-content\/uploads\/2023\/03\/Atividade-M.A.P.A-3.png?fit=300%2C300&ssl=1","datePublished":"2025-01-05T18:25:27+00:00","dateModified":"2025-04-13T20:34:39+00:00","description":"Atividade MAPA Estat\u00edstica 51\/2025 &#8902; Unicesumar. Baixe agora mesmo um Mapa Pronto resolvido!","breadcrumb":{"@id":"https:\/\/atividademapa.com\/?product=mapa-estatistica-51-2025#breadcrumb"},"inLanguage":"pt-BR","potentialAction":[{"@type":"ReadAction","target":["https:\/\/atividademapa.com\/?product=mapa-estatistica-51-2025"]}]},{"@type":"ImageObject","inLanguage":"pt-BR","@id":"https:\/\/atividademapa.com\/?product=mapa-estatistica-51-2025#primaryimage","url":"https:\/\/i0.wp.com\/atividademapa.com\/wp-content\/uploads\/2023\/03\/Atividade-M.A.P.A-3.png?fit=300%2C300&ssl=1","contentUrl":"https:\/\/i0.wp.com\/atividademapa.com\/wp-content\/uploads\/2023\/03\/Atividade-M.A.P.A-3.png?fit=300%2C300&ssl=1","width":300,"height":300,"caption":"Mapa Unicesumar Atividade"},{"@type":"BreadcrumbList","@id":"https:\/\/atividademapa.com\/?product=mapa-estatistica-51-2025#breadcrumb","itemListElement":[{"@type":"ListItem","position":1,"name":"In\u00edcio","item":"https:\/\/atividademapa.com\/"},{"@type":"ListItem","position":2,"name":"MAPAS","item":"https:\/\/atividademapa.com\/?page_id=5"},{"@type":"ListItem","position":3,"name":"MAPA Estat\u00edstica 51\/2025"}]},{"@type":"WebSite","@id":"https:\/\/atividademapa.com\/#website","url":"https:\/\/atividademapa.com\/","name":"Atividade Mapa","description":"StudeO | Unicesumar","publisher":{"@id":"https:\/\/atividademapa.com\/#organization"},"potentialAction":[{"@type":"SearchAction","target":{"@type":"EntryPoint","urlTemplate":"https:\/\/atividademapa.com\/?s={search_term_string}"},"query-input":{"@type":"PropertyValueSpecification","valueRequired":true,"valueName":"search_term_string"}}],"inLanguage":"pt-BR"},{"@type":"Organization","@id":"https:\/\/atividademapa.com\/#organization","name":"Atividade MAPA","url":"https:\/\/atividademapa.com\/","logo":{"@type":"ImageObject","inLanguage":"pt-BR","@id":"https:\/\/atividademapa.com\/#\/schema\/logo\/image\/","url":"https:\/\/i0.wp.com\/atividademapa.com\/wp-content\/uploads\/2023\/02\/ATIVIDADE.png?fit=600%2C300&ssl=1","contentUrl":"https:\/\/i0.wp.com\/atividademapa.com\/wp-content\/uploads\/2023\/02\/ATIVIDADE.png?fit=600%2C300&ssl=1","width":600,"height":300,"caption":"Atividade MAPA"},"image":{"@id":"https:\/\/atividademapa.com\/#\/schema\/logo\/image\/"}}]}},"_links":{"self":[{"href":"https:\/\/atividademapa.com\/index.php?rest_route=\/wp\/v2\/product\/5132","targetHints":{"allow":["GET"]}}],"collection":[{"href":"https:\/\/atividademapa.com\/index.php?rest_route=\/wp\/v2\/product"}],"about":[{"href":"https:\/\/atividademapa.com\/index.php?rest_route=\/wp\/v2\/types\/product"}],"version-history":[{"count":3,"href":"https:\/\/atividademapa.com\/index.php?rest_route=\/wp\/v2\/product\/5132\/revisions"}],"predecessor-version":[{"id":5490,"href":"https:\/\/atividademapa.com\/index.php?rest_route=\/wp\/v2\/product\/5132\/revisions\/5490"}],"wp:featuredmedia":[{"embeddable":true,"href":"https:\/\/atividademapa.com\/index.php?rest_route=\/wp\/v2\/media\/2326"}],"wp:attachment":[{"href":"https:\/\/atividademapa.com\/index.php?rest_route=%2Fwp%2Fv2%2Fmedia&parent=5132"}],"wp:term":[{"taxonomy":"product_brand","embeddable":true,"href":"https:\/\/atividademapa.com\/index.php?rest_route=%2Fwp%2Fv2%2Fproduct_brand&post=5132"},{"taxonomy":"product_cat","embeddable":true,"href":"https:\/\/atividademapa.com\/index.php?rest_route=%2Fwp%2Fv2%2Fproduct_cat&post=5132"},{"taxonomy":"product_tag","embeddable":true,"href":"https:\/\/atividademapa.com\/index.php?rest_route=%2Fwp%2Fv2%2Fproduct_tag&post=5132"}],"curies":[{"name":"wp","href":"https:\/\/api.w.org\/{rel}","templated":true}]}}