{"id":5238,"date":"2025-02-25T23:40:12","date_gmt":"2025-02-26T02:40:12","guid":{"rendered":"https:\/\/atividademapa.com\/?post_type=product&#038;p=5238"},"modified":"2025-02-25T23:40:14","modified_gmt":"2025-02-26T02:40:14","slug":"mapa-contabilidade-avancada-51-2025","status":"publish","type":"product","link":"https:\/\/atividademapa.com\/?product=mapa-contabilidade-avancada-51-2025","title":{"rendered":"MAPA &#8211; Contabilidade Avan\u00e7ada &#8211; 51\/2025"},"content":{"rendered":"<h2>MAPA \u2013 Contabilidade Avan\u00e7ada \u2013 51\/2025<\/h2>\n<p>Na atividade MAPA, da disciplina de Contabilidade Avan\u00e7ada, aplicaremos os conhecimentos relativos \u00e0 Consolida\u00e7\u00e3o das Demonstra\u00e7\u00f5es Cont\u00e1beis (Unidade IV).<\/p>\n<p>A Consolida\u00e7\u00e3o das Demonstra\u00e7\u00f5es Cont\u00e1beis, conforme orienta\u00e7\u00e3o do CPC 36 (R3), estabelece os crit\u00e9rios e procedimentos para consolidar demonstra\u00e7\u00f5es financeiras de um grupo econ\u00f4mico. Este procedimento tem como objetivo agregar o resultado financeiro e econ\u00f4mico do grupo empresarial como se fosse um s\u00f3, de uma \u00fanica sociedade (CAMELO, 2019). Ainda, o termo \u2018consolidar\u2019 n\u00e3o significa apenas somar os saldos de todas as contas do conglomerado empresarial, h\u00e1, sobretudo, necessidade de considerar opera\u00e7\u00f5es m\u00fatuas, fazendo ajustes fundamentais entre as entidades do grupo utilizando-se de t\u00e9cnicas extracont\u00e1beis (ALMEIDA, 2018).<\/p>\n<p>CAMELO, Augusto C\u00e9sar Oliveira. Contabilidade avan\u00e7ada. Maring\u00e1-Pr.: Unicesumar, 2019.<br \/>\nALMEIDA, Marcelo Cavalcanti. Contabilidade societ\u00e1ria. 3. Ed. S\u00e3o Paulo: Atlas, 2018.<\/p>\n<p><strong><u>CASO PR\u00c1TICO<\/u><\/strong><\/p>\n<p>A GlobalTech S.A. \u00e9 uma empresa consolidada no mercado de produtos de alta tecnologia, com atua\u00e7\u00e3o em todo o territ\u00f3rio nacional. Fundada h\u00e1 15 anos, a companhia expandiu suas opera\u00e7\u00f5es ao adquirir o controle da NextGen Components Ltda., uma fabricante regional de componentes eletr\u00f4nicos, h\u00e1 tr\u00eas anos. Essa aquisi\u00e7\u00e3o permitiu \u00e0 GlobalTech S.A. ampliar sua capacidade de produ\u00e7\u00e3o e atender uma demanda crescente em mercados de nicho.<br \/>\nAtualmente, a GlobalTech S.A. det\u00e9m 65% do capital social da NextGen Components Ltda., enquanto os 35% restantes pertencem a investidores minorit\u00e1rios. Ambas as empresas operam em sinergia, mas mant\u00eam suas estruturas cont\u00e1beis separadas, conforme os dados apresentados a seguir:<\/p>\n<p>&nbsp;<\/p>\n<table width=\"622\">\n<tbody>\n<tr>\n<td colspan=\"2\" width=\"491\">BALAN\u00c7O PATRIMONIAL<\/td>\n<\/tr>\n<tr>\n<td colspan=\"2\" width=\"491\">GLOBALTECH S.A (CONTROLADORA)<\/td>\n<\/tr>\n<tr>\n<td width=\"287\">EM 31\/12\/2024 \u2013 EM R$<\/td>\n<td width=\"204\"><\/td>\n<\/tr>\n<tr>\n<td width=\"287\"><strong>Descri\u00e7\u00e3o<\/strong><\/td>\n<td width=\"204\"><strong>Valor (R$)<\/strong><\/td>\n<\/tr>\n<tr>\n<td width=\"287\">ATIVO<\/td>\n<td width=\"204\">\u00a0R$\u00a0\u00a0 2.794.500,00<\/td>\n<\/tr>\n<tr>\n<td width=\"287\"><\/td>\n<td width=\"204\"><\/td>\n<\/tr>\n<tr>\n<td width=\"287\">Ativo Circulante<\/td>\n<td width=\"204\">\u00a0R$\u00a0\u00a0 1.482.000,00<\/td>\n<\/tr>\n<tr>\n<td width=\"287\">Caixa e Equivalentes de Caixa<\/td>\n<td width=\"204\">\u00a0R$\u00a0\u00a0\u00a0\u00a0\u00a0\u00a0 312.000,00<\/td>\n<\/tr>\n<tr>\n<td width=\"287\">Contas a Receber \u2013 Terceiros<\/td>\n<td width=\"204\">\u00a0R$\u00a0\u00a0\u00a0\u00a0\u00a0\u00a0 360.000,00<\/td>\n<\/tr>\n<tr>\n<td width=\"287\">Contas a Receber \u2013 Intercompanhias<\/td>\n<td width=\"204\">\u00a0R$\u00a0\u00a0\u00a0\u00a0\u00a0\u00a0 160.000,00<\/td>\n<\/tr>\n<tr>\n<td width=\"287\">Estoques<\/td>\n<td width=\"204\">\u00a0R$\u00a0\u00a0\u00a0\u00a0\u00a0\u00a0 650.000,00<\/td>\n<\/tr>\n<tr>\n<td width=\"287\"><\/td>\n<td width=\"204\"><\/td>\n<\/tr>\n<tr>\n<td width=\"287\">Ativo N\u00e3o Circulante<\/td>\n<td width=\"204\">\u00a0R$\u00a0\u00a0 1.312.500,00<\/td>\n<\/tr>\n<tr>\n<td width=\"287\">Investimentos<\/td>\n<td width=\"204\"><\/td>\n<\/tr>\n<tr>\n<td width=\"287\">A\u00e7\u00f5es de Controladas<\/td>\n<td width=\"204\">\u00a0R$\u00a0\u00a0\u00a0\u00a0\u00a0\u00a0 162.500,00<\/td>\n<\/tr>\n<tr>\n<td width=\"287\">Imobilizado<\/td>\n<td width=\"204\">\u00a0R$\u00a0\u00a0 1.150.000,00<\/td>\n<\/tr>\n<tr>\n<td width=\"287\"><\/td>\n<td width=\"204\"><\/td>\n<\/tr>\n<tr>\n<td width=\"287\">PASSIVO<\/td>\n<td width=\"204\">\u00a0R$\u00a0\u00a0 1.078.000,00<\/td>\n<\/tr>\n<tr>\n<td width=\"287\"><\/td>\n<td width=\"204\"><\/td>\n<\/tr>\n<tr>\n<td width=\"287\">Passivo Circulante<\/td>\n<td width=\"204\">\u00a0R$\u00a0\u00a0 1.078.000,00<\/td>\n<\/tr>\n<tr>\n<td width=\"287\">Fornecedores \u2013 Terceiros<\/td>\n<td width=\"204\">\u00a0R$\u00a0\u00a0\u00a0\u00a0\u00a0\u00a0 936.000,00<\/td>\n<\/tr>\n<tr>\n<td width=\"287\">Fornecedores \u2013 Intercompanhias<\/td>\n<td width=\"204\"><\/td>\n<\/tr>\n<tr>\n<td width=\"287\">Outras Obriga\u00e7\u00f5es<\/td>\n<td width=\"204\">\u00a0R$\u00a0\u00a0\u00a0\u00a0\u00a0\u00a0 142.000,00<\/td>\n<\/tr>\n<tr>\n<td width=\"287\">Dividendos a Pagar \u2013 Controladora<\/td>\n<td width=\"204\"><\/td>\n<\/tr>\n<tr>\n<td width=\"287\"><\/td>\n<td width=\"204\"><\/td>\n<\/tr>\n<tr>\n<td width=\"287\">PATRIM\u00d4NIO L\u00cdQUIDO<\/td>\n<td width=\"204\">\u00a0R$\u00a0\u00a0 1.716.500,00<\/td>\n<\/tr>\n<tr>\n<td width=\"287\">Capital Social<\/td>\n<td width=\"204\">\u00a0R$\u00a0\u00a0 1.716.500,00<\/td>\n<\/tr>\n<tr>\n<td width=\"287\">Participa\u00e7\u00e3o de Acionistas N\u00e3o Controladores<\/td>\n<td width=\"204\"><\/td>\n<\/tr>\n<tr>\n<td width=\"287\"><\/td>\n<td width=\"204\"><\/td>\n<\/tr>\n<tr>\n<td width=\"287\">Total do Passivo + PL<\/td>\n<td width=\"204\">\u00a0R$\u00a0\u00a0 2.794.500,00<\/td>\n<\/tr>\n<\/tbody>\n<\/table>\n<p>&nbsp;<\/p>\n<p>&nbsp;<\/p>\n<table width=\"616\">\n<tbody>\n<tr>\n<td width=\"293\"><strong>Descri\u00e7\u00e3o<\/strong><\/td>\n<td width=\"198\"><strong>Valor (R$)<\/strong><\/td>\n<\/tr>\n<tr>\n<td colspan=\"2\" width=\"491\">BALAN\u00c7O PATRIMONIAL<\/td>\n<\/tr>\n<tr>\n<td colspan=\"2\" width=\"491\">NEXTGEN COMPONENTS LTDA (controlada)<\/td>\n<\/tr>\n<tr>\n<td width=\"293\">Em 31\/12\/2024 \u2013 Em R$<\/td>\n<td width=\"198\"><\/td>\n<\/tr>\n<tr>\n<td width=\"293\"><\/td>\n<td width=\"198\"><\/td>\n<\/tr>\n<tr>\n<td width=\"293\">ATIVO<\/td>\n<td width=\"198\">\u00a0R$\u00a0\u00a0 595.636,00<\/td>\n<\/tr>\n<tr>\n<td width=\"293\"><\/td>\n<td width=\"198\"><\/td>\n<\/tr>\n<tr>\n<td width=\"293\">Ativo Circulante<\/td>\n<td width=\"198\">\u00a0R$\u00a0\u00a0 480.636,00<\/td>\n<\/tr>\n<tr>\n<td width=\"293\">Caixa e Equivalentes de Caixa<\/td>\n<td width=\"198\">\u00a0R$\u00a0\u00a0 102.740,00<\/td>\n<\/tr>\n<tr>\n<td width=\"293\">Contas a Receber \u2013 Terceiros<\/td>\n<td width=\"198\">\u00a0R$\u00a0\u00a0\u00a0\u00a0 37.896,00<\/td>\n<\/tr>\n<tr>\n<td width=\"293\">Contas a Receber \u2013 Intercompanhias<\/td>\n<td width=\"198\"><\/td>\n<\/tr>\n<tr>\n<td width=\"293\">Estoques<\/td>\n<td width=\"198\">\u00a0R$\u00a0\u00a0 340.000,00<\/td>\n<\/tr>\n<tr>\n<td width=\"293\"><\/td>\n<td width=\"198\"><\/td>\n<\/tr>\n<tr>\n<td width=\"293\">Ativo N\u00e3o Circulante<\/td>\n<td width=\"198\">\u00a0R$\u00a0\u00a0 115.000,00<\/td>\n<\/tr>\n<tr>\n<td width=\"293\">Investimentos<\/td>\n<td width=\"198\"><\/td>\n<\/tr>\n<tr>\n<td width=\"293\">A\u00e7\u00f5es de Controladas<\/td>\n<td width=\"198\"><\/td>\n<\/tr>\n<tr>\n<td width=\"293\">Imobilizado L\u00edquido<\/td>\n<td width=\"198\">\u00a0R$\u00a0\u00a0 115.000,00<\/td>\n<\/tr>\n<tr>\n<td width=\"293\"><\/td>\n<td width=\"198\"><\/td>\n<\/tr>\n<tr>\n<td width=\"293\">PASSIVO<\/td>\n<td width=\"198\">\u00a0R$\u00a0\u00a0 345.636,00<\/td>\n<\/tr>\n<tr>\n<td width=\"293\"><\/td>\n<td width=\"198\"><\/td>\n<\/tr>\n<tr>\n<td width=\"293\">Passivo Circulante<\/td>\n<td width=\"198\">\u00a0R$\u00a0\u00a0 345.636,00<\/td>\n<\/tr>\n<tr>\n<td width=\"293\">Fornecedores \u2013 Terceiros<\/td>\n<td width=\"198\">\u00a0R$\u00a0\u00a0\u00a0\u00a0 98.000,00<\/td>\n<\/tr>\n<tr>\n<td width=\"293\">Fornecedores \u2013 Intercompanhias<\/td>\n<td width=\"198\">\u00a0R$\u00a0\u00a0 160.000,00<\/td>\n<\/tr>\n<tr>\n<td width=\"293\">Outras Obriga\u00e7\u00f5es<\/td>\n<td width=\"198\">\u00a0R$\u00a0\u00a0\u00a0\u00a0 87.636,00<\/td>\n<\/tr>\n<tr>\n<td width=\"293\">Dividendos a Pagar \u2013 Controladora<\/td>\n<td width=\"198\"><\/td>\n<\/tr>\n<tr>\n<td width=\"293\"><\/td>\n<td width=\"198\"><\/td>\n<\/tr>\n<tr>\n<td width=\"293\"><\/td>\n<td width=\"198\"><\/td>\n<\/tr>\n<tr>\n<td width=\"293\">PATRIM\u00d4NIO L\u00cdQUIDO<\/td>\n<td width=\"198\">\u00a0R$\u00a0\u00a0 250.000,00<\/td>\n<\/tr>\n<tr>\n<td width=\"293\">Capital Social<\/td>\n<td width=\"198\">\u00a0R$\u00a0\u00a0 250.000,00<\/td>\n<\/tr>\n<tr>\n<td width=\"293\">Participa\u00e7\u00e3o de Acionistas N\u00e3o Controladores<\/td>\n<td width=\"198\"><\/td>\n<\/tr>\n<tr>\n<td width=\"293\"><\/td>\n<td width=\"198\"><\/td>\n<\/tr>\n<tr>\n<td width=\"293\"><\/td>\n<td width=\"198\"><\/td>\n<\/tr>\n<tr>\n<td width=\"293\">Total do Passivo + PL<\/td>\n<td width=\"198\">\u00a0R$\u00a0\u00a0 595.636,00<\/td>\n<\/tr>\n<\/tbody>\n<\/table>\n<p>&nbsp;<\/p>\n<p>Al\u00e9m das informa\u00e7\u00f5es acima, ocorreram opera\u00e7\u00f5es entre a controlada e a controladora durante o ano de 2024, ficando saldo nas contas a receber e a pagar entre controladas. Ap\u00f3s analisar as informa\u00e7\u00f5es do balan\u00e7o patrimonial de ambas as empresas e o plano de trabalho apresentado, o setor de contabilidade do grupo precisa realizar a consolida\u00e7\u00e3o das demonstra\u00e7\u00f5es cont\u00e1beis. Essa tarefa exige a identifica\u00e7\u00e3o e elimina\u00e7\u00e3o das transa\u00e7\u00f5es intragrupo, ajustes nos saldos do patrim\u00f4nio l\u00edquido e o c\u00e1lculo da participa\u00e7\u00e3o dos acionistas n\u00e3o controladores. Al\u00e9m disso, \u00e9 necess\u00e1rio garantir que o balan\u00e7o consolidado reflita de forma transparente e confi\u00e1vel a posi\u00e7\u00e3o financeira do grupo, seguindo as normas estabelecidas pelo CPC 36 (R3).<\/p>\n<p><u>ATIVIDADE PROPOSTA<\/u><\/p>\n<p>a)\u00a0<strong>Identifique<\/strong>\u00a0as transa\u00e7\u00f5es intragrupo a serem eliminadas.<\/p>\n<p><strong>RESPOSTA:<\/strong><\/p>\n<p>b)\u00a0<strong>Contabilize<\/strong>\u00a0as transa\u00e7\u00f5es intragrupo (\u00e9 necess\u00e1rio fazer os lan\u00e7amentos cont\u00e1beis de d\u00e9bito e cr\u00e9dito).<\/p>\n<p><strong>RESPOSTA:<\/strong><\/p>\n<p>c)\u00a0<strong>Calcule<\/strong>\u00a0a participa\u00e7\u00e3o dos acionistas n\u00e3o controladores na NextGen Components Ltda. Com base na participa\u00e7\u00e3o de 35%.<\/p>\n<p><strong>RESPOSTA:<\/strong><\/p>\n<p>d)\u00a0<strong>Contabilize<\/strong>\u00a0os ajustes de valores do Patrim\u00f4nio L\u00edquido Consolidado, considerando a participa\u00e7\u00e3o controladora e n\u00e3o controladora,\u00a0\u00e9 necess\u00e1rio fazer os lan\u00e7amentos cont\u00e1beis (d\u00e9bito e cr\u00e9dito).\u200b<\/p>\n<p><strong>RESPOSTA:<\/strong><\/p>\n<p>e)\u00a0<strong>Explique<\/strong>\u00a0(em at\u00e9 5 linhas) como os ajustes contribuem para a apresenta\u00e7\u00e3o transparente das informa\u00e7\u00f5es cont\u00e1beis.<\/p>\n<p><strong>RESPOSTA:<\/strong><\/p>\n<p>&nbsp;<\/p>\n","protected":false},"excerpt":{"rendered":"<p>MAPA \u2013 Contabilidade Avan\u00e7ada \u2013 51\/2025 Na atividade MAPA, da disciplina de Contabilidade Avan\u00e7ada, aplicaremos os conhecimentos relativos \u00e0 Consolida\u00e7\u00e3o<\/p>\n","protected":false},"featured_media":2326,"template":"","meta":{"_monsterinsights_skip_tracking":false,"_monsterinsights_sitenote_active":false,"_monsterinsights_sitenote_note":"","_monsterinsights_sitenote_category":0},"product_brand":[],"product_cat":[46],"product_tag":[129],"class_list":{"0":"post-5238","1":"product","2":"type-product","3":"status-publish","4":"has-post-thumbnail","6":"product_cat-ciencias-contabeis","7":"product_tag-contabilidade-avancada","9":"first","10":"instock","11":"downloadable","12":"virtual","13":"purchasable","14":"product-type-simple"},"yoast_head":"<!-- This site is optimized with the Yoast SEO plugin v27.4 - https:\/\/yoast.com\/product\/yoast-seo-wordpress\/ -->\n<title>MAPA - Contabilidade Avan\u00e7ada - 51\/2025<\/title>\n<meta name=\"description\" content=\"Atividade MAPA - Contabilidade Avan\u00e7ada - 51\/2025 &#8902; Unicesumar. Baixe agora mesmo um Mapa Pronto resolvido!\" \/>\n<meta name=\"robots\" content=\"index, follow, max-snippet:-1, max-image-preview:large, max-video-preview:-1\" \/>\n<link rel=\"canonical\" href=\"https:\/\/atividademapa.com\/?product=mapa-contabilidade-avancada-51-2025\" \/>\n<meta property=\"og:locale\" content=\"pt_BR\" \/>\n<meta property=\"og:type\" content=\"article\" \/>\n<meta property=\"og:title\" content=\"MAPA - Contabilidade Avan\u00e7ada - 51\/2025\" \/>\n<meta property=\"og:description\" content=\"Atividade MAPA - Contabilidade Avan\u00e7ada - 51\/2025 &#8902; Unicesumar. Baixe agora mesmo um Mapa Pronto resolvido!\" \/>\n<meta property=\"og:url\" content=\"https:\/\/atividademapa.com\/?product=mapa-contabilidade-avancada-51-2025\" \/>\n<meta property=\"og:site_name\" content=\"Atividade Mapa\" \/>\n<meta property=\"article:modified_time\" content=\"2025-02-26T02:40:14+00:00\" \/>\n<meta property=\"og:image\" content=\"https:\/\/i0.wp.com\/atividademapa.com\/wp-content\/uploads\/2023\/03\/Atividade-M.A.P.A-3.png?fit=300%2C300&ssl=1\" \/>\n\t<meta property=\"og:image:width\" content=\"300\" \/>\n\t<meta property=\"og:image:height\" content=\"300\" \/>\n\t<meta property=\"og:image:type\" content=\"image\/png\" \/>\n<meta name=\"twitter:card\" content=\"summary_large_image\" \/>\n<meta name=\"twitter:label1\" content=\"Est. tempo de leitura\" \/>\n\t<meta name=\"twitter:data1\" content=\"3 minutos\" \/>\n<script type=\"application\/ld+json\" class=\"yoast-schema-graph\">{\"@context\":\"https:\\\/\\\/schema.org\",\"@graph\":[{\"@type\":\"WebPage\",\"@id\":\"https:\\\/\\\/atividademapa.com\\\/?product=mapa-contabilidade-avancada-51-2025\",\"url\":\"https:\\\/\\\/atividademapa.com\\\/?product=mapa-contabilidade-avancada-51-2025\",\"name\":\"MAPA - Contabilidade Avan\u00e7ada - 51\\\/2025\",\"isPartOf\":{\"@id\":\"https:\\\/\\\/atividademapa.com\\\/#website\"},\"primaryImageOfPage\":{\"@id\":\"https:\\\/\\\/atividademapa.com\\\/?product=mapa-contabilidade-avancada-51-2025#primaryimage\"},\"image\":{\"@id\":\"https:\\\/\\\/atividademapa.com\\\/?product=mapa-contabilidade-avancada-51-2025#primaryimage\"},\"thumbnailUrl\":\"https:\\\/\\\/i0.wp.com\\\/atividademapa.com\\\/wp-content\\\/uploads\\\/2023\\\/03\\\/Atividade-M.A.P.A-3.png?fit=300%2C300&ssl=1\",\"datePublished\":\"2025-02-26T02:40:12+00:00\",\"dateModified\":\"2025-02-26T02:40:14+00:00\",\"description\":\"Atividade MAPA - Contabilidade Avan\u00e7ada - 51\\\/2025 &#8902; Unicesumar. Baixe agora mesmo um Mapa Pronto resolvido!\",\"breadcrumb\":{\"@id\":\"https:\\\/\\\/atividademapa.com\\\/?product=mapa-contabilidade-avancada-51-2025#breadcrumb\"},\"inLanguage\":\"pt-BR\",\"potentialAction\":[{\"@type\":\"ReadAction\",\"target\":[\"https:\\\/\\\/atividademapa.com\\\/?product=mapa-contabilidade-avancada-51-2025\"]}]},{\"@type\":\"ImageObject\",\"inLanguage\":\"pt-BR\",\"@id\":\"https:\\\/\\\/atividademapa.com\\\/?product=mapa-contabilidade-avancada-51-2025#primaryimage\",\"url\":\"https:\\\/\\\/i0.wp.com\\\/atividademapa.com\\\/wp-content\\\/uploads\\\/2023\\\/03\\\/Atividade-M.A.P.A-3.png?fit=300%2C300&ssl=1\",\"contentUrl\":\"https:\\\/\\\/i0.wp.com\\\/atividademapa.com\\\/wp-content\\\/uploads\\\/2023\\\/03\\\/Atividade-M.A.P.A-3.png?fit=300%2C300&ssl=1\",\"width\":300,\"height\":300,\"caption\":\"Mapa Unicesumar Atividade\"},{\"@type\":\"BreadcrumbList\",\"@id\":\"https:\\\/\\\/atividademapa.com\\\/?product=mapa-contabilidade-avancada-51-2025#breadcrumb\",\"itemListElement\":[{\"@type\":\"ListItem\",\"position\":1,\"name\":\"In\u00edcio\",\"item\":\"https:\\\/\\\/atividademapa.com\\\/\"},{\"@type\":\"ListItem\",\"position\":2,\"name\":\"MAPAS\",\"item\":\"https:\\\/\\\/atividademapa.com\\\/?page_id=5\"},{\"@type\":\"ListItem\",\"position\":3,\"name\":\"MAPA &#8211; Contabilidade Avan\u00e7ada &#8211; 51\\\/2025\"}]},{\"@type\":\"WebSite\",\"@id\":\"https:\\\/\\\/atividademapa.com\\\/#website\",\"url\":\"https:\\\/\\\/atividademapa.com\\\/\",\"name\":\"Atividade Mapa\",\"description\":\"StudeO | Unicesumar\",\"publisher\":{\"@id\":\"https:\\\/\\\/atividademapa.com\\\/#organization\"},\"potentialAction\":[{\"@type\":\"SearchAction\",\"target\":{\"@type\":\"EntryPoint\",\"urlTemplate\":\"https:\\\/\\\/atividademapa.com\\\/?s={search_term_string}\"},\"query-input\":{\"@type\":\"PropertyValueSpecification\",\"valueRequired\":true,\"valueName\":\"search_term_string\"}}],\"inLanguage\":\"pt-BR\"},{\"@type\":\"Organization\",\"@id\":\"https:\\\/\\\/atividademapa.com\\\/#organization\",\"name\":\"Atividade MAPA\",\"url\":\"https:\\\/\\\/atividademapa.com\\\/\",\"logo\":{\"@type\":\"ImageObject\",\"inLanguage\":\"pt-BR\",\"@id\":\"https:\\\/\\\/atividademapa.com\\\/#\\\/schema\\\/logo\\\/image\\\/\",\"url\":\"https:\\\/\\\/i0.wp.com\\\/atividademapa.com\\\/wp-content\\\/uploads\\\/2023\\\/02\\\/ATIVIDADE.png?fit=600%2C300&ssl=1\",\"contentUrl\":\"https:\\\/\\\/i0.wp.com\\\/atividademapa.com\\\/wp-content\\\/uploads\\\/2023\\\/02\\\/ATIVIDADE.png?fit=600%2C300&ssl=1\",\"width\":600,\"height\":300,\"caption\":\"Atividade MAPA\"},\"image\":{\"@id\":\"https:\\\/\\\/atividademapa.com\\\/#\\\/schema\\\/logo\\\/image\\\/\"}}]}<\/script>\n<!-- \/ Yoast SEO plugin. -->","yoast_head_json":{"title":"MAPA - Contabilidade Avan\u00e7ada - 51\/2025","description":"Atividade MAPA - Contabilidade Avan\u00e7ada - 51\/2025 &#8902; Unicesumar. Baixe agora mesmo um Mapa Pronto resolvido!","robots":{"index":"index","follow":"follow","max-snippet":"max-snippet:-1","max-image-preview":"max-image-preview:large","max-video-preview":"max-video-preview:-1"},"canonical":"https:\/\/atividademapa.com\/?product=mapa-contabilidade-avancada-51-2025","og_locale":"pt_BR","og_type":"article","og_title":"MAPA - Contabilidade Avan\u00e7ada - 51\/2025","og_description":"Atividade MAPA - Contabilidade Avan\u00e7ada - 51\/2025 &#8902; Unicesumar. Baixe agora mesmo um Mapa Pronto resolvido!","og_url":"https:\/\/atividademapa.com\/?product=mapa-contabilidade-avancada-51-2025","og_site_name":"Atividade Mapa","article_modified_time":"2025-02-26T02:40:14+00:00","og_image":[{"width":300,"height":300,"url":"https:\/\/i0.wp.com\/atividademapa.com\/wp-content\/uploads\/2023\/03\/Atividade-M.A.P.A-3.png?fit=300%2C300&ssl=1","type":"image\/png"}],"twitter_card":"summary_large_image","twitter_misc":{"Est. tempo de leitura":"3 minutos"},"schema":{"@context":"https:\/\/schema.org","@graph":[{"@type":"WebPage","@id":"https:\/\/atividademapa.com\/?product=mapa-contabilidade-avancada-51-2025","url":"https:\/\/atividademapa.com\/?product=mapa-contabilidade-avancada-51-2025","name":"MAPA - Contabilidade Avan\u00e7ada - 51\/2025","isPartOf":{"@id":"https:\/\/atividademapa.com\/#website"},"primaryImageOfPage":{"@id":"https:\/\/atividademapa.com\/?product=mapa-contabilidade-avancada-51-2025#primaryimage"},"image":{"@id":"https:\/\/atividademapa.com\/?product=mapa-contabilidade-avancada-51-2025#primaryimage"},"thumbnailUrl":"https:\/\/i0.wp.com\/atividademapa.com\/wp-content\/uploads\/2023\/03\/Atividade-M.A.P.A-3.png?fit=300%2C300&ssl=1","datePublished":"2025-02-26T02:40:12+00:00","dateModified":"2025-02-26T02:40:14+00:00","description":"Atividade MAPA - Contabilidade Avan\u00e7ada - 51\/2025 &#8902; Unicesumar. Baixe agora mesmo um Mapa Pronto resolvido!","breadcrumb":{"@id":"https:\/\/atividademapa.com\/?product=mapa-contabilidade-avancada-51-2025#breadcrumb"},"inLanguage":"pt-BR","potentialAction":[{"@type":"ReadAction","target":["https:\/\/atividademapa.com\/?product=mapa-contabilidade-avancada-51-2025"]}]},{"@type":"ImageObject","inLanguage":"pt-BR","@id":"https:\/\/atividademapa.com\/?product=mapa-contabilidade-avancada-51-2025#primaryimage","url":"https:\/\/i0.wp.com\/atividademapa.com\/wp-content\/uploads\/2023\/03\/Atividade-M.A.P.A-3.png?fit=300%2C300&ssl=1","contentUrl":"https:\/\/i0.wp.com\/atividademapa.com\/wp-content\/uploads\/2023\/03\/Atividade-M.A.P.A-3.png?fit=300%2C300&ssl=1","width":300,"height":300,"caption":"Mapa Unicesumar Atividade"},{"@type":"BreadcrumbList","@id":"https:\/\/atividademapa.com\/?product=mapa-contabilidade-avancada-51-2025#breadcrumb","itemListElement":[{"@type":"ListItem","position":1,"name":"In\u00edcio","item":"https:\/\/atividademapa.com\/"},{"@type":"ListItem","position":2,"name":"MAPAS","item":"https:\/\/atividademapa.com\/?page_id=5"},{"@type":"ListItem","position":3,"name":"MAPA &#8211; Contabilidade Avan\u00e7ada &#8211; 51\/2025"}]},{"@type":"WebSite","@id":"https:\/\/atividademapa.com\/#website","url":"https:\/\/atividademapa.com\/","name":"Atividade Mapa","description":"StudeO | Unicesumar","publisher":{"@id":"https:\/\/atividademapa.com\/#organization"},"potentialAction":[{"@type":"SearchAction","target":{"@type":"EntryPoint","urlTemplate":"https:\/\/atividademapa.com\/?s={search_term_string}"},"query-input":{"@type":"PropertyValueSpecification","valueRequired":true,"valueName":"search_term_string"}}],"inLanguage":"pt-BR"},{"@type":"Organization","@id":"https:\/\/atividademapa.com\/#organization","name":"Atividade MAPA","url":"https:\/\/atividademapa.com\/","logo":{"@type":"ImageObject","inLanguage":"pt-BR","@id":"https:\/\/atividademapa.com\/#\/schema\/logo\/image\/","url":"https:\/\/i0.wp.com\/atividademapa.com\/wp-content\/uploads\/2023\/02\/ATIVIDADE.png?fit=600%2C300&ssl=1","contentUrl":"https:\/\/i0.wp.com\/atividademapa.com\/wp-content\/uploads\/2023\/02\/ATIVIDADE.png?fit=600%2C300&ssl=1","width":600,"height":300,"caption":"Atividade MAPA"},"image":{"@id":"https:\/\/atividademapa.com\/#\/schema\/logo\/image\/"}}]}},"_links":{"self":[{"href":"https:\/\/atividademapa.com\/index.php?rest_route=\/wp\/v2\/product\/5238","targetHints":{"allow":["GET"]}}],"collection":[{"href":"https:\/\/atividademapa.com\/index.php?rest_route=\/wp\/v2\/product"}],"about":[{"href":"https:\/\/atividademapa.com\/index.php?rest_route=\/wp\/v2\/types\/product"}],"version-history":[{"count":2,"href":"https:\/\/atividademapa.com\/index.php?rest_route=\/wp\/v2\/product\/5238\/revisions"}],"predecessor-version":[{"id":5341,"href":"https:\/\/atividademapa.com\/index.php?rest_route=\/wp\/v2\/product\/5238\/revisions\/5341"}],"wp:featuredmedia":[{"embeddable":true,"href":"https:\/\/atividademapa.com\/index.php?rest_route=\/wp\/v2\/media\/2326"}],"wp:attachment":[{"href":"https:\/\/atividademapa.com\/index.php?rest_route=%2Fwp%2Fv2%2Fmedia&parent=5238"}],"wp:term":[{"taxonomy":"product_brand","embeddable":true,"href":"https:\/\/atividademapa.com\/index.php?rest_route=%2Fwp%2Fv2%2Fproduct_brand&post=5238"},{"taxonomy":"product_cat","embeddable":true,"href":"https:\/\/atividademapa.com\/index.php?rest_route=%2Fwp%2Fv2%2Fproduct_cat&post=5238"},{"taxonomy":"product_tag","embeddable":true,"href":"https:\/\/atividademapa.com\/index.php?rest_route=%2Fwp%2Fv2%2Fproduct_tag&post=5238"}],"curies":[{"name":"wp","href":"https:\/\/api.w.org\/{rel}","templated":true}]}}