{"id":5247,"date":"2026-03-20T19:04:48","date_gmt":"2026-03-20T22:04:48","guid":{"rendered":"https:\/\/atividademapa.com\/?post_type=product&#038;p=5247"},"modified":"2026-03-21T17:37:36","modified_gmt":"2026-03-21T20:37:36","slug":"mapa-estrutura-das-demonstracoes-contabeis-51-2025","status":"publish","type":"product","link":"https:\/\/atividademapa.com\/?product=mapa-estrutura-das-demonstracoes-contabeis-51-2025","title":{"rendered":"MAPA &#8211; Estrutura das Demonstra\u00e7\u00f5es Cont\u00e1beis &#8211; 51\/2026"},"content":{"rendered":"<p>MAPA &#8211; Estrutura das Demonstra\u00e7\u00f5es Cont\u00e1beis &#8211; 51\/2026<\/p>\n<p>Ol\u00e1, estudante de Ci\u00eancias Cont\u00e1beis.<\/p>\n<p>Chegou o momento de explorar de forma PR\u00c1TICA os conte\u00fados aprendidos na disciplina de Estrutura das Demonstra\u00e7\u00f5es Cont\u00e1beis!<\/p>\n<p>Para isso, a atividade proposta corresponde ao MAPA (Material de Avalia\u00e7\u00e3o Pr\u00e1tica de Aprendizagem). O objetivo desta atividade \u00e9 que voc\u00ea se sinta imerso em rela\u00e7\u00e3o \u00e0 estrutura do Balan\u00e7o Patrimonial, DRE e DFC. Vamos l\u00e1?!<\/p>\n<p>Qual a import\u00e2ncia das demonstra\u00e7\u00f5es cont\u00e1beis para as empresas? Como s\u00e3o as suas estruturas? Voc\u00ea j\u00e1 verificou como \u00e9 o Balan\u00e7o Patrimonial, DRE e DFC de uma organiza\u00e7\u00e3o? Conseguiu identificar quais s\u00e3o as contas patrimoniais e as de resultado incorporadas nelas?<\/p>\n<p>O profissional da contabilidade deve seguir, sempre, as normas e procedimentos cont\u00e1beis para a elabora\u00e7\u00e3o de qualquer uma das demonstra\u00e7\u00f5es financeiras.<\/p>\n<p>O Balan\u00e7o Patrimonial destaca os ativos e passivos e apresenta a posi\u00e7\u00e3o financeira de uma organiza\u00e7\u00e3o. A Demonstra\u00e7\u00e3o do Resultado do Exerc\u00edcio (DRE) \u00e9 a apresenta\u00e7\u00e3o, em forma resumida, das receitas e despesas decorrentes das opera\u00e7\u00f5es realizadas pela empresa durante o exerc\u00edcio social, com o objetivo de demonstrar a forma\u00e7\u00e3o do resultado l\u00edquido do per\u00edodo. Por fim, a Demonstra\u00e7\u00e3o dos Fluxos de Caixa (DFC) tem como objetivo evidenciar as movimenta\u00e7\u00f5es de entrada e sa\u00edda de recursos financeiros de uma empresa em um determinado per\u00edodo.<\/p>\n<p>ATIVIDADE PROPOSTA:<\/p>\n<p>O contador da empresa Vitrine da Mulher Com. de Confec\u00e7\u00f5es Ltda. (ramo de roupas femininas) precisa desenvolver a escritura\u00e7\u00e3o cont\u00e1bil da empresa para que tenha os resultados referentes ao ano de 20X2. Desse modo, apresenta inicialmente os seguintes saldos cont\u00e1beis:<\/p>\n<p>&#8211; Banco Dindin: R$ 110.000,00<br \/>\n&#8211; Clientes: R$ 90.000,00<br \/>\n&#8211; Financiamentos a pagar: R$ 90.000,00<br \/>\n&#8211; Capital Subscrito: R$ 110.000,00<\/p>\n<p>No decorrer do ano houve as seguintes opera\u00e7\u00f5es:<\/p>\n<p>Fato 01 \u2013 03\/XX\/X2 \u2013 Comprou R$ 150.000,00 em mercadorias para revenda com ICMS de 19,5%, sendo 50% \u00e0 vista via Banco Dindin e o restante a prazo para 30 dias (se necess\u00e1rio, fazer a ficha de estoque pela m\u00e9dia ponderada m\u00f3vel para controle de saldos).<br \/>\nFato 02 \u2013 10\/XX\/X2 \u2013 Comprou um ve\u00edculo financiado pelo Banco Dindin por R$ 60.500,00 em 12 (doze) parcelas.<br \/>\nFato 03 \u2013 11\/XX\/X2 &#8211; Contraiu um empr\u00e9stimo de R$ 50.000,00 a curto prazo pelo Banco Dindin.<br \/>\nFato 04 \u2013 15\/XX\/X2 \u2013 Em fun\u00e7\u00e3o das vendas anteriores, a empresa recebeu R$ 10.000,00 dos Clientes com juros de 10% em virtude do atraso do pagamento.<br \/>\nFato 05 \u2013 17\/XX\/X2 \u2013 Apropria\u00e7\u00e3o do aluguel referente ao m\u00eas no valor de 3.500,00.<br \/>\nFato 06 \u2013 20\/XX\/X2 &#8211; Pagamento dos juros sobre o financiamento no valor de 1.200,00.<br \/>\nFato 07 \u2013 21\/XX\/X2 &#8211; Houve a venda de todo o estoque de mercadorias para revenda no valor de R$ 182.000,00 \u00e0 vista via Banco Dindin, com o ICMS de 19,5% (verificar o custo da compra, se necess\u00e1rio, fazer ficha de estoque pela m\u00e9dia ponderada m\u00f3vel).<br \/>\nFato 08 \u2013 25\/XX\/X2 \u2013 A empresa emprestou R$ 5.000,00 para terceiros (empr\u00e9stimo para um funcion\u00e1rio fora da folha de pagamento) para receber a longo prazo.<br \/>\nFato 09 \u2013 27\/XX\/X2 \u2013 Comprou \u00e0 vista atrav\u00e9s do Banco Dindin um im\u00f3vel no valor de R$ 100.000,00.<br \/>\nFato 10 \u2013 28\/XX\/X2 &#8211; Houve a entrada de um novo s\u00f3cio na empresa com um capital de R$ 110.000,00 com dep\u00f3sito no Banco Dindin.<br \/>\nFato 11 \u2013 30\/XX\/X2 \u2013 Apropria\u00e7\u00e3o do sal\u00e1rio dos funcion\u00e1rios referente ao m\u00eas no valor de R$ 14.120,00.<\/p>\n<p>Com base nos dados acima, pede-se:<\/p>\n<p>a) Elaborar o Livro Di\u00e1rio para os registros cont\u00e1beis das opera\u00e7\u00f5es da empresa.<br \/>\nb) Elaborar o Livro Razonete para apura\u00e7\u00e3o dos saldos de todas as contas cont\u00e1beis (patrimoniais e resultado).<br \/>\nRealizar os lan\u00e7amentos cont\u00e1beis de transfer\u00eancia dos saldos das receitas e despesas ou custos para a conta transit\u00f3ria &#8220;Resultado do Exerc\u00edcio&#8221; (partidas dobradas simples ou mistas), no Livro Di\u00e1rio;<br \/>\nc) Levantar o saldo da conta transit\u00f3ria &#8220;Resultado do Exerc\u00edcio&#8221; no Razonete;<br \/>\nd) Realizar o lan\u00e7amento cont\u00e1bil de transfer\u00eancia do saldo da conta &#8220;Resultado do Exerc\u00edcio&#8221; para conta patrimonial &#8220;Lucros Acumulados\/Preju\u00edzos Acumulados&#8221;, no Livro Di\u00e1rio;<br \/>\ne) Elaborar o Balancete de Verifica\u00e7\u00e3o com todas as contas patrimoniais, ap\u00f3s apura\u00e7\u00e3o do Resultado do Exerc\u00edcio no Livro Di\u00e1rio.<br \/>\nf) Elaborar o Balan\u00e7o Patrimonial;<br \/>\ng) Elaborar a DRE.<br \/>\nh) Elaborar a DFC pelo m\u00e9todo direto.<\/p>\n<p>IMPORTANTE:<br \/>\nPara realizar essa atividade voc\u00ea dever\u00e1:<br \/>\n&#8211; Assistir o v\u00eddeo explicativo, dispon\u00edvel no campo &#8220;AULAS AO VIVO\/ V\u00cdDEOS EXPLICATIVOS&#8221;;<br \/>\n&#8211; Baixar o arquivo \u201cFormul\u00e1rio MAPA \u2013 EDC\u201d dispon\u00edvel no Material da Disciplina e fazer o preenchimento;<br \/>\n&#8211; \u00c9 necess\u00e1rio salvar o arquivo com as respostas das quest\u00f5es e enviar no campo da atividade &#8220;MAPA&#8221; no ambiente da disciplina<\/p>\n","protected":false},"excerpt":{"rendered":"<p>MAPA &#8211; Estrutura das Demonstra\u00e7\u00f5es Cont\u00e1beis &#8211; 51\/2026 Ol\u00e1, estudante de Ci\u00eancias Cont\u00e1beis. Chegou o momento de explorar de forma<\/p>\n","protected":false},"featured_media":2326,"template":"","meta":{"_monsterinsights_skip_tracking":false,"_monsterinsights_sitenote_active":false,"_monsterinsights_sitenote_note":"","_monsterinsights_sitenote_category":0},"product_brand":[],"product_cat":[168,46],"product_tag":[],"class_list":{"0":"post-5247","1":"product","2":"type-product","3":"status-publish","4":"has-post-thumbnail","6":"product_cat-51-2026","7":"product_cat-ciencias-contabeis","9":"first","10":"instock","11":"downloadable","12":"virtual","13":"purchasable","14":"product-type-simple"},"yoast_head":"<!-- This site is optimized with the Yoast SEO plugin v27.4 - https:\/\/yoast.com\/product\/yoast-seo-wordpress\/ -->\n<title>MAPA - Estrutura das Demonstra\u00e7\u00f5es Cont\u00e1beis - 51\/2026<\/title>\n<meta name=\"description\" content=\"Atividade MAPA - Estrutura das Demonstra\u00e7\u00f5es Cont\u00e1beis - 51\/2026 &#8902; Unicesumar. Baixe agora mesmo um Mapa Pronto resolvido!\" \/>\n<meta name=\"robots\" content=\"index, follow, max-snippet:-1, max-image-preview:large, max-video-preview:-1\" \/>\n<link rel=\"canonical\" href=\"https:\/\/atividademapa.com\/?product=mapa-estrutura-das-demonstracoes-contabeis-51-2025\" \/>\n<meta property=\"og:locale\" content=\"pt_BR\" \/>\n<meta property=\"og:type\" content=\"article\" \/>\n<meta property=\"og:title\" content=\"MAPA - Estrutura das Demonstra\u00e7\u00f5es Cont\u00e1beis - 51\/2026\" \/>\n<meta property=\"og:description\" content=\"Atividade MAPA - Estrutura das Demonstra\u00e7\u00f5es Cont\u00e1beis - 51\/2026 &#8902; Unicesumar. Baixe agora mesmo um Mapa Pronto resolvido!\" \/>\n<meta property=\"og:url\" content=\"https:\/\/atividademapa.com\/?product=mapa-estrutura-das-demonstracoes-contabeis-51-2025\" \/>\n<meta property=\"og:site_name\" content=\"Atividade Mapa\" \/>\n<meta property=\"article:modified_time\" content=\"2026-03-21T20:37:36+00:00\" \/>\n<meta property=\"og:image\" content=\"https:\/\/atividademapa.com\/wp-content\/uploads\/2023\/03\/Atividade-M.A.P.A-3.png\" \/>\n\t<meta property=\"og:image:width\" content=\"300\" \/>\n\t<meta property=\"og:image:height\" content=\"300\" \/>\n\t<meta property=\"og:image:type\" content=\"image\/png\" \/>\n<meta name=\"twitter:card\" content=\"summary_large_image\" \/>\n<meta name=\"twitter:label1\" content=\"Est. tempo de leitura\" \/>\n\t<meta name=\"twitter:data1\" content=\"4 minutos\" \/>\n<script type=\"application\/ld+json\" class=\"yoast-schema-graph\">{\"@context\":\"https:\\\/\\\/schema.org\",\"@graph\":[{\"@type\":\"WebPage\",\"@id\":\"https:\\\/\\\/atividademapa.com\\\/?product=mapa-estrutura-das-demonstracoes-contabeis-51-2025\",\"url\":\"https:\\\/\\\/atividademapa.com\\\/?product=mapa-estrutura-das-demonstracoes-contabeis-51-2025\",\"name\":\"MAPA - Estrutura das Demonstra\u00e7\u00f5es Cont\u00e1beis - 51\\\/2026\",\"isPartOf\":{\"@id\":\"https:\\\/\\\/atividademapa.com\\\/#website\"},\"primaryImageOfPage\":{\"@id\":\"https:\\\/\\\/atividademapa.com\\\/?product=mapa-estrutura-das-demonstracoes-contabeis-51-2025#primaryimage\"},\"image\":{\"@id\":\"https:\\\/\\\/atividademapa.com\\\/?product=mapa-estrutura-das-demonstracoes-contabeis-51-2025#primaryimage\"},\"thumbnailUrl\":\"https:\\\/\\\/i0.wp.com\\\/atividademapa.com\\\/wp-content\\\/uploads\\\/2023\\\/03\\\/Atividade-M.A.P.A-3.png?fit=300%2C300&ssl=1\",\"datePublished\":\"2026-03-20T22:04:48+00:00\",\"dateModified\":\"2026-03-21T20:37:36+00:00\",\"description\":\"Atividade MAPA - Estrutura das Demonstra\u00e7\u00f5es Cont\u00e1beis - 51\\\/2026 &#8902; Unicesumar. Baixe agora mesmo um Mapa Pronto resolvido!\",\"breadcrumb\":{\"@id\":\"https:\\\/\\\/atividademapa.com\\\/?product=mapa-estrutura-das-demonstracoes-contabeis-51-2025#breadcrumb\"},\"inLanguage\":\"pt-BR\",\"potentialAction\":[{\"@type\":\"ReadAction\",\"target\":[\"https:\\\/\\\/atividademapa.com\\\/?product=mapa-estrutura-das-demonstracoes-contabeis-51-2025\"]}]},{\"@type\":\"ImageObject\",\"inLanguage\":\"pt-BR\",\"@id\":\"https:\\\/\\\/atividademapa.com\\\/?product=mapa-estrutura-das-demonstracoes-contabeis-51-2025#primaryimage\",\"url\":\"https:\\\/\\\/i0.wp.com\\\/atividademapa.com\\\/wp-content\\\/uploads\\\/2023\\\/03\\\/Atividade-M.A.P.A-3.png?fit=300%2C300&ssl=1\",\"contentUrl\":\"https:\\\/\\\/i0.wp.com\\\/atividademapa.com\\\/wp-content\\\/uploads\\\/2023\\\/03\\\/Atividade-M.A.P.A-3.png?fit=300%2C300&ssl=1\",\"width\":300,\"height\":300,\"caption\":\"Mapa Unicesumar Atividade\"},{\"@type\":\"BreadcrumbList\",\"@id\":\"https:\\\/\\\/atividademapa.com\\\/?product=mapa-estrutura-das-demonstracoes-contabeis-51-2025#breadcrumb\",\"itemListElement\":[{\"@type\":\"ListItem\",\"position\":1,\"name\":\"In\u00edcio\",\"item\":\"https:\\\/\\\/atividademapa.com\\\/\"},{\"@type\":\"ListItem\",\"position\":2,\"name\":\"MAPAS\",\"item\":\"https:\\\/\\\/atividademapa.com\\\/?page_id=5\"},{\"@type\":\"ListItem\",\"position\":3,\"name\":\"MAPA &#8211; Estrutura das Demonstra\u00e7\u00f5es Cont\u00e1beis &#8211; 51\\\/2026\"}]},{\"@type\":\"WebSite\",\"@id\":\"https:\\\/\\\/atividademapa.com\\\/#website\",\"url\":\"https:\\\/\\\/atividademapa.com\\\/\",\"name\":\"Atividade Mapa\",\"description\":\"StudeO | Unicesumar\",\"publisher\":{\"@id\":\"https:\\\/\\\/atividademapa.com\\\/#organization\"},\"potentialAction\":[{\"@type\":\"SearchAction\",\"target\":{\"@type\":\"EntryPoint\",\"urlTemplate\":\"https:\\\/\\\/atividademapa.com\\\/?s={search_term_string}\"},\"query-input\":{\"@type\":\"PropertyValueSpecification\",\"valueRequired\":true,\"valueName\":\"search_term_string\"}}],\"inLanguage\":\"pt-BR\"},{\"@type\":\"Organization\",\"@id\":\"https:\\\/\\\/atividademapa.com\\\/#organization\",\"name\":\"Atividade MAPA\",\"url\":\"https:\\\/\\\/atividademapa.com\\\/\",\"logo\":{\"@type\":\"ImageObject\",\"inLanguage\":\"pt-BR\",\"@id\":\"https:\\\/\\\/atividademapa.com\\\/#\\\/schema\\\/logo\\\/image\\\/\",\"url\":\"https:\\\/\\\/i0.wp.com\\\/atividademapa.com\\\/wp-content\\\/uploads\\\/2023\\\/02\\\/ATIVIDADE.png?fit=600%2C300&ssl=1\",\"contentUrl\":\"https:\\\/\\\/i0.wp.com\\\/atividademapa.com\\\/wp-content\\\/uploads\\\/2023\\\/02\\\/ATIVIDADE.png?fit=600%2C300&ssl=1\",\"width\":600,\"height\":300,\"caption\":\"Atividade MAPA\"},\"image\":{\"@id\":\"https:\\\/\\\/atividademapa.com\\\/#\\\/schema\\\/logo\\\/image\\\/\"}}]}<\/script>\n<!-- \/ Yoast SEO plugin. -->","yoast_head_json":{"title":"MAPA - Estrutura das Demonstra\u00e7\u00f5es Cont\u00e1beis - 51\/2026","description":"Atividade MAPA - Estrutura das Demonstra\u00e7\u00f5es Cont\u00e1beis - 51\/2026 &#8902; Unicesumar. Baixe agora mesmo um Mapa Pronto resolvido!","robots":{"index":"index","follow":"follow","max-snippet":"max-snippet:-1","max-image-preview":"max-image-preview:large","max-video-preview":"max-video-preview:-1"},"canonical":"https:\/\/atividademapa.com\/?product=mapa-estrutura-das-demonstracoes-contabeis-51-2025","og_locale":"pt_BR","og_type":"article","og_title":"MAPA - Estrutura das Demonstra\u00e7\u00f5es Cont\u00e1beis - 51\/2026","og_description":"Atividade MAPA - Estrutura das Demonstra\u00e7\u00f5es Cont\u00e1beis - 51\/2026 &#8902; Unicesumar. Baixe agora mesmo um Mapa Pronto resolvido!","og_url":"https:\/\/atividademapa.com\/?product=mapa-estrutura-das-demonstracoes-contabeis-51-2025","og_site_name":"Atividade Mapa","article_modified_time":"2026-03-21T20:37:36+00:00","og_image":[{"width":300,"height":300,"url":"https:\/\/atividademapa.com\/wp-content\/uploads\/2023\/03\/Atividade-M.A.P.A-3.png","type":"image\/png"}],"twitter_card":"summary_large_image","twitter_misc":{"Est. tempo de leitura":"4 minutos"},"schema":{"@context":"https:\/\/schema.org","@graph":[{"@type":"WebPage","@id":"https:\/\/atividademapa.com\/?product=mapa-estrutura-das-demonstracoes-contabeis-51-2025","url":"https:\/\/atividademapa.com\/?product=mapa-estrutura-das-demonstracoes-contabeis-51-2025","name":"MAPA - Estrutura das Demonstra\u00e7\u00f5es Cont\u00e1beis - 51\/2026","isPartOf":{"@id":"https:\/\/atividademapa.com\/#website"},"primaryImageOfPage":{"@id":"https:\/\/atividademapa.com\/?product=mapa-estrutura-das-demonstracoes-contabeis-51-2025#primaryimage"},"image":{"@id":"https:\/\/atividademapa.com\/?product=mapa-estrutura-das-demonstracoes-contabeis-51-2025#primaryimage"},"thumbnailUrl":"https:\/\/i0.wp.com\/atividademapa.com\/wp-content\/uploads\/2023\/03\/Atividade-M.A.P.A-3.png?fit=300%2C300&ssl=1","datePublished":"2026-03-20T22:04:48+00:00","dateModified":"2026-03-21T20:37:36+00:00","description":"Atividade MAPA - Estrutura das Demonstra\u00e7\u00f5es Cont\u00e1beis - 51\/2026 &#8902; Unicesumar. Baixe agora mesmo um Mapa Pronto resolvido!","breadcrumb":{"@id":"https:\/\/atividademapa.com\/?product=mapa-estrutura-das-demonstracoes-contabeis-51-2025#breadcrumb"},"inLanguage":"pt-BR","potentialAction":[{"@type":"ReadAction","target":["https:\/\/atividademapa.com\/?product=mapa-estrutura-das-demonstracoes-contabeis-51-2025"]}]},{"@type":"ImageObject","inLanguage":"pt-BR","@id":"https:\/\/atividademapa.com\/?product=mapa-estrutura-das-demonstracoes-contabeis-51-2025#primaryimage","url":"https:\/\/i0.wp.com\/atividademapa.com\/wp-content\/uploads\/2023\/03\/Atividade-M.A.P.A-3.png?fit=300%2C300&ssl=1","contentUrl":"https:\/\/i0.wp.com\/atividademapa.com\/wp-content\/uploads\/2023\/03\/Atividade-M.A.P.A-3.png?fit=300%2C300&ssl=1","width":300,"height":300,"caption":"Mapa Unicesumar Atividade"},{"@type":"BreadcrumbList","@id":"https:\/\/atividademapa.com\/?product=mapa-estrutura-das-demonstracoes-contabeis-51-2025#breadcrumb","itemListElement":[{"@type":"ListItem","position":1,"name":"In\u00edcio","item":"https:\/\/atividademapa.com\/"},{"@type":"ListItem","position":2,"name":"MAPAS","item":"https:\/\/atividademapa.com\/?page_id=5"},{"@type":"ListItem","position":3,"name":"MAPA &#8211; Estrutura das Demonstra\u00e7\u00f5es Cont\u00e1beis &#8211; 51\/2026"}]},{"@type":"WebSite","@id":"https:\/\/atividademapa.com\/#website","url":"https:\/\/atividademapa.com\/","name":"Atividade Mapa","description":"StudeO | Unicesumar","publisher":{"@id":"https:\/\/atividademapa.com\/#organization"},"potentialAction":[{"@type":"SearchAction","target":{"@type":"EntryPoint","urlTemplate":"https:\/\/atividademapa.com\/?s={search_term_string}"},"query-input":{"@type":"PropertyValueSpecification","valueRequired":true,"valueName":"search_term_string"}}],"inLanguage":"pt-BR"},{"@type":"Organization","@id":"https:\/\/atividademapa.com\/#organization","name":"Atividade MAPA","url":"https:\/\/atividademapa.com\/","logo":{"@type":"ImageObject","inLanguage":"pt-BR","@id":"https:\/\/atividademapa.com\/#\/schema\/logo\/image\/","url":"https:\/\/i0.wp.com\/atividademapa.com\/wp-content\/uploads\/2023\/02\/ATIVIDADE.png?fit=600%2C300&ssl=1","contentUrl":"https:\/\/i0.wp.com\/atividademapa.com\/wp-content\/uploads\/2023\/02\/ATIVIDADE.png?fit=600%2C300&ssl=1","width":600,"height":300,"caption":"Atividade MAPA"},"image":{"@id":"https:\/\/atividademapa.com\/#\/schema\/logo\/image\/"}}]}},"_links":{"self":[{"href":"https:\/\/atividademapa.com\/index.php?rest_route=\/wp\/v2\/product\/5247","targetHints":{"allow":["GET"]}}],"collection":[{"href":"https:\/\/atividademapa.com\/index.php?rest_route=\/wp\/v2\/product"}],"about":[{"href":"https:\/\/atividademapa.com\/index.php?rest_route=\/wp\/v2\/types\/product"}],"version-history":[{"count":2,"href":"https:\/\/atividademapa.com\/index.php?rest_route=\/wp\/v2\/product\/5247\/revisions"}],"predecessor-version":[{"id":6692,"href":"https:\/\/atividademapa.com\/index.php?rest_route=\/wp\/v2\/product\/5247\/revisions\/6692"}],"wp:featuredmedia":[{"embeddable":true,"href":"https:\/\/atividademapa.com\/index.php?rest_route=\/wp\/v2\/media\/2326"}],"wp:attachment":[{"href":"https:\/\/atividademapa.com\/index.php?rest_route=%2Fwp%2Fv2%2Fmedia&parent=5247"}],"wp:term":[{"taxonomy":"product_brand","embeddable":true,"href":"https:\/\/atividademapa.com\/index.php?rest_route=%2Fwp%2Fv2%2Fproduct_brand&post=5247"},{"taxonomy":"product_cat","embeddable":true,"href":"https:\/\/atividademapa.com\/index.php?rest_route=%2Fwp%2Fv2%2Fproduct_cat&post=5247"},{"taxonomy":"product_tag","embeddable":true,"href":"https:\/\/atividademapa.com\/index.php?rest_route=%2Fwp%2Fv2%2Fproduct_tag&post=5247"}],"curies":[{"name":"wp","href":"https:\/\/api.w.org\/{rel}","templated":true}]}}