{"id":5253,"date":"2025-02-27T07:50:45","date_gmt":"2025-02-27T10:50:45","guid":{"rendered":"https:\/\/atividademapa.com\/?post_type=product&#038;p=5253"},"modified":"2025-02-27T07:50:46","modified_gmt":"2025-02-27T10:50:46","slug":"mapa-gestao-da-inovacao-e-tecnologia-51-2025","status":"publish","type":"product","link":"https:\/\/atividademapa.com\/?product=mapa-gestao-da-inovacao-e-tecnologia-51-2025","title":{"rendered":"MAPA &#8211; Gest\u00e3o da inova\u00e7\u00e3o e tecnologia &#8211; 51\/2025"},"content":{"rendered":"<p>MAPA &#8211; Gest\u00e3o da inova\u00e7\u00e3o e tecnologia &#8211; 51\/2025<\/p>\n<p>Contextualizando o assunto<\/p>\n<p>O Design Thinking tem sido utilizado como uma metodologia para incentivar a inova\u00e7\u00e3o. Deve ser utilizada prioritariamente para neg\u00f3cios que desejam criar vantagens competitivas e se destacaram no ramo em que atuam.<\/p>\n<p>\u00c9 preciso ter em mente que se trata de investimento de tempo e recursos que vai trazer benef\u00edcios a m\u00e9dio e longo prazo sendo necess\u00e1rio confiar no poder da pesquisa e desenvolvimento para gerar pr\u00e1ticas diferenciadas. Al\u00e9m disso, \u00e9 necess\u00e1rio estar pr\u00f3ximo aos clientes-alvo para validar a ideia acompanhando os costumes, os gostos, as tend\u00eancias, de forma a alinhar a solu\u00e7\u00e3o para atender os problemas das pessoas.<\/p>\n<p>Outro elemento importante \u00e9 a qualifica\u00e7\u00e3o, um aspecto essencial para manter a equipe capacitada e engajada para a busca de novas solu\u00e7\u00f5es. \u00c8 essa equipe que vai fazer o estudo de mercado para avaliar a viabilidade da implanta\u00e7\u00e3o.<\/p>\n<p>Estudo de caso<br \/>\nUma situa\u00e7\u00e3o que tem acontecido nos \u00faltimos tempos \u00e9 o envelhecimento da popula\u00e7\u00e3o o que agravar\u00e1 no decorrer dos anos.<br \/>\nDessa forma, o potencial de mercado para os idosos que possuem sa\u00fade e disponibilidade financeira, tende a aumentar e novas oportunidades surgir\u00e3o para serem exploradas.<br \/>\nConforme as pessoas envelhecem as prioridades da vida alteram sendo necess\u00e1rio compreender o que \u00e9 essencial para proporcionar a qualidade de vida.<br \/>\nPara que a inova\u00e7\u00e3o ocorra voc\u00ea far\u00e1 um exerc\u00edcio, mas precisa ter em mente que a aplica\u00e7\u00e3o ser\u00e1 para v\u00e1rias pessoas que representam o p\u00fablico-alvo.<\/p>\n<p>Comando da atividade<br \/>\nEscolha um idoso que esteja com acima de 60 anos e com sa\u00fade que ainda tem planos para o futuro.<br \/>\na) Crie e descreva uma solu\u00e7\u00e3o que voc\u00ea acredita ter potencial de sucesso para esse p\u00fablico.<br \/>\nb) Elabore e aplique cinco quest\u00f5es que podem ser utilizadas para conhecer as dores dos clientes e o que representa prioridade para continuar a viver. Descreva as perguntas aplicadas.<br \/>\nc) Durante a entrevista, apresente a solu\u00e7\u00e3o que voc\u00ea criou e descreva a resposta fornecida pelo entrevistado buscando saber se a pessoa tem interesse.<br \/>\nd) A partir disso, elabore um parecer dizendo se continua acreditando que a ideia tem potencial e justifique a sua resposta.<\/p>\n","protected":false},"excerpt":{"rendered":"<p>MAPA &#8211; Gest\u00e3o da inova\u00e7\u00e3o e tecnologia &#8211; 51\/2025 Contextualizando o assunto O Design Thinking tem sido utilizado como uma<\/p>\n","protected":false},"featured_media":2326,"template":"","meta":{"_monsterinsights_skip_tracking":false,"_monsterinsights_sitenote_active":false,"_monsterinsights_sitenote_note":"","_monsterinsights_sitenote_category":0},"product_brand":[],"product_cat":[22],"product_tag":[],"class_list":{"0":"post-5253","1":"product","2":"type-product","3":"status-publish","4":"has-post-thumbnail","6":"product_cat-administracao","8":"first","9":"instock","10":"downloadable","11":"virtual","12":"purchasable","13":"product-type-simple"},"yoast_head":"<!-- This site is optimized with the Yoast SEO plugin v27.4 - https:\/\/yoast.com\/product\/yoast-seo-wordpress\/ -->\n<title>MAPA - Gest\u00e3o da inova\u00e7\u00e3o e tecnologia - 51\/2025<\/title>\n<meta name=\"description\" content=\"Atividade MAPA - Gest\u00e3o da inova\u00e7\u00e3o e tecnologia - 51\/2025 &#8902; Unicesumar. Baixe agora mesmo um Mapa Pronto resolvido!\" \/>\n<meta name=\"robots\" content=\"index, follow, max-snippet:-1, max-image-preview:large, max-video-preview:-1\" \/>\n<link rel=\"canonical\" href=\"https:\/\/atividademapa.com\/?product=mapa-gestao-da-inovacao-e-tecnologia-51-2025\" \/>\n<meta property=\"og:locale\" content=\"pt_BR\" \/>\n<meta property=\"og:type\" content=\"article\" \/>\n<meta property=\"og:title\" content=\"MAPA - Gest\u00e3o da inova\u00e7\u00e3o e tecnologia - 51\/2025\" \/>\n<meta property=\"og:description\" content=\"Atividade MAPA - Gest\u00e3o da inova\u00e7\u00e3o e tecnologia - 51\/2025 &#8902; Unicesumar. Baixe agora mesmo um Mapa Pronto resolvido!\" \/>\n<meta property=\"og:url\" content=\"https:\/\/atividademapa.com\/?product=mapa-gestao-da-inovacao-e-tecnologia-51-2025\" \/>\n<meta property=\"og:site_name\" content=\"Atividade Mapa\" \/>\n<meta property=\"article:modified_time\" content=\"2025-02-27T10:50:46+00:00\" \/>\n<meta property=\"og:image\" content=\"https:\/\/i0.wp.com\/atividademapa.com\/wp-content\/uploads\/2023\/03\/Atividade-M.A.P.A-3.png?fit=300%2C300&ssl=1\" \/>\n\t<meta property=\"og:image:width\" content=\"300\" \/>\n\t<meta property=\"og:image:height\" content=\"300\" \/>\n\t<meta property=\"og:image:type\" content=\"image\/png\" \/>\n<meta name=\"twitter:card\" content=\"summary_large_image\" \/>\n<meta name=\"twitter:label1\" content=\"Est. tempo de leitura\" \/>\n\t<meta name=\"twitter:data1\" content=\"2 minutos\" \/>\n<script type=\"application\/ld+json\" class=\"yoast-schema-graph\">{\"@context\":\"https:\\\/\\\/schema.org\",\"@graph\":[{\"@type\":\"WebPage\",\"@id\":\"https:\\\/\\\/atividademapa.com\\\/?product=mapa-gestao-da-inovacao-e-tecnologia-51-2025\",\"url\":\"https:\\\/\\\/atividademapa.com\\\/?product=mapa-gestao-da-inovacao-e-tecnologia-51-2025\",\"name\":\"MAPA - Gest\u00e3o da inova\u00e7\u00e3o e tecnologia - 51\\\/2025\",\"isPartOf\":{\"@id\":\"https:\\\/\\\/atividademapa.com\\\/#website\"},\"primaryImageOfPage\":{\"@id\":\"https:\\\/\\\/atividademapa.com\\\/?product=mapa-gestao-da-inovacao-e-tecnologia-51-2025#primaryimage\"},\"image\":{\"@id\":\"https:\\\/\\\/atividademapa.com\\\/?product=mapa-gestao-da-inovacao-e-tecnologia-51-2025#primaryimage\"},\"thumbnailUrl\":\"https:\\\/\\\/i0.wp.com\\\/atividademapa.com\\\/wp-content\\\/uploads\\\/2023\\\/03\\\/Atividade-M.A.P.A-3.png?fit=300%2C300&ssl=1\",\"datePublished\":\"2025-02-27T10:50:45+00:00\",\"dateModified\":\"2025-02-27T10:50:46+00:00\",\"description\":\"Atividade MAPA - Gest\u00e3o da inova\u00e7\u00e3o e tecnologia - 51\\\/2025 &#8902; Unicesumar. Baixe agora mesmo um Mapa Pronto resolvido!\",\"breadcrumb\":{\"@id\":\"https:\\\/\\\/atividademapa.com\\\/?product=mapa-gestao-da-inovacao-e-tecnologia-51-2025#breadcrumb\"},\"inLanguage\":\"pt-BR\",\"potentialAction\":[{\"@type\":\"ReadAction\",\"target\":[\"https:\\\/\\\/atividademapa.com\\\/?product=mapa-gestao-da-inovacao-e-tecnologia-51-2025\"]}]},{\"@type\":\"ImageObject\",\"inLanguage\":\"pt-BR\",\"@id\":\"https:\\\/\\\/atividademapa.com\\\/?product=mapa-gestao-da-inovacao-e-tecnologia-51-2025#primaryimage\",\"url\":\"https:\\\/\\\/i0.wp.com\\\/atividademapa.com\\\/wp-content\\\/uploads\\\/2023\\\/03\\\/Atividade-M.A.P.A-3.png?fit=300%2C300&ssl=1\",\"contentUrl\":\"https:\\\/\\\/i0.wp.com\\\/atividademapa.com\\\/wp-content\\\/uploads\\\/2023\\\/03\\\/Atividade-M.A.P.A-3.png?fit=300%2C300&ssl=1\",\"width\":300,\"height\":300,\"caption\":\"Mapa Unicesumar Atividade\"},{\"@type\":\"BreadcrumbList\",\"@id\":\"https:\\\/\\\/atividademapa.com\\\/?product=mapa-gestao-da-inovacao-e-tecnologia-51-2025#breadcrumb\",\"itemListElement\":[{\"@type\":\"ListItem\",\"position\":1,\"name\":\"In\u00edcio\",\"item\":\"https:\\\/\\\/atividademapa.com\\\/\"},{\"@type\":\"ListItem\",\"position\":2,\"name\":\"MAPAS\",\"item\":\"https:\\\/\\\/atividademapa.com\\\/?page_id=5\"},{\"@type\":\"ListItem\",\"position\":3,\"name\":\"MAPA &#8211; Gest\u00e3o da inova\u00e7\u00e3o e tecnologia &#8211; 51\\\/2025\"}]},{\"@type\":\"WebSite\",\"@id\":\"https:\\\/\\\/atividademapa.com\\\/#website\",\"url\":\"https:\\\/\\\/atividademapa.com\\\/\",\"name\":\"Atividade Mapa\",\"description\":\"StudeO | Unicesumar\",\"publisher\":{\"@id\":\"https:\\\/\\\/atividademapa.com\\\/#organization\"},\"potentialAction\":[{\"@type\":\"SearchAction\",\"target\":{\"@type\":\"EntryPoint\",\"urlTemplate\":\"https:\\\/\\\/atividademapa.com\\\/?s={search_term_string}\"},\"query-input\":{\"@type\":\"PropertyValueSpecification\",\"valueRequired\":true,\"valueName\":\"search_term_string\"}}],\"inLanguage\":\"pt-BR\"},{\"@type\":\"Organization\",\"@id\":\"https:\\\/\\\/atividademapa.com\\\/#organization\",\"name\":\"Atividade MAPA\",\"url\":\"https:\\\/\\\/atividademapa.com\\\/\",\"logo\":{\"@type\":\"ImageObject\",\"inLanguage\":\"pt-BR\",\"@id\":\"https:\\\/\\\/atividademapa.com\\\/#\\\/schema\\\/logo\\\/image\\\/\",\"url\":\"https:\\\/\\\/i0.wp.com\\\/atividademapa.com\\\/wp-content\\\/uploads\\\/2023\\\/02\\\/ATIVIDADE.png?fit=600%2C300&ssl=1\",\"contentUrl\":\"https:\\\/\\\/i0.wp.com\\\/atividademapa.com\\\/wp-content\\\/uploads\\\/2023\\\/02\\\/ATIVIDADE.png?fit=600%2C300&ssl=1\",\"width\":600,\"height\":300,\"caption\":\"Atividade MAPA\"},\"image\":{\"@id\":\"https:\\\/\\\/atividademapa.com\\\/#\\\/schema\\\/logo\\\/image\\\/\"}}]}<\/script>\n<!-- \/ Yoast SEO plugin. -->","yoast_head_json":{"title":"MAPA - Gest\u00e3o da inova\u00e7\u00e3o e tecnologia - 51\/2025","description":"Atividade MAPA - Gest\u00e3o da inova\u00e7\u00e3o e tecnologia - 51\/2025 &#8902; Unicesumar. Baixe agora mesmo um Mapa Pronto resolvido!","robots":{"index":"index","follow":"follow","max-snippet":"max-snippet:-1","max-image-preview":"max-image-preview:large","max-video-preview":"max-video-preview:-1"},"canonical":"https:\/\/atividademapa.com\/?product=mapa-gestao-da-inovacao-e-tecnologia-51-2025","og_locale":"pt_BR","og_type":"article","og_title":"MAPA - Gest\u00e3o da inova\u00e7\u00e3o e tecnologia - 51\/2025","og_description":"Atividade MAPA - Gest\u00e3o da inova\u00e7\u00e3o e tecnologia - 51\/2025 &#8902; Unicesumar. Baixe agora mesmo um Mapa Pronto resolvido!","og_url":"https:\/\/atividademapa.com\/?product=mapa-gestao-da-inovacao-e-tecnologia-51-2025","og_site_name":"Atividade Mapa","article_modified_time":"2025-02-27T10:50:46+00:00","og_image":[{"width":300,"height":300,"url":"https:\/\/i0.wp.com\/atividademapa.com\/wp-content\/uploads\/2023\/03\/Atividade-M.A.P.A-3.png?fit=300%2C300&ssl=1","type":"image\/png"}],"twitter_card":"summary_large_image","twitter_misc":{"Est. tempo de leitura":"2 minutos"},"schema":{"@context":"https:\/\/schema.org","@graph":[{"@type":"WebPage","@id":"https:\/\/atividademapa.com\/?product=mapa-gestao-da-inovacao-e-tecnologia-51-2025","url":"https:\/\/atividademapa.com\/?product=mapa-gestao-da-inovacao-e-tecnologia-51-2025","name":"MAPA - Gest\u00e3o da inova\u00e7\u00e3o e tecnologia - 51\/2025","isPartOf":{"@id":"https:\/\/atividademapa.com\/#website"},"primaryImageOfPage":{"@id":"https:\/\/atividademapa.com\/?product=mapa-gestao-da-inovacao-e-tecnologia-51-2025#primaryimage"},"image":{"@id":"https:\/\/atividademapa.com\/?product=mapa-gestao-da-inovacao-e-tecnologia-51-2025#primaryimage"},"thumbnailUrl":"https:\/\/i0.wp.com\/atividademapa.com\/wp-content\/uploads\/2023\/03\/Atividade-M.A.P.A-3.png?fit=300%2C300&ssl=1","datePublished":"2025-02-27T10:50:45+00:00","dateModified":"2025-02-27T10:50:46+00:00","description":"Atividade MAPA - Gest\u00e3o da inova\u00e7\u00e3o e tecnologia - 51\/2025 &#8902; Unicesumar. Baixe agora mesmo um Mapa Pronto resolvido!","breadcrumb":{"@id":"https:\/\/atividademapa.com\/?product=mapa-gestao-da-inovacao-e-tecnologia-51-2025#breadcrumb"},"inLanguage":"pt-BR","potentialAction":[{"@type":"ReadAction","target":["https:\/\/atividademapa.com\/?product=mapa-gestao-da-inovacao-e-tecnologia-51-2025"]}]},{"@type":"ImageObject","inLanguage":"pt-BR","@id":"https:\/\/atividademapa.com\/?product=mapa-gestao-da-inovacao-e-tecnologia-51-2025#primaryimage","url":"https:\/\/i0.wp.com\/atividademapa.com\/wp-content\/uploads\/2023\/03\/Atividade-M.A.P.A-3.png?fit=300%2C300&ssl=1","contentUrl":"https:\/\/i0.wp.com\/atividademapa.com\/wp-content\/uploads\/2023\/03\/Atividade-M.A.P.A-3.png?fit=300%2C300&ssl=1","width":300,"height":300,"caption":"Mapa Unicesumar Atividade"},{"@type":"BreadcrumbList","@id":"https:\/\/atividademapa.com\/?product=mapa-gestao-da-inovacao-e-tecnologia-51-2025#breadcrumb","itemListElement":[{"@type":"ListItem","position":1,"name":"In\u00edcio","item":"https:\/\/atividademapa.com\/"},{"@type":"ListItem","position":2,"name":"MAPAS","item":"https:\/\/atividademapa.com\/?page_id=5"},{"@type":"ListItem","position":3,"name":"MAPA &#8211; Gest\u00e3o da inova\u00e7\u00e3o e tecnologia &#8211; 51\/2025"}]},{"@type":"WebSite","@id":"https:\/\/atividademapa.com\/#website","url":"https:\/\/atividademapa.com\/","name":"Atividade Mapa","description":"StudeO | Unicesumar","publisher":{"@id":"https:\/\/atividademapa.com\/#organization"},"potentialAction":[{"@type":"SearchAction","target":{"@type":"EntryPoint","urlTemplate":"https:\/\/atividademapa.com\/?s={search_term_string}"},"query-input":{"@type":"PropertyValueSpecification","valueRequired":true,"valueName":"search_term_string"}}],"inLanguage":"pt-BR"},{"@type":"Organization","@id":"https:\/\/atividademapa.com\/#organization","name":"Atividade MAPA","url":"https:\/\/atividademapa.com\/","logo":{"@type":"ImageObject","inLanguage":"pt-BR","@id":"https:\/\/atividademapa.com\/#\/schema\/logo\/image\/","url":"https:\/\/i0.wp.com\/atividademapa.com\/wp-content\/uploads\/2023\/02\/ATIVIDADE.png?fit=600%2C300&ssl=1","contentUrl":"https:\/\/i0.wp.com\/atividademapa.com\/wp-content\/uploads\/2023\/02\/ATIVIDADE.png?fit=600%2C300&ssl=1","width":600,"height":300,"caption":"Atividade MAPA"},"image":{"@id":"https:\/\/atividademapa.com\/#\/schema\/logo\/image\/"}}]}},"_links":{"self":[{"href":"https:\/\/atividademapa.com\/index.php?rest_route=\/wp\/v2\/product\/5253","targetHints":{"allow":["GET"]}}],"collection":[{"href":"https:\/\/atividademapa.com\/index.php?rest_route=\/wp\/v2\/product"}],"about":[{"href":"https:\/\/atividademapa.com\/index.php?rest_route=\/wp\/v2\/types\/product"}],"version-history":[{"count":1,"href":"https:\/\/atividademapa.com\/index.php?rest_route=\/wp\/v2\/product\/5253\/revisions"}],"predecessor-version":[{"id":5255,"href":"https:\/\/atividademapa.com\/index.php?rest_route=\/wp\/v2\/product\/5253\/revisions\/5255"}],"wp:featuredmedia":[{"embeddable":true,"href":"https:\/\/atividademapa.com\/index.php?rest_route=\/wp\/v2\/media\/2326"}],"wp:attachment":[{"href":"https:\/\/atividademapa.com\/index.php?rest_route=%2Fwp%2Fv2%2Fmedia&parent=5253"}],"wp:term":[{"taxonomy":"product_brand","embeddable":true,"href":"https:\/\/atividademapa.com\/index.php?rest_route=%2Fwp%2Fv2%2Fproduct_brand&post=5253"},{"taxonomy":"product_cat","embeddable":true,"href":"https:\/\/atividademapa.com\/index.php?rest_route=%2Fwp%2Fv2%2Fproduct_cat&post=5253"},{"taxonomy":"product_tag","embeddable":true,"href":"https:\/\/atividademapa.com\/index.php?rest_route=%2Fwp%2Fv2%2Fproduct_tag&post=5253"}],"curies":[{"name":"wp","href":"https:\/\/api.w.org\/{rel}","templated":true}]}}