{"id":5259,"date":"2025-02-27T08:03:30","date_gmt":"2025-02-27T11:03:30","guid":{"rendered":"https:\/\/atividademapa.com\/?post_type=product&#038;p=5259"},"modified":"2025-02-27T19:17:15","modified_gmt":"2025-02-27T22:17:15","slug":"mapa-introducao-a-engenharia-51-2025-2","status":"publish","type":"product","link":"https:\/\/atividademapa.com\/?product=mapa-introducao-a-engenharia-51-2025-2","title":{"rendered":"MAPA &#8211; Introdu\u00e7\u00e3o a Engenharia &#8211; 51\/2025"},"content":{"rendered":"<p>MAPA &#8211; Introdu\u00e7\u00e3o a Engenharia &#8211; 51\/2025<\/p>\n<p>CONTEXTUALIZA\u00c7\u00c3O<\/p>\n<p>A tecnologia avan\u00e7a a passos largos, trazendo novidades que remodelam constantemente nossa rotina, formas de trabalho e intera\u00e7\u00f5es. Para 2025, especialistas indicam que tend\u00eancias inovadoras devem emergir e se consolidar, com um impacto significativo em diferentes \u00e1reas. A not\u00edcia do site Engenharia 360 cita novas IAs, mais poderosas, a computa\u00e7\u00e3o qu\u00e2ntica, redes 6G, tecnologias de defesas militares, rob\u00f3tica avan\u00e7ada e solu\u00e7\u00f5es para maior efici\u00eancia energ\u00e9tica.<\/p>\n<p>Fonte: https:\/\/engenharia360.com\/mercado-de-trabalho-de-engenharia-em-2025\/<\/p>\n<p>Em contrapartida, nos primeiros cap\u00edtulos de nosso livro, s\u00e3o citados diversos feitos antigos e hist\u00f3ricos de engenharia, como as Pir\u00e2mides Eg\u00edpcias, as colunas gregas, o Coliseu Romano e os Aquedutos Romanos.<\/p>\n<p>Fonte: PIQUEIRA, J. R. C. Introdu\u00e7\u00e3o \u00e0 engenharia. Maring\u00e1: UniCesumar, 2018.<\/p>\n<p>Agora, \u00e9 com voc\u00ea: observando passado e presente, escolha marcos importantes e hist\u00f3ricos de cada engenharia, seja do passado antigo ou nem t\u00e3o antigo assim; fale sobre ele, como influencia\/influenciou essa engenharia, qual \u00e9\/foi sua import\u00e2ncia, suas caracter\u00edsticas etc.<br \/>\nImportante: mesmo que seja algo muito conhecido no geral, ainda assim pesquise sobre o assunto e escreva com suas palavras. Ao final da resposta, coloque a fonte de onde foram retiradas as informa\u00e7\u00f5es. Pl\u00e1gios ou respostas sem fontes ser\u00e3o zeradas.<\/p>\n<p>a) Engenharia civil.<br \/>\nb) Engenharia el\u00e9trica.<br \/>\nc) Engenharia qu\u00edmica.<br \/>\nd) Engenharia de produ\u00e7\u00e3o.<br \/>\ne) Engenharia mec\u00e2nica.<\/p>\n","protected":false},"excerpt":{"rendered":"<p>MAPA &#8211; Introdu\u00e7\u00e3o a Engenharia &#8211; 51\/2025 CONTEXTUALIZA\u00c7\u00c3O A tecnologia avan\u00e7a a passos largos, trazendo novidades que remodelam constantemente nossa<\/p>\n","protected":false},"featured_media":2326,"template":"","meta":{"_monsterinsights_skip_tracking":false,"_monsterinsights_sitenote_active":false,"_monsterinsights_sitenote_note":"","_monsterinsights_sitenote_category":0},"product_brand":[],"product_cat":[60,45],"product_tag":[],"class_list":{"0":"post-5259","1":"product","2":"type-product","3":"status-publish","4":"has-post-thumbnail","6":"product_cat-engenharia-civil","7":"product_cat-engenharias","9":"first","10":"instock","11":"downloadable","12":"virtual","13":"purchasable","14":"product-type-simple"},"yoast_head":"<!-- This site is optimized with the Yoast SEO plugin v27.4 - https:\/\/yoast.com\/product\/yoast-seo-wordpress\/ -->\n<title>MAPA - Introdu\u00e7\u00e3o a Engenharia - 51\/2025<\/title>\n<meta name=\"description\" content=\"Atividade MAPA - Introdu\u00e7\u00e3o a Engenharia - 51\/2025 &#8902; Unicesumar. Baixe agora mesmo um Mapa Pronto resolvido!\" \/>\n<meta name=\"robots\" content=\"index, follow, max-snippet:-1, max-image-preview:large, max-video-preview:-1\" \/>\n<link rel=\"canonical\" href=\"https:\/\/atividademapa.com\/?product=mapa-introducao-a-engenharia-51-2025-2\" \/>\n<meta property=\"og:locale\" content=\"pt_BR\" \/>\n<meta property=\"og:type\" content=\"article\" \/>\n<meta property=\"og:title\" content=\"MAPA - Introdu\u00e7\u00e3o a Engenharia - 51\/2025\" \/>\n<meta property=\"og:description\" content=\"Atividade MAPA - Introdu\u00e7\u00e3o a Engenharia - 51\/2025 &#8902; Unicesumar. Baixe agora mesmo um Mapa Pronto resolvido!\" \/>\n<meta property=\"og:url\" content=\"https:\/\/atividademapa.com\/?product=mapa-introducao-a-engenharia-51-2025-2\" \/>\n<meta property=\"og:site_name\" content=\"Atividade Mapa\" \/>\n<meta property=\"article:modified_time\" content=\"2025-02-27T22:17:15+00:00\" \/>\n<meta property=\"og:image\" content=\"https:\/\/i0.wp.com\/atividademapa.com\/wp-content\/uploads\/2023\/03\/Atividade-M.A.P.A-3.png?fit=300%2C300&ssl=1\" \/>\n\t<meta property=\"og:image:width\" content=\"300\" \/>\n\t<meta property=\"og:image:height\" content=\"300\" \/>\n\t<meta property=\"og:image:type\" content=\"image\/png\" \/>\n<meta name=\"twitter:card\" content=\"summary_large_image\" \/>\n<meta name=\"twitter:label1\" content=\"Est. tempo de leitura\" \/>\n\t<meta name=\"twitter:data1\" content=\"1 minuto\" \/>\n<script type=\"application\/ld+json\" class=\"yoast-schema-graph\">{\"@context\":\"https:\\\/\\\/schema.org\",\"@graph\":[{\"@type\":\"WebPage\",\"@id\":\"https:\\\/\\\/atividademapa.com\\\/?product=mapa-introducao-a-engenharia-51-2025-2\",\"url\":\"https:\\\/\\\/atividademapa.com\\\/?product=mapa-introducao-a-engenharia-51-2025-2\",\"name\":\"MAPA - Introdu\u00e7\u00e3o a Engenharia - 51\\\/2025\",\"isPartOf\":{\"@id\":\"https:\\\/\\\/atividademapa.com\\\/#website\"},\"primaryImageOfPage\":{\"@id\":\"https:\\\/\\\/atividademapa.com\\\/?product=mapa-introducao-a-engenharia-51-2025-2#primaryimage\"},\"image\":{\"@id\":\"https:\\\/\\\/atividademapa.com\\\/?product=mapa-introducao-a-engenharia-51-2025-2#primaryimage\"},\"thumbnailUrl\":\"https:\\\/\\\/i0.wp.com\\\/atividademapa.com\\\/wp-content\\\/uploads\\\/2023\\\/03\\\/Atividade-M.A.P.A-3.png?fit=300%2C300&ssl=1\",\"datePublished\":\"2025-02-27T11:03:30+00:00\",\"dateModified\":\"2025-02-27T22:17:15+00:00\",\"description\":\"Atividade MAPA - Introdu\u00e7\u00e3o a Engenharia - 51\\\/2025 &#8902; Unicesumar. Baixe agora mesmo um Mapa Pronto resolvido!\",\"breadcrumb\":{\"@id\":\"https:\\\/\\\/atividademapa.com\\\/?product=mapa-introducao-a-engenharia-51-2025-2#breadcrumb\"},\"inLanguage\":\"pt-BR\",\"potentialAction\":[{\"@type\":\"ReadAction\",\"target\":[\"https:\\\/\\\/atividademapa.com\\\/?product=mapa-introducao-a-engenharia-51-2025-2\"]}]},{\"@type\":\"ImageObject\",\"inLanguage\":\"pt-BR\",\"@id\":\"https:\\\/\\\/atividademapa.com\\\/?product=mapa-introducao-a-engenharia-51-2025-2#primaryimage\",\"url\":\"https:\\\/\\\/i0.wp.com\\\/atividademapa.com\\\/wp-content\\\/uploads\\\/2023\\\/03\\\/Atividade-M.A.P.A-3.png?fit=300%2C300&ssl=1\",\"contentUrl\":\"https:\\\/\\\/i0.wp.com\\\/atividademapa.com\\\/wp-content\\\/uploads\\\/2023\\\/03\\\/Atividade-M.A.P.A-3.png?fit=300%2C300&ssl=1\",\"width\":300,\"height\":300,\"caption\":\"Mapa Unicesumar Atividade\"},{\"@type\":\"BreadcrumbList\",\"@id\":\"https:\\\/\\\/atividademapa.com\\\/?product=mapa-introducao-a-engenharia-51-2025-2#breadcrumb\",\"itemListElement\":[{\"@type\":\"ListItem\",\"position\":1,\"name\":\"In\u00edcio\",\"item\":\"https:\\\/\\\/atividademapa.com\\\/\"},{\"@type\":\"ListItem\",\"position\":2,\"name\":\"MAPAS\",\"item\":\"https:\\\/\\\/atividademapa.com\\\/?page_id=5\"},{\"@type\":\"ListItem\",\"position\":3,\"name\":\"MAPA &#8211; Introdu\u00e7\u00e3o a Engenharia &#8211; 51\\\/2025\"}]},{\"@type\":\"WebSite\",\"@id\":\"https:\\\/\\\/atividademapa.com\\\/#website\",\"url\":\"https:\\\/\\\/atividademapa.com\\\/\",\"name\":\"Atividade Mapa\",\"description\":\"StudeO | Unicesumar\",\"publisher\":{\"@id\":\"https:\\\/\\\/atividademapa.com\\\/#organization\"},\"potentialAction\":[{\"@type\":\"SearchAction\",\"target\":{\"@type\":\"EntryPoint\",\"urlTemplate\":\"https:\\\/\\\/atividademapa.com\\\/?s={search_term_string}\"},\"query-input\":{\"@type\":\"PropertyValueSpecification\",\"valueRequired\":true,\"valueName\":\"search_term_string\"}}],\"inLanguage\":\"pt-BR\"},{\"@type\":\"Organization\",\"@id\":\"https:\\\/\\\/atividademapa.com\\\/#organization\",\"name\":\"Atividade MAPA\",\"url\":\"https:\\\/\\\/atividademapa.com\\\/\",\"logo\":{\"@type\":\"ImageObject\",\"inLanguage\":\"pt-BR\",\"@id\":\"https:\\\/\\\/atividademapa.com\\\/#\\\/schema\\\/logo\\\/image\\\/\",\"url\":\"https:\\\/\\\/i0.wp.com\\\/atividademapa.com\\\/wp-content\\\/uploads\\\/2023\\\/02\\\/ATIVIDADE.png?fit=600%2C300&ssl=1\",\"contentUrl\":\"https:\\\/\\\/i0.wp.com\\\/atividademapa.com\\\/wp-content\\\/uploads\\\/2023\\\/02\\\/ATIVIDADE.png?fit=600%2C300&ssl=1\",\"width\":600,\"height\":300,\"caption\":\"Atividade MAPA\"},\"image\":{\"@id\":\"https:\\\/\\\/atividademapa.com\\\/#\\\/schema\\\/logo\\\/image\\\/\"}}]}<\/script>\n<!-- \/ Yoast SEO plugin. -->","yoast_head_json":{"title":"MAPA - Introdu\u00e7\u00e3o a Engenharia - 51\/2025","description":"Atividade MAPA - Introdu\u00e7\u00e3o a Engenharia - 51\/2025 &#8902; Unicesumar. Baixe agora mesmo um Mapa Pronto resolvido!","robots":{"index":"index","follow":"follow","max-snippet":"max-snippet:-1","max-image-preview":"max-image-preview:large","max-video-preview":"max-video-preview:-1"},"canonical":"https:\/\/atividademapa.com\/?product=mapa-introducao-a-engenharia-51-2025-2","og_locale":"pt_BR","og_type":"article","og_title":"MAPA - Introdu\u00e7\u00e3o a Engenharia - 51\/2025","og_description":"Atividade MAPA - Introdu\u00e7\u00e3o a Engenharia - 51\/2025 &#8902; Unicesumar. Baixe agora mesmo um Mapa Pronto resolvido!","og_url":"https:\/\/atividademapa.com\/?product=mapa-introducao-a-engenharia-51-2025-2","og_site_name":"Atividade Mapa","article_modified_time":"2025-02-27T22:17:15+00:00","og_image":[{"width":300,"height":300,"url":"https:\/\/i0.wp.com\/atividademapa.com\/wp-content\/uploads\/2023\/03\/Atividade-M.A.P.A-3.png?fit=300%2C300&ssl=1","type":"image\/png"}],"twitter_card":"summary_large_image","twitter_misc":{"Est. tempo de leitura":"1 minuto"},"schema":{"@context":"https:\/\/schema.org","@graph":[{"@type":"WebPage","@id":"https:\/\/atividademapa.com\/?product=mapa-introducao-a-engenharia-51-2025-2","url":"https:\/\/atividademapa.com\/?product=mapa-introducao-a-engenharia-51-2025-2","name":"MAPA - Introdu\u00e7\u00e3o a Engenharia - 51\/2025","isPartOf":{"@id":"https:\/\/atividademapa.com\/#website"},"primaryImageOfPage":{"@id":"https:\/\/atividademapa.com\/?product=mapa-introducao-a-engenharia-51-2025-2#primaryimage"},"image":{"@id":"https:\/\/atividademapa.com\/?product=mapa-introducao-a-engenharia-51-2025-2#primaryimage"},"thumbnailUrl":"https:\/\/i0.wp.com\/atividademapa.com\/wp-content\/uploads\/2023\/03\/Atividade-M.A.P.A-3.png?fit=300%2C300&ssl=1","datePublished":"2025-02-27T11:03:30+00:00","dateModified":"2025-02-27T22:17:15+00:00","description":"Atividade MAPA - Introdu\u00e7\u00e3o a Engenharia - 51\/2025 &#8902; Unicesumar. Baixe agora mesmo um Mapa Pronto resolvido!","breadcrumb":{"@id":"https:\/\/atividademapa.com\/?product=mapa-introducao-a-engenharia-51-2025-2#breadcrumb"},"inLanguage":"pt-BR","potentialAction":[{"@type":"ReadAction","target":["https:\/\/atividademapa.com\/?product=mapa-introducao-a-engenharia-51-2025-2"]}]},{"@type":"ImageObject","inLanguage":"pt-BR","@id":"https:\/\/atividademapa.com\/?product=mapa-introducao-a-engenharia-51-2025-2#primaryimage","url":"https:\/\/i0.wp.com\/atividademapa.com\/wp-content\/uploads\/2023\/03\/Atividade-M.A.P.A-3.png?fit=300%2C300&ssl=1","contentUrl":"https:\/\/i0.wp.com\/atividademapa.com\/wp-content\/uploads\/2023\/03\/Atividade-M.A.P.A-3.png?fit=300%2C300&ssl=1","width":300,"height":300,"caption":"Mapa Unicesumar Atividade"},{"@type":"BreadcrumbList","@id":"https:\/\/atividademapa.com\/?product=mapa-introducao-a-engenharia-51-2025-2#breadcrumb","itemListElement":[{"@type":"ListItem","position":1,"name":"In\u00edcio","item":"https:\/\/atividademapa.com\/"},{"@type":"ListItem","position":2,"name":"MAPAS","item":"https:\/\/atividademapa.com\/?page_id=5"},{"@type":"ListItem","position":3,"name":"MAPA &#8211; Introdu\u00e7\u00e3o a Engenharia &#8211; 51\/2025"}]},{"@type":"WebSite","@id":"https:\/\/atividademapa.com\/#website","url":"https:\/\/atividademapa.com\/","name":"Atividade Mapa","description":"StudeO | Unicesumar","publisher":{"@id":"https:\/\/atividademapa.com\/#organization"},"potentialAction":[{"@type":"SearchAction","target":{"@type":"EntryPoint","urlTemplate":"https:\/\/atividademapa.com\/?s={search_term_string}"},"query-input":{"@type":"PropertyValueSpecification","valueRequired":true,"valueName":"search_term_string"}}],"inLanguage":"pt-BR"},{"@type":"Organization","@id":"https:\/\/atividademapa.com\/#organization","name":"Atividade MAPA","url":"https:\/\/atividademapa.com\/","logo":{"@type":"ImageObject","inLanguage":"pt-BR","@id":"https:\/\/atividademapa.com\/#\/schema\/logo\/image\/","url":"https:\/\/i0.wp.com\/atividademapa.com\/wp-content\/uploads\/2023\/02\/ATIVIDADE.png?fit=600%2C300&ssl=1","contentUrl":"https:\/\/i0.wp.com\/atividademapa.com\/wp-content\/uploads\/2023\/02\/ATIVIDADE.png?fit=600%2C300&ssl=1","width":600,"height":300,"caption":"Atividade MAPA"},"image":{"@id":"https:\/\/atividademapa.com\/#\/schema\/logo\/image\/"}}]}},"_links":{"self":[{"href":"https:\/\/atividademapa.com\/index.php?rest_route=\/wp\/v2\/product\/5259","targetHints":{"allow":["GET"]}}],"collection":[{"href":"https:\/\/atividademapa.com\/index.php?rest_route=\/wp\/v2\/product"}],"about":[{"href":"https:\/\/atividademapa.com\/index.php?rest_route=\/wp\/v2\/types\/product"}],"version-history":[{"count":2,"href":"https:\/\/atividademapa.com\/index.php?rest_route=\/wp\/v2\/product\/5259\/revisions"}],"predecessor-version":[{"id":5281,"href":"https:\/\/atividademapa.com\/index.php?rest_route=\/wp\/v2\/product\/5259\/revisions\/5281"}],"wp:featuredmedia":[{"embeddable":true,"href":"https:\/\/atividademapa.com\/index.php?rest_route=\/wp\/v2\/media\/2326"}],"wp:attachment":[{"href":"https:\/\/atividademapa.com\/index.php?rest_route=%2Fwp%2Fv2%2Fmedia&parent=5259"}],"wp:term":[{"taxonomy":"product_brand","embeddable":true,"href":"https:\/\/atividademapa.com\/index.php?rest_route=%2Fwp%2Fv2%2Fproduct_brand&post=5259"},{"taxonomy":"product_cat","embeddable":true,"href":"https:\/\/atividademapa.com\/index.php?rest_route=%2Fwp%2Fv2%2Fproduct_cat&post=5259"},{"taxonomy":"product_tag","embeddable":true,"href":"https:\/\/atividademapa.com\/index.php?rest_route=%2Fwp%2Fv2%2Fproduct_tag&post=5259"}],"curies":[{"name":"wp","href":"https:\/\/api.w.org\/{rel}","templated":true}]}}