{"id":5310,"date":"2025-03-04T11:22:48","date_gmt":"2025-03-04T14:22:48","guid":{"rendered":"https:\/\/atividademapa.com\/?post_type=product&#038;p=5310"},"modified":"2025-03-10T20:12:29","modified_gmt":"2025-03-10T23:12:29","slug":"mapa-lingua-portuguesa-iii-51-2025","status":"publish","type":"product","link":"https:\/\/atividademapa.com\/?product=mapa-lingua-portuguesa-iii-51-2025","title":{"rendered":"MAPA &#8211; L\u00edngua Portuguesa III &#8211; 51\/2025"},"content":{"rendered":"<p>MAPA &#8211; L\u00edngua Portuguesa III &#8211; 51\/2025<\/p>\n<p>Um dos t\u00f3picos fundamentais da sintaxe (do grego syntasis: ordem, disposi\u00e7\u00e3o) \u00e9 o estudo da subordina\u00e7\u00e3o e da coordena\u00e7\u00e3o, conhecidos tradicionalmente como dois tipos de liga\u00e7\u00e3o entre ora\u00e7\u00f5es. Costuma-se associar a coordena\u00e7\u00e3o a unidades independentes, e a subordina\u00e7\u00e3o a unidades dependentes, definindo os dois processos por crit\u00e9rios sem\u00e2nticos e sint\u00e1ticos.<\/p>\n<p>(1) Cortou (regente) a bola (regido).<br \/>\nEntre os termos \u201ccortou\u201d e \u201cbola\u201d h\u00e1 uma subordina\u00e7\u00e3o, quando \u201cbola\u201d completa o verbo \u201ccortou\u201d. Tem-se, pois, uma rela\u00e7\u00e3o de depend\u00eancia entre os termos, sendo \u201ccortou\u201d subordinante, e \u201cbola\u201d subordinado.<\/p>\n<p>(2) Cortou (regente) a bola e a grama (regidos).<br \/>\nEm (2), os termos \u201cbola\u201d e \u201cgrama\u201d est\u00e3o numa rela\u00e7\u00e3o de coordena\u00e7\u00e3o entre si; ambos possuem a mesma fun\u00e7\u00e3o sint\u00e1tica (objeto direto), independentes do ponto de vista sint\u00e1tico.<\/p>\n<p>SILVA, Fernando Moreno da. Os processos de subordina\u00e7\u00e3o e de coordena\u00e7\u00e3o. Leitura, v. 47, p. 215-229, jan.\/jun. 2011.<br \/>\nA partir do conte\u00fado estudado sobre ora\u00e7\u00f5es coordenadas e subordinadas, imagine-se como um professor de l\u00edngua portuguesa respons\u00e1vel por ministrar aulas sobre esse tema para uma turma de segundo ano do Ensino M\u00e9dio.<\/p>\n<p>Elabore uma apresenta\u00e7\u00e3o de slides que ser\u00e1 utilizada para iniciar os estudos sobre esse conte\u00fado (utilizando o formul\u00e1rio padr\u00e3o dispon\u00edvel no Studeo).<br \/>\nSua apresenta\u00e7\u00e3o deve incluir uma explica\u00e7\u00e3o clara sobre as ora\u00e7\u00f5es COORDENADAS, abordando seus diferentes tipos, bem como exemplos de cada tipo de ora\u00e7\u00e3o. Ao final, inclua uma atividade de fixa\u00e7\u00e3o que voc\u00ea aplicaria aos alunos ap\u00f3s a explica\u00e7\u00e3o do conte\u00fado.<\/p>\n<p>Em resumo, sua apresenta\u00e7\u00e3o de slides deve conter:<\/p>\n<p>I. Explica\u00e7\u00e3o do conte\u00fado com defini\u00e7\u00e3o de ora\u00e7\u00f5es coordenadas e seus tipos.<br \/>\nII. Exemplos para ilustrar os tipos de ora\u00e7\u00e3o coordenada abordados.<br \/>\nIII. Atividade de fixa\u00e7\u00e3o para consolidar o aprendizado (podendo ser escrita, oral, com recursos digitais, etc.)<\/p>\n<p>Seja criativo, claro e objetivo, lembrando que os slides devem ser elaborados de forma a facilitar a aprendizagem dos alunos.<\/p>\n<p>Al\u00e9m disso, para uma boa execu\u00e7\u00e3o da atividade:<br \/>\na) Atente-se \u00e0s instru\u00e7\u00f5es e interven\u00e7\u00f5es realizadas pelos professores formadores e mediadores em aulas ao vivo e no ambiente on-line de aprendizagem (Studeo), por meio do Mural de avisos e Mensagem.<br \/>\nb) Assista ao v\u00eddeo com explica\u00e7\u00f5es sobre a realiza\u00e7\u00e3o da atividade que est\u00e1 dispon\u00edvel no mural de avisos.<br \/>\nc) A atividade deve ser apresentada no formul\u00e1rio padr\u00e3o que est\u00e1 dispon\u00edvel na pasta Material da Disciplina, em formato PowerPoint.<br \/>\nd) A atividade precisa ser desenvolvida por voc\u00ea, portanto, n\u00e3o utilize c\u00f3pias indevidas de atividades j\u00e1 realizadas por terceiros, assim como c\u00f3pias indevidas de textos dispon\u00edveis na web.<br \/>\ne) N\u00e3o h\u00e1 limites de slides. Atente-se ao fato de que precisa apresentar os 3 t\u00f3picos exigidos de forma clara e objetiva, simulando a sua aula como um professor de Ensino M\u00e9dio.<br \/>\nf) Aten\u00e7\u00e3o ao uso coeso e coerente na exposi\u00e7\u00e3o das informa\u00e7\u00f5es e no uso da l\u00edngua portuguesa.<br \/>\ng) Em caso de se basear em textos, livros, artigos ou websites, fa\u00e7a as devidas refer\u00eancias em um \u00faltimo slide, conforme as normas da ABNT.<\/p>\n<p>Em caso de d\u00favida, entre em contato com seu professor(a) mediador(a).<\/p>\n","protected":false},"excerpt":{"rendered":"<p>MAPA &#8211; L\u00edngua Portuguesa III &#8211; 51\/2025 &#8220;Estudo de ora\u00e7\u00f5es coordenadas e subordinadas na L\u00edngua Portuguesa: aprenda os processos de subordina\u00e7\u00e3o e coordena\u00e7\u00e3o, essenciais para a sintaxe. O conte\u00fado oferece explica\u00e7\u00f5es claras e exemplos pr\u00e1ticos para facilitar o ensino desse t\u00f3pico aos alunos do Ensino M\u00e9dio. Ideal para professores que buscam uma abordagem did\u00e1tica para abordar ora\u00e7\u00f5es coordenadas e subordinadas, com atividades para refor\u00e7ar a aprendizagem dos estudantes.&#8221;<\/p>\n","protected":false},"featured_media":2326,"template":"","meta":{"_monsterinsights_skip_tracking":false,"_monsterinsights_sitenote_active":false,"_monsterinsights_sitenote_note":"","_monsterinsights_sitenote_category":0},"product_brand":[],"product_cat":[55],"product_tag":[],"class_list":{"0":"post-5310","1":"product","2":"type-product","3":"status-publish","4":"has-post-thumbnail","6":"product_cat-letras","8":"first","9":"instock","10":"downloadable","11":"virtual","12":"purchasable","13":"product-type-simple"},"yoast_head":"<!-- This site is optimized with the Yoast SEO plugin v27.4 - https:\/\/yoast.com\/product\/yoast-seo-wordpress\/ -->\n<title>MAPA - L\u00edngua Portuguesa III - 51\/2025<\/title>\n<meta name=\"description\" content=\"Atividade MAPA - L\u00edngua Portuguesa III - 51\/2025 &#8902; Unicesumar. Baixe agora mesmo um Mapa Pronto resolvido!\" \/>\n<meta name=\"robots\" content=\"index, follow, max-snippet:-1, max-image-preview:large, max-video-preview:-1\" \/>\n<link rel=\"canonical\" href=\"https:\/\/atividademapa.com\/?product=mapa-lingua-portuguesa-iii-51-2025\" \/>\n<meta property=\"og:locale\" content=\"pt_BR\" \/>\n<meta property=\"og:type\" content=\"article\" \/>\n<meta property=\"og:title\" content=\"MAPA - L\u00edngua Portuguesa III - 51\/2025\" \/>\n<meta property=\"og:description\" content=\"Atividade MAPA - L\u00edngua Portuguesa III - 51\/2025 &#8902; Unicesumar. Baixe agora mesmo um Mapa Pronto resolvido!\" \/>\n<meta property=\"og:url\" content=\"https:\/\/atividademapa.com\/?product=mapa-lingua-portuguesa-iii-51-2025\" \/>\n<meta property=\"og:site_name\" content=\"Atividade Mapa\" \/>\n<meta property=\"article:modified_time\" content=\"2025-03-10T23:12:29+00:00\" \/>\n<meta property=\"og:image\" content=\"https:\/\/i0.wp.com\/atividademapa.com\/wp-content\/uploads\/2023\/03\/Atividade-M.A.P.A-3.png?fit=300%2C300&ssl=1\" \/>\n\t<meta property=\"og:image:width\" content=\"300\" \/>\n\t<meta property=\"og:image:height\" content=\"300\" \/>\n\t<meta property=\"og:image:type\" content=\"image\/png\" \/>\n<meta name=\"twitter:card\" content=\"summary_large_image\" \/>\n<meta name=\"twitter:label1\" content=\"Est. tempo de leitura\" \/>\n\t<meta name=\"twitter:data1\" content=\"3 minutos\" \/>\n<script type=\"application\/ld+json\" class=\"yoast-schema-graph\">{\"@context\":\"https:\\\/\\\/schema.org\",\"@graph\":[{\"@type\":\"WebPage\",\"@id\":\"https:\\\/\\\/atividademapa.com\\\/?product=mapa-lingua-portuguesa-iii-51-2025\",\"url\":\"https:\\\/\\\/atividademapa.com\\\/?product=mapa-lingua-portuguesa-iii-51-2025\",\"name\":\"MAPA - L\u00edngua Portuguesa III - 51\\\/2025\",\"isPartOf\":{\"@id\":\"https:\\\/\\\/atividademapa.com\\\/#website\"},\"primaryImageOfPage\":{\"@id\":\"https:\\\/\\\/atividademapa.com\\\/?product=mapa-lingua-portuguesa-iii-51-2025#primaryimage\"},\"image\":{\"@id\":\"https:\\\/\\\/atividademapa.com\\\/?product=mapa-lingua-portuguesa-iii-51-2025#primaryimage\"},\"thumbnailUrl\":\"https:\\\/\\\/i0.wp.com\\\/atividademapa.com\\\/wp-content\\\/uploads\\\/2023\\\/03\\\/Atividade-M.A.P.A-3.png?fit=300%2C300&ssl=1\",\"datePublished\":\"2025-03-04T14:22:48+00:00\",\"dateModified\":\"2025-03-10T23:12:29+00:00\",\"description\":\"Atividade MAPA - L\u00edngua Portuguesa III - 51\\\/2025 &#8902; Unicesumar. Baixe agora mesmo um Mapa Pronto resolvido!\",\"breadcrumb\":{\"@id\":\"https:\\\/\\\/atividademapa.com\\\/?product=mapa-lingua-portuguesa-iii-51-2025#breadcrumb\"},\"inLanguage\":\"pt-BR\",\"potentialAction\":[{\"@type\":\"ReadAction\",\"target\":[\"https:\\\/\\\/atividademapa.com\\\/?product=mapa-lingua-portuguesa-iii-51-2025\"]}]},{\"@type\":\"ImageObject\",\"inLanguage\":\"pt-BR\",\"@id\":\"https:\\\/\\\/atividademapa.com\\\/?product=mapa-lingua-portuguesa-iii-51-2025#primaryimage\",\"url\":\"https:\\\/\\\/i0.wp.com\\\/atividademapa.com\\\/wp-content\\\/uploads\\\/2023\\\/03\\\/Atividade-M.A.P.A-3.png?fit=300%2C300&ssl=1\",\"contentUrl\":\"https:\\\/\\\/i0.wp.com\\\/atividademapa.com\\\/wp-content\\\/uploads\\\/2023\\\/03\\\/Atividade-M.A.P.A-3.png?fit=300%2C300&ssl=1\",\"width\":300,\"height\":300,\"caption\":\"Mapa Unicesumar Atividade\"},{\"@type\":\"BreadcrumbList\",\"@id\":\"https:\\\/\\\/atividademapa.com\\\/?product=mapa-lingua-portuguesa-iii-51-2025#breadcrumb\",\"itemListElement\":[{\"@type\":\"ListItem\",\"position\":1,\"name\":\"In\u00edcio\",\"item\":\"https:\\\/\\\/atividademapa.com\\\/\"},{\"@type\":\"ListItem\",\"position\":2,\"name\":\"MAPAS\",\"item\":\"https:\\\/\\\/atividademapa.com\\\/?page_id=5\"},{\"@type\":\"ListItem\",\"position\":3,\"name\":\"MAPA &#8211; L\u00edngua Portuguesa III &#8211; 51\\\/2025\"}]},{\"@type\":\"WebSite\",\"@id\":\"https:\\\/\\\/atividademapa.com\\\/#website\",\"url\":\"https:\\\/\\\/atividademapa.com\\\/\",\"name\":\"Atividade Mapa\",\"description\":\"StudeO | Unicesumar\",\"publisher\":{\"@id\":\"https:\\\/\\\/atividademapa.com\\\/#organization\"},\"potentialAction\":[{\"@type\":\"SearchAction\",\"target\":{\"@type\":\"EntryPoint\",\"urlTemplate\":\"https:\\\/\\\/atividademapa.com\\\/?s={search_term_string}\"},\"query-input\":{\"@type\":\"PropertyValueSpecification\",\"valueRequired\":true,\"valueName\":\"search_term_string\"}}],\"inLanguage\":\"pt-BR\"},{\"@type\":\"Organization\",\"@id\":\"https:\\\/\\\/atividademapa.com\\\/#organization\",\"name\":\"Atividade MAPA\",\"url\":\"https:\\\/\\\/atividademapa.com\\\/\",\"logo\":{\"@type\":\"ImageObject\",\"inLanguage\":\"pt-BR\",\"@id\":\"https:\\\/\\\/atividademapa.com\\\/#\\\/schema\\\/logo\\\/image\\\/\",\"url\":\"https:\\\/\\\/i0.wp.com\\\/atividademapa.com\\\/wp-content\\\/uploads\\\/2023\\\/02\\\/ATIVIDADE.png?fit=600%2C300&ssl=1\",\"contentUrl\":\"https:\\\/\\\/i0.wp.com\\\/atividademapa.com\\\/wp-content\\\/uploads\\\/2023\\\/02\\\/ATIVIDADE.png?fit=600%2C300&ssl=1\",\"width\":600,\"height\":300,\"caption\":\"Atividade MAPA\"},\"image\":{\"@id\":\"https:\\\/\\\/atividademapa.com\\\/#\\\/schema\\\/logo\\\/image\\\/\"}}]}<\/script>\n<!-- \/ Yoast SEO plugin. -->","yoast_head_json":{"title":"MAPA - L\u00edngua Portuguesa III - 51\/2025","description":"Atividade MAPA - L\u00edngua Portuguesa III - 51\/2025 &#8902; Unicesumar. Baixe agora mesmo um Mapa Pronto resolvido!","robots":{"index":"index","follow":"follow","max-snippet":"max-snippet:-1","max-image-preview":"max-image-preview:large","max-video-preview":"max-video-preview:-1"},"canonical":"https:\/\/atividademapa.com\/?product=mapa-lingua-portuguesa-iii-51-2025","og_locale":"pt_BR","og_type":"article","og_title":"MAPA - L\u00edngua Portuguesa III - 51\/2025","og_description":"Atividade MAPA - L\u00edngua Portuguesa III - 51\/2025 &#8902; Unicesumar. Baixe agora mesmo um Mapa Pronto resolvido!","og_url":"https:\/\/atividademapa.com\/?product=mapa-lingua-portuguesa-iii-51-2025","og_site_name":"Atividade Mapa","article_modified_time":"2025-03-10T23:12:29+00:00","og_image":[{"width":300,"height":300,"url":"https:\/\/i0.wp.com\/atividademapa.com\/wp-content\/uploads\/2023\/03\/Atividade-M.A.P.A-3.png?fit=300%2C300&ssl=1","type":"image\/png"}],"twitter_card":"summary_large_image","twitter_misc":{"Est. tempo de leitura":"3 minutos"},"schema":{"@context":"https:\/\/schema.org","@graph":[{"@type":"WebPage","@id":"https:\/\/atividademapa.com\/?product=mapa-lingua-portuguesa-iii-51-2025","url":"https:\/\/atividademapa.com\/?product=mapa-lingua-portuguesa-iii-51-2025","name":"MAPA - L\u00edngua Portuguesa III - 51\/2025","isPartOf":{"@id":"https:\/\/atividademapa.com\/#website"},"primaryImageOfPage":{"@id":"https:\/\/atividademapa.com\/?product=mapa-lingua-portuguesa-iii-51-2025#primaryimage"},"image":{"@id":"https:\/\/atividademapa.com\/?product=mapa-lingua-portuguesa-iii-51-2025#primaryimage"},"thumbnailUrl":"https:\/\/i0.wp.com\/atividademapa.com\/wp-content\/uploads\/2023\/03\/Atividade-M.A.P.A-3.png?fit=300%2C300&ssl=1","datePublished":"2025-03-04T14:22:48+00:00","dateModified":"2025-03-10T23:12:29+00:00","description":"Atividade MAPA - L\u00edngua Portuguesa III - 51\/2025 &#8902; Unicesumar. Baixe agora mesmo um Mapa Pronto resolvido!","breadcrumb":{"@id":"https:\/\/atividademapa.com\/?product=mapa-lingua-portuguesa-iii-51-2025#breadcrumb"},"inLanguage":"pt-BR","potentialAction":[{"@type":"ReadAction","target":["https:\/\/atividademapa.com\/?product=mapa-lingua-portuguesa-iii-51-2025"]}]},{"@type":"ImageObject","inLanguage":"pt-BR","@id":"https:\/\/atividademapa.com\/?product=mapa-lingua-portuguesa-iii-51-2025#primaryimage","url":"https:\/\/i0.wp.com\/atividademapa.com\/wp-content\/uploads\/2023\/03\/Atividade-M.A.P.A-3.png?fit=300%2C300&ssl=1","contentUrl":"https:\/\/i0.wp.com\/atividademapa.com\/wp-content\/uploads\/2023\/03\/Atividade-M.A.P.A-3.png?fit=300%2C300&ssl=1","width":300,"height":300,"caption":"Mapa Unicesumar Atividade"},{"@type":"BreadcrumbList","@id":"https:\/\/atividademapa.com\/?product=mapa-lingua-portuguesa-iii-51-2025#breadcrumb","itemListElement":[{"@type":"ListItem","position":1,"name":"In\u00edcio","item":"https:\/\/atividademapa.com\/"},{"@type":"ListItem","position":2,"name":"MAPAS","item":"https:\/\/atividademapa.com\/?page_id=5"},{"@type":"ListItem","position":3,"name":"MAPA &#8211; L\u00edngua Portuguesa III &#8211; 51\/2025"}]},{"@type":"WebSite","@id":"https:\/\/atividademapa.com\/#website","url":"https:\/\/atividademapa.com\/","name":"Atividade Mapa","description":"StudeO | Unicesumar","publisher":{"@id":"https:\/\/atividademapa.com\/#organization"},"potentialAction":[{"@type":"SearchAction","target":{"@type":"EntryPoint","urlTemplate":"https:\/\/atividademapa.com\/?s={search_term_string}"},"query-input":{"@type":"PropertyValueSpecification","valueRequired":true,"valueName":"search_term_string"}}],"inLanguage":"pt-BR"},{"@type":"Organization","@id":"https:\/\/atividademapa.com\/#organization","name":"Atividade MAPA","url":"https:\/\/atividademapa.com\/","logo":{"@type":"ImageObject","inLanguage":"pt-BR","@id":"https:\/\/atividademapa.com\/#\/schema\/logo\/image\/","url":"https:\/\/i0.wp.com\/atividademapa.com\/wp-content\/uploads\/2023\/02\/ATIVIDADE.png?fit=600%2C300&ssl=1","contentUrl":"https:\/\/i0.wp.com\/atividademapa.com\/wp-content\/uploads\/2023\/02\/ATIVIDADE.png?fit=600%2C300&ssl=1","width":600,"height":300,"caption":"Atividade MAPA"},"image":{"@id":"https:\/\/atividademapa.com\/#\/schema\/logo\/image\/"}}]}},"_links":{"self":[{"href":"https:\/\/atividademapa.com\/index.php?rest_route=\/wp\/v2\/product\/5310","targetHints":{"allow":["GET"]}}],"collection":[{"href":"https:\/\/atividademapa.com\/index.php?rest_route=\/wp\/v2\/product"}],"about":[{"href":"https:\/\/atividademapa.com\/index.php?rest_route=\/wp\/v2\/types\/product"}],"version-history":[{"count":1,"href":"https:\/\/atividademapa.com\/index.php?rest_route=\/wp\/v2\/product\/5310\/revisions"}],"predecessor-version":[{"id":5311,"href":"https:\/\/atividademapa.com\/index.php?rest_route=\/wp\/v2\/product\/5310\/revisions\/5311"}],"wp:featuredmedia":[{"embeddable":true,"href":"https:\/\/atividademapa.com\/index.php?rest_route=\/wp\/v2\/media\/2326"}],"wp:attachment":[{"href":"https:\/\/atividademapa.com\/index.php?rest_route=%2Fwp%2Fv2%2Fmedia&parent=5310"}],"wp:term":[{"taxonomy":"product_brand","embeddable":true,"href":"https:\/\/atividademapa.com\/index.php?rest_route=%2Fwp%2Fv2%2Fproduct_brand&post=5310"},{"taxonomy":"product_cat","embeddable":true,"href":"https:\/\/atividademapa.com\/index.php?rest_route=%2Fwp%2Fv2%2Fproduct_cat&post=5310"},{"taxonomy":"product_tag","embeddable":true,"href":"https:\/\/atividademapa.com\/index.php?rest_route=%2Fwp%2Fv2%2Fproduct_tag&post=5310"}],"curies":[{"name":"wp","href":"https:\/\/api.w.org\/{rel}","templated":true}]}}