{"id":5455,"date":"2025-03-31T21:36:01","date_gmt":"2025-04-01T00:36:01","guid":{"rendered":"https:\/\/atividademapa.com\/?post_type=product&#038;p=5455"},"modified":"2025-04-03T22:38:41","modified_gmt":"2025-04-04T01:38:41","slug":"mapa-fundamentos-de-saude-e-seguranca-do-trabalho-51-2025","status":"publish","type":"product","link":"https:\/\/atividademapa.com\/?product=mapa-fundamentos-de-saude-e-seguranca-do-trabalho-51-2025","title":{"rendered":"MAPA Fundamentos de Sa\u00fade e Seguran\u00e7a do Trabalho 51\/2025"},"content":{"rendered":"<p>1 Quest\u00e3oClique no n\u00famero da quest\u00e3o para visualiz\u00e1-la<br \/>\nEnunciado:<br \/>\nQuest\u00e3o 1<br \/>\nOl\u00e1, estudante!<br \/>\nSeja bem-vindo \u00e0 atividade MAPA da disciplina de Fundamentos de Sa\u00fade e Seguran\u00e7a no Trabalho. O objetivo desta atividade \u00e9 desenvolver suas habilidades de an\u00e1lise e solu\u00e7\u00e3o de problemas relacionados \u00e0 seguran\u00e7a do trabalho, utilizando uma abordagem pr\u00e1tica de consultoria.<\/p>\n<p>Inicialmente, apresentaremos instru\u00e7\u00f5es gerais sobre a realiza\u00e7\u00e3o e entrega da atividade, seguido por uma contextualiza\u00e7\u00e3o sobre a tem\u00e1tica abordada, e, finalmente, o desenvolvimento da sua atividade.<\/p>\n<p>Atividade:<br \/>\nA Ind\u00fastria Iron Industrial \u00e9 uma f\u00e1brica fict\u00edcia que atua na produ\u00e7\u00e3o de pe\u00e7as met\u00e1licas para o setor automotivo. A empresa possui um parque industrial moderno, mas enfrenta desafios relacionados \u00e0 seguran\u00e7a dos trabalhadores. Como consultor, voc\u00ea foi contratado para analisar os principais problemas e desenvolver estrat\u00e9gias eficazes para promover um ambiente de trabalho seguro e produtivo.<\/p>\n<p>Problematiza\u00e7\u00e3o:<br \/>\nA Ind\u00fastria Iron Industrial enfrenta uma s\u00e9rie de desafios que impactam diretamente a rotina e o bem-estar de seus colaboradores. Recentemente, tornou-se evidente a reclama\u00e7\u00e3o dos funcion\u00e1rios a cerca de:<\/p>\n<p>A aus\u00eancia de pausas regulares durante as jornadas e as condi\u00e7\u00f5es ergon\u00f4micas inadequadas levam a um aumento significativo de queixas relacionadas a dores musculares, especialmente entre os operadores de m\u00e1quinas, refletindo n\u00e3o apenas no desempenho das equipes, mas tamb\u00e9m no clima organizacional, gerando desconforto e, em alguns casos, afastamentos.<\/p>\n<p>Al\u00e9m disso, os registros internos mostram que incidentes s\u00e3o frequentes, muitas vezes causados por atos inseguros, como a falta de utiliza\u00e7\u00e3o dos Equipamentos de Prote\u00e7\u00e3o Individual (EPIs), pois h\u00e1 uma resist\u00eancia percept\u00edvel por parte de alguns colaboradores na sua utiliza\u00e7\u00e3o, que demonstram certa relut\u00e2ncia em aderir aos protocolos estabelecidos.<\/p>\n<p>Outro fator que tem exigido adapta\u00e7\u00f5es \u00e9 a respeito da compra e implementa\u00e7\u00e3o de novos equipamentos mais modernos para a fabrica\u00e7\u00e3o de ferramentas, uma iniciativa que promete modernizar a produ\u00e7\u00e3o e ampliar a efici\u00eancia. Por\u00e9m, a falta de treinamento adequado gerou inseguran\u00e7a entre os funcion\u00e1rios, que passaram a temer pela substitui\u00e7\u00e3o de m\u00e3o de obra e encontram dificuldades na intera\u00e7\u00e3o com as m\u00e1quinas.<\/p>\n<p>Diante desse panorama, a Iron Industrial contratou voc\u00ea como consultor de SST para auxili\u00e1-la a desenvolver estrat\u00e9gias para mitigar esses problemas, garantir a sa\u00fade e seguran\u00e7a dos trabalhadores e promover um ambiente de trabalho mais produtivo e harmonioso.<\/p>\n<p>ENTREGA:<br \/>\nAgora \u00e9 a sua vez, neste MAPA a sua tarefa \u00e9:<\/p>\n<p>Elaborar um plano de a\u00e7\u00e3o detalhado para a Ind\u00fastria Iron Industrial, abordando os problemas relacionados \u00e0s queixas dos funcion\u00e1rios. O plano deve conter: diagn\u00f3stico inicial, objetivos claros, a\u00e7\u00f5es propostas (legais, t\u00e9cnicas e comportamentais) e resultados esperados.<br \/>\n\u200bObs.: para cada item presente no plano de a\u00e7\u00e3o, apresentar no m\u00ednimo 02 dois t\u00f3picos.<\/p>\n<p>Entregue o relat\u00f3rio de forma estruturada e objetiva conforme o modelo presente no Formul\u00e1rio Padr\u00e3o.<\/p>\n<p>Orienta\u00e7\u00f5es adicionais:<br \/>\n&#8211; Esta \u00e9 uma atividade individual. Portanto, trabalhos com pl\u00e1gio, copiados da internet ou de outros estudantes ser\u00e3o desconsiderados.<br \/>\n&#8211; Fa\u00e7a o download do Formul\u00e1rio Padr\u00e3o para resposta (obrigat\u00f3rio) do MAPA, dispon\u00edvel no &#8220;Material da Disciplina&#8221;.<br \/>\n&#8211; Assista ao v\u00eddeo de Explica\u00e7\u00e3o da Atividade.<br \/>\n&#8211; Leia atentamente o case apresentado.<br \/>\n&#8211; Responda a todos os itens solicitados, conforme a estrutura apresentada no Formul\u00e1rio Padr\u00e3o.<br \/>\n&#8211; Fundamente suas respostas com cita\u00e7\u00f5es de autores e\/ou documentos da \u00e1rea de Seguran\u00e7a do Trabalho, incluindo corretamente as refer\u00eancias.<br \/>\n&#8211; Salve o formul\u00e1rio padr\u00e3o com um nome simples para evitar confus\u00f5es no momento do envio.<br \/>\n&#8211; Anexe seu arquivo no espa\u00e7o designado para a atividade MAPA e clique em &#8220;Responder&#8221;.<br \/>\n&#8211; Certifique-se de que o arquivo enviado \u00e9 o correto. Sugerimos que voc\u00ea clique no link gerado da sua atividade, fa\u00e7a o download e confira o arquivo antes de clicar em \u201cFinalizar\u201d.<br \/>\n&#8211; Trabalhos que apresentarem c\u00f3pia indevida n\u00e3o ser\u00e3o avaliados.<br \/>\n&#8211; A equipe de media\u00e7\u00e3o est\u00e1 \u00e0 sua disposi\u00e7\u00e3o para o atendimento das d\u00favidas por meio do \u201cFale com o Mediador\u201d em seu Studeo.<br \/>\nAproveite essa ferramenta!<\/p>\n","protected":false},"excerpt":{"rendered":"<p>1 Quest\u00e3oClique no n\u00famero da quest\u00e3o para visualiz\u00e1-la Enunciado: Quest\u00e3o 1 Ol\u00e1, estudante! Seja bem-vindo \u00e0 atividade MAPA da disciplina<\/p>\n","protected":false},"featured_media":2326,"template":"","meta":{"_monsterinsights_skip_tracking":false,"_monsterinsights_sitenote_active":false,"_monsterinsights_sitenote_note":"","_monsterinsights_sitenote_category":0},"product_brand":[],"product_cat":[135],"product_tag":[],"class_list":{"0":"post-5455","1":"product","2":"type-product","3":"status-publish","4":"has-post-thumbnail","6":"product_cat-tecnico-de-seguranca-do-trabalho","8":"first","9":"instock","10":"downloadable","11":"virtual","12":"purchasable","13":"product-type-simple"},"yoast_head":"<!-- This site is optimized with the Yoast SEO plugin v27.4 - https:\/\/yoast.com\/product\/yoast-seo-wordpress\/ -->\n<title>MAPA Fundamentos de Sa\u00fade e Seguran\u00e7a do Trabalho 51\/2025<\/title>\n<meta name=\"description\" content=\"Atividade MAPA Fundamentos de Sa\u00fade e Seguran\u00e7a do Trabalho 51\/2025 &#8902; Unicesumar. Baixe agora mesmo um Mapa Pronto resolvido!\" \/>\n<meta name=\"robots\" content=\"index, follow, max-snippet:-1, max-image-preview:large, max-video-preview:-1\" \/>\n<link rel=\"canonical\" href=\"https:\/\/atividademapa.com\/?product=mapa-fundamentos-de-saude-e-seguranca-do-trabalho-51-2025\" \/>\n<meta property=\"og:locale\" content=\"pt_BR\" \/>\n<meta property=\"og:type\" content=\"article\" \/>\n<meta property=\"og:title\" content=\"MAPA Fundamentos de Sa\u00fade e Seguran\u00e7a do Trabalho 51\/2025\" \/>\n<meta property=\"og:description\" content=\"Atividade MAPA Fundamentos de Sa\u00fade e Seguran\u00e7a do Trabalho 51\/2025 &#8902; Unicesumar. Baixe agora mesmo um Mapa Pronto resolvido!\" \/>\n<meta property=\"og:url\" content=\"https:\/\/atividademapa.com\/?product=mapa-fundamentos-de-saude-e-seguranca-do-trabalho-51-2025\" \/>\n<meta property=\"og:site_name\" content=\"Atividade Mapa\" \/>\n<meta property=\"article:modified_time\" content=\"2025-04-04T01:38:41+00:00\" \/>\n<meta property=\"og:image\" content=\"https:\/\/i0.wp.com\/atividademapa.com\/wp-content\/uploads\/2023\/03\/Atividade-M.A.P.A-3.png?fit=300%2C300&ssl=1\" \/>\n\t<meta property=\"og:image:width\" content=\"300\" \/>\n\t<meta property=\"og:image:height\" content=\"300\" \/>\n\t<meta property=\"og:image:type\" content=\"image\/png\" \/>\n<meta name=\"twitter:card\" content=\"summary_large_image\" \/>\n<meta name=\"twitter:label1\" content=\"Est. tempo de leitura\" \/>\n\t<meta name=\"twitter:data1\" content=\"4 minutos\" \/>\n<script type=\"application\/ld+json\" class=\"yoast-schema-graph\">{\"@context\":\"https:\\\/\\\/schema.org\",\"@graph\":[{\"@type\":\"WebPage\",\"@id\":\"https:\\\/\\\/atividademapa.com\\\/?product=mapa-fundamentos-de-saude-e-seguranca-do-trabalho-51-2025\",\"url\":\"https:\\\/\\\/atividademapa.com\\\/?product=mapa-fundamentos-de-saude-e-seguranca-do-trabalho-51-2025\",\"name\":\"MAPA Fundamentos de Sa\u00fade e Seguran\u00e7a do Trabalho 51\\\/2025\",\"isPartOf\":{\"@id\":\"https:\\\/\\\/atividademapa.com\\\/#website\"},\"primaryImageOfPage\":{\"@id\":\"https:\\\/\\\/atividademapa.com\\\/?product=mapa-fundamentos-de-saude-e-seguranca-do-trabalho-51-2025#primaryimage\"},\"image\":{\"@id\":\"https:\\\/\\\/atividademapa.com\\\/?product=mapa-fundamentos-de-saude-e-seguranca-do-trabalho-51-2025#primaryimage\"},\"thumbnailUrl\":\"https:\\\/\\\/i0.wp.com\\\/atividademapa.com\\\/wp-content\\\/uploads\\\/2023\\\/03\\\/Atividade-M.A.P.A-3.png?fit=300%2C300&ssl=1\",\"datePublished\":\"2025-04-01T00:36:01+00:00\",\"dateModified\":\"2025-04-04T01:38:41+00:00\",\"description\":\"Atividade MAPA Fundamentos de Sa\u00fade e Seguran\u00e7a do Trabalho 51\\\/2025 &#8902; Unicesumar. Baixe agora mesmo um Mapa Pronto resolvido!\",\"breadcrumb\":{\"@id\":\"https:\\\/\\\/atividademapa.com\\\/?product=mapa-fundamentos-de-saude-e-seguranca-do-trabalho-51-2025#breadcrumb\"},\"inLanguage\":\"pt-BR\",\"potentialAction\":[{\"@type\":\"ReadAction\",\"target\":[\"https:\\\/\\\/atividademapa.com\\\/?product=mapa-fundamentos-de-saude-e-seguranca-do-trabalho-51-2025\"]}]},{\"@type\":\"ImageObject\",\"inLanguage\":\"pt-BR\",\"@id\":\"https:\\\/\\\/atividademapa.com\\\/?product=mapa-fundamentos-de-saude-e-seguranca-do-trabalho-51-2025#primaryimage\",\"url\":\"https:\\\/\\\/i0.wp.com\\\/atividademapa.com\\\/wp-content\\\/uploads\\\/2023\\\/03\\\/Atividade-M.A.P.A-3.png?fit=300%2C300&ssl=1\",\"contentUrl\":\"https:\\\/\\\/i0.wp.com\\\/atividademapa.com\\\/wp-content\\\/uploads\\\/2023\\\/03\\\/Atividade-M.A.P.A-3.png?fit=300%2C300&ssl=1\",\"width\":300,\"height\":300,\"caption\":\"Mapa Unicesumar Atividade\"},{\"@type\":\"BreadcrumbList\",\"@id\":\"https:\\\/\\\/atividademapa.com\\\/?product=mapa-fundamentos-de-saude-e-seguranca-do-trabalho-51-2025#breadcrumb\",\"itemListElement\":[{\"@type\":\"ListItem\",\"position\":1,\"name\":\"In\u00edcio\",\"item\":\"https:\\\/\\\/atividademapa.com\\\/\"},{\"@type\":\"ListItem\",\"position\":2,\"name\":\"MAPAS\",\"item\":\"https:\\\/\\\/atividademapa.com\\\/?page_id=5\"},{\"@type\":\"ListItem\",\"position\":3,\"name\":\"MAPA Fundamentos de Sa\u00fade e Seguran\u00e7a do Trabalho 51\\\/2025\"}]},{\"@type\":\"WebSite\",\"@id\":\"https:\\\/\\\/atividademapa.com\\\/#website\",\"url\":\"https:\\\/\\\/atividademapa.com\\\/\",\"name\":\"Atividade Mapa\",\"description\":\"StudeO | Unicesumar\",\"publisher\":{\"@id\":\"https:\\\/\\\/atividademapa.com\\\/#organization\"},\"potentialAction\":[{\"@type\":\"SearchAction\",\"target\":{\"@type\":\"EntryPoint\",\"urlTemplate\":\"https:\\\/\\\/atividademapa.com\\\/?s={search_term_string}\"},\"query-input\":{\"@type\":\"PropertyValueSpecification\",\"valueRequired\":true,\"valueName\":\"search_term_string\"}}],\"inLanguage\":\"pt-BR\"},{\"@type\":\"Organization\",\"@id\":\"https:\\\/\\\/atividademapa.com\\\/#organization\",\"name\":\"Atividade MAPA\",\"url\":\"https:\\\/\\\/atividademapa.com\\\/\",\"logo\":{\"@type\":\"ImageObject\",\"inLanguage\":\"pt-BR\",\"@id\":\"https:\\\/\\\/atividademapa.com\\\/#\\\/schema\\\/logo\\\/image\\\/\",\"url\":\"https:\\\/\\\/i0.wp.com\\\/atividademapa.com\\\/wp-content\\\/uploads\\\/2023\\\/02\\\/ATIVIDADE.png?fit=600%2C300&ssl=1\",\"contentUrl\":\"https:\\\/\\\/i0.wp.com\\\/atividademapa.com\\\/wp-content\\\/uploads\\\/2023\\\/02\\\/ATIVIDADE.png?fit=600%2C300&ssl=1\",\"width\":600,\"height\":300,\"caption\":\"Atividade MAPA\"},\"image\":{\"@id\":\"https:\\\/\\\/atividademapa.com\\\/#\\\/schema\\\/logo\\\/image\\\/\"}}]}<\/script>\n<!-- \/ Yoast SEO plugin. -->","yoast_head_json":{"title":"MAPA Fundamentos de Sa\u00fade e Seguran\u00e7a do Trabalho 51\/2025","description":"Atividade MAPA Fundamentos de Sa\u00fade e Seguran\u00e7a do Trabalho 51\/2025 &#8902; Unicesumar. Baixe agora mesmo um Mapa Pronto resolvido!","robots":{"index":"index","follow":"follow","max-snippet":"max-snippet:-1","max-image-preview":"max-image-preview:large","max-video-preview":"max-video-preview:-1"},"canonical":"https:\/\/atividademapa.com\/?product=mapa-fundamentos-de-saude-e-seguranca-do-trabalho-51-2025","og_locale":"pt_BR","og_type":"article","og_title":"MAPA Fundamentos de Sa\u00fade e Seguran\u00e7a do Trabalho 51\/2025","og_description":"Atividade MAPA Fundamentos de Sa\u00fade e Seguran\u00e7a do Trabalho 51\/2025 &#8902; Unicesumar. Baixe agora mesmo um Mapa Pronto resolvido!","og_url":"https:\/\/atividademapa.com\/?product=mapa-fundamentos-de-saude-e-seguranca-do-trabalho-51-2025","og_site_name":"Atividade Mapa","article_modified_time":"2025-04-04T01:38:41+00:00","og_image":[{"width":300,"height":300,"url":"https:\/\/i0.wp.com\/atividademapa.com\/wp-content\/uploads\/2023\/03\/Atividade-M.A.P.A-3.png?fit=300%2C300&ssl=1","type":"image\/png"}],"twitter_card":"summary_large_image","twitter_misc":{"Est. tempo de leitura":"4 minutos"},"schema":{"@context":"https:\/\/schema.org","@graph":[{"@type":"WebPage","@id":"https:\/\/atividademapa.com\/?product=mapa-fundamentos-de-saude-e-seguranca-do-trabalho-51-2025","url":"https:\/\/atividademapa.com\/?product=mapa-fundamentos-de-saude-e-seguranca-do-trabalho-51-2025","name":"MAPA Fundamentos de Sa\u00fade e Seguran\u00e7a do Trabalho 51\/2025","isPartOf":{"@id":"https:\/\/atividademapa.com\/#website"},"primaryImageOfPage":{"@id":"https:\/\/atividademapa.com\/?product=mapa-fundamentos-de-saude-e-seguranca-do-trabalho-51-2025#primaryimage"},"image":{"@id":"https:\/\/atividademapa.com\/?product=mapa-fundamentos-de-saude-e-seguranca-do-trabalho-51-2025#primaryimage"},"thumbnailUrl":"https:\/\/i0.wp.com\/atividademapa.com\/wp-content\/uploads\/2023\/03\/Atividade-M.A.P.A-3.png?fit=300%2C300&ssl=1","datePublished":"2025-04-01T00:36:01+00:00","dateModified":"2025-04-04T01:38:41+00:00","description":"Atividade MAPA Fundamentos de Sa\u00fade e Seguran\u00e7a do Trabalho 51\/2025 &#8902; Unicesumar. Baixe agora mesmo um Mapa Pronto resolvido!","breadcrumb":{"@id":"https:\/\/atividademapa.com\/?product=mapa-fundamentos-de-saude-e-seguranca-do-trabalho-51-2025#breadcrumb"},"inLanguage":"pt-BR","potentialAction":[{"@type":"ReadAction","target":["https:\/\/atividademapa.com\/?product=mapa-fundamentos-de-saude-e-seguranca-do-trabalho-51-2025"]}]},{"@type":"ImageObject","inLanguage":"pt-BR","@id":"https:\/\/atividademapa.com\/?product=mapa-fundamentos-de-saude-e-seguranca-do-trabalho-51-2025#primaryimage","url":"https:\/\/i0.wp.com\/atividademapa.com\/wp-content\/uploads\/2023\/03\/Atividade-M.A.P.A-3.png?fit=300%2C300&ssl=1","contentUrl":"https:\/\/i0.wp.com\/atividademapa.com\/wp-content\/uploads\/2023\/03\/Atividade-M.A.P.A-3.png?fit=300%2C300&ssl=1","width":300,"height":300,"caption":"Mapa Unicesumar Atividade"},{"@type":"BreadcrumbList","@id":"https:\/\/atividademapa.com\/?product=mapa-fundamentos-de-saude-e-seguranca-do-trabalho-51-2025#breadcrumb","itemListElement":[{"@type":"ListItem","position":1,"name":"In\u00edcio","item":"https:\/\/atividademapa.com\/"},{"@type":"ListItem","position":2,"name":"MAPAS","item":"https:\/\/atividademapa.com\/?page_id=5"},{"@type":"ListItem","position":3,"name":"MAPA Fundamentos de Sa\u00fade e Seguran\u00e7a do Trabalho 51\/2025"}]},{"@type":"WebSite","@id":"https:\/\/atividademapa.com\/#website","url":"https:\/\/atividademapa.com\/","name":"Atividade Mapa","description":"StudeO | Unicesumar","publisher":{"@id":"https:\/\/atividademapa.com\/#organization"},"potentialAction":[{"@type":"SearchAction","target":{"@type":"EntryPoint","urlTemplate":"https:\/\/atividademapa.com\/?s={search_term_string}"},"query-input":{"@type":"PropertyValueSpecification","valueRequired":true,"valueName":"search_term_string"}}],"inLanguage":"pt-BR"},{"@type":"Organization","@id":"https:\/\/atividademapa.com\/#organization","name":"Atividade MAPA","url":"https:\/\/atividademapa.com\/","logo":{"@type":"ImageObject","inLanguage":"pt-BR","@id":"https:\/\/atividademapa.com\/#\/schema\/logo\/image\/","url":"https:\/\/i0.wp.com\/atividademapa.com\/wp-content\/uploads\/2023\/02\/ATIVIDADE.png?fit=600%2C300&ssl=1","contentUrl":"https:\/\/i0.wp.com\/atividademapa.com\/wp-content\/uploads\/2023\/02\/ATIVIDADE.png?fit=600%2C300&ssl=1","width":600,"height":300,"caption":"Atividade MAPA"},"image":{"@id":"https:\/\/atividademapa.com\/#\/schema\/logo\/image\/"}}]}},"_links":{"self":[{"href":"https:\/\/atividademapa.com\/index.php?rest_route=\/wp\/v2\/product\/5455","targetHints":{"allow":["GET"]}}],"collection":[{"href":"https:\/\/atividademapa.com\/index.php?rest_route=\/wp\/v2\/product"}],"about":[{"href":"https:\/\/atividademapa.com\/index.php?rest_route=\/wp\/v2\/types\/product"}],"version-history":[{"count":2,"href":"https:\/\/atividademapa.com\/index.php?rest_route=\/wp\/v2\/product\/5455\/revisions"}],"predecessor-version":[{"id":5483,"href":"https:\/\/atividademapa.com\/index.php?rest_route=\/wp\/v2\/product\/5455\/revisions\/5483"}],"wp:featuredmedia":[{"embeddable":true,"href":"https:\/\/atividademapa.com\/index.php?rest_route=\/wp\/v2\/media\/2326"}],"wp:attachment":[{"href":"https:\/\/atividademapa.com\/index.php?rest_route=%2Fwp%2Fv2%2Fmedia&parent=5455"}],"wp:term":[{"taxonomy":"product_brand","embeddable":true,"href":"https:\/\/atividademapa.com\/index.php?rest_route=%2Fwp%2Fv2%2Fproduct_brand&post=5455"},{"taxonomy":"product_cat","embeddable":true,"href":"https:\/\/atividademapa.com\/index.php?rest_route=%2Fwp%2Fv2%2Fproduct_cat&post=5455"},{"taxonomy":"product_tag","embeddable":true,"href":"https:\/\/atividademapa.com\/index.php?rest_route=%2Fwp%2Fv2%2Fproduct_tag&post=5455"}],"curies":[{"name":"wp","href":"https:\/\/api.w.org\/{rel}","templated":true}]}}