{"id":5472,"date":"2025-04-03T21:22:50","date_gmt":"2025-04-04T00:22:50","guid":{"rendered":"https:\/\/atividademapa.com\/?post_type=product&#038;p=5472"},"modified":"2025-04-04T18:26:13","modified_gmt":"2025-04-04T21:26:13","slug":"atividade-1-fisica-geral-experimental-51-2025","status":"publish","type":"product","link":"https:\/\/atividademapa.com\/?product=atividade-1-fisica-geral-experimental-51-2025","title":{"rendered":"Atividade 1 &#8211; F\u00edsica Geral Experimental &#8211; 51\/2025"},"content":{"rendered":"<p>ATIVIDADE 01<\/p>\n<p>INSTRU\u00c7\u00d5ES DE ENTREGA<br \/>\nLEIA TODO O ENUNCIADO COM ATEN\u00c7\u00c3O ANTES DE COME\u00c7AR A FAZER A ATIVIDADE.<\/p>\n<p>Como finalizar e entregar a atividade 1:<br \/>\nAo final do seu trabalho, \u00e9 necess\u00e1rio que voc\u00ea tenha um arquivo\u00a0em m\u00e3os. Ele deve ser enviado para corre\u00e7\u00e3o pelo seu Studeo, em formato de arquivo\u00a0DOC\/DOCX\u00a0ou\u00a0PDF, e apenas esses formatos ser\u00e3o aceitos.<br \/>\nObs.: O STUDEO ACEITA SOMENTE O ENVIO DE UM ANEXO\/ARQUIVO.<\/p>\n<p>Problemas frequentes a evitar:<br \/>\nColoque um nome simples no seu arquivo. Se o\u00a0nome\u00a0tiver\u00a0caracteres\u00a0estranhos \u2014 principalmente, pontos \u2014 ou for\u00a0muito grande, \u00e9 poss\u00edvel que a equipe de corre\u00e7\u00e3o n\u00e3o consiga abrir o seu trabalho e ele seja zerado.<br \/>\nSe voc\u00ea usa\u00a0OPEN OFFICE\u00a0ou\u00a0MAC, transforme o arquivo em .PDF para evitar incompatibilidades.<br \/>\nVerifique se voc\u00ea est\u00e1 enviando o arquivo correto!\u00a0\u00c9 a atividade 01 da disciplina\u00a0de F\u00cdSICA GERAL E EXPERIMENTAL I? \u00c9 outra atividade de estudo?<\/p>\n<p>Como enviar o seu arquivo:<br \/>\nAo final do enunciado desta atividade, aqui, no Studeo, h\u00e1 uma caixa de envio de arquivo. Basta clicar e selecionar sua atividade ou arrastar o arquivo at\u00e9 ela.<br \/>\nAntes de clicar em\u00a0FINALIZAR, certifique-se de que est\u00e1 tudo certo,\u00a0pois, uma vez\u00a0finalizado, voc\u00ea n\u00e3o poder\u00e1 mais modificar o arquivo. Sugerimos que voc\u00ea clique no link gerado da sua atividade e fa\u00e7a o download para conferir.<\/p>\n<p>\u200bCONTEXTUALIZA\u00c7\u00c3O<br \/>\nSe um corpo est\u00e1 em movimento retil\u00edneo acelerado ou retardado, a resultante das for\u00e7as que agem sobre ele n\u00e3o \u00e9 nula. Essa rela\u00e7\u00e3o \u00e9 conhecida como o Princ\u00edpio Fundamental da Din\u00e2mica para o Movimento Retil\u00edneo, ou Segunda Lei de Newton, para o caso particular do movimento retil\u00edneo.<br \/>\nFonte: F\u00edsica Geral e Experimental I. Luis Ricardo Arruda de Andrade. Maring\u00e1-PR.: Unicesumar, 2019. p. 83.<\/p>\n<p>Uma empresa de transporte precisa deslocar um pacote pesado de 10kg sobre uma superf\u00edcie plana no seu armaz\u00e9m. O pacote est\u00e1 sendo puxado por 20 metros a partir do repouso por um rob\u00f4 com uma for\u00e7a horizontal constante de 50N para que o mova. O coeficiente de atrito entre o pacote e a superf\u00edcie \u00e9 de \u03bc=0,2, devido ao tipo de material do piso.<br \/>\nConsiderando que o rob\u00f4 e o pacote realizam um MUV e que, para padronizar o movimento de todos os rob\u00f4s, voc\u00ea deve preencher uma ficha com alguns dados. Considerando g=9,81 m\/s\u00b2, responda:<br \/>\na) Desenhe o diagrama de corpo livre para o pacote;<br \/>\nb) Qual a for\u00e7a de atrito entre o pacote e o piso do armaz\u00e9m?<br \/>\nc) Qual a acelera\u00e7\u00e3o que rob\u00f4\/pacote se movem?<br \/>\nd) Qual o tempo necess\u00e1rio para mover o pacote at\u00e9 o ponto de destino?<\/p>\n","protected":false},"excerpt":{"rendered":"<p>ATIVIDADE 01 INSTRU\u00c7\u00d5ES DE ENTREGA LEIA TODO O ENUNCIADO COM ATEN\u00c7\u00c3O ANTES DE COME\u00c7AR A FAZER A ATIVIDADE. Como finalizar<\/p>\n","protected":false},"featured_media":2326,"template":"","meta":{"_monsterinsights_skip_tracking":false,"_monsterinsights_sitenote_active":false,"_monsterinsights_sitenote_note":"","_monsterinsights_sitenote_category":0},"product_brand":[],"product_cat":[147],"product_tag":[],"class_list":{"0":"post-5472","1":"product","2":"type-product","3":"status-publish","4":"has-post-thumbnail","6":"product_cat-fisica","8":"first","9":"instock","10":"featured","11":"downloadable","12":"virtual","13":"purchasable","14":"product-type-simple"},"yoast_head":"<!-- This site is optimized with the Yoast SEO plugin v27.4 - https:\/\/yoast.com\/product\/yoast-seo-wordpress\/ -->\n<title>Atividade 1 - F\u00edsica Geral Experimental - 51\/2025<\/title>\n<meta name=\"description\" content=\"Atividade Atividade 1 - F\u00edsica Geral Experimental - 51\/2025 &#8902; Unicesumar. Baixe agora mesmo um Mapa Pronto resolvido!\" \/>\n<meta name=\"robots\" content=\"index, follow, max-snippet:-1, max-image-preview:large, max-video-preview:-1\" \/>\n<link rel=\"canonical\" href=\"https:\/\/atividademapa.com\/?product=atividade-1-fisica-geral-experimental-51-2025\" \/>\n<meta property=\"og:locale\" content=\"pt_BR\" \/>\n<meta property=\"og:type\" content=\"article\" \/>\n<meta property=\"og:title\" content=\"Atividade 1 - F\u00edsica Geral Experimental - 51\/2025\" \/>\n<meta property=\"og:description\" content=\"Atividade Atividade 1 - F\u00edsica Geral Experimental - 51\/2025 &#8902; Unicesumar. Baixe agora mesmo um Mapa Pronto resolvido!\" \/>\n<meta property=\"og:url\" content=\"https:\/\/atividademapa.com\/?product=atividade-1-fisica-geral-experimental-51-2025\" \/>\n<meta property=\"og:site_name\" content=\"Atividade Mapa\" \/>\n<meta property=\"article:modified_time\" content=\"2025-04-04T21:26:13+00:00\" \/>\n<meta property=\"og:image\" content=\"https:\/\/i0.wp.com\/atividademapa.com\/wp-content\/uploads\/2023\/03\/Atividade-M.A.P.A-3.png?fit=300%2C300&ssl=1\" \/>\n\t<meta property=\"og:image:width\" content=\"300\" \/>\n\t<meta property=\"og:image:height\" content=\"300\" \/>\n\t<meta property=\"og:image:type\" content=\"image\/png\" \/>\n<meta name=\"twitter:card\" content=\"summary_large_image\" \/>\n<meta name=\"twitter:label1\" content=\"Est. tempo de leitura\" \/>\n\t<meta name=\"twitter:data1\" content=\"2 minutos\" \/>\n<script type=\"application\/ld+json\" class=\"yoast-schema-graph\">{\"@context\":\"https:\\\/\\\/schema.org\",\"@graph\":[{\"@type\":\"WebPage\",\"@id\":\"https:\\\/\\\/atividademapa.com\\\/?product=atividade-1-fisica-geral-experimental-51-2025\",\"url\":\"https:\\\/\\\/atividademapa.com\\\/?product=atividade-1-fisica-geral-experimental-51-2025\",\"name\":\"Atividade 1 - F\u00edsica Geral Experimental - 51\\\/2025\",\"isPartOf\":{\"@id\":\"https:\\\/\\\/atividademapa.com\\\/#website\"},\"primaryImageOfPage\":{\"@id\":\"https:\\\/\\\/atividademapa.com\\\/?product=atividade-1-fisica-geral-experimental-51-2025#primaryimage\"},\"image\":{\"@id\":\"https:\\\/\\\/atividademapa.com\\\/?product=atividade-1-fisica-geral-experimental-51-2025#primaryimage\"},\"thumbnailUrl\":\"https:\\\/\\\/i0.wp.com\\\/atividademapa.com\\\/wp-content\\\/uploads\\\/2023\\\/03\\\/Atividade-M.A.P.A-3.png?fit=300%2C300&ssl=1\",\"datePublished\":\"2025-04-04T00:22:50+00:00\",\"dateModified\":\"2025-04-04T21:26:13+00:00\",\"description\":\"Atividade Atividade 1 - F\u00edsica Geral Experimental - 51\\\/2025 &#8902; Unicesumar. Baixe agora mesmo um Mapa Pronto resolvido!\",\"breadcrumb\":{\"@id\":\"https:\\\/\\\/atividademapa.com\\\/?product=atividade-1-fisica-geral-experimental-51-2025#breadcrumb\"},\"inLanguage\":\"pt-BR\",\"potentialAction\":[{\"@type\":\"ReadAction\",\"target\":[\"https:\\\/\\\/atividademapa.com\\\/?product=atividade-1-fisica-geral-experimental-51-2025\"]}]},{\"@type\":\"ImageObject\",\"inLanguage\":\"pt-BR\",\"@id\":\"https:\\\/\\\/atividademapa.com\\\/?product=atividade-1-fisica-geral-experimental-51-2025#primaryimage\",\"url\":\"https:\\\/\\\/i0.wp.com\\\/atividademapa.com\\\/wp-content\\\/uploads\\\/2023\\\/03\\\/Atividade-M.A.P.A-3.png?fit=300%2C300&ssl=1\",\"contentUrl\":\"https:\\\/\\\/i0.wp.com\\\/atividademapa.com\\\/wp-content\\\/uploads\\\/2023\\\/03\\\/Atividade-M.A.P.A-3.png?fit=300%2C300&ssl=1\",\"width\":300,\"height\":300,\"caption\":\"Mapa Unicesumar Atividade\"},{\"@type\":\"BreadcrumbList\",\"@id\":\"https:\\\/\\\/atividademapa.com\\\/?product=atividade-1-fisica-geral-experimental-51-2025#breadcrumb\",\"itemListElement\":[{\"@type\":\"ListItem\",\"position\":1,\"name\":\"In\u00edcio\",\"item\":\"https:\\\/\\\/atividademapa.com\\\/\"},{\"@type\":\"ListItem\",\"position\":2,\"name\":\"MAPAS\",\"item\":\"https:\\\/\\\/atividademapa.com\\\/?page_id=5\"},{\"@type\":\"ListItem\",\"position\":3,\"name\":\"Atividade 1 &#8211; F\u00edsica Geral Experimental &#8211; 51\\\/2025\"}]},{\"@type\":\"WebSite\",\"@id\":\"https:\\\/\\\/atividademapa.com\\\/#website\",\"url\":\"https:\\\/\\\/atividademapa.com\\\/\",\"name\":\"Atividade Mapa\",\"description\":\"StudeO | Unicesumar\",\"publisher\":{\"@id\":\"https:\\\/\\\/atividademapa.com\\\/#organization\"},\"potentialAction\":[{\"@type\":\"SearchAction\",\"target\":{\"@type\":\"EntryPoint\",\"urlTemplate\":\"https:\\\/\\\/atividademapa.com\\\/?s={search_term_string}\"},\"query-input\":{\"@type\":\"PropertyValueSpecification\",\"valueRequired\":true,\"valueName\":\"search_term_string\"}}],\"inLanguage\":\"pt-BR\"},{\"@type\":\"Organization\",\"@id\":\"https:\\\/\\\/atividademapa.com\\\/#organization\",\"name\":\"Atividade MAPA\",\"url\":\"https:\\\/\\\/atividademapa.com\\\/\",\"logo\":{\"@type\":\"ImageObject\",\"inLanguage\":\"pt-BR\",\"@id\":\"https:\\\/\\\/atividademapa.com\\\/#\\\/schema\\\/logo\\\/image\\\/\",\"url\":\"https:\\\/\\\/i0.wp.com\\\/atividademapa.com\\\/wp-content\\\/uploads\\\/2023\\\/02\\\/ATIVIDADE.png?fit=600%2C300&ssl=1\",\"contentUrl\":\"https:\\\/\\\/i0.wp.com\\\/atividademapa.com\\\/wp-content\\\/uploads\\\/2023\\\/02\\\/ATIVIDADE.png?fit=600%2C300&ssl=1\",\"width\":600,\"height\":300,\"caption\":\"Atividade MAPA\"},\"image\":{\"@id\":\"https:\\\/\\\/atividademapa.com\\\/#\\\/schema\\\/logo\\\/image\\\/\"}}]}<\/script>\n<!-- \/ Yoast SEO plugin. -->","yoast_head_json":{"title":"Atividade 1 - F\u00edsica Geral Experimental - 51\/2025","description":"Atividade Atividade 1 - F\u00edsica Geral Experimental - 51\/2025 &#8902; Unicesumar. Baixe agora mesmo um Mapa Pronto resolvido!","robots":{"index":"index","follow":"follow","max-snippet":"max-snippet:-1","max-image-preview":"max-image-preview:large","max-video-preview":"max-video-preview:-1"},"canonical":"https:\/\/atividademapa.com\/?product=atividade-1-fisica-geral-experimental-51-2025","og_locale":"pt_BR","og_type":"article","og_title":"Atividade 1 - F\u00edsica Geral Experimental - 51\/2025","og_description":"Atividade Atividade 1 - F\u00edsica Geral Experimental - 51\/2025 &#8902; Unicesumar. Baixe agora mesmo um Mapa Pronto resolvido!","og_url":"https:\/\/atividademapa.com\/?product=atividade-1-fisica-geral-experimental-51-2025","og_site_name":"Atividade Mapa","article_modified_time":"2025-04-04T21:26:13+00:00","og_image":[{"width":300,"height":300,"url":"https:\/\/i0.wp.com\/atividademapa.com\/wp-content\/uploads\/2023\/03\/Atividade-M.A.P.A-3.png?fit=300%2C300&ssl=1","type":"image\/png"}],"twitter_card":"summary_large_image","twitter_misc":{"Est. tempo de leitura":"2 minutos"},"schema":{"@context":"https:\/\/schema.org","@graph":[{"@type":"WebPage","@id":"https:\/\/atividademapa.com\/?product=atividade-1-fisica-geral-experimental-51-2025","url":"https:\/\/atividademapa.com\/?product=atividade-1-fisica-geral-experimental-51-2025","name":"Atividade 1 - F\u00edsica Geral Experimental - 51\/2025","isPartOf":{"@id":"https:\/\/atividademapa.com\/#website"},"primaryImageOfPage":{"@id":"https:\/\/atividademapa.com\/?product=atividade-1-fisica-geral-experimental-51-2025#primaryimage"},"image":{"@id":"https:\/\/atividademapa.com\/?product=atividade-1-fisica-geral-experimental-51-2025#primaryimage"},"thumbnailUrl":"https:\/\/i0.wp.com\/atividademapa.com\/wp-content\/uploads\/2023\/03\/Atividade-M.A.P.A-3.png?fit=300%2C300&ssl=1","datePublished":"2025-04-04T00:22:50+00:00","dateModified":"2025-04-04T21:26:13+00:00","description":"Atividade Atividade 1 - F\u00edsica Geral Experimental - 51\/2025 &#8902; Unicesumar. Baixe agora mesmo um Mapa Pronto resolvido!","breadcrumb":{"@id":"https:\/\/atividademapa.com\/?product=atividade-1-fisica-geral-experimental-51-2025#breadcrumb"},"inLanguage":"pt-BR","potentialAction":[{"@type":"ReadAction","target":["https:\/\/atividademapa.com\/?product=atividade-1-fisica-geral-experimental-51-2025"]}]},{"@type":"ImageObject","inLanguage":"pt-BR","@id":"https:\/\/atividademapa.com\/?product=atividade-1-fisica-geral-experimental-51-2025#primaryimage","url":"https:\/\/i0.wp.com\/atividademapa.com\/wp-content\/uploads\/2023\/03\/Atividade-M.A.P.A-3.png?fit=300%2C300&ssl=1","contentUrl":"https:\/\/i0.wp.com\/atividademapa.com\/wp-content\/uploads\/2023\/03\/Atividade-M.A.P.A-3.png?fit=300%2C300&ssl=1","width":300,"height":300,"caption":"Mapa Unicesumar Atividade"},{"@type":"BreadcrumbList","@id":"https:\/\/atividademapa.com\/?product=atividade-1-fisica-geral-experimental-51-2025#breadcrumb","itemListElement":[{"@type":"ListItem","position":1,"name":"In\u00edcio","item":"https:\/\/atividademapa.com\/"},{"@type":"ListItem","position":2,"name":"MAPAS","item":"https:\/\/atividademapa.com\/?page_id=5"},{"@type":"ListItem","position":3,"name":"Atividade 1 &#8211; F\u00edsica Geral Experimental &#8211; 51\/2025"}]},{"@type":"WebSite","@id":"https:\/\/atividademapa.com\/#website","url":"https:\/\/atividademapa.com\/","name":"Atividade Mapa","description":"StudeO | Unicesumar","publisher":{"@id":"https:\/\/atividademapa.com\/#organization"},"potentialAction":[{"@type":"SearchAction","target":{"@type":"EntryPoint","urlTemplate":"https:\/\/atividademapa.com\/?s={search_term_string}"},"query-input":{"@type":"PropertyValueSpecification","valueRequired":true,"valueName":"search_term_string"}}],"inLanguage":"pt-BR"},{"@type":"Organization","@id":"https:\/\/atividademapa.com\/#organization","name":"Atividade MAPA","url":"https:\/\/atividademapa.com\/","logo":{"@type":"ImageObject","inLanguage":"pt-BR","@id":"https:\/\/atividademapa.com\/#\/schema\/logo\/image\/","url":"https:\/\/i0.wp.com\/atividademapa.com\/wp-content\/uploads\/2023\/02\/ATIVIDADE.png?fit=600%2C300&ssl=1","contentUrl":"https:\/\/i0.wp.com\/atividademapa.com\/wp-content\/uploads\/2023\/02\/ATIVIDADE.png?fit=600%2C300&ssl=1","width":600,"height":300,"caption":"Atividade MAPA"},"image":{"@id":"https:\/\/atividademapa.com\/#\/schema\/logo\/image\/"}}]}},"_links":{"self":[{"href":"https:\/\/atividademapa.com\/index.php?rest_route=\/wp\/v2\/product\/5472","targetHints":{"allow":["GET"]}}],"collection":[{"href":"https:\/\/atividademapa.com\/index.php?rest_route=\/wp\/v2\/product"}],"about":[{"href":"https:\/\/atividademapa.com\/index.php?rest_route=\/wp\/v2\/types\/product"}],"version-history":[{"count":1,"href":"https:\/\/atividademapa.com\/index.php?rest_route=\/wp\/v2\/product\/5472\/revisions"}],"predecessor-version":[{"id":5474,"href":"https:\/\/atividademapa.com\/index.php?rest_route=\/wp\/v2\/product\/5472\/revisions\/5474"}],"wp:featuredmedia":[{"embeddable":true,"href":"https:\/\/atividademapa.com\/index.php?rest_route=\/wp\/v2\/media\/2326"}],"wp:attachment":[{"href":"https:\/\/atividademapa.com\/index.php?rest_route=%2Fwp%2Fv2%2Fmedia&parent=5472"}],"wp:term":[{"taxonomy":"product_brand","embeddable":true,"href":"https:\/\/atividademapa.com\/index.php?rest_route=%2Fwp%2Fv2%2Fproduct_brand&post=5472"},{"taxonomy":"product_cat","embeddable":true,"href":"https:\/\/atividademapa.com\/index.php?rest_route=%2Fwp%2Fv2%2Fproduct_cat&post=5472"},{"taxonomy":"product_tag","embeddable":true,"href":"https:\/\/atividademapa.com\/index.php?rest_route=%2Fwp%2Fv2%2Fproduct_tag&post=5472"}],"curies":[{"name":"wp","href":"https:\/\/api.w.org\/{rel}","templated":true}]}}