{"id":5496,"date":"2025-04-04T23:19:48","date_gmt":"2025-04-05T02:19:48","guid":{"rendered":"https:\/\/atividademapa.com\/?post_type=product&#038;p=5496"},"modified":"2025-04-04T23:19:49","modified_gmt":"2025-04-05T02:19:49","slug":"mapa-contabilidade-introdutoria-51-2025","status":"publish","type":"product","link":"https:\/\/atividademapa.com\/?product=mapa-contabilidade-introdutoria-51-2025","title":{"rendered":"MAPA &#8211; Contabilidade Introdut\u00f3ria &#8211; 51\/2025"},"content":{"rendered":"<p>MAPA &#8211; Contabilidade Introdut\u00f3ria &#8211; 51\/2025<\/p>\n<p>A Ger\u00e2nio Com\u00e9rcio de M\u00f3veis Ltda &#8211; ME \u00e9 uma empresa que comercializa m\u00f3veis infantis, seu regime de tributa\u00e7\u00e3o Lucro Presumido e, no decorrer do m\u00eas de Mar\u00e7o do ano vigente, 2025, ocorreram as seguintes movimenta\u00e7\u00f5es:<\/p>\n<p>1. 03\/03\/2025: Recebimento de clientes no valor de R$10.550,00, via boletos banc\u00e1rios, com a incid\u00eancia de R$28,50 referente a tarifas de cobran\u00e7a (despesas financeiras), descontado da conta corrente da empresa.<\/p>\n<p>2. 04\/03\/2025: Pagamento das contas de telefone, energia, aluguel e \u00e1gua, conforme valores identificados no BP do 4\u00ba trimestre de 2024, via banco.<\/p>\n<p>3. 07\/03\/2025: Pagamento realizado a fornecedor, via banco, no valor de R$ 8.700,00.<\/p>\n<p>4. 10\/03\/2025: Aquisi\u00e7\u00e3o de mercadorias para revenda (controlado na ficha de estoque), da empresa Red M\u00f3veis Infantis pelo valor total de R$ 5.610,00. Pagamento de 30% \u00e0 vista, via pix e restante \u00e0 prazo, para 45 dias. *Desconsidere os tributos da opera\u00e7\u00e3o.<br \/>\n*3 unidades &#8211; C\u00f4moda infantil. Valor total: R$ 1.725,00<br \/>\n*5 unidades &#8211; Ber\u00e7o mini cama. Valor total: R$ 3.885,00<br \/>\n* Frete de R$450,00, a ser pago para a Transportadora Fenix Ltda., com vencimento para 30 dias (Fretes a Pagar). Desconsidere os tributos da opera\u00e7\u00e3o. Rateio pela quantidade de itens comprados.<\/p>\n<p>5. 14\/03\/2025: Devolu\u00e7\u00e3o parcial da aquisi\u00e7\u00e3o de mercadorias realizada em 10\/03\/2025 (fato cont\u00e1bil 4), sendo 2 unidades do Ber\u00e7o mini cama, no valor de R$ 1.554,00. O valor da devolu\u00e7\u00e3o ser\u00e1 abatido da d\u00edvida com o fornecedor. Considere a parcela do frete da devolu\u00e7\u00e3o como despesa com vendas.<\/p>\n<p>6. 19\/03\/2025. Venda de Mercadorias (controle ficha de estoque), pelo valor total de R$ 10.200,00, ao consumidor final Cleber Fontes. Recebimento via cart\u00e3o de cr\u00e9dito Pagbank \u00e0 vista (vencimento). Considere que a tarifa cobrada pelo Pagbank (administradora de cart\u00f5es) para vendas no cr\u00e9dito \u00e0 vista \u00e9 de 2,5% sobre o valor total da venda, sendo efetivado no momento do repasse do valor ao lojista, em 30 dias. Desconsidere os tributos decorrentes da opera\u00e7\u00e3o de venda.<br \/>\n*2 unidades &#8211; C\u00f4moda infantil = R$ 2.200,00<br \/>\n*2 unidades &#8211; Guarda roupa infantil = R$ 4.600,00<br \/>\n*2 unidades &#8211; Ber\u00e7o mini cama = R$ 3.400,00<br \/>\n*Entrega realizada com ve\u00edculo pr\u00f3prio da empresa, portanto n\u00e3o considerar frete nessa opera\u00e7\u00e3o.<\/p>\n<p>7. 31\/03\/2025: Realizar as contabiliza\u00e7\u00f5es das despesas do m\u00eas 03\/2025, com vencimento apenas para 10\/04\/2024, conforme abaixo, sendo que 15% do valor de cada despesa \u00e9 apropriado \u00e0s despesas administrativas e 85% \u00e0s despesas com vendas.<br \/>\n*Telefone no valor de R$ 250,00<br \/>\n*Energia no valor de R$ 1.450,00<br \/>\n*Aluguel no valor de R$ 4.000,00<br \/>\n*\u00c1gua no valor de R$ 220,00.<\/p>\n<p>Com base nos Fatos Cont\u00e1beis acima, o desenvolvimento do trabalho deve contemplar (n\u00e3o necessariamente nessa ordem, pois algumas etapas podem ser realizadas de forma conjunta):<\/p>\n<p>a) Implanta\u00e7\u00e3o dos saldos iniciais (informados na aba \u201cBP &#8211; 4\u00ba TRIMESTRE 2024\u201d) nos razonetes (aba \u201cRAZONETES\u201d);<br \/>\nb) Contabiliza\u00e7\u00e3o de todos os fatos do per\u00edodo na aba \u201cLIVRO DI\u00c1RIO\u201d e atualiza\u00e7\u00e3o dos razonetes para cada conta movimentada no Livro Di\u00e1rio (na aba \u201cRAZONETES\u201d);<br \/>\nc) Elabora\u00e7\u00e3o das fichas de controle de estoque, na aba &#8220;FICHAS ESTOQUES&#8221;;<br \/>\nd) Elabora\u00e7\u00e3o do Balancete com todas as contas (patrimoniais e de resultado), na aba \u201cBALANCETE\u201d.<\/p>\n","protected":false},"excerpt":{"rendered":"<p>MAPA &#8211; Contabilidade Introdut\u00f3ria &#8211; 51\/2025 A Ger\u00e2nio Com\u00e9rcio de M\u00f3veis Ltda &#8211; ME \u00e9 uma empresa que comercializa m\u00f3veis<\/p>\n","protected":false},"featured_media":2326,"template":"","meta":{"_monsterinsights_skip_tracking":false,"_monsterinsights_sitenote_active":false,"_monsterinsights_sitenote_note":"","_monsterinsights_sitenote_category":0},"product_brand":[],"product_cat":[46],"product_tag":[],"class_list":{"0":"post-5496","1":"product","2":"type-product","3":"status-publish","4":"has-post-thumbnail","6":"product_cat-ciencias-contabeis","8":"first","9":"instock","10":"downloadable","11":"virtual","12":"purchasable","13":"product-type-simple"},"yoast_head":"<!-- This site is optimized with the Yoast SEO plugin v27.4 - https:\/\/yoast.com\/product\/yoast-seo-wordpress\/ -->\n<title>MAPA - Contabilidade Introdut\u00f3ria - 51\/2025<\/title>\n<meta name=\"description\" content=\"Atividade MAPA - Contabilidade Introdut\u00f3ria - 51\/2025 &#8902; Unicesumar. Baixe agora mesmo um Mapa Pronto resolvido!\" \/>\n<meta name=\"robots\" content=\"index, follow, max-snippet:-1, max-image-preview:large, max-video-preview:-1\" \/>\n<link rel=\"canonical\" href=\"https:\/\/atividademapa.com\/?product=mapa-contabilidade-introdutoria-51-2025\" \/>\n<meta property=\"og:locale\" content=\"pt_BR\" \/>\n<meta property=\"og:type\" content=\"article\" \/>\n<meta property=\"og:title\" content=\"MAPA - Contabilidade Introdut\u00f3ria - 51\/2025\" \/>\n<meta property=\"og:description\" content=\"Atividade MAPA - Contabilidade Introdut\u00f3ria - 51\/2025 &#8902; Unicesumar. Baixe agora mesmo um Mapa Pronto resolvido!\" \/>\n<meta property=\"og:url\" content=\"https:\/\/atividademapa.com\/?product=mapa-contabilidade-introdutoria-51-2025\" \/>\n<meta property=\"og:site_name\" content=\"Atividade Mapa\" \/>\n<meta property=\"article:modified_time\" content=\"2025-04-05T02:19:49+00:00\" \/>\n<meta property=\"og:image\" content=\"https:\/\/i0.wp.com\/atividademapa.com\/wp-content\/uploads\/2023\/03\/Atividade-M.A.P.A-3.png?fit=300%2C300&ssl=1\" \/>\n\t<meta property=\"og:image:width\" content=\"300\" \/>\n\t<meta property=\"og:image:height\" content=\"300\" \/>\n\t<meta property=\"og:image:type\" content=\"image\/png\" \/>\n<meta name=\"twitter:card\" content=\"summary_large_image\" \/>\n<meta name=\"twitter:label1\" content=\"Est. tempo de leitura\" \/>\n\t<meta name=\"twitter:data1\" content=\"3 minutos\" \/>\n<script type=\"application\/ld+json\" class=\"yoast-schema-graph\">{\"@context\":\"https:\\\/\\\/schema.org\",\"@graph\":[{\"@type\":\"WebPage\",\"@id\":\"https:\\\/\\\/atividademapa.com\\\/?product=mapa-contabilidade-introdutoria-51-2025\",\"url\":\"https:\\\/\\\/atividademapa.com\\\/?product=mapa-contabilidade-introdutoria-51-2025\",\"name\":\"MAPA - Contabilidade Introdut\u00f3ria - 51\\\/2025\",\"isPartOf\":{\"@id\":\"https:\\\/\\\/atividademapa.com\\\/#website\"},\"primaryImageOfPage\":{\"@id\":\"https:\\\/\\\/atividademapa.com\\\/?product=mapa-contabilidade-introdutoria-51-2025#primaryimage\"},\"image\":{\"@id\":\"https:\\\/\\\/atividademapa.com\\\/?product=mapa-contabilidade-introdutoria-51-2025#primaryimage\"},\"thumbnailUrl\":\"https:\\\/\\\/i0.wp.com\\\/atividademapa.com\\\/wp-content\\\/uploads\\\/2023\\\/03\\\/Atividade-M.A.P.A-3.png?fit=300%2C300&ssl=1\",\"datePublished\":\"2025-04-05T02:19:48+00:00\",\"dateModified\":\"2025-04-05T02:19:49+00:00\",\"description\":\"Atividade MAPA - Contabilidade Introdut\u00f3ria - 51\\\/2025 &#8902; Unicesumar. Baixe agora mesmo um Mapa Pronto resolvido!\",\"breadcrumb\":{\"@id\":\"https:\\\/\\\/atividademapa.com\\\/?product=mapa-contabilidade-introdutoria-51-2025#breadcrumb\"},\"inLanguage\":\"pt-BR\",\"potentialAction\":[{\"@type\":\"ReadAction\",\"target\":[\"https:\\\/\\\/atividademapa.com\\\/?product=mapa-contabilidade-introdutoria-51-2025\"]}]},{\"@type\":\"ImageObject\",\"inLanguage\":\"pt-BR\",\"@id\":\"https:\\\/\\\/atividademapa.com\\\/?product=mapa-contabilidade-introdutoria-51-2025#primaryimage\",\"url\":\"https:\\\/\\\/i0.wp.com\\\/atividademapa.com\\\/wp-content\\\/uploads\\\/2023\\\/03\\\/Atividade-M.A.P.A-3.png?fit=300%2C300&ssl=1\",\"contentUrl\":\"https:\\\/\\\/i0.wp.com\\\/atividademapa.com\\\/wp-content\\\/uploads\\\/2023\\\/03\\\/Atividade-M.A.P.A-3.png?fit=300%2C300&ssl=1\",\"width\":300,\"height\":300,\"caption\":\"Mapa Unicesumar Atividade\"},{\"@type\":\"BreadcrumbList\",\"@id\":\"https:\\\/\\\/atividademapa.com\\\/?product=mapa-contabilidade-introdutoria-51-2025#breadcrumb\",\"itemListElement\":[{\"@type\":\"ListItem\",\"position\":1,\"name\":\"In\u00edcio\",\"item\":\"https:\\\/\\\/atividademapa.com\\\/\"},{\"@type\":\"ListItem\",\"position\":2,\"name\":\"MAPAS\",\"item\":\"https:\\\/\\\/atividademapa.com\\\/?page_id=5\"},{\"@type\":\"ListItem\",\"position\":3,\"name\":\"MAPA &#8211; Contabilidade Introdut\u00f3ria &#8211; 51\\\/2025\"}]},{\"@type\":\"WebSite\",\"@id\":\"https:\\\/\\\/atividademapa.com\\\/#website\",\"url\":\"https:\\\/\\\/atividademapa.com\\\/\",\"name\":\"Atividade Mapa\",\"description\":\"StudeO | Unicesumar\",\"publisher\":{\"@id\":\"https:\\\/\\\/atividademapa.com\\\/#organization\"},\"potentialAction\":[{\"@type\":\"SearchAction\",\"target\":{\"@type\":\"EntryPoint\",\"urlTemplate\":\"https:\\\/\\\/atividademapa.com\\\/?s={search_term_string}\"},\"query-input\":{\"@type\":\"PropertyValueSpecification\",\"valueRequired\":true,\"valueName\":\"search_term_string\"}}],\"inLanguage\":\"pt-BR\"},{\"@type\":\"Organization\",\"@id\":\"https:\\\/\\\/atividademapa.com\\\/#organization\",\"name\":\"Atividade MAPA\",\"url\":\"https:\\\/\\\/atividademapa.com\\\/\",\"logo\":{\"@type\":\"ImageObject\",\"inLanguage\":\"pt-BR\",\"@id\":\"https:\\\/\\\/atividademapa.com\\\/#\\\/schema\\\/logo\\\/image\\\/\",\"url\":\"https:\\\/\\\/i0.wp.com\\\/atividademapa.com\\\/wp-content\\\/uploads\\\/2023\\\/02\\\/ATIVIDADE.png?fit=600%2C300&ssl=1\",\"contentUrl\":\"https:\\\/\\\/i0.wp.com\\\/atividademapa.com\\\/wp-content\\\/uploads\\\/2023\\\/02\\\/ATIVIDADE.png?fit=600%2C300&ssl=1\",\"width\":600,\"height\":300,\"caption\":\"Atividade MAPA\"},\"image\":{\"@id\":\"https:\\\/\\\/atividademapa.com\\\/#\\\/schema\\\/logo\\\/image\\\/\"}}]}<\/script>\n<!-- \/ Yoast SEO plugin. -->","yoast_head_json":{"title":"MAPA - Contabilidade Introdut\u00f3ria - 51\/2025","description":"Atividade MAPA - Contabilidade Introdut\u00f3ria - 51\/2025 &#8902; Unicesumar. Baixe agora mesmo um Mapa Pronto resolvido!","robots":{"index":"index","follow":"follow","max-snippet":"max-snippet:-1","max-image-preview":"max-image-preview:large","max-video-preview":"max-video-preview:-1"},"canonical":"https:\/\/atividademapa.com\/?product=mapa-contabilidade-introdutoria-51-2025","og_locale":"pt_BR","og_type":"article","og_title":"MAPA - Contabilidade Introdut\u00f3ria - 51\/2025","og_description":"Atividade MAPA - Contabilidade Introdut\u00f3ria - 51\/2025 &#8902; Unicesumar. Baixe agora mesmo um Mapa Pronto resolvido!","og_url":"https:\/\/atividademapa.com\/?product=mapa-contabilidade-introdutoria-51-2025","og_site_name":"Atividade Mapa","article_modified_time":"2025-04-05T02:19:49+00:00","og_image":[{"width":300,"height":300,"url":"https:\/\/i0.wp.com\/atividademapa.com\/wp-content\/uploads\/2023\/03\/Atividade-M.A.P.A-3.png?fit=300%2C300&ssl=1","type":"image\/png"}],"twitter_card":"summary_large_image","twitter_misc":{"Est. tempo de leitura":"3 minutos"},"schema":{"@context":"https:\/\/schema.org","@graph":[{"@type":"WebPage","@id":"https:\/\/atividademapa.com\/?product=mapa-contabilidade-introdutoria-51-2025","url":"https:\/\/atividademapa.com\/?product=mapa-contabilidade-introdutoria-51-2025","name":"MAPA - Contabilidade Introdut\u00f3ria - 51\/2025","isPartOf":{"@id":"https:\/\/atividademapa.com\/#website"},"primaryImageOfPage":{"@id":"https:\/\/atividademapa.com\/?product=mapa-contabilidade-introdutoria-51-2025#primaryimage"},"image":{"@id":"https:\/\/atividademapa.com\/?product=mapa-contabilidade-introdutoria-51-2025#primaryimage"},"thumbnailUrl":"https:\/\/i0.wp.com\/atividademapa.com\/wp-content\/uploads\/2023\/03\/Atividade-M.A.P.A-3.png?fit=300%2C300&ssl=1","datePublished":"2025-04-05T02:19:48+00:00","dateModified":"2025-04-05T02:19:49+00:00","description":"Atividade MAPA - Contabilidade Introdut\u00f3ria - 51\/2025 &#8902; Unicesumar. Baixe agora mesmo um Mapa Pronto resolvido!","breadcrumb":{"@id":"https:\/\/atividademapa.com\/?product=mapa-contabilidade-introdutoria-51-2025#breadcrumb"},"inLanguage":"pt-BR","potentialAction":[{"@type":"ReadAction","target":["https:\/\/atividademapa.com\/?product=mapa-contabilidade-introdutoria-51-2025"]}]},{"@type":"ImageObject","inLanguage":"pt-BR","@id":"https:\/\/atividademapa.com\/?product=mapa-contabilidade-introdutoria-51-2025#primaryimage","url":"https:\/\/i0.wp.com\/atividademapa.com\/wp-content\/uploads\/2023\/03\/Atividade-M.A.P.A-3.png?fit=300%2C300&ssl=1","contentUrl":"https:\/\/i0.wp.com\/atividademapa.com\/wp-content\/uploads\/2023\/03\/Atividade-M.A.P.A-3.png?fit=300%2C300&ssl=1","width":300,"height":300,"caption":"Mapa Unicesumar Atividade"},{"@type":"BreadcrumbList","@id":"https:\/\/atividademapa.com\/?product=mapa-contabilidade-introdutoria-51-2025#breadcrumb","itemListElement":[{"@type":"ListItem","position":1,"name":"In\u00edcio","item":"https:\/\/atividademapa.com\/"},{"@type":"ListItem","position":2,"name":"MAPAS","item":"https:\/\/atividademapa.com\/?page_id=5"},{"@type":"ListItem","position":3,"name":"MAPA &#8211; Contabilidade Introdut\u00f3ria &#8211; 51\/2025"}]},{"@type":"WebSite","@id":"https:\/\/atividademapa.com\/#website","url":"https:\/\/atividademapa.com\/","name":"Atividade Mapa","description":"StudeO | Unicesumar","publisher":{"@id":"https:\/\/atividademapa.com\/#organization"},"potentialAction":[{"@type":"SearchAction","target":{"@type":"EntryPoint","urlTemplate":"https:\/\/atividademapa.com\/?s={search_term_string}"},"query-input":{"@type":"PropertyValueSpecification","valueRequired":true,"valueName":"search_term_string"}}],"inLanguage":"pt-BR"},{"@type":"Organization","@id":"https:\/\/atividademapa.com\/#organization","name":"Atividade MAPA","url":"https:\/\/atividademapa.com\/","logo":{"@type":"ImageObject","inLanguage":"pt-BR","@id":"https:\/\/atividademapa.com\/#\/schema\/logo\/image\/","url":"https:\/\/i0.wp.com\/atividademapa.com\/wp-content\/uploads\/2023\/02\/ATIVIDADE.png?fit=600%2C300&ssl=1","contentUrl":"https:\/\/i0.wp.com\/atividademapa.com\/wp-content\/uploads\/2023\/02\/ATIVIDADE.png?fit=600%2C300&ssl=1","width":600,"height":300,"caption":"Atividade MAPA"},"image":{"@id":"https:\/\/atividademapa.com\/#\/schema\/logo\/image\/"}}]}},"_links":{"self":[{"href":"https:\/\/atividademapa.com\/index.php?rest_route=\/wp\/v2\/product\/5496","targetHints":{"allow":["GET"]}}],"collection":[{"href":"https:\/\/atividademapa.com\/index.php?rest_route=\/wp\/v2\/product"}],"about":[{"href":"https:\/\/atividademapa.com\/index.php?rest_route=\/wp\/v2\/types\/product"}],"version-history":[{"count":1,"href":"https:\/\/atividademapa.com\/index.php?rest_route=\/wp\/v2\/product\/5496\/revisions"}],"predecessor-version":[{"id":5498,"href":"https:\/\/atividademapa.com\/index.php?rest_route=\/wp\/v2\/product\/5496\/revisions\/5498"}],"wp:featuredmedia":[{"embeddable":true,"href":"https:\/\/atividademapa.com\/index.php?rest_route=\/wp\/v2\/media\/2326"}],"wp:attachment":[{"href":"https:\/\/atividademapa.com\/index.php?rest_route=%2Fwp%2Fv2%2Fmedia&parent=5496"}],"wp:term":[{"taxonomy":"product_brand","embeddable":true,"href":"https:\/\/atividademapa.com\/index.php?rest_route=%2Fwp%2Fv2%2Fproduct_brand&post=5496"},{"taxonomy":"product_cat","embeddable":true,"href":"https:\/\/atividademapa.com\/index.php?rest_route=%2Fwp%2Fv2%2Fproduct_cat&post=5496"},{"taxonomy":"product_tag","embeddable":true,"href":"https:\/\/atividademapa.com\/index.php?rest_route=%2Fwp%2Fv2%2Fproduct_tag&post=5496"}],"curies":[{"name":"wp","href":"https:\/\/api.w.org\/{rel}","templated":true}]}}