{"id":5524,"date":"2025-04-11T21:46:42","date_gmt":"2025-04-12T00:46:42","guid":{"rendered":"https:\/\/atividademapa.com\/?post_type=product&#038;p=5524"},"modified":"2025-04-11T21:46:43","modified_gmt":"2025-04-12T00:46:43","slug":"mapa-fundamentos-do-direito-civil-51-2025","status":"publish","type":"product","link":"https:\/\/atividademapa.com\/?product=mapa-fundamentos-do-direito-civil-51-2025","title":{"rendered":"MAPA &#8211; Fundamentos do Direito Civil 51\/2025"},"content":{"rendered":"<p>Etapa 01: Contextualizando<br \/>\nPara contextualizar a proposta convido voc\u00ea a imaginar os seguintes casos narrados:<\/p>\n<p>Maria Clara, de 20 anos de idade, foi v\u00edtima de compartilhamento de fotos \u00edntimas suas vazadas em um grupo no aplicativo de comunica\u00e7\u00e3o WhatsApp. Ap\u00f3s tal fato, Maria Clara cometeu suic\u00eddio. Dez dias ap\u00f3s seu falecimento, Jo\u00e3o Carlos, membro do grupo de WhatsApp onde as fotos foram compartilhadas, decidiu por postar tais fotografias em redes sociais.<\/p>\n<p>Juliana Daes \u00e9 uma atriz famosa brasileira e foi convidada para participar em um reality show brasileiro bastante famoso. Ap\u00f3s 20 (vinte) dias de participa\u00e7\u00e3o no programa, foram compartilhados, em rede de televis\u00e3o, fotos e v\u00eddeos seus durante sua estadia no programa, com tons de chacota e sarcasmo.<\/p>\n<p>Etapa 2: Conceituando<\/p>\n<p>J\u00e1 sabemos que toda pessoa \u00e9 sujeito de direitos e, consequentemente, titular de direitos e obriga\u00e7\u00f5es. Tamb\u00e9m sabemos que toda pessoa possui direitos da personalidade, os quais s\u00e3o considerados como inalien\u00e1veis, vital\u00edcios, inatos, imprescrit\u00edveis e intransmiss\u00edveis.<br \/>\nCom base nisso, nosso C\u00f3digo Civil e nossa Constitui\u00e7\u00e3o Federal disciplinam acerca dos mesmos, tais como o direito \u00e0 vida, integridade f\u00edsica, direito ao nome, \u00e0 imagem e etc.<br \/>\nDentro deste tema, muito se questiona acerca do direito \u00e0 imagem, sobretudo em tempos de redes sociais e dispositivos eletr\u00f4nicos (tais como aparelhos celulares, drones, computadores, e etc.) que capturam fotografias e v\u00eddeos a qualquer momento e em qualquer local.<\/p>\n<p>Considerando o exposto at\u00e9 aqui, pergunto: O direito \u00e0 imagem pode ser flexibilizado?<\/p>\n<p>A partir desta explana\u00e7\u00e3o seguimos para a etapa 03.<\/p>\n<p>Etapa 3: Problematizando<\/p>\n<p>Voc\u00ea pode estar se questionando: Ora, caso o direito \u00e0 imagem n\u00e3o seja pass\u00edvel de flexibiliza\u00e7\u00e3o, por qual motivo h\u00e1 pessoas famosas com suas fotografias e v\u00eddeos circulando em propagandas de marketing ou programas de tv?<\/p>\n<p>Quest\u00e3o 01 &#8211; Considerando o caso acima e as reflex\u00f5es realizadas, RESPONDA: A simples divulga\u00e7\u00e3o das imagens, mesmo sem a viola\u00e7\u00e3o da honra ou moral, configura viola\u00e7\u00e3o ao direito a imagem?<\/p>\n<p>Quest\u00e3o 02 \u2013 Em rela\u00e7\u00e3o ao caso de Maria Clara, h\u00e1 a possibilidade de prote\u00e7\u00e3o de sua imagem ap\u00f3s seu falecimento? Se sim, quem s\u00e3o os legitimados para tanto?<br \/>\nQuest\u00e3o 03 Levando em considera\u00e7\u00e3o o segundo caso pr\u00e1tico narrado acima, Juliana Daes pode requerer indeniza\u00e7\u00e3o pelo uso de sua imagem?<\/p>\n","protected":false},"excerpt":{"rendered":"<p>Etapa 01: Contextualizando Para contextualizar a proposta convido voc\u00ea a imaginar os seguintes casos narrados: Maria Clara, de 20 anos<\/p>\n","protected":false},"featured_media":2326,"template":"","meta":{"_monsterinsights_skip_tracking":false,"_monsterinsights_sitenote_active":false,"_monsterinsights_sitenote_note":"","_monsterinsights_sitenote_category":0},"product_brand":[],"product_cat":[150],"product_tag":[],"class_list":{"0":"post-5524","1":"product","2":"type-product","3":"status-publish","4":"has-post-thumbnail","6":"product_cat-servicos-juridicos-e-notariais","8":"first","9":"instock","10":"downloadable","11":"virtual","12":"purchasable","13":"product-type-simple"},"yoast_head":"<!-- This site is optimized with the Yoast SEO plugin v27.4 - https:\/\/yoast.com\/product\/yoast-seo-wordpress\/ -->\n<title>MAPA - Fundamentos do Direito Civil 51\/2025<\/title>\n<meta name=\"description\" content=\"Atividade MAPA - Fundamentos do Direito Civil 51\/2025 &#8902; Unicesumar. Baixe agora mesmo um Mapa Pronto resolvido!\" \/>\n<meta name=\"robots\" content=\"index, follow, max-snippet:-1, max-image-preview:large, max-video-preview:-1\" \/>\n<link rel=\"canonical\" href=\"https:\/\/atividademapa.com\/?product=mapa-fundamentos-do-direito-civil-51-2025\" \/>\n<meta property=\"og:locale\" content=\"pt_BR\" \/>\n<meta property=\"og:type\" content=\"article\" \/>\n<meta property=\"og:title\" content=\"MAPA - Fundamentos do Direito Civil 51\/2025\" \/>\n<meta property=\"og:description\" content=\"Atividade MAPA - Fundamentos do Direito Civil 51\/2025 &#8902; Unicesumar. Baixe agora mesmo um Mapa Pronto resolvido!\" \/>\n<meta property=\"og:url\" content=\"https:\/\/atividademapa.com\/?product=mapa-fundamentos-do-direito-civil-51-2025\" \/>\n<meta property=\"og:site_name\" content=\"Atividade Mapa\" \/>\n<meta property=\"article:modified_time\" content=\"2025-04-12T00:46:43+00:00\" \/>\n<meta property=\"og:image\" content=\"https:\/\/i0.wp.com\/atividademapa.com\/wp-content\/uploads\/2023\/03\/Atividade-M.A.P.A-3.png?fit=300%2C300&ssl=1\" \/>\n\t<meta property=\"og:image:width\" content=\"300\" \/>\n\t<meta property=\"og:image:height\" content=\"300\" \/>\n\t<meta property=\"og:image:type\" content=\"image\/png\" \/>\n<meta name=\"twitter:card\" content=\"summary_large_image\" \/>\n<meta name=\"twitter:label1\" content=\"Est. tempo de leitura\" \/>\n\t<meta name=\"twitter:data1\" content=\"2 minutos\" \/>\n<script type=\"application\/ld+json\" class=\"yoast-schema-graph\">{\"@context\":\"https:\\\/\\\/schema.org\",\"@graph\":[{\"@type\":\"WebPage\",\"@id\":\"https:\\\/\\\/atividademapa.com\\\/?product=mapa-fundamentos-do-direito-civil-51-2025\",\"url\":\"https:\\\/\\\/atividademapa.com\\\/?product=mapa-fundamentos-do-direito-civil-51-2025\",\"name\":\"MAPA - Fundamentos do Direito Civil 51\\\/2025\",\"isPartOf\":{\"@id\":\"https:\\\/\\\/atividademapa.com\\\/#website\"},\"primaryImageOfPage\":{\"@id\":\"https:\\\/\\\/atividademapa.com\\\/?product=mapa-fundamentos-do-direito-civil-51-2025#primaryimage\"},\"image\":{\"@id\":\"https:\\\/\\\/atividademapa.com\\\/?product=mapa-fundamentos-do-direito-civil-51-2025#primaryimage\"},\"thumbnailUrl\":\"https:\\\/\\\/i0.wp.com\\\/atividademapa.com\\\/wp-content\\\/uploads\\\/2023\\\/03\\\/Atividade-M.A.P.A-3.png?fit=300%2C300&ssl=1\",\"datePublished\":\"2025-04-12T00:46:42+00:00\",\"dateModified\":\"2025-04-12T00:46:43+00:00\",\"description\":\"Atividade MAPA - Fundamentos do Direito Civil 51\\\/2025 &#8902; Unicesumar. Baixe agora mesmo um Mapa Pronto resolvido!\",\"breadcrumb\":{\"@id\":\"https:\\\/\\\/atividademapa.com\\\/?product=mapa-fundamentos-do-direito-civil-51-2025#breadcrumb\"},\"inLanguage\":\"pt-BR\",\"potentialAction\":[{\"@type\":\"ReadAction\",\"target\":[\"https:\\\/\\\/atividademapa.com\\\/?product=mapa-fundamentos-do-direito-civil-51-2025\"]}]},{\"@type\":\"ImageObject\",\"inLanguage\":\"pt-BR\",\"@id\":\"https:\\\/\\\/atividademapa.com\\\/?product=mapa-fundamentos-do-direito-civil-51-2025#primaryimage\",\"url\":\"https:\\\/\\\/i0.wp.com\\\/atividademapa.com\\\/wp-content\\\/uploads\\\/2023\\\/03\\\/Atividade-M.A.P.A-3.png?fit=300%2C300&ssl=1\",\"contentUrl\":\"https:\\\/\\\/i0.wp.com\\\/atividademapa.com\\\/wp-content\\\/uploads\\\/2023\\\/03\\\/Atividade-M.A.P.A-3.png?fit=300%2C300&ssl=1\",\"width\":300,\"height\":300,\"caption\":\"Mapa Unicesumar Atividade\"},{\"@type\":\"BreadcrumbList\",\"@id\":\"https:\\\/\\\/atividademapa.com\\\/?product=mapa-fundamentos-do-direito-civil-51-2025#breadcrumb\",\"itemListElement\":[{\"@type\":\"ListItem\",\"position\":1,\"name\":\"In\u00edcio\",\"item\":\"https:\\\/\\\/atividademapa.com\\\/\"},{\"@type\":\"ListItem\",\"position\":2,\"name\":\"MAPAS\",\"item\":\"https:\\\/\\\/atividademapa.com\\\/?page_id=5\"},{\"@type\":\"ListItem\",\"position\":3,\"name\":\"MAPA &#8211; Fundamentos do Direito Civil 51\\\/2025\"}]},{\"@type\":\"WebSite\",\"@id\":\"https:\\\/\\\/atividademapa.com\\\/#website\",\"url\":\"https:\\\/\\\/atividademapa.com\\\/\",\"name\":\"Atividade Mapa\",\"description\":\"StudeO | Unicesumar\",\"publisher\":{\"@id\":\"https:\\\/\\\/atividademapa.com\\\/#organization\"},\"potentialAction\":[{\"@type\":\"SearchAction\",\"target\":{\"@type\":\"EntryPoint\",\"urlTemplate\":\"https:\\\/\\\/atividademapa.com\\\/?s={search_term_string}\"},\"query-input\":{\"@type\":\"PropertyValueSpecification\",\"valueRequired\":true,\"valueName\":\"search_term_string\"}}],\"inLanguage\":\"pt-BR\"},{\"@type\":\"Organization\",\"@id\":\"https:\\\/\\\/atividademapa.com\\\/#organization\",\"name\":\"Atividade MAPA\",\"url\":\"https:\\\/\\\/atividademapa.com\\\/\",\"logo\":{\"@type\":\"ImageObject\",\"inLanguage\":\"pt-BR\",\"@id\":\"https:\\\/\\\/atividademapa.com\\\/#\\\/schema\\\/logo\\\/image\\\/\",\"url\":\"https:\\\/\\\/i0.wp.com\\\/atividademapa.com\\\/wp-content\\\/uploads\\\/2023\\\/02\\\/ATIVIDADE.png?fit=600%2C300&ssl=1\",\"contentUrl\":\"https:\\\/\\\/i0.wp.com\\\/atividademapa.com\\\/wp-content\\\/uploads\\\/2023\\\/02\\\/ATIVIDADE.png?fit=600%2C300&ssl=1\",\"width\":600,\"height\":300,\"caption\":\"Atividade MAPA\"},\"image\":{\"@id\":\"https:\\\/\\\/atividademapa.com\\\/#\\\/schema\\\/logo\\\/image\\\/\"}}]}<\/script>\n<!-- \/ Yoast SEO plugin. -->","yoast_head_json":{"title":"MAPA - Fundamentos do Direito Civil 51\/2025","description":"Atividade MAPA - Fundamentos do Direito Civil 51\/2025 &#8902; Unicesumar. Baixe agora mesmo um Mapa Pronto resolvido!","robots":{"index":"index","follow":"follow","max-snippet":"max-snippet:-1","max-image-preview":"max-image-preview:large","max-video-preview":"max-video-preview:-1"},"canonical":"https:\/\/atividademapa.com\/?product=mapa-fundamentos-do-direito-civil-51-2025","og_locale":"pt_BR","og_type":"article","og_title":"MAPA - Fundamentos do Direito Civil 51\/2025","og_description":"Atividade MAPA - Fundamentos do Direito Civil 51\/2025 &#8902; Unicesumar. Baixe agora mesmo um Mapa Pronto resolvido!","og_url":"https:\/\/atividademapa.com\/?product=mapa-fundamentos-do-direito-civil-51-2025","og_site_name":"Atividade Mapa","article_modified_time":"2025-04-12T00:46:43+00:00","og_image":[{"width":300,"height":300,"url":"https:\/\/i0.wp.com\/atividademapa.com\/wp-content\/uploads\/2023\/03\/Atividade-M.A.P.A-3.png?fit=300%2C300&ssl=1","type":"image\/png"}],"twitter_card":"summary_large_image","twitter_misc":{"Est. tempo de leitura":"2 minutos"},"schema":{"@context":"https:\/\/schema.org","@graph":[{"@type":"WebPage","@id":"https:\/\/atividademapa.com\/?product=mapa-fundamentos-do-direito-civil-51-2025","url":"https:\/\/atividademapa.com\/?product=mapa-fundamentos-do-direito-civil-51-2025","name":"MAPA - Fundamentos do Direito Civil 51\/2025","isPartOf":{"@id":"https:\/\/atividademapa.com\/#website"},"primaryImageOfPage":{"@id":"https:\/\/atividademapa.com\/?product=mapa-fundamentos-do-direito-civil-51-2025#primaryimage"},"image":{"@id":"https:\/\/atividademapa.com\/?product=mapa-fundamentos-do-direito-civil-51-2025#primaryimage"},"thumbnailUrl":"https:\/\/i0.wp.com\/atividademapa.com\/wp-content\/uploads\/2023\/03\/Atividade-M.A.P.A-3.png?fit=300%2C300&ssl=1","datePublished":"2025-04-12T00:46:42+00:00","dateModified":"2025-04-12T00:46:43+00:00","description":"Atividade MAPA - Fundamentos do Direito Civil 51\/2025 &#8902; Unicesumar. Baixe agora mesmo um Mapa Pronto resolvido!","breadcrumb":{"@id":"https:\/\/atividademapa.com\/?product=mapa-fundamentos-do-direito-civil-51-2025#breadcrumb"},"inLanguage":"pt-BR","potentialAction":[{"@type":"ReadAction","target":["https:\/\/atividademapa.com\/?product=mapa-fundamentos-do-direito-civil-51-2025"]}]},{"@type":"ImageObject","inLanguage":"pt-BR","@id":"https:\/\/atividademapa.com\/?product=mapa-fundamentos-do-direito-civil-51-2025#primaryimage","url":"https:\/\/i0.wp.com\/atividademapa.com\/wp-content\/uploads\/2023\/03\/Atividade-M.A.P.A-3.png?fit=300%2C300&ssl=1","contentUrl":"https:\/\/i0.wp.com\/atividademapa.com\/wp-content\/uploads\/2023\/03\/Atividade-M.A.P.A-3.png?fit=300%2C300&ssl=1","width":300,"height":300,"caption":"Mapa Unicesumar Atividade"},{"@type":"BreadcrumbList","@id":"https:\/\/atividademapa.com\/?product=mapa-fundamentos-do-direito-civil-51-2025#breadcrumb","itemListElement":[{"@type":"ListItem","position":1,"name":"In\u00edcio","item":"https:\/\/atividademapa.com\/"},{"@type":"ListItem","position":2,"name":"MAPAS","item":"https:\/\/atividademapa.com\/?page_id=5"},{"@type":"ListItem","position":3,"name":"MAPA &#8211; Fundamentos do Direito Civil 51\/2025"}]},{"@type":"WebSite","@id":"https:\/\/atividademapa.com\/#website","url":"https:\/\/atividademapa.com\/","name":"Atividade Mapa","description":"StudeO | Unicesumar","publisher":{"@id":"https:\/\/atividademapa.com\/#organization"},"potentialAction":[{"@type":"SearchAction","target":{"@type":"EntryPoint","urlTemplate":"https:\/\/atividademapa.com\/?s={search_term_string}"},"query-input":{"@type":"PropertyValueSpecification","valueRequired":true,"valueName":"search_term_string"}}],"inLanguage":"pt-BR"},{"@type":"Organization","@id":"https:\/\/atividademapa.com\/#organization","name":"Atividade MAPA","url":"https:\/\/atividademapa.com\/","logo":{"@type":"ImageObject","inLanguage":"pt-BR","@id":"https:\/\/atividademapa.com\/#\/schema\/logo\/image\/","url":"https:\/\/i0.wp.com\/atividademapa.com\/wp-content\/uploads\/2023\/02\/ATIVIDADE.png?fit=600%2C300&ssl=1","contentUrl":"https:\/\/i0.wp.com\/atividademapa.com\/wp-content\/uploads\/2023\/02\/ATIVIDADE.png?fit=600%2C300&ssl=1","width":600,"height":300,"caption":"Atividade MAPA"},"image":{"@id":"https:\/\/atividademapa.com\/#\/schema\/logo\/image\/"}}]}},"_links":{"self":[{"href":"https:\/\/atividademapa.com\/index.php?rest_route=\/wp\/v2\/product\/5524","targetHints":{"allow":["GET"]}}],"collection":[{"href":"https:\/\/atividademapa.com\/index.php?rest_route=\/wp\/v2\/product"}],"about":[{"href":"https:\/\/atividademapa.com\/index.php?rest_route=\/wp\/v2\/types\/product"}],"version-history":[{"count":1,"href":"https:\/\/atividademapa.com\/index.php?rest_route=\/wp\/v2\/product\/5524\/revisions"}],"predecessor-version":[{"id":5526,"href":"https:\/\/atividademapa.com\/index.php?rest_route=\/wp\/v2\/product\/5524\/revisions\/5526"}],"wp:featuredmedia":[{"embeddable":true,"href":"https:\/\/atividademapa.com\/index.php?rest_route=\/wp\/v2\/media\/2326"}],"wp:attachment":[{"href":"https:\/\/atividademapa.com\/index.php?rest_route=%2Fwp%2Fv2%2Fmedia&parent=5524"}],"wp:term":[{"taxonomy":"product_brand","embeddable":true,"href":"https:\/\/atividademapa.com\/index.php?rest_route=%2Fwp%2Fv2%2Fproduct_brand&post=5524"},{"taxonomy":"product_cat","embeddable":true,"href":"https:\/\/atividademapa.com\/index.php?rest_route=%2Fwp%2Fv2%2Fproduct_cat&post=5524"},{"taxonomy":"product_tag","embeddable":true,"href":"https:\/\/atividademapa.com\/index.php?rest_route=%2Fwp%2Fv2%2Fproduct_tag&post=5524"}],"curies":[{"name":"wp","href":"https:\/\/api.w.org\/{rel}","templated":true}]}}