{"id":5539,"date":"2025-04-13T09:07:31","date_gmt":"2025-04-13T12:07:31","guid":{"rendered":"https:\/\/atividademapa.com\/?post_type=product&#038;p=5539"},"modified":"2025-04-13T09:07:32","modified_gmt":"2025-04-13T12:07:32","slug":"mapa-fundamentos-de-saude-e-seguranca-do-trabalho-51_2025","status":"publish","type":"product","link":"https:\/\/atividademapa.com\/?product=mapa-fundamentos-de-saude-e-seguranca-do-trabalho-51_2025","title":{"rendered":"MAPA &#8211; Fundamentos de Sa\u00fade e Seguran\u00e7a do Trabalho &#8211; 51_2025"},"content":{"rendered":"<p>A Ind\u00fastria Iron Industrial \u00e9 uma f\u00e1brica fict\u00edcia que atua na produ\u00e7\u00e3o de pe\u00e7as met\u00e1licas para o setor automotivo. A empresa possui um parque industrial moderno, mas enfrenta desafios relacionados \u00e0 seguran\u00e7a dos trabalhadores. Como consultor, voc\u00ea foi contratado para analisar os principais problemas e desenvolver estrat\u00e9gias eficazes para promover um ambiente de trabalho seguro e produtivo.<\/p>\n<p>Problematiza\u00e7\u00e3o:<br \/>\nA Ind\u00fastria Iron Industrial enfrenta uma s\u00e9rie de desafios que impactam diretamente a rotina e o bem-estar de seus colaboradores. Recentemente, tornou-se evidente a reclama\u00e7\u00e3o dos funcion\u00e1rios a cerca de:<\/p>\n<p>A aus\u00eancia de pausas regulares durante as jornadas e as condi\u00e7\u00f5es ergon\u00f4micas inadequadas levam a um aumento significativo de queixas relacionadas a dores musculares, especialmente entre os operadores de m\u00e1quinas, refletindo n\u00e3o apenas no desempenho das equipes, mas tamb\u00e9m no clima organizacional, gerando desconforto e, em alguns casos, afastamentos.<\/p>\n<p>Al\u00e9m disso, os registros internos mostram que incidentes s\u00e3o frequentes, muitas vezes causados por atos inseguros, como a falta de utiliza\u00e7\u00e3o dos Equipamentos de Prote\u00e7\u00e3o Individual (EPIs), pois h\u00e1 uma resist\u00eancia percept\u00edvel por parte de alguns colaboradores na sua utiliza\u00e7\u00e3o, que demonstram certa relut\u00e2ncia em aderir aos protocolos estabelecidos.<\/p>\n<p>Outro fator que tem exigido adapta\u00e7\u00f5es \u00e9 a respeito da compra e implementa\u00e7\u00e3o de novos equipamentos mais modernos para a fabrica\u00e7\u00e3o de ferramentas, uma iniciativa que promete modernizar a produ\u00e7\u00e3o e ampliar a efici\u00eancia. Por\u00e9m, a falta de treinamento adequado gerou inseguran\u00e7a entre os funcion\u00e1rios, que passaram a temer pela substitui\u00e7\u00e3o de m\u00e3o de obra e encontram dificuldades na intera\u00e7\u00e3o com as m\u00e1quinas.<\/p>\n<p>Diante desse panorama, a Iron Industrial contratou voc\u00ea como consultor de SST para auxili\u00e1-la a desenvolver estrat\u00e9gias para mitigar esses problemas, garantir a sa\u00fade e seguran\u00e7a dos trabalhadores e promover um ambiente de trabalho mais produtivo e harmonioso.<\/p>\n<p>ENTREGA:<br \/>\nAgora \u00e9 a sua vez, neste MAPA a sua tarefa \u00e9:<\/p>\n<p>Elaborar um plano de a\u00e7\u00e3o detalhado para a Ind\u00fastria Iron Industrial, abordando os problemas relacionados \u00e0s queixas dos funcion\u00e1rios. O plano deve conter: diagn\u00f3stico inicial, objetivos claros, a\u00e7\u00f5es propostas (legais, t\u00e9cnicas e comportamentais) e resultados esperados.<br \/>\n\u200bObs.: para cada item presente no plano de a\u00e7\u00e3o, apresentar no m\u00ednimo 02 dois t\u00f3picos.<\/p>\n","protected":false},"excerpt":{"rendered":"<p>A Ind\u00fastria Iron Industrial \u00e9 uma f\u00e1brica fict\u00edcia que atua na produ\u00e7\u00e3o de pe\u00e7as met\u00e1licas para o setor automotivo. A<\/p>\n","protected":false},"featured_media":2326,"template":"","meta":{"_monsterinsights_skip_tracking":false,"_monsterinsights_sitenote_active":false,"_monsterinsights_sitenote_note":"","_monsterinsights_sitenote_category":0},"product_brand":[],"product_cat":[113],"product_tag":[],"class_list":{"0":"post-5539","1":"product","2":"type-product","3":"status-publish","4":"has-post-thumbnail","6":"product_cat-seguranca-do-trabalho","8":"first","9":"instock","10":"downloadable","11":"virtual","12":"purchasable","13":"product-type-simple"},"yoast_head":"<!-- This site is optimized with the Yoast SEO plugin v27.4 - https:\/\/yoast.com\/product\/yoast-seo-wordpress\/ -->\n<title>MAPA - Fundamentos de Sa\u00fade e Seguran\u00e7a do Trabalho - 51_2025<\/title>\n<meta name=\"description\" content=\"Atividade MAPA - Fundamentos de Sa\u00fade e Seguran\u00e7a do Trabalho - 51_2025 &#8902; Unicesumar. Baixe agora mesmo um Mapa Pronto resolvido!\" \/>\n<meta name=\"robots\" content=\"index, follow, max-snippet:-1, max-image-preview:large, max-video-preview:-1\" \/>\n<link rel=\"canonical\" href=\"https:\/\/atividademapa.com\/?product=mapa-fundamentos-de-saude-e-seguranca-do-trabalho-51_2025\" \/>\n<meta property=\"og:locale\" content=\"pt_BR\" \/>\n<meta property=\"og:type\" content=\"article\" \/>\n<meta property=\"og:title\" content=\"MAPA - Fundamentos de Sa\u00fade e Seguran\u00e7a do Trabalho - 51_2025\" \/>\n<meta property=\"og:description\" content=\"Atividade MAPA - Fundamentos de Sa\u00fade e Seguran\u00e7a do Trabalho - 51_2025 &#8902; Unicesumar. Baixe agora mesmo um Mapa Pronto resolvido!\" \/>\n<meta property=\"og:url\" content=\"https:\/\/atividademapa.com\/?product=mapa-fundamentos-de-saude-e-seguranca-do-trabalho-51_2025\" \/>\n<meta property=\"og:site_name\" content=\"Atividade Mapa\" \/>\n<meta property=\"article:modified_time\" content=\"2025-04-13T12:07:32+00:00\" \/>\n<meta property=\"og:image\" content=\"https:\/\/i0.wp.com\/atividademapa.com\/wp-content\/uploads\/2023\/03\/Atividade-M.A.P.A-3.png?fit=300%2C300&ssl=1\" \/>\n\t<meta property=\"og:image:width\" content=\"300\" \/>\n\t<meta property=\"og:image:height\" content=\"300\" \/>\n\t<meta property=\"og:image:type\" content=\"image\/png\" \/>\n<meta name=\"twitter:card\" content=\"summary_large_image\" \/>\n<meta name=\"twitter:label1\" content=\"Est. tempo de leitura\" \/>\n\t<meta name=\"twitter:data1\" content=\"2 minutos\" \/>\n<script type=\"application\/ld+json\" class=\"yoast-schema-graph\">{\"@context\":\"https:\\\/\\\/schema.org\",\"@graph\":[{\"@type\":\"WebPage\",\"@id\":\"https:\\\/\\\/atividademapa.com\\\/?product=mapa-fundamentos-de-saude-e-seguranca-do-trabalho-51_2025\",\"url\":\"https:\\\/\\\/atividademapa.com\\\/?product=mapa-fundamentos-de-saude-e-seguranca-do-trabalho-51_2025\",\"name\":\"MAPA - Fundamentos de Sa\u00fade e Seguran\u00e7a do Trabalho - 51_2025\",\"isPartOf\":{\"@id\":\"https:\\\/\\\/atividademapa.com\\\/#website\"},\"primaryImageOfPage\":{\"@id\":\"https:\\\/\\\/atividademapa.com\\\/?product=mapa-fundamentos-de-saude-e-seguranca-do-trabalho-51_2025#primaryimage\"},\"image\":{\"@id\":\"https:\\\/\\\/atividademapa.com\\\/?product=mapa-fundamentos-de-saude-e-seguranca-do-trabalho-51_2025#primaryimage\"},\"thumbnailUrl\":\"https:\\\/\\\/i0.wp.com\\\/atividademapa.com\\\/wp-content\\\/uploads\\\/2023\\\/03\\\/Atividade-M.A.P.A-3.png?fit=300%2C300&ssl=1\",\"datePublished\":\"2025-04-13T12:07:31+00:00\",\"dateModified\":\"2025-04-13T12:07:32+00:00\",\"description\":\"Atividade MAPA - Fundamentos de Sa\u00fade e Seguran\u00e7a do Trabalho - 51_2025 &#8902; Unicesumar. Baixe agora mesmo um Mapa Pronto resolvido!\",\"breadcrumb\":{\"@id\":\"https:\\\/\\\/atividademapa.com\\\/?product=mapa-fundamentos-de-saude-e-seguranca-do-trabalho-51_2025#breadcrumb\"},\"inLanguage\":\"pt-BR\",\"potentialAction\":[{\"@type\":\"ReadAction\",\"target\":[\"https:\\\/\\\/atividademapa.com\\\/?product=mapa-fundamentos-de-saude-e-seguranca-do-trabalho-51_2025\"]}]},{\"@type\":\"ImageObject\",\"inLanguage\":\"pt-BR\",\"@id\":\"https:\\\/\\\/atividademapa.com\\\/?product=mapa-fundamentos-de-saude-e-seguranca-do-trabalho-51_2025#primaryimage\",\"url\":\"https:\\\/\\\/i0.wp.com\\\/atividademapa.com\\\/wp-content\\\/uploads\\\/2023\\\/03\\\/Atividade-M.A.P.A-3.png?fit=300%2C300&ssl=1\",\"contentUrl\":\"https:\\\/\\\/i0.wp.com\\\/atividademapa.com\\\/wp-content\\\/uploads\\\/2023\\\/03\\\/Atividade-M.A.P.A-3.png?fit=300%2C300&ssl=1\",\"width\":300,\"height\":300,\"caption\":\"Mapa Unicesumar Atividade\"},{\"@type\":\"BreadcrumbList\",\"@id\":\"https:\\\/\\\/atividademapa.com\\\/?product=mapa-fundamentos-de-saude-e-seguranca-do-trabalho-51_2025#breadcrumb\",\"itemListElement\":[{\"@type\":\"ListItem\",\"position\":1,\"name\":\"In\u00edcio\",\"item\":\"https:\\\/\\\/atividademapa.com\\\/\"},{\"@type\":\"ListItem\",\"position\":2,\"name\":\"MAPAS\",\"item\":\"https:\\\/\\\/atividademapa.com\\\/?page_id=5\"},{\"@type\":\"ListItem\",\"position\":3,\"name\":\"MAPA &#8211; Fundamentos de Sa\u00fade e Seguran\u00e7a do Trabalho &#8211; 51_2025\"}]},{\"@type\":\"WebSite\",\"@id\":\"https:\\\/\\\/atividademapa.com\\\/#website\",\"url\":\"https:\\\/\\\/atividademapa.com\\\/\",\"name\":\"Atividade Mapa\",\"description\":\"StudeO | Unicesumar\",\"publisher\":{\"@id\":\"https:\\\/\\\/atividademapa.com\\\/#organization\"},\"potentialAction\":[{\"@type\":\"SearchAction\",\"target\":{\"@type\":\"EntryPoint\",\"urlTemplate\":\"https:\\\/\\\/atividademapa.com\\\/?s={search_term_string}\"},\"query-input\":{\"@type\":\"PropertyValueSpecification\",\"valueRequired\":true,\"valueName\":\"search_term_string\"}}],\"inLanguage\":\"pt-BR\"},{\"@type\":\"Organization\",\"@id\":\"https:\\\/\\\/atividademapa.com\\\/#organization\",\"name\":\"Atividade MAPA\",\"url\":\"https:\\\/\\\/atividademapa.com\\\/\",\"logo\":{\"@type\":\"ImageObject\",\"inLanguage\":\"pt-BR\",\"@id\":\"https:\\\/\\\/atividademapa.com\\\/#\\\/schema\\\/logo\\\/image\\\/\",\"url\":\"https:\\\/\\\/i0.wp.com\\\/atividademapa.com\\\/wp-content\\\/uploads\\\/2023\\\/02\\\/ATIVIDADE.png?fit=600%2C300&ssl=1\",\"contentUrl\":\"https:\\\/\\\/i0.wp.com\\\/atividademapa.com\\\/wp-content\\\/uploads\\\/2023\\\/02\\\/ATIVIDADE.png?fit=600%2C300&ssl=1\",\"width\":600,\"height\":300,\"caption\":\"Atividade MAPA\"},\"image\":{\"@id\":\"https:\\\/\\\/atividademapa.com\\\/#\\\/schema\\\/logo\\\/image\\\/\"}}]}<\/script>\n<!-- \/ Yoast SEO plugin. -->","yoast_head_json":{"title":"MAPA - Fundamentos de Sa\u00fade e Seguran\u00e7a do Trabalho - 51_2025","description":"Atividade MAPA - Fundamentos de Sa\u00fade e Seguran\u00e7a do Trabalho - 51_2025 &#8902; Unicesumar. Baixe agora mesmo um Mapa Pronto resolvido!","robots":{"index":"index","follow":"follow","max-snippet":"max-snippet:-1","max-image-preview":"max-image-preview:large","max-video-preview":"max-video-preview:-1"},"canonical":"https:\/\/atividademapa.com\/?product=mapa-fundamentos-de-saude-e-seguranca-do-trabalho-51_2025","og_locale":"pt_BR","og_type":"article","og_title":"MAPA - Fundamentos de Sa\u00fade e Seguran\u00e7a do Trabalho - 51_2025","og_description":"Atividade MAPA - Fundamentos de Sa\u00fade e Seguran\u00e7a do Trabalho - 51_2025 &#8902; Unicesumar. Baixe agora mesmo um Mapa Pronto resolvido!","og_url":"https:\/\/atividademapa.com\/?product=mapa-fundamentos-de-saude-e-seguranca-do-trabalho-51_2025","og_site_name":"Atividade Mapa","article_modified_time":"2025-04-13T12:07:32+00:00","og_image":[{"width":300,"height":300,"url":"https:\/\/i0.wp.com\/atividademapa.com\/wp-content\/uploads\/2023\/03\/Atividade-M.A.P.A-3.png?fit=300%2C300&ssl=1","type":"image\/png"}],"twitter_card":"summary_large_image","twitter_misc":{"Est. tempo de leitura":"2 minutos"},"schema":{"@context":"https:\/\/schema.org","@graph":[{"@type":"WebPage","@id":"https:\/\/atividademapa.com\/?product=mapa-fundamentos-de-saude-e-seguranca-do-trabalho-51_2025","url":"https:\/\/atividademapa.com\/?product=mapa-fundamentos-de-saude-e-seguranca-do-trabalho-51_2025","name":"MAPA - Fundamentos de Sa\u00fade e Seguran\u00e7a do Trabalho - 51_2025","isPartOf":{"@id":"https:\/\/atividademapa.com\/#website"},"primaryImageOfPage":{"@id":"https:\/\/atividademapa.com\/?product=mapa-fundamentos-de-saude-e-seguranca-do-trabalho-51_2025#primaryimage"},"image":{"@id":"https:\/\/atividademapa.com\/?product=mapa-fundamentos-de-saude-e-seguranca-do-trabalho-51_2025#primaryimage"},"thumbnailUrl":"https:\/\/i0.wp.com\/atividademapa.com\/wp-content\/uploads\/2023\/03\/Atividade-M.A.P.A-3.png?fit=300%2C300&ssl=1","datePublished":"2025-04-13T12:07:31+00:00","dateModified":"2025-04-13T12:07:32+00:00","description":"Atividade MAPA - Fundamentos de Sa\u00fade e Seguran\u00e7a do Trabalho - 51_2025 &#8902; Unicesumar. Baixe agora mesmo um Mapa Pronto resolvido!","breadcrumb":{"@id":"https:\/\/atividademapa.com\/?product=mapa-fundamentos-de-saude-e-seguranca-do-trabalho-51_2025#breadcrumb"},"inLanguage":"pt-BR","potentialAction":[{"@type":"ReadAction","target":["https:\/\/atividademapa.com\/?product=mapa-fundamentos-de-saude-e-seguranca-do-trabalho-51_2025"]}]},{"@type":"ImageObject","inLanguage":"pt-BR","@id":"https:\/\/atividademapa.com\/?product=mapa-fundamentos-de-saude-e-seguranca-do-trabalho-51_2025#primaryimage","url":"https:\/\/i0.wp.com\/atividademapa.com\/wp-content\/uploads\/2023\/03\/Atividade-M.A.P.A-3.png?fit=300%2C300&ssl=1","contentUrl":"https:\/\/i0.wp.com\/atividademapa.com\/wp-content\/uploads\/2023\/03\/Atividade-M.A.P.A-3.png?fit=300%2C300&ssl=1","width":300,"height":300,"caption":"Mapa Unicesumar Atividade"},{"@type":"BreadcrumbList","@id":"https:\/\/atividademapa.com\/?product=mapa-fundamentos-de-saude-e-seguranca-do-trabalho-51_2025#breadcrumb","itemListElement":[{"@type":"ListItem","position":1,"name":"In\u00edcio","item":"https:\/\/atividademapa.com\/"},{"@type":"ListItem","position":2,"name":"MAPAS","item":"https:\/\/atividademapa.com\/?page_id=5"},{"@type":"ListItem","position":3,"name":"MAPA &#8211; Fundamentos de Sa\u00fade e Seguran\u00e7a do Trabalho &#8211; 51_2025"}]},{"@type":"WebSite","@id":"https:\/\/atividademapa.com\/#website","url":"https:\/\/atividademapa.com\/","name":"Atividade Mapa","description":"StudeO | Unicesumar","publisher":{"@id":"https:\/\/atividademapa.com\/#organization"},"potentialAction":[{"@type":"SearchAction","target":{"@type":"EntryPoint","urlTemplate":"https:\/\/atividademapa.com\/?s={search_term_string}"},"query-input":{"@type":"PropertyValueSpecification","valueRequired":true,"valueName":"search_term_string"}}],"inLanguage":"pt-BR"},{"@type":"Organization","@id":"https:\/\/atividademapa.com\/#organization","name":"Atividade MAPA","url":"https:\/\/atividademapa.com\/","logo":{"@type":"ImageObject","inLanguage":"pt-BR","@id":"https:\/\/atividademapa.com\/#\/schema\/logo\/image\/","url":"https:\/\/i0.wp.com\/atividademapa.com\/wp-content\/uploads\/2023\/02\/ATIVIDADE.png?fit=600%2C300&ssl=1","contentUrl":"https:\/\/i0.wp.com\/atividademapa.com\/wp-content\/uploads\/2023\/02\/ATIVIDADE.png?fit=600%2C300&ssl=1","width":600,"height":300,"caption":"Atividade MAPA"},"image":{"@id":"https:\/\/atividademapa.com\/#\/schema\/logo\/image\/"}}]}},"_links":{"self":[{"href":"https:\/\/atividademapa.com\/index.php?rest_route=\/wp\/v2\/product\/5539","targetHints":{"allow":["GET"]}}],"collection":[{"href":"https:\/\/atividademapa.com\/index.php?rest_route=\/wp\/v2\/product"}],"about":[{"href":"https:\/\/atividademapa.com\/index.php?rest_route=\/wp\/v2\/types\/product"}],"version-history":[{"count":1,"href":"https:\/\/atividademapa.com\/index.php?rest_route=\/wp\/v2\/product\/5539\/revisions"}],"predecessor-version":[{"id":5541,"href":"https:\/\/atividademapa.com\/index.php?rest_route=\/wp\/v2\/product\/5539\/revisions\/5541"}],"wp:featuredmedia":[{"embeddable":true,"href":"https:\/\/atividademapa.com\/index.php?rest_route=\/wp\/v2\/media\/2326"}],"wp:attachment":[{"href":"https:\/\/atividademapa.com\/index.php?rest_route=%2Fwp%2Fv2%2Fmedia&parent=5539"}],"wp:term":[{"taxonomy":"product_brand","embeddable":true,"href":"https:\/\/atividademapa.com\/index.php?rest_route=%2Fwp%2Fv2%2Fproduct_brand&post=5539"},{"taxonomy":"product_cat","embeddable":true,"href":"https:\/\/atividademapa.com\/index.php?rest_route=%2Fwp%2Fv2%2Fproduct_cat&post=5539"},{"taxonomy":"product_tag","embeddable":true,"href":"https:\/\/atividademapa.com\/index.php?rest_route=%2Fwp%2Fv2%2Fproduct_tag&post=5539"}],"curies":[{"name":"wp","href":"https:\/\/api.w.org\/{rel}","templated":true}]}}