{"id":5650,"date":"2025-04-27T13:35:50","date_gmt":"2025-04-27T16:35:50","guid":{"rendered":"https:\/\/atividademapa.com\/?post_type=product&#038;p=5650"},"modified":"2025-04-27T13:35:52","modified_gmt":"2025-04-27T16:35:52","slug":"mapa-eprod-programacao-e-calculo-numerico-51_2025","status":"publish","type":"product","link":"https:\/\/atividademapa.com\/?product=mapa-eprod-programacao-e-calculo-numerico-51_2025","title":{"rendered":"MAPA &#8211; EPROD &#8211; PROGRAMA\u00c7\u00c3O E C\u00c1LCULO NUM\u00c9RICO &#8211; 51_2025"},"content":{"rendered":"<p><strong>MAPA &#8211; EPROD &#8211; PROGRAMA\u00c7\u00c3O E C\u00c1LCULO NUM\u00c9RICO &#8211; 51_2025<\/strong><\/p>\n<p><strong>\u00a0<\/strong><\/p>\n<p><strong>QUEST\u00c3O 1<\/strong><\/p>\n<ul>\n<li><\/li>\n<\/ul>\n<p>Atividade Mapa \u2013 C\u00e1lculo Num\u00e9rico 51\/2025<\/p>\n<p>Caro estudante!<br \/>\nImagine que voc\u00ea \u00e9 respons\u00e1vel por um grande projeto, por exemplo, construir uma ponte que conecte duas cidades separadas por um rio, n\u00e3o h\u00e1 espa\u00e7o para erros, pois vidas depender\u00e3o da seguran\u00e7a e da funcionalidade do que voc\u00ea projetar. Ou ainda, imagine que voc\u00ea est\u00e1 projetando um sistema de controle ou projetando a parte el\u00e9trica de uma grande ind\u00fastria, vari\u00e1veis precisam ser controladas para garantir o bom funcionamento da ind\u00fastria.<\/p>\n<p>Resolver problemas complexos n\u00e3o \u00e9 apenas uma habilidade desej\u00e1vel na engenharia, mas uma necessidade absoluta. \u00c9 aqui que entram duas ferramentas fundamentais na sua forma\u00e7\u00e3o:\u00a0<strong>o racioc\u00ednio l\u00f3gico e a capacidade de realizar c\u00e1lculos num\u00e9ricos atrav\u00e9s da programa\u00e7\u00e3o<\/strong>.<\/p>\n<p>1) Descreva com suas palavras a import\u00e2ncia de se utilizar m\u00e9todos num\u00e9ricos em aplica\u00e7\u00f5es cient\u00edficas, t\u00e9cnicas, e dentro da engenharia. Apresente exemplos de aplicabilidade pr\u00e1tica, se necess\u00e1rio.<\/p>\n<p>2) Explique, detalhadamente, o\u00a0<strong>m\u00e9todo da bisse\u00e7\u00e3o<\/strong>\u00a0e sua aplica\u00e7\u00e3o na resolu\u00e7\u00e3o de equa\u00e7\u00f5es n\u00e3o lineares. Em sua resposta, aborde os seguintes pontos:<br \/>\na) O princ\u00edpio matem\u00e1tico que fundamenta o m\u00e9todo.<br \/>\nb) As condi\u00e7\u00f5es necess\u00e1rias para o m\u00e9todo ser aplic\u00e1vel.<br \/>\nc) Descreva o algoritmo b\u00e1sico do m\u00e9todo, incluindo como a solu\u00e7\u00e3o \u00e9 aproximada iterativamente.<br \/>\nd) As vantagens e desvantagens desse m\u00e9todo em compara\u00e7\u00e3o com outros m\u00e9todos num\u00e9ricos para encontrar ra\u00edzes de fun\u00e7\u00f5es.<br \/>\nUtilize exemplos simples para ilustrar sua explica\u00e7\u00e3o, se necess\u00e1rio.<\/p>\n<p>3) Explique as diferen\u00e7as entre o\u00a0<strong>m\u00e9todo de Newton<\/strong>\u00a0para encontrar ra\u00edzes de equa\u00e7\u00f5es n\u00e3o lineares e a\u00a0<strong>interpola\u00e7\u00e3o de Newton<\/strong>\u00a0utilizada para construir polin\u00f4mios interpoladores. Em sua resposta, aborde os seguintes pontos:<\/p>\n<p>a) O objetivo principal de cada m\u00e9todo e os tipos de problemas que eles resolvem.<br \/>\nb) A base matem\u00e1tica de cada abordagem, destacando como as f\u00f3rmulas e os conceitos s\u00e3o aplicados.<br \/>\nc) As condi\u00e7\u00f5es ou requisitos para aplicar cada m\u00e9todo.<\/p>\n<p>Boa atividade!<\/p>\n","protected":false},"excerpt":{"rendered":"<p>MAPA &#8211; EPROD &#8211; PROGRAMA\u00c7\u00c3O E C\u00c1LCULO NUM\u00c9RICO &#8211; 51_2025 \u00a0 QUEST\u00c3O 1 Atividade Mapa \u2013 C\u00e1lculo Num\u00e9rico 51\/2025 Caro<\/p>\n","protected":false},"featured_media":2326,"template":"","meta":{"_monsterinsights_skip_tracking":false,"_monsterinsights_sitenote_active":false,"_monsterinsights_sitenote_note":"","_monsterinsights_sitenote_category":0},"product_brand":[],"product_cat":[152],"product_tag":[],"class_list":{"0":"post-5650","1":"product","2":"type-product","3":"status-publish","4":"has-post-thumbnail","6":"product_cat-engenharia-da-producao","8":"first","9":"instock","10":"downloadable","11":"virtual","12":"purchasable","13":"product-type-simple"},"yoast_head":"<!-- This site is optimized with the Yoast SEO plugin v27.4 - https:\/\/yoast.com\/product\/yoast-seo-wordpress\/ -->\n<title>MAPA - EPROD - PROGRAMA\u00c7\u00c3O E C\u00c1LCULO NUM\u00c9RICO - 51_2025<\/title>\n<meta name=\"description\" content=\"Atividade MAPA - EPROD - PROGRAMA\u00c7\u00c3O E C\u00c1LCULO NUM\u00c9RICO - 51_2025 &#8902; Unicesumar. Baixe agora mesmo um Mapa Pronto resolvido!\" \/>\n<meta name=\"robots\" content=\"index, follow, max-snippet:-1, max-image-preview:large, max-video-preview:-1\" \/>\n<link rel=\"canonical\" href=\"https:\/\/atividademapa.com\/?product=mapa-eprod-programacao-e-calculo-numerico-51_2025\" \/>\n<meta property=\"og:locale\" content=\"pt_BR\" \/>\n<meta property=\"og:type\" content=\"article\" \/>\n<meta property=\"og:title\" content=\"MAPA - EPROD - PROGRAMA\u00c7\u00c3O E C\u00c1LCULO NUM\u00c9RICO - 51_2025\" \/>\n<meta property=\"og:description\" content=\"Atividade MAPA - EPROD - PROGRAMA\u00c7\u00c3O E C\u00c1LCULO NUM\u00c9RICO - 51_2025 &#8902; Unicesumar. Baixe agora mesmo um Mapa Pronto resolvido!\" \/>\n<meta property=\"og:url\" content=\"https:\/\/atividademapa.com\/?product=mapa-eprod-programacao-e-calculo-numerico-51_2025\" \/>\n<meta property=\"og:site_name\" content=\"Atividade Mapa\" \/>\n<meta property=\"article:modified_time\" content=\"2025-04-27T16:35:52+00:00\" \/>\n<meta property=\"og:image\" content=\"https:\/\/i0.wp.com\/atividademapa.com\/wp-content\/uploads\/2023\/03\/Atividade-M.A.P.A-3.png?fit=300%2C300&ssl=1\" \/>\n\t<meta property=\"og:image:width\" content=\"300\" \/>\n\t<meta property=\"og:image:height\" content=\"300\" \/>\n\t<meta property=\"og:image:type\" content=\"image\/png\" \/>\n<meta name=\"twitter:card\" content=\"summary_large_image\" \/>\n<meta name=\"twitter:label1\" content=\"Est. tempo de leitura\" \/>\n\t<meta name=\"twitter:data1\" content=\"2 minutos\" \/>\n<script type=\"application\/ld+json\" class=\"yoast-schema-graph\">{\"@context\":\"https:\\\/\\\/schema.org\",\"@graph\":[{\"@type\":\"WebPage\",\"@id\":\"https:\\\/\\\/atividademapa.com\\\/?product=mapa-eprod-programacao-e-calculo-numerico-51_2025\",\"url\":\"https:\\\/\\\/atividademapa.com\\\/?product=mapa-eprod-programacao-e-calculo-numerico-51_2025\",\"name\":\"MAPA - EPROD - PROGRAMA\u00c7\u00c3O E C\u00c1LCULO NUM\u00c9RICO - 51_2025\",\"isPartOf\":{\"@id\":\"https:\\\/\\\/atividademapa.com\\\/#website\"},\"primaryImageOfPage\":{\"@id\":\"https:\\\/\\\/atividademapa.com\\\/?product=mapa-eprod-programacao-e-calculo-numerico-51_2025#primaryimage\"},\"image\":{\"@id\":\"https:\\\/\\\/atividademapa.com\\\/?product=mapa-eprod-programacao-e-calculo-numerico-51_2025#primaryimage\"},\"thumbnailUrl\":\"https:\\\/\\\/i0.wp.com\\\/atividademapa.com\\\/wp-content\\\/uploads\\\/2023\\\/03\\\/Atividade-M.A.P.A-3.png?fit=300%2C300&ssl=1\",\"datePublished\":\"2025-04-27T16:35:50+00:00\",\"dateModified\":\"2025-04-27T16:35:52+00:00\",\"description\":\"Atividade MAPA - EPROD - PROGRAMA\u00c7\u00c3O E C\u00c1LCULO NUM\u00c9RICO - 51_2025 &#8902; Unicesumar. Baixe agora mesmo um Mapa Pronto resolvido!\",\"breadcrumb\":{\"@id\":\"https:\\\/\\\/atividademapa.com\\\/?product=mapa-eprod-programacao-e-calculo-numerico-51_2025#breadcrumb\"},\"inLanguage\":\"pt-BR\",\"potentialAction\":[{\"@type\":\"ReadAction\",\"target\":[\"https:\\\/\\\/atividademapa.com\\\/?product=mapa-eprod-programacao-e-calculo-numerico-51_2025\"]}]},{\"@type\":\"ImageObject\",\"inLanguage\":\"pt-BR\",\"@id\":\"https:\\\/\\\/atividademapa.com\\\/?product=mapa-eprod-programacao-e-calculo-numerico-51_2025#primaryimage\",\"url\":\"https:\\\/\\\/i0.wp.com\\\/atividademapa.com\\\/wp-content\\\/uploads\\\/2023\\\/03\\\/Atividade-M.A.P.A-3.png?fit=300%2C300&ssl=1\",\"contentUrl\":\"https:\\\/\\\/i0.wp.com\\\/atividademapa.com\\\/wp-content\\\/uploads\\\/2023\\\/03\\\/Atividade-M.A.P.A-3.png?fit=300%2C300&ssl=1\",\"width\":300,\"height\":300,\"caption\":\"Mapa Unicesumar Atividade\"},{\"@type\":\"BreadcrumbList\",\"@id\":\"https:\\\/\\\/atividademapa.com\\\/?product=mapa-eprod-programacao-e-calculo-numerico-51_2025#breadcrumb\",\"itemListElement\":[{\"@type\":\"ListItem\",\"position\":1,\"name\":\"In\u00edcio\",\"item\":\"https:\\\/\\\/atividademapa.com\\\/\"},{\"@type\":\"ListItem\",\"position\":2,\"name\":\"MAPAS\",\"item\":\"https:\\\/\\\/atividademapa.com\\\/?page_id=5\"},{\"@type\":\"ListItem\",\"position\":3,\"name\":\"MAPA &#8211; EPROD &#8211; PROGRAMA\u00c7\u00c3O E C\u00c1LCULO NUM\u00c9RICO &#8211; 51_2025\"}]},{\"@type\":\"WebSite\",\"@id\":\"https:\\\/\\\/atividademapa.com\\\/#website\",\"url\":\"https:\\\/\\\/atividademapa.com\\\/\",\"name\":\"Atividade Mapa\",\"description\":\"StudeO | Unicesumar\",\"publisher\":{\"@id\":\"https:\\\/\\\/atividademapa.com\\\/#organization\"},\"potentialAction\":[{\"@type\":\"SearchAction\",\"target\":{\"@type\":\"EntryPoint\",\"urlTemplate\":\"https:\\\/\\\/atividademapa.com\\\/?s={search_term_string}\"},\"query-input\":{\"@type\":\"PropertyValueSpecification\",\"valueRequired\":true,\"valueName\":\"search_term_string\"}}],\"inLanguage\":\"pt-BR\"},{\"@type\":\"Organization\",\"@id\":\"https:\\\/\\\/atividademapa.com\\\/#organization\",\"name\":\"Atividade MAPA\",\"url\":\"https:\\\/\\\/atividademapa.com\\\/\",\"logo\":{\"@type\":\"ImageObject\",\"inLanguage\":\"pt-BR\",\"@id\":\"https:\\\/\\\/atividademapa.com\\\/#\\\/schema\\\/logo\\\/image\\\/\",\"url\":\"https:\\\/\\\/i0.wp.com\\\/atividademapa.com\\\/wp-content\\\/uploads\\\/2023\\\/02\\\/ATIVIDADE.png?fit=600%2C300&ssl=1\",\"contentUrl\":\"https:\\\/\\\/i0.wp.com\\\/atividademapa.com\\\/wp-content\\\/uploads\\\/2023\\\/02\\\/ATIVIDADE.png?fit=600%2C300&ssl=1\",\"width\":600,\"height\":300,\"caption\":\"Atividade MAPA\"},\"image\":{\"@id\":\"https:\\\/\\\/atividademapa.com\\\/#\\\/schema\\\/logo\\\/image\\\/\"}}]}<\/script>\n<!-- \/ Yoast SEO plugin. -->","yoast_head_json":{"title":"MAPA - EPROD - PROGRAMA\u00c7\u00c3O E C\u00c1LCULO NUM\u00c9RICO - 51_2025","description":"Atividade MAPA - EPROD - PROGRAMA\u00c7\u00c3O E C\u00c1LCULO NUM\u00c9RICO - 51_2025 &#8902; Unicesumar. Baixe agora mesmo um Mapa Pronto resolvido!","robots":{"index":"index","follow":"follow","max-snippet":"max-snippet:-1","max-image-preview":"max-image-preview:large","max-video-preview":"max-video-preview:-1"},"canonical":"https:\/\/atividademapa.com\/?product=mapa-eprod-programacao-e-calculo-numerico-51_2025","og_locale":"pt_BR","og_type":"article","og_title":"MAPA - EPROD - PROGRAMA\u00c7\u00c3O E C\u00c1LCULO NUM\u00c9RICO - 51_2025","og_description":"Atividade MAPA - EPROD - PROGRAMA\u00c7\u00c3O E C\u00c1LCULO NUM\u00c9RICO - 51_2025 &#8902; Unicesumar. Baixe agora mesmo um Mapa Pronto resolvido!","og_url":"https:\/\/atividademapa.com\/?product=mapa-eprod-programacao-e-calculo-numerico-51_2025","og_site_name":"Atividade Mapa","article_modified_time":"2025-04-27T16:35:52+00:00","og_image":[{"width":300,"height":300,"url":"https:\/\/i0.wp.com\/atividademapa.com\/wp-content\/uploads\/2023\/03\/Atividade-M.A.P.A-3.png?fit=300%2C300&ssl=1","type":"image\/png"}],"twitter_card":"summary_large_image","twitter_misc":{"Est. tempo de leitura":"2 minutos"},"schema":{"@context":"https:\/\/schema.org","@graph":[{"@type":"WebPage","@id":"https:\/\/atividademapa.com\/?product=mapa-eprod-programacao-e-calculo-numerico-51_2025","url":"https:\/\/atividademapa.com\/?product=mapa-eprod-programacao-e-calculo-numerico-51_2025","name":"MAPA - EPROD - PROGRAMA\u00c7\u00c3O E C\u00c1LCULO NUM\u00c9RICO - 51_2025","isPartOf":{"@id":"https:\/\/atividademapa.com\/#website"},"primaryImageOfPage":{"@id":"https:\/\/atividademapa.com\/?product=mapa-eprod-programacao-e-calculo-numerico-51_2025#primaryimage"},"image":{"@id":"https:\/\/atividademapa.com\/?product=mapa-eprod-programacao-e-calculo-numerico-51_2025#primaryimage"},"thumbnailUrl":"https:\/\/i0.wp.com\/atividademapa.com\/wp-content\/uploads\/2023\/03\/Atividade-M.A.P.A-3.png?fit=300%2C300&ssl=1","datePublished":"2025-04-27T16:35:50+00:00","dateModified":"2025-04-27T16:35:52+00:00","description":"Atividade MAPA - EPROD - PROGRAMA\u00c7\u00c3O E C\u00c1LCULO NUM\u00c9RICO - 51_2025 &#8902; Unicesumar. Baixe agora mesmo um Mapa Pronto resolvido!","breadcrumb":{"@id":"https:\/\/atividademapa.com\/?product=mapa-eprod-programacao-e-calculo-numerico-51_2025#breadcrumb"},"inLanguage":"pt-BR","potentialAction":[{"@type":"ReadAction","target":["https:\/\/atividademapa.com\/?product=mapa-eprod-programacao-e-calculo-numerico-51_2025"]}]},{"@type":"ImageObject","inLanguage":"pt-BR","@id":"https:\/\/atividademapa.com\/?product=mapa-eprod-programacao-e-calculo-numerico-51_2025#primaryimage","url":"https:\/\/i0.wp.com\/atividademapa.com\/wp-content\/uploads\/2023\/03\/Atividade-M.A.P.A-3.png?fit=300%2C300&ssl=1","contentUrl":"https:\/\/i0.wp.com\/atividademapa.com\/wp-content\/uploads\/2023\/03\/Atividade-M.A.P.A-3.png?fit=300%2C300&ssl=1","width":300,"height":300,"caption":"Mapa Unicesumar Atividade"},{"@type":"BreadcrumbList","@id":"https:\/\/atividademapa.com\/?product=mapa-eprod-programacao-e-calculo-numerico-51_2025#breadcrumb","itemListElement":[{"@type":"ListItem","position":1,"name":"In\u00edcio","item":"https:\/\/atividademapa.com\/"},{"@type":"ListItem","position":2,"name":"MAPAS","item":"https:\/\/atividademapa.com\/?page_id=5"},{"@type":"ListItem","position":3,"name":"MAPA &#8211; EPROD &#8211; PROGRAMA\u00c7\u00c3O E C\u00c1LCULO NUM\u00c9RICO &#8211; 51_2025"}]},{"@type":"WebSite","@id":"https:\/\/atividademapa.com\/#website","url":"https:\/\/atividademapa.com\/","name":"Atividade Mapa","description":"StudeO | Unicesumar","publisher":{"@id":"https:\/\/atividademapa.com\/#organization"},"potentialAction":[{"@type":"SearchAction","target":{"@type":"EntryPoint","urlTemplate":"https:\/\/atividademapa.com\/?s={search_term_string}"},"query-input":{"@type":"PropertyValueSpecification","valueRequired":true,"valueName":"search_term_string"}}],"inLanguage":"pt-BR"},{"@type":"Organization","@id":"https:\/\/atividademapa.com\/#organization","name":"Atividade MAPA","url":"https:\/\/atividademapa.com\/","logo":{"@type":"ImageObject","inLanguage":"pt-BR","@id":"https:\/\/atividademapa.com\/#\/schema\/logo\/image\/","url":"https:\/\/i0.wp.com\/atividademapa.com\/wp-content\/uploads\/2023\/02\/ATIVIDADE.png?fit=600%2C300&ssl=1","contentUrl":"https:\/\/i0.wp.com\/atividademapa.com\/wp-content\/uploads\/2023\/02\/ATIVIDADE.png?fit=600%2C300&ssl=1","width":600,"height":300,"caption":"Atividade MAPA"},"image":{"@id":"https:\/\/atividademapa.com\/#\/schema\/logo\/image\/"}}]}},"_links":{"self":[{"href":"https:\/\/atividademapa.com\/index.php?rest_route=\/wp\/v2\/product\/5650","targetHints":{"allow":["GET"]}}],"collection":[{"href":"https:\/\/atividademapa.com\/index.php?rest_route=\/wp\/v2\/product"}],"about":[{"href":"https:\/\/atividademapa.com\/index.php?rest_route=\/wp\/v2\/types\/product"}],"version-history":[{"count":1,"href":"https:\/\/atividademapa.com\/index.php?rest_route=\/wp\/v2\/product\/5650\/revisions"}],"predecessor-version":[{"id":5652,"href":"https:\/\/atividademapa.com\/index.php?rest_route=\/wp\/v2\/product\/5650\/revisions\/5652"}],"wp:featuredmedia":[{"embeddable":true,"href":"https:\/\/atividademapa.com\/index.php?rest_route=\/wp\/v2\/media\/2326"}],"wp:attachment":[{"href":"https:\/\/atividademapa.com\/index.php?rest_route=%2Fwp%2Fv2%2Fmedia&parent=5650"}],"wp:term":[{"taxonomy":"product_brand","embeddable":true,"href":"https:\/\/atividademapa.com\/index.php?rest_route=%2Fwp%2Fv2%2Fproduct_brand&post=5650"},{"taxonomy":"product_cat","embeddable":true,"href":"https:\/\/atividademapa.com\/index.php?rest_route=%2Fwp%2Fv2%2Fproduct_cat&post=5650"},{"taxonomy":"product_tag","embeddable":true,"href":"https:\/\/atividademapa.com\/index.php?rest_route=%2Fwp%2Fv2%2Fproduct_tag&post=5650"}],"curies":[{"name":"wp","href":"https:\/\/api.w.org\/{rel}","templated":true}]}}