{"id":5751,"date":"2025-05-07T21:13:27","date_gmt":"2025-05-08T00:13:27","guid":{"rendered":"https:\/\/atividademapa.com\/?post_type=product&#038;p=5751"},"modified":"2025-05-10T14:36:44","modified_gmt":"2025-05-10T17:36:44","slug":"mapa-normas-tecnicas-em-seguranca-no-trabalho-52-2025","status":"publish","type":"product","link":"https:\/\/atividademapa.com\/?product=mapa-normas-tecnicas-em-seguranca-no-trabalho-52-2025","title":{"rendered":"Mapa &#8211; Normas T\u00e9cnicas em Seguran\u00e7a no Trabalho &#8211; 52\/2025"},"content":{"rendered":"<p>Leia o estudo de caso em quest\u00e3o:<\/p>\n<p>&nbsp;<\/p>\n<p>\u201cA sinaliza\u00e7\u00e3o adequada de tubula\u00e7\u00f5es em ind\u00fastrias qu\u00edmicas \u00e9 fundamental para a seguran\u00e7a operacional e preven\u00e7\u00e3o de acidentes. A NBR 6.493\/2019 estabelece diretrizes para a identifica\u00e7\u00e3o de tubula\u00e7\u00f5es por cores, facilitando a comunica\u00e7\u00e3o visual e minimizando riscos. Este estudo de caso analisa a aplica\u00e7\u00e3o dessa norma em uma ind\u00fastria qu\u00edmica fict\u00edcia que fabrica produtos solventes industriais.<\/p>\n<p>A empresa analisada opera em um parque industrial com diversas linhas de tubula\u00e7\u00e3o transportando l\u00edquidos inflam\u00e1veis (solventes), eletrodutos (condu\u00edtes, aqueles tubos que ficam dentro da parede que possui a finalidade de proteger a fia\u00e7\u00e3o el\u00e9trica), ar comprimido e \u00e1gua destinada para resfriamento. Devido ao alto risco associado \u00e0 manipula\u00e7\u00e3o dessas subst\u00e2ncias, a correta identifica\u00e7\u00e3o das tubula\u00e7\u00f5es \u00e9 essencial para a seguran\u00e7a dos trabalhadores e manuten\u00e7\u00e3o eficiente.<\/p>\n<p>A sinaliza\u00e7\u00e3o de seguran\u00e7a s\u00f3 ser\u00e1 eficaz caso seja informado aos trabalhadores o que significa cada uma das cores e o que est\u00e1 passando dentro da tubula\u00e7\u00e3o, e al\u00e9m disso qual seria o plano de a\u00e7\u00e3o para cada uma das subst\u00e2ncias em quest\u00e3o. Essa sinaliza\u00e7\u00e3o \u00e9 padr\u00e3o para todas as empresas, mas sem treinamento os funcion\u00e1rios continuam sem saber na sua totalidade o que significa esta indica\u00e7\u00e3o.&#8221;<\/p>\n<p>A partir do caso apresentado, das descri\u00e7\u00f5es sobre a sinaliza\u00e7\u00e3o de seguran\u00e7a, da norma regulamentadora NR 26, nesta atividade MAPA da disciplina de Normas T\u00e9cnicas em Seguran\u00e7a do Trabalho, seu papel \u00e9:<\/p>\n<ol>\n<li>A partir dos produtos que est\u00e3o sendo transportados pelas tubula\u00e7\u00f5es, informadas no estudo de caso, indique as cores correspondentes de: l\u00edquidos inflam\u00e1veis (solventes), eletrodutos (condu\u00edtes, aqueles tubos que ficam dentro da parede que possui a finalidade de proteger a fia\u00e7\u00e3o el\u00e9trica), ar comprimido e \u00e1gua destinada para resfriamento.<\/li>\n<li>A partir das cores encontradas anteriormente, procurar fotos das tubula\u00e7\u00f5es com essas cores e inserir abaixo.<\/li>\n<li>Informar o que a NR 26 informa sobre os treinamentos em seguran\u00e7a e sa\u00fade no trabalho.<\/li>\n<li>Informar quais as situa\u00e7\u00f5es que a sinaliza\u00e7\u00e3o por cor, s\u00e3o abordadas pela NR 26.<\/li>\n<li>Elaborar um texto de 15 (quinze) linhas explicando qual a import\u00e2ncia de se ter a sinaliza\u00e7\u00e3o de seguran\u00e7a nas ind\u00fastrias e como pode ser realizada essa sinaliza\u00e7\u00e3o.<\/li>\n<\/ol>\n","protected":false},"excerpt":{"rendered":"<p>Leia o estudo de caso em quest\u00e3o: &nbsp; \u201cA sinaliza\u00e7\u00e3o adequada de tubula\u00e7\u00f5es em ind\u00fastrias qu\u00edmicas \u00e9 fundamental para a<\/p>\n","protected":false},"featured_media":2326,"template":"","meta":{"_monsterinsights_skip_tracking":false,"_monsterinsights_sitenote_active":false,"_monsterinsights_sitenote_note":"","_monsterinsights_sitenote_category":0},"product_brand":[],"product_cat":[113],"product_tag":[],"class_list":{"0":"post-5751","1":"product","2":"type-product","3":"status-publish","4":"has-post-thumbnail","6":"product_cat-seguranca-do-trabalho","8":"first","9":"instock","10":"downloadable","11":"virtual","12":"purchasable","13":"product-type-simple"},"yoast_head":"<!-- This site is optimized with the Yoast SEO plugin v27.4 - https:\/\/yoast.com\/product\/yoast-seo-wordpress\/ -->\n<title>Mapa - Normas T\u00e9cnicas em Seguran\u00e7a no Trabalho - 52\/2025<\/title>\n<meta name=\"description\" content=\"Atividade Mapa - Normas T\u00e9cnicas em Seguran\u00e7a no Trabalho - 52\/2025 &#8902; Unicesumar. Baixe agora mesmo um Mapa Pronto resolvido!\" \/>\n<meta name=\"robots\" content=\"index, follow, max-snippet:-1, max-image-preview:large, max-video-preview:-1\" \/>\n<link rel=\"canonical\" href=\"https:\/\/atividademapa.com\/?product=mapa-normas-tecnicas-em-seguranca-no-trabalho-52-2025\" \/>\n<meta property=\"og:locale\" content=\"pt_BR\" \/>\n<meta property=\"og:type\" content=\"article\" \/>\n<meta property=\"og:title\" content=\"Mapa - Normas T\u00e9cnicas em Seguran\u00e7a no Trabalho - 52\/2025\" \/>\n<meta property=\"og:description\" content=\"Atividade Mapa - Normas T\u00e9cnicas em Seguran\u00e7a no Trabalho - 52\/2025 &#8902; Unicesumar. Baixe agora mesmo um Mapa Pronto resolvido!\" \/>\n<meta property=\"og:url\" content=\"https:\/\/atividademapa.com\/?product=mapa-normas-tecnicas-em-seguranca-no-trabalho-52-2025\" \/>\n<meta property=\"og:site_name\" content=\"Atividade Mapa\" \/>\n<meta property=\"article:modified_time\" content=\"2025-05-10T17:36:44+00:00\" \/>\n<meta property=\"og:image\" content=\"https:\/\/i0.wp.com\/atividademapa.com\/wp-content\/uploads\/2023\/03\/Atividade-M.A.P.A-3.png?fit=300%2C300&ssl=1\" \/>\n\t<meta property=\"og:image:width\" content=\"300\" \/>\n\t<meta property=\"og:image:height\" content=\"300\" \/>\n\t<meta property=\"og:image:type\" content=\"image\/png\" \/>\n<meta name=\"twitter:card\" content=\"summary_large_image\" \/>\n<meta name=\"twitter:label1\" content=\"Est. tempo de leitura\" \/>\n\t<meta name=\"twitter:data1\" content=\"2 minutos\" \/>\n<script type=\"application\/ld+json\" class=\"yoast-schema-graph\">{\"@context\":\"https:\\\/\\\/schema.org\",\"@graph\":[{\"@type\":\"WebPage\",\"@id\":\"https:\\\/\\\/atividademapa.com\\\/?product=mapa-normas-tecnicas-em-seguranca-no-trabalho-52-2025\",\"url\":\"https:\\\/\\\/atividademapa.com\\\/?product=mapa-normas-tecnicas-em-seguranca-no-trabalho-52-2025\",\"name\":\"Mapa - Normas T\u00e9cnicas em Seguran\u00e7a no Trabalho - 52\\\/2025\",\"isPartOf\":{\"@id\":\"https:\\\/\\\/atividademapa.com\\\/#website\"},\"primaryImageOfPage\":{\"@id\":\"https:\\\/\\\/atividademapa.com\\\/?product=mapa-normas-tecnicas-em-seguranca-no-trabalho-52-2025#primaryimage\"},\"image\":{\"@id\":\"https:\\\/\\\/atividademapa.com\\\/?product=mapa-normas-tecnicas-em-seguranca-no-trabalho-52-2025#primaryimage\"},\"thumbnailUrl\":\"https:\\\/\\\/i0.wp.com\\\/atividademapa.com\\\/wp-content\\\/uploads\\\/2023\\\/03\\\/Atividade-M.A.P.A-3.png?fit=300%2C300&ssl=1\",\"datePublished\":\"2025-05-08T00:13:27+00:00\",\"dateModified\":\"2025-05-10T17:36:44+00:00\",\"description\":\"Atividade Mapa - Normas T\u00e9cnicas em Seguran\u00e7a no Trabalho - 52\\\/2025 &#8902; Unicesumar. Baixe agora mesmo um Mapa Pronto resolvido!\",\"breadcrumb\":{\"@id\":\"https:\\\/\\\/atividademapa.com\\\/?product=mapa-normas-tecnicas-em-seguranca-no-trabalho-52-2025#breadcrumb\"},\"inLanguage\":\"pt-BR\",\"potentialAction\":[{\"@type\":\"ReadAction\",\"target\":[\"https:\\\/\\\/atividademapa.com\\\/?product=mapa-normas-tecnicas-em-seguranca-no-trabalho-52-2025\"]}]},{\"@type\":\"ImageObject\",\"inLanguage\":\"pt-BR\",\"@id\":\"https:\\\/\\\/atividademapa.com\\\/?product=mapa-normas-tecnicas-em-seguranca-no-trabalho-52-2025#primaryimage\",\"url\":\"https:\\\/\\\/i0.wp.com\\\/atividademapa.com\\\/wp-content\\\/uploads\\\/2023\\\/03\\\/Atividade-M.A.P.A-3.png?fit=300%2C300&ssl=1\",\"contentUrl\":\"https:\\\/\\\/i0.wp.com\\\/atividademapa.com\\\/wp-content\\\/uploads\\\/2023\\\/03\\\/Atividade-M.A.P.A-3.png?fit=300%2C300&ssl=1\",\"width\":300,\"height\":300,\"caption\":\"Mapa Unicesumar Atividade\"},{\"@type\":\"BreadcrumbList\",\"@id\":\"https:\\\/\\\/atividademapa.com\\\/?product=mapa-normas-tecnicas-em-seguranca-no-trabalho-52-2025#breadcrumb\",\"itemListElement\":[{\"@type\":\"ListItem\",\"position\":1,\"name\":\"In\u00edcio\",\"item\":\"https:\\\/\\\/atividademapa.com\\\/\"},{\"@type\":\"ListItem\",\"position\":2,\"name\":\"MAPAS\",\"item\":\"https:\\\/\\\/atividademapa.com\\\/?page_id=5\"},{\"@type\":\"ListItem\",\"position\":3,\"name\":\"Mapa &#8211; Normas T\u00e9cnicas em Seguran\u00e7a no Trabalho &#8211; 52\\\/2025\"}]},{\"@type\":\"WebSite\",\"@id\":\"https:\\\/\\\/atividademapa.com\\\/#website\",\"url\":\"https:\\\/\\\/atividademapa.com\\\/\",\"name\":\"Atividade Mapa\",\"description\":\"StudeO | Unicesumar\",\"publisher\":{\"@id\":\"https:\\\/\\\/atividademapa.com\\\/#organization\"},\"potentialAction\":[{\"@type\":\"SearchAction\",\"target\":{\"@type\":\"EntryPoint\",\"urlTemplate\":\"https:\\\/\\\/atividademapa.com\\\/?s={search_term_string}\"},\"query-input\":{\"@type\":\"PropertyValueSpecification\",\"valueRequired\":true,\"valueName\":\"search_term_string\"}}],\"inLanguage\":\"pt-BR\"},{\"@type\":\"Organization\",\"@id\":\"https:\\\/\\\/atividademapa.com\\\/#organization\",\"name\":\"Atividade MAPA\",\"url\":\"https:\\\/\\\/atividademapa.com\\\/\",\"logo\":{\"@type\":\"ImageObject\",\"inLanguage\":\"pt-BR\",\"@id\":\"https:\\\/\\\/atividademapa.com\\\/#\\\/schema\\\/logo\\\/image\\\/\",\"url\":\"https:\\\/\\\/i0.wp.com\\\/atividademapa.com\\\/wp-content\\\/uploads\\\/2023\\\/02\\\/ATIVIDADE.png?fit=600%2C300&ssl=1\",\"contentUrl\":\"https:\\\/\\\/i0.wp.com\\\/atividademapa.com\\\/wp-content\\\/uploads\\\/2023\\\/02\\\/ATIVIDADE.png?fit=600%2C300&ssl=1\",\"width\":600,\"height\":300,\"caption\":\"Atividade MAPA\"},\"image\":{\"@id\":\"https:\\\/\\\/atividademapa.com\\\/#\\\/schema\\\/logo\\\/image\\\/\"}}]}<\/script>\n<!-- \/ Yoast SEO plugin. -->","yoast_head_json":{"title":"Mapa - Normas T\u00e9cnicas em Seguran\u00e7a no Trabalho - 52\/2025","description":"Atividade Mapa - Normas T\u00e9cnicas em Seguran\u00e7a no Trabalho - 52\/2025 &#8902; Unicesumar. Baixe agora mesmo um Mapa Pronto resolvido!","robots":{"index":"index","follow":"follow","max-snippet":"max-snippet:-1","max-image-preview":"max-image-preview:large","max-video-preview":"max-video-preview:-1"},"canonical":"https:\/\/atividademapa.com\/?product=mapa-normas-tecnicas-em-seguranca-no-trabalho-52-2025","og_locale":"pt_BR","og_type":"article","og_title":"Mapa - Normas T\u00e9cnicas em Seguran\u00e7a no Trabalho - 52\/2025","og_description":"Atividade Mapa - Normas T\u00e9cnicas em Seguran\u00e7a no Trabalho - 52\/2025 &#8902; Unicesumar. Baixe agora mesmo um Mapa Pronto resolvido!","og_url":"https:\/\/atividademapa.com\/?product=mapa-normas-tecnicas-em-seguranca-no-trabalho-52-2025","og_site_name":"Atividade Mapa","article_modified_time":"2025-05-10T17:36:44+00:00","og_image":[{"width":300,"height":300,"url":"https:\/\/i0.wp.com\/atividademapa.com\/wp-content\/uploads\/2023\/03\/Atividade-M.A.P.A-3.png?fit=300%2C300&ssl=1","type":"image\/png"}],"twitter_card":"summary_large_image","twitter_misc":{"Est. tempo de leitura":"2 minutos"},"schema":{"@context":"https:\/\/schema.org","@graph":[{"@type":"WebPage","@id":"https:\/\/atividademapa.com\/?product=mapa-normas-tecnicas-em-seguranca-no-trabalho-52-2025","url":"https:\/\/atividademapa.com\/?product=mapa-normas-tecnicas-em-seguranca-no-trabalho-52-2025","name":"Mapa - Normas T\u00e9cnicas em Seguran\u00e7a no Trabalho - 52\/2025","isPartOf":{"@id":"https:\/\/atividademapa.com\/#website"},"primaryImageOfPage":{"@id":"https:\/\/atividademapa.com\/?product=mapa-normas-tecnicas-em-seguranca-no-trabalho-52-2025#primaryimage"},"image":{"@id":"https:\/\/atividademapa.com\/?product=mapa-normas-tecnicas-em-seguranca-no-trabalho-52-2025#primaryimage"},"thumbnailUrl":"https:\/\/i0.wp.com\/atividademapa.com\/wp-content\/uploads\/2023\/03\/Atividade-M.A.P.A-3.png?fit=300%2C300&ssl=1","datePublished":"2025-05-08T00:13:27+00:00","dateModified":"2025-05-10T17:36:44+00:00","description":"Atividade Mapa - Normas T\u00e9cnicas em Seguran\u00e7a no Trabalho - 52\/2025 &#8902; Unicesumar. Baixe agora mesmo um Mapa Pronto resolvido!","breadcrumb":{"@id":"https:\/\/atividademapa.com\/?product=mapa-normas-tecnicas-em-seguranca-no-trabalho-52-2025#breadcrumb"},"inLanguage":"pt-BR","potentialAction":[{"@type":"ReadAction","target":["https:\/\/atividademapa.com\/?product=mapa-normas-tecnicas-em-seguranca-no-trabalho-52-2025"]}]},{"@type":"ImageObject","inLanguage":"pt-BR","@id":"https:\/\/atividademapa.com\/?product=mapa-normas-tecnicas-em-seguranca-no-trabalho-52-2025#primaryimage","url":"https:\/\/i0.wp.com\/atividademapa.com\/wp-content\/uploads\/2023\/03\/Atividade-M.A.P.A-3.png?fit=300%2C300&ssl=1","contentUrl":"https:\/\/i0.wp.com\/atividademapa.com\/wp-content\/uploads\/2023\/03\/Atividade-M.A.P.A-3.png?fit=300%2C300&ssl=1","width":300,"height":300,"caption":"Mapa Unicesumar Atividade"},{"@type":"BreadcrumbList","@id":"https:\/\/atividademapa.com\/?product=mapa-normas-tecnicas-em-seguranca-no-trabalho-52-2025#breadcrumb","itemListElement":[{"@type":"ListItem","position":1,"name":"In\u00edcio","item":"https:\/\/atividademapa.com\/"},{"@type":"ListItem","position":2,"name":"MAPAS","item":"https:\/\/atividademapa.com\/?page_id=5"},{"@type":"ListItem","position":3,"name":"Mapa &#8211; Normas T\u00e9cnicas em Seguran\u00e7a no Trabalho &#8211; 52\/2025"}]},{"@type":"WebSite","@id":"https:\/\/atividademapa.com\/#website","url":"https:\/\/atividademapa.com\/","name":"Atividade Mapa","description":"StudeO | Unicesumar","publisher":{"@id":"https:\/\/atividademapa.com\/#organization"},"potentialAction":[{"@type":"SearchAction","target":{"@type":"EntryPoint","urlTemplate":"https:\/\/atividademapa.com\/?s={search_term_string}"},"query-input":{"@type":"PropertyValueSpecification","valueRequired":true,"valueName":"search_term_string"}}],"inLanguage":"pt-BR"},{"@type":"Organization","@id":"https:\/\/atividademapa.com\/#organization","name":"Atividade MAPA","url":"https:\/\/atividademapa.com\/","logo":{"@type":"ImageObject","inLanguage":"pt-BR","@id":"https:\/\/atividademapa.com\/#\/schema\/logo\/image\/","url":"https:\/\/i0.wp.com\/atividademapa.com\/wp-content\/uploads\/2023\/02\/ATIVIDADE.png?fit=600%2C300&ssl=1","contentUrl":"https:\/\/i0.wp.com\/atividademapa.com\/wp-content\/uploads\/2023\/02\/ATIVIDADE.png?fit=600%2C300&ssl=1","width":600,"height":300,"caption":"Atividade MAPA"},"image":{"@id":"https:\/\/atividademapa.com\/#\/schema\/logo\/image\/"}}]}},"_links":{"self":[{"href":"https:\/\/atividademapa.com\/index.php?rest_route=\/wp\/v2\/product\/5751","targetHints":{"allow":["GET"]}}],"collection":[{"href":"https:\/\/atividademapa.com\/index.php?rest_route=\/wp\/v2\/product"}],"about":[{"href":"https:\/\/atividademapa.com\/index.php?rest_route=\/wp\/v2\/types\/product"}],"version-history":[{"count":3,"href":"https:\/\/atividademapa.com\/index.php?rest_route=\/wp\/v2\/product\/5751\/revisions"}],"predecessor-version":[{"id":5784,"href":"https:\/\/atividademapa.com\/index.php?rest_route=\/wp\/v2\/product\/5751\/revisions\/5784"}],"wp:featuredmedia":[{"embeddable":true,"href":"https:\/\/atividademapa.com\/index.php?rest_route=\/wp\/v2\/media\/2326"}],"wp:attachment":[{"href":"https:\/\/atividademapa.com\/index.php?rest_route=%2Fwp%2Fv2%2Fmedia&parent=5751"}],"wp:term":[{"taxonomy":"product_brand","embeddable":true,"href":"https:\/\/atividademapa.com\/index.php?rest_route=%2Fwp%2Fv2%2Fproduct_brand&post=5751"},{"taxonomy":"product_cat","embeddable":true,"href":"https:\/\/atividademapa.com\/index.php?rest_route=%2Fwp%2Fv2%2Fproduct_cat&post=5751"},{"taxonomy":"product_tag","embeddable":true,"href":"https:\/\/atividademapa.com\/index.php?rest_route=%2Fwp%2Fv2%2Fproduct_tag&post=5751"}],"curies":[{"name":"wp","href":"https:\/\/api.w.org\/{rel}","templated":true}]}}