{"id":5765,"date":"2025-05-07T22:07:10","date_gmt":"2025-05-08T01:07:10","guid":{"rendered":"https:\/\/atividademapa.com\/?post_type=product&#038;p=5765"},"modified":"2025-05-10T17:33:26","modified_gmt":"2025-05-10T20:33:26","slug":"mapa-tecnico-em-secretaria-escolar-92-2025","status":"publish","type":"product","link":"https:\/\/atividademapa.com\/?product=mapa-tecnico-em-secretaria-escolar-92-2025","title":{"rendered":"Mapa &#8211; T\u00e9cnico em Secretaria Escolar 92 \/ 2025"},"content":{"rendered":"<p>Ol\u00e1, caro(a) estudante do Curso T\u00e9cnico em Secretaria Escolar!<br \/>\nBem-vindo(a) ao M.A.P.A. Integrado das disciplinas Educa\u00e7\u00e3o para o Trabalho, Tecnologias da informa\u00e7\u00e3o aplicada ao contexto escolar e Estat\u00edstica b\u00e1sica.<\/p>\n<p>Leia o trecho a seguir:<\/p>\n<p>Para um(a) T\u00e9cnico(a) em Secretaria Escolar, as disciplinas de Educa\u00e7\u00e3o para o Trabalho, Tecnologias da Informa\u00e7\u00e3o Aplicadas ao Contexto Escolar e Estat\u00edstica B\u00e1sica desempenham um papel crucial no desenvolvimento de habilidades essenciais e na efici\u00eancia no desempenho de suas fun\u00e7\u00f5es.<br \/>\nA Educa\u00e7\u00e3o para o Trabalho \u00e9 indispens\u00e1vel, pois prepara os estudantes para os desafios do mercado de trabalho atual e futuro, contribuindo para seu desenvolvimento profissional. Al\u00e9m disso, destaca-se a relev\u00e2ncia da disciplina de Tecnologias da Informa\u00e7\u00e3o Aplicadas ao Contexto Escolar, que capacita os alunos a utilizar a tecnologia de maneira eficaz, facilitando o acesso \u00e0 informa\u00e7\u00e3o e promovendo a inova\u00e7\u00e3o educacional.<br \/>\nPor fim, \u00e9 imprescind\u00edvel mencionar a import\u00e2ncia da disciplina de Estat\u00edstica B\u00e1sica, que capacita os profissionais da \u00e1rea a coletar, analisar e interpretar dados relevantes para a gest\u00e3o educacional. Essa habilidade \u00e9 essencial para embasar a tomada de decis\u00f5es, o planejamento estrat\u00e9gico, a avalia\u00e7\u00e3o de programas e pol\u00edticas, e para promover a transpar\u00eancia e a presta\u00e7\u00e3o de contas na educa\u00e7\u00e3o.<\/p>\n<p>Tendo em vista o que foi apresentado e os conte\u00fados aprendidos durante o m\u00f3dulo, chegou a hora de realizar sua atividade M.A.P.A.! Vamos l\u00e1?<\/p>\n<p>Leia a situa\u00e7\u00e3o hipot\u00e9tica abaixo:<\/p>\n<p>Uma escola particular em fase de crescimento na cidade de Curitiba, estado do Paran\u00e1, possui 500 alunos matriculados e necessita de um(a) secret\u00e1rio(a) escolar para ajudar na gest\u00e3o, com isso foi aberto o processo seletivo para a contrata\u00e7\u00e3o de um(a) novo(a) colaborador(a) para o cargo.<br \/>\nUm problema muito recorrente apresentado foi em rela\u00e7\u00e3o aos documentos dos alunos, visto que todos ficam empilhados no dep\u00f3sito, e sempre que o secretario precisava consultar alguma informa\u00e7\u00e3o, gastava um bom tempo para localizar a pasta do aluno. Outro ponto importante \u00e9 que a gest\u00e3o da escola gostaria de algumas informa\u00e7\u00f5es estat\u00edsticas sobre os alunos.<br \/>\nSendo assim, voc\u00ea como t\u00e9cnico(a) em Secretaria Escolar selecionado para a vaga de secret\u00e1rio(a) escolar, precisa dar solu\u00e7\u00f5es para os problemas vividos pela escola. Voc\u00ea deve utilizar o formul\u00e1rio padr\u00e3o e se guiar pelos seguintes t\u00f3picos:<br \/>\n1. Import\u00e2ncia das Tecnologias da Informa\u00e7\u00e3o: Elabore um texto (m\u00ednimo 15 e m\u00e1ximo 20 linhas) abordando sobre a relev\u00e2ncia do uso das tecnologias da informa\u00e7\u00e3o aplicada ao contexto escolar e como sua utiliza\u00e7\u00e3o pode melhorar alguns processos.<br \/>\n2. Elabora\u00e7\u00e3o de Gr\u00e1fico: Ao analisar os documentos escolares, voc\u00ea chegou \u00e0 conclus\u00e3o de que os 500 alunos matriculados estavam distribu\u00eddos da seguinte forma:<br \/>\nMeninas: 100 alunas possuem 11 anos, 80 alunas possuem 12 anos, 60 alunas possuem 13 anos e 60 alunas possuem 14 anos.<br \/>\nMeninos: 70 alunos possuem 11 anos, 50 com 12 anos, 50 com 13 anos e 30 com 14 anos.<br \/>\nElabore dois gr\u00e1ficos de barras (um para os meninos e outro para as meninas) onde o eixo Y representa a quantidade de alunos e o eixo X representa a idade deles.<br \/>\n3. M\u00e9dia, Moda e Mediana: Explique e calcule a M\u00e9dia, Moda e Mediana da idade dos estudantes, independentemente de serem meninos ou meninas.<\/p>\n<p>Voc\u00ea tamb\u00e9m deve se atentar aos seguintes pontos:<br \/>\n&#8211; Voc\u00ea deve utilizar o FORMUL\u00c1RIO PADR\u00c3O para responder a atividade M.A.P.A.: dispon\u00edvel no material da disciplina.<br \/>\n&#8211; Salvar o arquivo de Word em formato PDF (Clicar em Arquivo &gt; Salvar como &gt; em tipo, alterar para PDF).<br \/>\n&#8211; Anexar o arquivo final em PDF e certificar-se do anexo correto do arquivo antes de finalizar e, ent\u00e3o, clicar em &#8220;Finalizar Question\u00e1rio&#8221;.<\/p>\n","protected":false},"excerpt":{"rendered":"<p>Ol\u00e1, caro(a) estudante do Curso T\u00e9cnico em Secretaria Escolar! Bem-vindo(a) ao M.A.P.A. Integrado das disciplinas Educa\u00e7\u00e3o para o Trabalho, Tecnologias<\/p>\n","protected":false},"featured_media":2326,"template":"","meta":{"_monsterinsights_skip_tracking":false,"_monsterinsights_sitenote_active":false,"_monsterinsights_sitenote_note":"","_monsterinsights_sitenote_category":0},"product_brand":[],"product_cat":[155],"product_tag":[],"class_list":{"0":"post-5765","1":"product","2":"type-product","3":"status-publish","4":"has-post-thumbnail","6":"product_cat-tecnico-em-secretaria-escolar","8":"first","9":"instock","10":"downloadable","11":"virtual","12":"purchasable","13":"product-type-simple"},"yoast_head":"<!-- This site is optimized with the Yoast SEO plugin v27.4 - https:\/\/yoast.com\/product\/yoast-seo-wordpress\/ -->\n<title>Mapa - T\u00e9cnico em Secretaria Escolar 92 \/ 2025<\/title>\n<meta name=\"description\" content=\"Atividade Mapa - T\u00e9cnico em Secretaria Escolar 92 \/ 2025 &#8902; Unicesumar. Baixe agora mesmo um Mapa Pronto resolvido!\" \/>\n<meta name=\"robots\" content=\"index, follow, max-snippet:-1, max-image-preview:large, max-video-preview:-1\" \/>\n<link rel=\"canonical\" href=\"https:\/\/atividademapa.com\/?product=mapa-tecnico-em-secretaria-escolar-92-2025\" \/>\n<meta property=\"og:locale\" content=\"pt_BR\" \/>\n<meta property=\"og:type\" content=\"article\" \/>\n<meta property=\"og:title\" content=\"Mapa - T\u00e9cnico em Secretaria Escolar 92 \/ 2025\" \/>\n<meta property=\"og:description\" content=\"Atividade Mapa - T\u00e9cnico em Secretaria Escolar 92 \/ 2025 &#8902; Unicesumar. Baixe agora mesmo um Mapa Pronto resolvido!\" \/>\n<meta property=\"og:url\" content=\"https:\/\/atividademapa.com\/?product=mapa-tecnico-em-secretaria-escolar-92-2025\" \/>\n<meta property=\"og:site_name\" content=\"Atividade Mapa\" \/>\n<meta property=\"article:modified_time\" content=\"2025-05-10T20:33:26+00:00\" \/>\n<meta property=\"og:image\" content=\"https:\/\/i0.wp.com\/atividademapa.com\/wp-content\/uploads\/2023\/03\/Atividade-M.A.P.A-3.png?fit=300%2C300&ssl=1\" \/>\n\t<meta property=\"og:image:width\" content=\"300\" \/>\n\t<meta property=\"og:image:height\" content=\"300\" \/>\n\t<meta property=\"og:image:type\" content=\"image\/png\" \/>\n<meta name=\"twitter:card\" content=\"summary_large_image\" \/>\n<meta name=\"twitter:label1\" content=\"Est. tempo de leitura\" \/>\n\t<meta name=\"twitter:data1\" content=\"3 minutos\" \/>\n<script type=\"application\/ld+json\" class=\"yoast-schema-graph\">{\"@context\":\"https:\\\/\\\/schema.org\",\"@graph\":[{\"@type\":\"WebPage\",\"@id\":\"https:\\\/\\\/atividademapa.com\\\/?product=mapa-tecnico-em-secretaria-escolar-92-2025\",\"url\":\"https:\\\/\\\/atividademapa.com\\\/?product=mapa-tecnico-em-secretaria-escolar-92-2025\",\"name\":\"Mapa - T\u00e9cnico em Secretaria Escolar 92 \\\/ 2025\",\"isPartOf\":{\"@id\":\"https:\\\/\\\/atividademapa.com\\\/#website\"},\"primaryImageOfPage\":{\"@id\":\"https:\\\/\\\/atividademapa.com\\\/?product=mapa-tecnico-em-secretaria-escolar-92-2025#primaryimage\"},\"image\":{\"@id\":\"https:\\\/\\\/atividademapa.com\\\/?product=mapa-tecnico-em-secretaria-escolar-92-2025#primaryimage\"},\"thumbnailUrl\":\"https:\\\/\\\/i0.wp.com\\\/atividademapa.com\\\/wp-content\\\/uploads\\\/2023\\\/03\\\/Atividade-M.A.P.A-3.png?fit=300%2C300&ssl=1\",\"datePublished\":\"2025-05-08T01:07:10+00:00\",\"dateModified\":\"2025-05-10T20:33:26+00:00\",\"description\":\"Atividade Mapa - T\u00e9cnico em Secretaria Escolar 92 \\\/ 2025 &#8902; Unicesumar. Baixe agora mesmo um Mapa Pronto resolvido!\",\"breadcrumb\":{\"@id\":\"https:\\\/\\\/atividademapa.com\\\/?product=mapa-tecnico-em-secretaria-escolar-92-2025#breadcrumb\"},\"inLanguage\":\"pt-BR\",\"potentialAction\":[{\"@type\":\"ReadAction\",\"target\":[\"https:\\\/\\\/atividademapa.com\\\/?product=mapa-tecnico-em-secretaria-escolar-92-2025\"]}]},{\"@type\":\"ImageObject\",\"inLanguage\":\"pt-BR\",\"@id\":\"https:\\\/\\\/atividademapa.com\\\/?product=mapa-tecnico-em-secretaria-escolar-92-2025#primaryimage\",\"url\":\"https:\\\/\\\/i0.wp.com\\\/atividademapa.com\\\/wp-content\\\/uploads\\\/2023\\\/03\\\/Atividade-M.A.P.A-3.png?fit=300%2C300&ssl=1\",\"contentUrl\":\"https:\\\/\\\/i0.wp.com\\\/atividademapa.com\\\/wp-content\\\/uploads\\\/2023\\\/03\\\/Atividade-M.A.P.A-3.png?fit=300%2C300&ssl=1\",\"width\":300,\"height\":300,\"caption\":\"Mapa Unicesumar Atividade\"},{\"@type\":\"BreadcrumbList\",\"@id\":\"https:\\\/\\\/atividademapa.com\\\/?product=mapa-tecnico-em-secretaria-escolar-92-2025#breadcrumb\",\"itemListElement\":[{\"@type\":\"ListItem\",\"position\":1,\"name\":\"In\u00edcio\",\"item\":\"https:\\\/\\\/atividademapa.com\\\/\"},{\"@type\":\"ListItem\",\"position\":2,\"name\":\"MAPAS\",\"item\":\"https:\\\/\\\/atividademapa.com\\\/?page_id=5\"},{\"@type\":\"ListItem\",\"position\":3,\"name\":\"Mapa &#8211; T\u00e9cnico em Secretaria Escolar 92 \\\/ 2025\"}]},{\"@type\":\"WebSite\",\"@id\":\"https:\\\/\\\/atividademapa.com\\\/#website\",\"url\":\"https:\\\/\\\/atividademapa.com\\\/\",\"name\":\"Atividade Mapa\",\"description\":\"StudeO | Unicesumar\",\"publisher\":{\"@id\":\"https:\\\/\\\/atividademapa.com\\\/#organization\"},\"potentialAction\":[{\"@type\":\"SearchAction\",\"target\":{\"@type\":\"EntryPoint\",\"urlTemplate\":\"https:\\\/\\\/atividademapa.com\\\/?s={search_term_string}\"},\"query-input\":{\"@type\":\"PropertyValueSpecification\",\"valueRequired\":true,\"valueName\":\"search_term_string\"}}],\"inLanguage\":\"pt-BR\"},{\"@type\":\"Organization\",\"@id\":\"https:\\\/\\\/atividademapa.com\\\/#organization\",\"name\":\"Atividade MAPA\",\"url\":\"https:\\\/\\\/atividademapa.com\\\/\",\"logo\":{\"@type\":\"ImageObject\",\"inLanguage\":\"pt-BR\",\"@id\":\"https:\\\/\\\/atividademapa.com\\\/#\\\/schema\\\/logo\\\/image\\\/\",\"url\":\"https:\\\/\\\/i0.wp.com\\\/atividademapa.com\\\/wp-content\\\/uploads\\\/2023\\\/02\\\/ATIVIDADE.png?fit=600%2C300&ssl=1\",\"contentUrl\":\"https:\\\/\\\/i0.wp.com\\\/atividademapa.com\\\/wp-content\\\/uploads\\\/2023\\\/02\\\/ATIVIDADE.png?fit=600%2C300&ssl=1\",\"width\":600,\"height\":300,\"caption\":\"Atividade MAPA\"},\"image\":{\"@id\":\"https:\\\/\\\/atividademapa.com\\\/#\\\/schema\\\/logo\\\/image\\\/\"}}]}<\/script>\n<!-- \/ Yoast SEO plugin. -->","yoast_head_json":{"title":"Mapa - T\u00e9cnico em Secretaria Escolar 92 \/ 2025","description":"Atividade Mapa - T\u00e9cnico em Secretaria Escolar 92 \/ 2025 &#8902; Unicesumar. Baixe agora mesmo um Mapa Pronto resolvido!","robots":{"index":"index","follow":"follow","max-snippet":"max-snippet:-1","max-image-preview":"max-image-preview:large","max-video-preview":"max-video-preview:-1"},"canonical":"https:\/\/atividademapa.com\/?product=mapa-tecnico-em-secretaria-escolar-92-2025","og_locale":"pt_BR","og_type":"article","og_title":"Mapa - T\u00e9cnico em Secretaria Escolar 92 \/ 2025","og_description":"Atividade Mapa - T\u00e9cnico em Secretaria Escolar 92 \/ 2025 &#8902; Unicesumar. Baixe agora mesmo um Mapa Pronto resolvido!","og_url":"https:\/\/atividademapa.com\/?product=mapa-tecnico-em-secretaria-escolar-92-2025","og_site_name":"Atividade Mapa","article_modified_time":"2025-05-10T20:33:26+00:00","og_image":[{"width":300,"height":300,"url":"https:\/\/i0.wp.com\/atividademapa.com\/wp-content\/uploads\/2023\/03\/Atividade-M.A.P.A-3.png?fit=300%2C300&ssl=1","type":"image\/png"}],"twitter_card":"summary_large_image","twitter_misc":{"Est. tempo de leitura":"3 minutos"},"schema":{"@context":"https:\/\/schema.org","@graph":[{"@type":"WebPage","@id":"https:\/\/atividademapa.com\/?product=mapa-tecnico-em-secretaria-escolar-92-2025","url":"https:\/\/atividademapa.com\/?product=mapa-tecnico-em-secretaria-escolar-92-2025","name":"Mapa - T\u00e9cnico em Secretaria Escolar 92 \/ 2025","isPartOf":{"@id":"https:\/\/atividademapa.com\/#website"},"primaryImageOfPage":{"@id":"https:\/\/atividademapa.com\/?product=mapa-tecnico-em-secretaria-escolar-92-2025#primaryimage"},"image":{"@id":"https:\/\/atividademapa.com\/?product=mapa-tecnico-em-secretaria-escolar-92-2025#primaryimage"},"thumbnailUrl":"https:\/\/i0.wp.com\/atividademapa.com\/wp-content\/uploads\/2023\/03\/Atividade-M.A.P.A-3.png?fit=300%2C300&ssl=1","datePublished":"2025-05-08T01:07:10+00:00","dateModified":"2025-05-10T20:33:26+00:00","description":"Atividade Mapa - T\u00e9cnico em Secretaria Escolar 92 \/ 2025 &#8902; Unicesumar. Baixe agora mesmo um Mapa Pronto resolvido!","breadcrumb":{"@id":"https:\/\/atividademapa.com\/?product=mapa-tecnico-em-secretaria-escolar-92-2025#breadcrumb"},"inLanguage":"pt-BR","potentialAction":[{"@type":"ReadAction","target":["https:\/\/atividademapa.com\/?product=mapa-tecnico-em-secretaria-escolar-92-2025"]}]},{"@type":"ImageObject","inLanguage":"pt-BR","@id":"https:\/\/atividademapa.com\/?product=mapa-tecnico-em-secretaria-escolar-92-2025#primaryimage","url":"https:\/\/i0.wp.com\/atividademapa.com\/wp-content\/uploads\/2023\/03\/Atividade-M.A.P.A-3.png?fit=300%2C300&ssl=1","contentUrl":"https:\/\/i0.wp.com\/atividademapa.com\/wp-content\/uploads\/2023\/03\/Atividade-M.A.P.A-3.png?fit=300%2C300&ssl=1","width":300,"height":300,"caption":"Mapa Unicesumar Atividade"},{"@type":"BreadcrumbList","@id":"https:\/\/atividademapa.com\/?product=mapa-tecnico-em-secretaria-escolar-92-2025#breadcrumb","itemListElement":[{"@type":"ListItem","position":1,"name":"In\u00edcio","item":"https:\/\/atividademapa.com\/"},{"@type":"ListItem","position":2,"name":"MAPAS","item":"https:\/\/atividademapa.com\/?page_id=5"},{"@type":"ListItem","position":3,"name":"Mapa &#8211; T\u00e9cnico em Secretaria Escolar 92 \/ 2025"}]},{"@type":"WebSite","@id":"https:\/\/atividademapa.com\/#website","url":"https:\/\/atividademapa.com\/","name":"Atividade Mapa","description":"StudeO | Unicesumar","publisher":{"@id":"https:\/\/atividademapa.com\/#organization"},"potentialAction":[{"@type":"SearchAction","target":{"@type":"EntryPoint","urlTemplate":"https:\/\/atividademapa.com\/?s={search_term_string}"},"query-input":{"@type":"PropertyValueSpecification","valueRequired":true,"valueName":"search_term_string"}}],"inLanguage":"pt-BR"},{"@type":"Organization","@id":"https:\/\/atividademapa.com\/#organization","name":"Atividade MAPA","url":"https:\/\/atividademapa.com\/","logo":{"@type":"ImageObject","inLanguage":"pt-BR","@id":"https:\/\/atividademapa.com\/#\/schema\/logo\/image\/","url":"https:\/\/i0.wp.com\/atividademapa.com\/wp-content\/uploads\/2023\/02\/ATIVIDADE.png?fit=600%2C300&ssl=1","contentUrl":"https:\/\/i0.wp.com\/atividademapa.com\/wp-content\/uploads\/2023\/02\/ATIVIDADE.png?fit=600%2C300&ssl=1","width":600,"height":300,"caption":"Atividade MAPA"},"image":{"@id":"https:\/\/atividademapa.com\/#\/schema\/logo\/image\/"}}]}},"_links":{"self":[{"href":"https:\/\/atividademapa.com\/index.php?rest_route=\/wp\/v2\/product\/5765","targetHints":{"allow":["GET"]}}],"collection":[{"href":"https:\/\/atividademapa.com\/index.php?rest_route=\/wp\/v2\/product"}],"about":[{"href":"https:\/\/atividademapa.com\/index.php?rest_route=\/wp\/v2\/types\/product"}],"version-history":[{"count":1,"href":"https:\/\/atividademapa.com\/index.php?rest_route=\/wp\/v2\/product\/5765\/revisions"}],"predecessor-version":[{"id":5766,"href":"https:\/\/atividademapa.com\/index.php?rest_route=\/wp\/v2\/product\/5765\/revisions\/5766"}],"wp:featuredmedia":[{"embeddable":true,"href":"https:\/\/atividademapa.com\/index.php?rest_route=\/wp\/v2\/media\/2326"}],"wp:attachment":[{"href":"https:\/\/atividademapa.com\/index.php?rest_route=%2Fwp%2Fv2%2Fmedia&parent=5765"}],"wp:term":[{"taxonomy":"product_brand","embeddable":true,"href":"https:\/\/atividademapa.com\/index.php?rest_route=%2Fwp%2Fv2%2Fproduct_brand&post=5765"},{"taxonomy":"product_cat","embeddable":true,"href":"https:\/\/atividademapa.com\/index.php?rest_route=%2Fwp%2Fv2%2Fproduct_cat&post=5765"},{"taxonomy":"product_tag","embeddable":true,"href":"https:\/\/atividademapa.com\/index.php?rest_route=%2Fwp%2Fv2%2Fproduct_tag&post=5765"}],"curies":[{"name":"wp","href":"https:\/\/api.w.org\/{rel}","templated":true}]}}