{"id":5835,"date":"2025-05-15T20:57:06","date_gmt":"2025-05-15T23:57:06","guid":{"rendered":"https:\/\/atividademapa.com\/?post_type=product&#038;p=5835"},"modified":"2025-06-28T12:26:25","modified_gmt":"2025-06-28T15:26:25","slug":"mapa-gestao-de-curso-e-formacao-de-preco-52-2025","status":"publish","type":"product","link":"https:\/\/atividademapa.com\/?product=mapa-gestao-de-curso-e-formacao-de-preco-52-2025","title":{"rendered":"Mapa Gest\u00e3o de Curso e Forma\u00e7\u00e3o de pre\u00e7o 52\/2025"},"content":{"rendered":"<p>Na gest\u00e3o empresarial n\u00e3o existe certo ou errado. Existe o que funciona para cada empresa. Nesse sentido, n\u00e3o h\u00e1 como comparar o M\u00e9todo de Custeio Vari\u00e1vel e o M\u00e9todo de Custeio por Absor\u00e7\u00e3o e tentar achar um \u201cvencedor\u201d. At\u00e9 porque eles s\u00e3o totalmente complementares.<br \/>\nO M\u00e9todo de Custeio Vari\u00e1vel \u00e9 um dos mais conhecidos e utilizados entre as empresas, tendo como principal motivo de escolha, sua simplicidade e objetividade. Os custos vari\u00e1veis s\u00e3o aqueles que dependem diretamente do volume produzido, que por sua vez variam conforme volume de vendas efetivadas em um determinado per\u00edodo de tempo.<br \/>\nO M\u00e9todo de Custeio por Absor\u00e7\u00e3o tem como premissa debitar ao custo dos produtos vendidos todos os custos da \u00e1rea de fabrica\u00e7\u00e3o, sejam esses custos definidos como custos diretos ou indiretos, fixos ou vari\u00e1veis, de estrutura ou operacionais. Nesse caso \u00e9 preciso garantir que cada produto absorva uma parcela dos custos diretos e indiretos, relacionados \u00e0 fabrica\u00e7\u00e3o.<\/p>\n<p>Fonte: adaptado de: https:\/\/www.treasy.com.br\/blog\/metodo-de-custeio-por-absorcao-x-metodo-de-custeio-variavel\/. Acesso em: 17 abr. 2025.<\/p>\n<p>A Solucionando Seguran\u00e7a Ltda. \u00e9 uma empresa de fechaduras que enfrentou grandes desafios nesse segmento de mercado para poder trazer o que existe de melhor em inova\u00e7\u00e3o. Ela \u00e9 especializada em fechaduras digitais, pois criou um modelo muito intuitivo e de f\u00e1cil instala\u00e7\u00e3o. Sabendo que a entidade est\u00e1 gerenciando seus neg\u00f3cios com base no custeio absor\u00e7\u00e3o, gostar\u00edamos de propor sua parceria e apoio para auxiliar no c\u00e1lculo do custo desse produto.<br \/>\nO contador acaba de nos informar que apurou custos fixos de R$ 180.000,00 no m\u00eas para produzir 8.000 fechaduras, tendo R$ 340.000,00 de custos vari\u00e1veis. Nosso intuito \u00e9 de que voc\u00ea realize os devidos c\u00e1lculos para darmos respostas aos diretores sobre as seguintes situa\u00e7\u00f5es:<\/p>\n<p>1 &#8211; Diante do contexto apresentado, calcule qual \u00e9 o valor do custo de cada fechadura.<\/p>\n<p>2 &#8211; Se no pr\u00f3ximo m\u00eas a quantidade produzida diminuir em 25%, qual ser\u00e1 o novo valor do custo por unidade da fechadura.<\/p>\n<p>3 &#8211; Descreva um breve texto relatando os motivos da varia\u00e7\u00e3o ocorrida no custo unit\u00e1rio da fechadura nos dois per\u00edodos analisados.<\/p>\n","protected":false},"excerpt":{"rendered":"<p>Na gest\u00e3o empresarial n\u00e3o existe certo ou errado. Existe o que funciona para cada empresa. Nesse sentido, n\u00e3o h\u00e1 como<\/p>\n","protected":false},"featured_media":2326,"template":"","meta":{"_monsterinsights_skip_tracking":false,"_monsterinsights_sitenote_active":false,"_monsterinsights_sitenote_note":"","_monsterinsights_sitenote_category":0},"product_brand":[],"product_cat":[46],"product_tag":[],"class_list":{"0":"post-5835","1":"product","2":"type-product","3":"status-publish","4":"has-post-thumbnail","6":"product_cat-ciencias-contabeis","8":"first","9":"instock","10":"featured","11":"downloadable","12":"virtual","13":"purchasable","14":"product-type-simple"},"yoast_head":"<!-- This site is optimized with the Yoast SEO plugin v27.4 - https:\/\/yoast.com\/product\/yoast-seo-wordpress\/ -->\n<title>Mapa Gest\u00e3o de Curso e Forma\u00e7\u00e3o de pre\u00e7o 52\/2025<\/title>\n<meta name=\"description\" content=\"Atividade Mapa Gest\u00e3o de Curso e Forma\u00e7\u00e3o de pre\u00e7o 52\/2025 &#8902; Unicesumar. Baixe agora mesmo um Mapa Pronto resolvido!\" \/>\n<meta name=\"robots\" content=\"index, follow, max-snippet:-1, max-image-preview:large, max-video-preview:-1\" \/>\n<link rel=\"canonical\" href=\"https:\/\/atividademapa.com\/?product=mapa-gestao-de-curso-e-formacao-de-preco-52-2025\" \/>\n<meta property=\"og:locale\" content=\"pt_BR\" \/>\n<meta property=\"og:type\" content=\"article\" \/>\n<meta property=\"og:title\" content=\"Mapa Gest\u00e3o de Curso e Forma\u00e7\u00e3o de pre\u00e7o 52\/2025\" \/>\n<meta property=\"og:description\" content=\"Atividade Mapa Gest\u00e3o de Curso e Forma\u00e7\u00e3o de pre\u00e7o 52\/2025 &#8902; Unicesumar. Baixe agora mesmo um Mapa Pronto resolvido!\" \/>\n<meta property=\"og:url\" content=\"https:\/\/atividademapa.com\/?product=mapa-gestao-de-curso-e-formacao-de-preco-52-2025\" \/>\n<meta property=\"og:site_name\" content=\"Atividade Mapa\" \/>\n<meta property=\"article:modified_time\" content=\"2025-06-28T15:26:25+00:00\" \/>\n<meta property=\"og:image\" content=\"https:\/\/i0.wp.com\/atividademapa.com\/wp-content\/uploads\/2023\/03\/Atividade-M.A.P.A-3.png?fit=300%2C300&ssl=1\" \/>\n\t<meta property=\"og:image:width\" content=\"300\" \/>\n\t<meta property=\"og:image:height\" content=\"300\" \/>\n\t<meta property=\"og:image:type\" content=\"image\/png\" \/>\n<meta name=\"twitter:card\" content=\"summary_large_image\" \/>\n<meta name=\"twitter:label1\" content=\"Est. tempo de leitura\" \/>\n\t<meta name=\"twitter:data1\" content=\"2 minutos\" \/>\n<script type=\"application\/ld+json\" class=\"yoast-schema-graph\">{\"@context\":\"https:\\\/\\\/schema.org\",\"@graph\":[{\"@type\":\"WebPage\",\"@id\":\"https:\\\/\\\/atividademapa.com\\\/?product=mapa-gestao-de-curso-e-formacao-de-preco-52-2025\",\"url\":\"https:\\\/\\\/atividademapa.com\\\/?product=mapa-gestao-de-curso-e-formacao-de-preco-52-2025\",\"name\":\"Mapa Gest\u00e3o de Curso e Forma\u00e7\u00e3o de pre\u00e7o 52\\\/2025\",\"isPartOf\":{\"@id\":\"https:\\\/\\\/atividademapa.com\\\/#website\"},\"primaryImageOfPage\":{\"@id\":\"https:\\\/\\\/atividademapa.com\\\/?product=mapa-gestao-de-curso-e-formacao-de-preco-52-2025#primaryimage\"},\"image\":{\"@id\":\"https:\\\/\\\/atividademapa.com\\\/?product=mapa-gestao-de-curso-e-formacao-de-preco-52-2025#primaryimage\"},\"thumbnailUrl\":\"https:\\\/\\\/i0.wp.com\\\/atividademapa.com\\\/wp-content\\\/uploads\\\/2023\\\/03\\\/Atividade-M.A.P.A-3.png?fit=300%2C300&ssl=1\",\"datePublished\":\"2025-05-15T23:57:06+00:00\",\"dateModified\":\"2025-06-28T15:26:25+00:00\",\"description\":\"Atividade Mapa Gest\u00e3o de Curso e Forma\u00e7\u00e3o de pre\u00e7o 52\\\/2025 &#8902; Unicesumar. Baixe agora mesmo um Mapa Pronto resolvido!\",\"breadcrumb\":{\"@id\":\"https:\\\/\\\/atividademapa.com\\\/?product=mapa-gestao-de-curso-e-formacao-de-preco-52-2025#breadcrumb\"},\"inLanguage\":\"pt-BR\",\"potentialAction\":[{\"@type\":\"ReadAction\",\"target\":[\"https:\\\/\\\/atividademapa.com\\\/?product=mapa-gestao-de-curso-e-formacao-de-preco-52-2025\"]}]},{\"@type\":\"ImageObject\",\"inLanguage\":\"pt-BR\",\"@id\":\"https:\\\/\\\/atividademapa.com\\\/?product=mapa-gestao-de-curso-e-formacao-de-preco-52-2025#primaryimage\",\"url\":\"https:\\\/\\\/i0.wp.com\\\/atividademapa.com\\\/wp-content\\\/uploads\\\/2023\\\/03\\\/Atividade-M.A.P.A-3.png?fit=300%2C300&ssl=1\",\"contentUrl\":\"https:\\\/\\\/i0.wp.com\\\/atividademapa.com\\\/wp-content\\\/uploads\\\/2023\\\/03\\\/Atividade-M.A.P.A-3.png?fit=300%2C300&ssl=1\",\"width\":300,\"height\":300,\"caption\":\"Mapa Unicesumar Atividade\"},{\"@type\":\"BreadcrumbList\",\"@id\":\"https:\\\/\\\/atividademapa.com\\\/?product=mapa-gestao-de-curso-e-formacao-de-preco-52-2025#breadcrumb\",\"itemListElement\":[{\"@type\":\"ListItem\",\"position\":1,\"name\":\"In\u00edcio\",\"item\":\"https:\\\/\\\/atividademapa.com\\\/\"},{\"@type\":\"ListItem\",\"position\":2,\"name\":\"MAPAS\",\"item\":\"https:\\\/\\\/atividademapa.com\\\/?page_id=5\"},{\"@type\":\"ListItem\",\"position\":3,\"name\":\"Mapa Gest\u00e3o de Curso e Forma\u00e7\u00e3o de pre\u00e7o 52\\\/2025\"}]},{\"@type\":\"WebSite\",\"@id\":\"https:\\\/\\\/atividademapa.com\\\/#website\",\"url\":\"https:\\\/\\\/atividademapa.com\\\/\",\"name\":\"Atividade Mapa\",\"description\":\"StudeO | Unicesumar\",\"publisher\":{\"@id\":\"https:\\\/\\\/atividademapa.com\\\/#organization\"},\"potentialAction\":[{\"@type\":\"SearchAction\",\"target\":{\"@type\":\"EntryPoint\",\"urlTemplate\":\"https:\\\/\\\/atividademapa.com\\\/?s={search_term_string}\"},\"query-input\":{\"@type\":\"PropertyValueSpecification\",\"valueRequired\":true,\"valueName\":\"search_term_string\"}}],\"inLanguage\":\"pt-BR\"},{\"@type\":\"Organization\",\"@id\":\"https:\\\/\\\/atividademapa.com\\\/#organization\",\"name\":\"Atividade MAPA\",\"url\":\"https:\\\/\\\/atividademapa.com\\\/\",\"logo\":{\"@type\":\"ImageObject\",\"inLanguage\":\"pt-BR\",\"@id\":\"https:\\\/\\\/atividademapa.com\\\/#\\\/schema\\\/logo\\\/image\\\/\",\"url\":\"https:\\\/\\\/i0.wp.com\\\/atividademapa.com\\\/wp-content\\\/uploads\\\/2023\\\/02\\\/ATIVIDADE.png?fit=600%2C300&ssl=1\",\"contentUrl\":\"https:\\\/\\\/i0.wp.com\\\/atividademapa.com\\\/wp-content\\\/uploads\\\/2023\\\/02\\\/ATIVIDADE.png?fit=600%2C300&ssl=1\",\"width\":600,\"height\":300,\"caption\":\"Atividade MAPA\"},\"image\":{\"@id\":\"https:\\\/\\\/atividademapa.com\\\/#\\\/schema\\\/logo\\\/image\\\/\"}}]}<\/script>\n<!-- \/ Yoast SEO plugin. -->","yoast_head_json":{"title":"Mapa Gest\u00e3o de Curso e Forma\u00e7\u00e3o de pre\u00e7o 52\/2025","description":"Atividade Mapa Gest\u00e3o de Curso e Forma\u00e7\u00e3o de pre\u00e7o 52\/2025 &#8902; Unicesumar. Baixe agora mesmo um Mapa Pronto resolvido!","robots":{"index":"index","follow":"follow","max-snippet":"max-snippet:-1","max-image-preview":"max-image-preview:large","max-video-preview":"max-video-preview:-1"},"canonical":"https:\/\/atividademapa.com\/?product=mapa-gestao-de-curso-e-formacao-de-preco-52-2025","og_locale":"pt_BR","og_type":"article","og_title":"Mapa Gest\u00e3o de Curso e Forma\u00e7\u00e3o de pre\u00e7o 52\/2025","og_description":"Atividade Mapa Gest\u00e3o de Curso e Forma\u00e7\u00e3o de pre\u00e7o 52\/2025 &#8902; Unicesumar. Baixe agora mesmo um Mapa Pronto resolvido!","og_url":"https:\/\/atividademapa.com\/?product=mapa-gestao-de-curso-e-formacao-de-preco-52-2025","og_site_name":"Atividade Mapa","article_modified_time":"2025-06-28T15:26:25+00:00","og_image":[{"width":300,"height":300,"url":"https:\/\/i0.wp.com\/atividademapa.com\/wp-content\/uploads\/2023\/03\/Atividade-M.A.P.A-3.png?fit=300%2C300&ssl=1","type":"image\/png"}],"twitter_card":"summary_large_image","twitter_misc":{"Est. tempo de leitura":"2 minutos"},"schema":{"@context":"https:\/\/schema.org","@graph":[{"@type":"WebPage","@id":"https:\/\/atividademapa.com\/?product=mapa-gestao-de-curso-e-formacao-de-preco-52-2025","url":"https:\/\/atividademapa.com\/?product=mapa-gestao-de-curso-e-formacao-de-preco-52-2025","name":"Mapa Gest\u00e3o de Curso e Forma\u00e7\u00e3o de pre\u00e7o 52\/2025","isPartOf":{"@id":"https:\/\/atividademapa.com\/#website"},"primaryImageOfPage":{"@id":"https:\/\/atividademapa.com\/?product=mapa-gestao-de-curso-e-formacao-de-preco-52-2025#primaryimage"},"image":{"@id":"https:\/\/atividademapa.com\/?product=mapa-gestao-de-curso-e-formacao-de-preco-52-2025#primaryimage"},"thumbnailUrl":"https:\/\/i0.wp.com\/atividademapa.com\/wp-content\/uploads\/2023\/03\/Atividade-M.A.P.A-3.png?fit=300%2C300&ssl=1","datePublished":"2025-05-15T23:57:06+00:00","dateModified":"2025-06-28T15:26:25+00:00","description":"Atividade Mapa Gest\u00e3o de Curso e Forma\u00e7\u00e3o de pre\u00e7o 52\/2025 &#8902; Unicesumar. Baixe agora mesmo um Mapa Pronto resolvido!","breadcrumb":{"@id":"https:\/\/atividademapa.com\/?product=mapa-gestao-de-curso-e-formacao-de-preco-52-2025#breadcrumb"},"inLanguage":"pt-BR","potentialAction":[{"@type":"ReadAction","target":["https:\/\/atividademapa.com\/?product=mapa-gestao-de-curso-e-formacao-de-preco-52-2025"]}]},{"@type":"ImageObject","inLanguage":"pt-BR","@id":"https:\/\/atividademapa.com\/?product=mapa-gestao-de-curso-e-formacao-de-preco-52-2025#primaryimage","url":"https:\/\/i0.wp.com\/atividademapa.com\/wp-content\/uploads\/2023\/03\/Atividade-M.A.P.A-3.png?fit=300%2C300&ssl=1","contentUrl":"https:\/\/i0.wp.com\/atividademapa.com\/wp-content\/uploads\/2023\/03\/Atividade-M.A.P.A-3.png?fit=300%2C300&ssl=1","width":300,"height":300,"caption":"Mapa Unicesumar Atividade"},{"@type":"BreadcrumbList","@id":"https:\/\/atividademapa.com\/?product=mapa-gestao-de-curso-e-formacao-de-preco-52-2025#breadcrumb","itemListElement":[{"@type":"ListItem","position":1,"name":"In\u00edcio","item":"https:\/\/atividademapa.com\/"},{"@type":"ListItem","position":2,"name":"MAPAS","item":"https:\/\/atividademapa.com\/?page_id=5"},{"@type":"ListItem","position":3,"name":"Mapa Gest\u00e3o de Curso e Forma\u00e7\u00e3o de pre\u00e7o 52\/2025"}]},{"@type":"WebSite","@id":"https:\/\/atividademapa.com\/#website","url":"https:\/\/atividademapa.com\/","name":"Atividade Mapa","description":"StudeO | Unicesumar","publisher":{"@id":"https:\/\/atividademapa.com\/#organization"},"potentialAction":[{"@type":"SearchAction","target":{"@type":"EntryPoint","urlTemplate":"https:\/\/atividademapa.com\/?s={search_term_string}"},"query-input":{"@type":"PropertyValueSpecification","valueRequired":true,"valueName":"search_term_string"}}],"inLanguage":"pt-BR"},{"@type":"Organization","@id":"https:\/\/atividademapa.com\/#organization","name":"Atividade MAPA","url":"https:\/\/atividademapa.com\/","logo":{"@type":"ImageObject","inLanguage":"pt-BR","@id":"https:\/\/atividademapa.com\/#\/schema\/logo\/image\/","url":"https:\/\/i0.wp.com\/atividademapa.com\/wp-content\/uploads\/2023\/02\/ATIVIDADE.png?fit=600%2C300&ssl=1","contentUrl":"https:\/\/i0.wp.com\/atividademapa.com\/wp-content\/uploads\/2023\/02\/ATIVIDADE.png?fit=600%2C300&ssl=1","width":600,"height":300,"caption":"Atividade MAPA"},"image":{"@id":"https:\/\/atividademapa.com\/#\/schema\/logo\/image\/"}}]}},"_links":{"self":[{"href":"https:\/\/atividademapa.com\/index.php?rest_route=\/wp\/v2\/product\/5835","targetHints":{"allow":["GET"]}}],"collection":[{"href":"https:\/\/atividademapa.com\/index.php?rest_route=\/wp\/v2\/product"}],"about":[{"href":"https:\/\/atividademapa.com\/index.php?rest_route=\/wp\/v2\/types\/product"}],"version-history":[{"count":1,"href":"https:\/\/atividademapa.com\/index.php?rest_route=\/wp\/v2\/product\/5835\/revisions"}],"predecessor-version":[{"id":5837,"href":"https:\/\/atividademapa.com\/index.php?rest_route=\/wp\/v2\/product\/5835\/revisions\/5837"}],"wp:featuredmedia":[{"embeddable":true,"href":"https:\/\/atividademapa.com\/index.php?rest_route=\/wp\/v2\/media\/2326"}],"wp:attachment":[{"href":"https:\/\/atividademapa.com\/index.php?rest_route=%2Fwp%2Fv2%2Fmedia&parent=5835"}],"wp:term":[{"taxonomy":"product_brand","embeddable":true,"href":"https:\/\/atividademapa.com\/index.php?rest_route=%2Fwp%2Fv2%2Fproduct_brand&post=5835"},{"taxonomy":"product_cat","embeddable":true,"href":"https:\/\/atividademapa.com\/index.php?rest_route=%2Fwp%2Fv2%2Fproduct_cat&post=5835"},{"taxonomy":"product_tag","embeddable":true,"href":"https:\/\/atividademapa.com\/index.php?rest_route=%2Fwp%2Fv2%2Fproduct_tag&post=5835"}],"curies":[{"name":"wp","href":"https:\/\/api.w.org\/{rel}","templated":true}]}}